[BLOB]\" data-filename=\"image.png\" style=\"width: 1224px;\"></h3><p style=\"color: rgb(0, 0, 0);\"><br></p><p style=\"color: rgb(0, 0, 0);\"><br></p><p style=\"color: rgb(0, 0, 0);\"><img src=\"data:image/png;base64,[BLOB]\" data-filename=\"image.png\" style=\"width: 1224px;\"><br></p><h3 class=\"no-margin-top\" style=\"color: rgb(0, 0, 0);\"><br></h3><h3 class=\"no-margin-top\" style=\"color: rgb(0, 0, 0);\"><br></h3><h3 class=\"no-margin-top\" style=\"color: rgb(0, 0, 0);\">Criando nova Notícia<br></h3><p>1 - Clique <b>Cadastrar Cadastrar</b>, ou em <b>Gerenciar > Novo Cadastro</b>.<br>2 - Preencha: <b>data, hora, título, subtítulo, digite uma categoria ou selecione uma existente e texto</b>.<br><span style=\"color: rgb(51, 51, 51); font-size: 14px;\">3 - Clique em Salvar. Você será redirecionado para inserir arquivos.</span><span style=\"color: rgb(51, 51, 51); font-size: 14px;\"><br></span></p><h3 class=\"no-margin-top\" style=\"color: rgb(0, 0, 0);\">Gerenciando conteúdo (Capa, Imagens, Vídeos, Links e Arquivos)</h3><p style=\"color: rgb(0, 0, 0);\"><b>Capa:</b><br>1 - Em Gerenciar, clique Editar na notícia desejada.<br>2 - Clique em Inserir Imagens.<br>3 - Clique em Carregar Imagem ou Trocar Imagem, para inserir uma nova imagem de capa.<br><b>Imagens:</b><br>1 - Em Gerenciar, clique Editar na notícia desejada.<br>2 - Clique em Inserir Imagens.<br>3 - Adicione imagens clicando no \"Clique aqui para carregar seu arquivo\".<br>4 - Passe o mouse sobre a imagem para editar legenda e/ou data ou excluir. Após excluir alguma imagem clique em \"Atualizar\".<br><b>Vídeos:</b><br>1 - Em Gerenciar, clique Editar na notícia desejada.<br>2 - Clique em Inserir Vídeos.<br>3 - Clique em Novo Vídeo, preencha os campo títulos e link (youtube), para adicionar um vídeo.<br>4 - Clique em Excluir, para excluir o vídeo desejado.<br><b>Links:</b><br>1 - Em Gerenciar, clique Editar na notícia desejada.<br>2 - Clique em Inserir Links.<br>3 - Clique em Novo Link, preencha os campos título e link, para adicionar um link.<br>4 - Clique em Excluir, para excluir o link desejado.<br><b>Arquivos:</b><br>1 - Em Gerenciar, clique Editar na notícia desejada.<br>2 - Clique em Inserir arquivos.<br>3 - Adicione arquivos clicando no \"Clique aqui para carregar seu arquivo\".<br>4 - Passe o mouse sobre o ícone para editar legenda e/ou data ou excluir. Após excluir alguma imagem clique em \"Atualizar\".</p><h3 class=\"no-margin-top\" style=\"color: rgb(0, 0, 0);\">Ativar/Desativar</h3><div>1 - Em Gerenciar, clique em Ativa para desativar e Inativa para ativar.</div><div><br></div><h3 class=\"no-margin-top\" style=\"color: rgb(0, 0, 0);\">Editando</h3><h3 class=\"no-margin-top\" style=\"color: rgb(0, 0, 0);\"><p style=\"font-size: 13px;\">1 - Em <b>Gerenciar, </b>Clique em <b>Editar </b>na linha da notícia desejada.</p></h3><h3 class=\"no-margin-top\" style=\"color: rgb(0, 0, 0);\">Excluindo</h3><h3 class=\"no-margin-top\" style=\"color: rgb(0, 0, 0);\"><p style=\"font-size: 13px;\">1 - Em <b>Gerenciar, </b>Clique em <b>Excluir </b>na linha da notícia desejada.<br>2 - Confirme a ação e aguarde confirmação.</p></h3>'),('14','<h3 class=\"no-margin-top\" style=\"color: rgb(0, 0, 0);\">Gerenciando Definições</h3><h3 class=\"no-margin-top\" style=\"color: rgb(0, 0, 0);\"><p style=\"font-size: 13px;\">1 - Clique em configurar > Editar Definições para configurar o comportamento do aplicativo.</p></h3><h3 class=\"no-margin-top\" style=\"color: rgb(0, 0, 0);\">Gerenciando Seções</h3><h3 class=\"no-margin-top\" style=\"color: rgb(0, 0, 0);\"></h3><h5 style=\"font-size: 13px;\">1 - Clique em configurar, crie, edite, ou exclua seções.</h5><h3 class=\"no-margin-top\" style=\"color: rgb(0, 0, 0);\">Criando novo Pop-up</h3><p></p><h5>1 - Clique <b style=\"color: inherit;\">Gerenciar > Novo Cadastro</b><span style=\"color: inherit;\">, ou em </span><b style=\"color: inherit;\">Cadastrar</b><span style=\"color: inherit;\"> no menu superior.</span><br></h5>2 - Preencha: <b>seção, título, link (opcional) e texto (opcional)</b>.<br><span style=\"color: rgb(51, 51, 51); font-size: 14px;\">3 - Clique em Salvar. Você será redirecionado para inserir arquivos.</span><span style=\"color: rgb(51, 51, 51); font-size: 14px;\"><br></span><p></p><h3 class=\"no-margin-top\" style=\"color: rgb(0, 0, 0);\">Gerenciando imagens.<br></h3><p>1 - Em Gerenciar, na linha do pop-up desejado clique em <b>editar.<br></b>2 - Clique em <b>Inserir Imagens.</b><br>3 - Para inserir arquivos, clique na caixa em destaque \"Clique aqui para carregar seu arquivo\" ou solte os arquivos acima dela.<br>4 - Passe o mouse sobre o ícone para editar legenda e/ou data ou excluir o arquivo. Após excluir algum arquivo clique em \"Atualizar\".</p><h3 class=\"no-margin-top\" style=\"color: rgb(0, 0, 0);\">Integrado à Notícias / Enquetes<br></h3><p>1 - Em Gerenciar, na linha do pop-up desejado clique em <b>Integração</b> (ou Enquetes/Notícias)<b>.<br></b>2 - Selecione o Aplicativo desejado.<br>3 - Selecione a Notícia/Pop-up desejado.<br>4 - Clique em Salvar.</p><h3 class=\"no-margin-top\" style=\"color: rgb(0, 0, 0);\">Excluindo</h3><h3 class=\"no-margin-top\" style=\"color: rgb(0, 0, 0);\"><p style=\"font-size: 13px;\">1 - Em <b>Gerenciar, </b>Clique em <b>Excluir </b>na linha no pop-up desejado.<br>2 - Confirme a ação e aguarde confirmação.</p></h3>'),('25','<h4 style=\"color: rgb(0, 0, 0);\">Respondendo ao Recado:<br></h4><div>1 - Em Gerenciar, na linha desejada clique em Responder.<br>2 - Preencha o campo \"Resposta\" e clique em salvar.</div><div><br></div><div><h4 style=\"color: rgb(0, 0, 0);\">Editando uma resposta:<br></h4><div>1 - Em Gerenciar, na linha desejada clique em editar.<br>2 - Edite o campo \"Resposta\" e clique em salvar.</div><div><br></div></div><div><h4 style=\"color: rgb(0, 0, 0);\">Excluindo um Recado:<br></h4></div><div>1 - Em Gerenciar, clique em Excluir na linha desejada.</div><div>2 - Confirme a ação e aguarde confirmação.</div><div><br></div><div><h4 style=\"color: rgb(0, 0, 0);\">Gerenciando Seções:<br></h4><div>1 - Em Configurações, crie, edite ou exclua seções do mural.</div><div><br></div><div><h4 style=\"color: rgb(0, 0, 0);\">Notificar resposta ao Usuário:<br></h4><div>1 - Quando cadastrado corretamente o email do usuário, é possível enviar um email notificando alterações no contato clicando no ícone: <i class=\"fa fa-envelope\"></i>,</div><div>que fica Azul quando disponível e vermelho, quando necessário.</div></div></div>'),('entidades','<div>1. Acessar Entidades.</div><div>2. Em Gerenciar, será exibida a lista de entidades;</div><div>3. Para criar uma nova entidade, vá em <b>Gerenciar > Nova Entidade</b>, preencha os campos corretamente e clique em salvar.</div><div>4. Para <b>Excluir</b>: Clique em Excluir na linha da entidade desejada e confirme a ação. (Esta ação não pode ser desfeita)</div><div><br></div><div>Permitindo e Removendo Permissão em Aplicativos à uma entidade:</div><div>1. Em Gerenciar, clique em <b>Gerenciar</b>, na entidade desejada.</div><div>2. Clique em <b>Aplicativos</b>, Aparecerá a lista de aplicativos instaladas, Clique no Aplicativo desejado para permitir ou remover permissão;</div><div>Obs.: A Entidade recebe permissão de acesso ao aplicativo, todavia falta permitir os usuários que terão acesso a tal aplicativo.</div>');

--
-- Table structure for table `app_aplicativos_grupos`
--

CREATE TABLE `app_aplicativos_grupos` (
  `ID` int(11) NOT NULL AUTO_INCREMENT,
  `nome` varchar(100) NOT NULL,
  `ordem` int(11) NOT NULL DEFAULT 0,
  PRIMARY KEY (`ID`),
  KEY `ordem` (`ordem`)
) ENGINE=MyISAM AUTO_INCREMENT=4 DEFAULT CHARSET=latin1 COLLATE=latin1_swedish_ci ROW_FORMAT=DYNAMIC;

--
-- Dumping data for table `app_aplicativos_grupos`
--

INSERT INTO `app_aplicativos_grupos` (`ID`, `nome`, `ordem`) VALUES (1,'Multimídias',1),(2,'Sistemas',0);

--
-- Table structure for table `app_aplicativos_menus`
--

CREATE TABLE `app_aplicativos_menus` (
  `id` int(11) NOT NULL AUTO_INCREMENT,
  `aplicativo` int(11) NOT NULL DEFAULT 0,
  `nome` varchar(100) DEFAULT '0',
  `tag` varchar(100) DEFAULT '0',
  `pagina` varchar(100) DEFAULT '0',
  `icone` varchar(100) DEFAULT '0',
  `ordem` int(11) DEFAULT 0,
  `acesso` int(11) DEFAULT 0,
  `setup` int(11) DEFAULT 0,
  PRIMARY KEY (`id`),
  KEY `aplicativo` (`aplicativo`),
  KEY `ordem` (`ordem`)
) ENGINE=MyISAM AUTO_INCREMENT=143 DEFAULT CHARSET=latin1 COLLATE=latin1_swedish_ci ROW_FORMAT=DYNAMIC;

--
-- Dumping data for table `app_aplicativos_menus`
--

INSERT INTO `app_aplicativos_menus` (`id`, `aplicativo`, `nome`, `tag`, `pagina`, `icone`, `ordem`, `acesso`, `setup`) VALUES (9,3,'Cadastrar','nova','nova','fa fa-plus',0,0,0),(19,10,'Configurar','setup','setup','fa fa-cogs',2,1,0),(20,10,'Cadastrar','novo','novo','fa fa-plus',1,0,0),(22,11,'Configurar','setup','setup','fa fa-cogs',2,1,0),(23,11,'Cadastrar','novo','novo','fa fa-plus',1,0,0),(25,12,'Configurar','setup','setup','fa fa-cogs',2,1,0),(26,12,'Cadastrar','nova','nova','fa fa-plus',1,0,0),(41,1,'Configurar','setup','setup','fa fa-cogs',2,1,0),(29,13,'Configurar','setup','setup','fa fa-cogs',2,1,0),(40,1,'Cadastrar','novo','novo','fa fa-plus',1,0,0),(31,14,'Cadastrar','novo','novo','fa fa-plus',1,0,0),(32,14,'Configurar','setup','setup','fa fa-cogs',2,1,2),(35,17,'Configurar','setup','setup','fa fa-cogs',2,1,0),(43,19,'Configurar','setup','setup','fa fa-cogs',2,1,2),(44,17,'Cadastrar','novo','novo','fa fa-plus',1,0,0),(47,20,'Configurar','setup','setup','fa fa-cogs',2,1,0),(48,20,'Cadastrar','novo','novo','fa fa-plus',1,0,0),(55,19,'Servidor Envio','setup2','','fa fa-envelope-o',2,1,1),(59,22,'Cadastrar','novo','novo','fa fa-plus',0,0,0),(60,22,'Configurar','setup','setup','fa fa-cogs',1,1,0),(70,25,'Servidor Envio','setup2','setup2','fa fa-envelope-o',2,1,0),(71,25,'Configurar','setup','setup','fa fa-cogs',1,1,0),(83,14,'Seções','setup/secoes','','fa fa-cogs',2,1,1),(84,14,'Definições','setup/definicoes','','fa fa-cogs',1,1,1),(85,19,'Finalidades','setup/finalidades','','fa fa-cogs',1,1,1),(86,19,'Status','setup/status','','fa fa-cogs',3,1,1),(87,26,'Configurar','setup','setup','fa fa-cogs',2,1,0),(91,19,'Listar Finalizados','arquivo','arquivo','fa fa-search',0,0,0),(92,30,'Configurar','setup','setup','fa fa-cogs',2,1,0),(93,30,'Cadastrar','novo','novo','fa fa-plus',1,0,0),(94,26,'Cadastrar','novo','novo','fa fa-plus',1,0,0),(108,16,'Cadastrar','novo','novo','fa fa-plus',1,0,0),(109,16,'Configurar','setup','setup','fa fa-cogs',2,1,0),(118,6,'Configurar','setup','setup','fa fa-cogs',2,1,0),(111,2,'Configurar','setup','setup','fa fa-cogs',2,1,0),(112,2,'Cadastrar','novo','novo','fa fa-plus',1,0,0),(113,4,'Configurar','setup','setup','fa fa-cogs',2,1,0),(114,4,'Cadastrar','novo','novo','fa fa-plus',1,0,0),(115,3,'Configurar','setup','setup','fa fa-cogs',2,1,0),(116,5,'Configurar','setup','setup','fa fa-cogs',2,1,0),(117,5,'Cadastrar','novo','novo','fa fa-plus',1,0,0),(119,6,'Cadastrar','novo','novo','fa fa-plus',1,0,0),(120,33,'Cadastrar','nova','nova','fa fa-plus',1,0,0),(121,33,'Configurar','setup','setup','fa fa-cogs',2,1,0),(122,32,'Cadastrar','novo','novo','fa fa-plus',0,0,0),(123,34,'Cadastrar','nova','nova','fa fa-plus',0,0,0),(124,35,'Cadastrar','novo','novo','fa fa-plus',1,0,0),(125,35,'Configurar','setup','setup','fa fa-cogs',2,1,0),(126,35,'Sites Externos','setup-externo','setup-externo','fa fa-cogs',2,2,0),(136,36,'Controle de Acesso','setup/usuarios','','fa fa-cogs',5,1,0);

--
-- Table structure for table `app_convites`
--

CREATE TABLE `app_convites` (
  `id` int(11) NOT NULL AUTO_INCREMENT,
  `tipo` int(11) DEFAULT NULL,
  `nome` varchar(100) NOT NULL,
  `email` varchar(100) NOT NULL,
  `codigo` varchar(60) NOT NULL,
  PRIMARY KEY (`id`)
) ENGINE=MyISAM AUTO_INCREMENT=29 DEFAULT CHARSET=latin1 COLLATE=latin1_swedish_ci;

--
-- Dumping data for table `app_convites`
--


--
-- Table structure for table `app_entidades`
--

CREATE TABLE `app_entidades` (
  `id` int(11) NOT NULL AUTO_INCREMENT,
  `nome` text NOT NULL,
  `governo` text DEFAULT NULL,
  `brasao` varchar(255) DEFAULT NULL,
  `municipio` text DEFAULT NULL,
  `cnpj` varchar(50) DEFAULT NULL,
  `razao` varchar(200) DEFAULT NULL,
  `endereco` varchar(200) DEFAULT NULL,
  `cidade` varchar(200) DEFAULT NULL,
  `uf` varchar(50) DEFAULT NULL,
  `site` varchar(400) DEFAULT NULL,
  `matriz` int(11) DEFAULT 0,
  `proprietaria` int(11) DEFAULT 0,
  PRIMARY KEY (`id`)
) ENGINE=MyISAM AUTO_INCREMENT=2 DEFAULT CHARSET=latin1 COLLATE=latin1_swedish_ci;

--
-- Dumping data for table `app_entidades`
--

INSERT INTO `app_entidades` (`id`, `nome`, `governo`, `brasao`, `municipio`, `cnpj`, `razao`, `endereco`, `cidade`, `uf`, `site`, `matriz`, `proprietaria`) VALUES (1,'JP Web','Sites e Sistemas','20191027023813brasao-small-entidade.png','Página padrão',NULL,NULL,'Brasília','Brasília',NULL,'https://jpw.net.br/academias/web1',1,0);

--
-- Table structure for table `app_entidades_aplicativos`
--

CREATE TABLE `app_entidades_aplicativos` (
  `ID` int(11) NOT NULL AUTO_INCREMENT,
  `entidade` int(11) NOT NULL DEFAULT 0,
  `aplicativo` int(11) NOT NULL DEFAULT 0,
  PRIMARY KEY (`ID`),
  KEY `entidade` (`entidade`),
  KEY `aplicativo` (`aplicativo`)
) ENGINE=MyISAM AUTO_INCREMENT=214 DEFAULT CHARSET=latin1 COLLATE=latin1_swedish_ci ROW_FORMAT=DYNAMIC;

--
-- Dumping data for table `app_entidades_aplicativos`
--

INSERT INTO `app_entidades_aplicativos` (`ID`, `entidade`, `aplicativo`) VALUES (25,1,1),(24,1,2),(28,1,3),(33,1,5),(34,1,6),(40,1,11),(43,1,14),(60,1,17),(63,1,20),(64,1,21),(74,1,26),(157,1,30),(161,1,31),(200,1,34),(207,1,4),(208,1,7),(209,1,8),(210,1,10),(211,1,13),(212,1,15),(213,1,22);

--
-- Table structure for table `app_permissoes`
--

CREATE TABLE `app_permissoes` (
  `ID` int(11) NOT NULL AUTO_INCREMENT,
  `usuario` int(11) NOT NULL DEFAULT 0,
  `aplicativo` int(11) NOT NULL DEFAULT 0,
  `entidade` int(11) NOT NULL DEFAULT 0,
  `acesso` varchar(500) DEFAULT NULL,
  PRIMARY KEY (`ID`),
  KEY `usuario` (`usuario`),
  KEY `aplicativo` (`aplicativo`),
  KEY `entidade` (`entidade`)
) ENGINE=MyISAM AUTO_INCREMENT=567 DEFAULT CHARSET=latin1 COLLATE=latin1_swedish_ci;

--
-- Dumping data for table `app_permissoes`
--

INSERT INTO `app_permissoes` (`ID`, `usuario`, `aplicativo`, `entidade`, `acesso`) VALUES (1,1,6,1,NULL),(2,3,3,1,NULL),(3,1,12,1,NULL),(4,3,2,1,NULL),(5,3,4,1,NULL),(6,3,1,1,NULL),(7,1,16,1,NULL),(8,1,3,1,NULL),(9,3,5,1,NULL),(10,1,17,1,NULL),(11,3,6,1,NULL),(12,1,1,1,NULL),(13,3,10,1,NULL),(14,3,12,1,NULL),(15,3,13,1,NULL),(16,3,14,1,NULL),(17,3,11,1,NULL),(18,13,6,1,NULL),(19,13,5,1,NULL),(20,13,4,1,NULL),(21,13,3,1,NULL),(22,13,2,1,NULL),(23,13,1,1,NULL),(24,13,10,1,NULL),(25,13,11,1,NULL),(26,13,12,1,NULL),(27,13,13,1,NULL),(28,13,14,1,NULL),(29,3,16,1,NULL),(30,3,17,1,NULL),(31,3,20,1,NULL),(32,3,19,1,NULL),(33,1,14,1,NULL),(34,1,19,1,NULL),(35,1,2,1,NULL),(36,1,20,1,NULL),(37,1,5,1,NULL),(38,3,26,1,NULL),(39,1,26,1,NULL),(40,3,21,1,NULL),(41,1,21,1,NULL),(42,1,4,1,NULL),(43,1,10,1,NULL),(44,1,11,1,NULL),(45,1,13,1,NULL),(46,13,16,1,NULL),(47,13,17,1,NULL),(48,13,20,1,NULL),(49,13,19,1,NULL),(50,13,21,1,NULL),(51,3,25,1,NULL),(52,1,25,1,NULL),(53,14,16,1,NULL),(54,14,1,1,NULL),(55,14,17,1,NULL),(56,14,6,1,NULL),(57,14,12,1,NULL),(58,14,26,1,NULL),(59,14,25,1,NULL),(60,14,10,1,NULL),(61,14,20,1,NULL),(62,14,4,1,NULL),(63,14,11,1,NULL),(64,14,13,1,NULL),(65,14,21,1,NULL),(66,14,3,1,NULL),(67,14,5,1,NULL),(68,14,14,1,NULL),(69,14,2,1,NULL),(70,14,19,1,NULL),(71,13,25,1,NULL),(72,1,30,1,NULL),(73,15,1,1,NULL),(74,15,16,1,NULL),(75,15,17,1,NULL),(76,15,6,1,NULL),(77,15,10,1,NULL),(78,15,25,1,NULL),(79,15,12,1,NULL),(80,15,30,1,NULL),(81,15,19,1,NULL),(82,15,14,1,NULL),(83,15,3,1,NULL),(84,15,21,1,NULL),(85,15,5,1,NULL),(86,15,4,1,NULL),(87,15,11,1,NULL),(88,15,13,1,NULL),(89,15,2,1,NULL),(90,15,20,1,NULL),(91,15,26,1,NULL),(92,13,26,1,NULL),(93,13,30,1,NULL),(94,13,31,1,NULL),(95,1,33,1,NULL),(96,1,31,1,NULL),(97,1,34,1,NULL),(98,1,36,1,NULL),(99,17,1,1,NULL),(100,17,16,1,NULL),(101,17,17,1,NULL),(102,17,6,1,NULL),(103,17,34,1,NULL),(104,17,10,1,NULL),(105,17,36,1,NULL),(106,17,19,1,NULL),(107,17,14,1,NULL),(108,17,4,1,NULL),(109,17,26,1,NULL),(110,17,12,1,NULL),(111,17,11,1,NULL),(112,17,30,1,NULL),(113,17,5,1,NULL),(114,17,13,1,NULL),(115,17,20,1,NULL),(116,17,2,1,NULL),(117,17,3,1,NULL),(118,18,1,1,NULL),(119,18,16,1,NULL),(120,18,17,1,NULL),(121,18,6,1,NULL),(122,18,34,1,NULL),(123,18,10,1,NULL),(124,18,26,1,NULL),(125,18,20,1,NULL),(126,18,12,1,NULL),(127,18,2,1,NULL),(128,18,36,1,NULL),(129,18,4,1,NULL),(130,18,19,1,NULL),(131,18,14,1,NULL),(132,18,11,1,NULL),(133,18,30,1,NULL),(134,18,5,1,NULL),(135,18,3,1,NULL),(136,18,13,1,NULL),(553,1,7,1,NULL),(554,1,8,1,NULL),(555,1,15,1,NULL),(556,1,22,1,NULL),(557,17,7,1,NULL),(558,17,8,1,NULL),(559,17,15,1,NULL),(560,17,21,1,NULL),(561,17,22,1,NULL),(562,18,7,1,NULL),(563,18,8,1,NULL),(564,18,15,1,NULL),(565,18,21,1,NULL),(566,18,22,1,NULL);

--
-- Table structure for table `app_usuarios_sessoes`
--

CREATE TABLE `app_usuarios_sessoes` (
  `ID` int(11) NOT NULL AUTO_INCREMENT,
  `usuario` int(11) DEFAULT NULL,
  `ip` varchar(15) NOT NULL,
  `data` timestamp NOT NULL DEFAULT current_timestamp(),
  `status` int(1) NOT NULL,
  `situacao` int(1) NOT NULL,
  `sessao` varchar(60) DEFAULT NULL,
  `chave` varchar(20) DEFAULT NULL,
  `browser` text DEFAULT NULL,
  `timeout` datetime DEFAULT NULL,
  `entidade` int(1) NOT NULL DEFAULT 0,
  PRIMARY KEY (`ID`),
  KEY `usuario` (`usuario`),
  KEY `ip` (`ip`),
  KEY `data` (`data`),
  KEY `status` (`status`),
  KEY `chave` (`chave`),
  KEY `sessao` (`sessao`),
  KEY `timeout` (`timeout`)
) ENGINE=MyISAM AUTO_INCREMENT=206 DEFAULT CHARSET=latin1 COLLATE=latin1_swedish_ci ROW_FORMAT=DYNAMIC COMMENT='status 0 = Usuário Inválido\r\nstatus 1 = Sessão Iniciada\r\nstatus 2 =  Senha Inválida\r\nstatus 3 = Usuário Bloqueado\r\nsituacao 0/1';

--
-- Dumping data for table `app_usuarios_sessoes`
--

INSERT INTO `app_usuarios_sessoes` (`ID`, `usuario`, `ip`, `data`, `status`, `situacao`, `sessao`, `chave`, `browser`, `timeout`, `entidade`) VALUES (201,1,'177.235.116.67','2024-06-08 04:40:20',1,1,'gkN0MGfCgjmnT4dDxwPJAqU8I2JDl5bF0MdXn7gdlYjJuQAS2XZrcJxUXOAY','lrMTpCp7esdIBj6tJNfb','Mozilla/5.0 (Windows NT 10.0; Win64; x64) AppleWebKit/537.36 (KHTML, like Gecko) Chrome/125.0.0.0 Safari/537.36',NULL,0),(202,1,'177.235.116.67','2024-06-09 04:01:00',1,1,'Mw8DMFO6d0jRajub0sT0J2QEjqibmDsO5XF6v3mB1W2byXzRMwKs0MVvlaz4','mAsScz142gOqcsS9fO0w','Mozilla/5.0 (Windows NT 10.0; Win64; x64) AppleWebKit/537.36 (KHTML, like Gecko) Chrome/125.0.0.0 Safari/537.36',NULL,0),(203,1,'177.235.116.67','2024-06-10 19:43:45',1,1,'1IRk21jldBGsHEo9KFIfdnIAdGOWoCA0oCJloVcC4rK87tSq8SGTUlU59XN6','0ISkcb3xZTL8kLOXvRSd','Mozilla/5.0 (Windows NT 10.0; Win64; x64) AppleWebKit/537.36 (KHTML, like Gecko) Chrome/125.0.0.0 Safari/537.36',NULL,0),(204,1,'177.235.116.67','2024-06-12 09:23:31',1,1,'ElzJD3S1OHAYPUhm3MjkS8RhWpivGhxAhOLPBikW8Nw6IatuQQD6pa13zm1U','IxaBqR4MdsvZzp3q3lDB','Mozilla/5.0 (Windows NT 10.0; Win64; x64) AppleWebKit/537.36 (KHTML, like Gecko) Chrome/125.0.0.0 Safari/537.36',NULL,0),(205,1,'177.235.116.67','2024-06-13 05:51:15',1,1,'4Pfm91yVoo5vEqyqcJmJfzOHrRw0UjkIbSrh30vOfEVS6PEYjZ1tveNtEouQ','Qobhymbga62ERw2DPxjq','Mozilla/5.0 (Windows NT 10.0; Win64; x64) AppleWebKit/537.36 (KHTML, like Gecko) Chrome/125.0.0.0 Safari/537.36',NULL,0);

--
-- Table structure for table `audios`
--

CREATE TABLE `audios` (
  `id` int(11) NOT NULL AUTO_INCREMENT,
  `data` timestamp NOT NULL DEFAULT current_timestamp(),
  `titulo` text DEFAULT NULL,
  `descricao` text DEFAULT NULL,
  `secao` int(11) NOT NULL DEFAULT 0,
  `entidade` int(11) NOT NULL DEFAULT 0,
  PRIMARY KEY (`id`),
  KEY `entidade` (`entidade`),
  KEY `secao` (`secao`)
) ENGINE=MyISAM AUTO_INCREMENT=3 DEFAULT CHARSET=latin1 COLLATE=latin1_swedish_ci ROW_FORMAT=DYNAMIC;

--
-- Dumping data for table `audios`
--

INSERT INTO `audios` (`id`, `data`, `titulo`, `descricao`, `secao`, `entidade`) VALUES (1,'2021-01-09 03:00:00','Hino Nacional Brasileiro','Com orquestra sinfônica',1,1),(2,'2023-04-19 03:00:00','Hino a Bandeira','Com coral',1,1);

--
-- Table structure for table `audios_arquivos`
--

CREATE TABLE `audios_arquivos` (
  `id` int(11) NOT NULL AUTO_INCREMENT,
  `audio` int(11) NOT NULL,
  `path` text NOT NULL,
  `arquivo` text NOT NULL,
  `legenda` text DEFAULT NULL,
  `tipo` varchar(50) DEFAULT NULL,
  `data` date DEFAULT NULL,
  PRIMARY KEY (`id`),
  KEY `audio` (`audio`)
) ENGINE=MyISAM AUTO_INCREMENT=3 DEFAULT CHARSET=latin1 COLLATE=latin1_swedish_ci ROW_FORMAT=DYNAMIC;

--
-- Dumping data for table `audios_arquivos`
--

INSERT INTO `audios_arquivos` (`id`, `audio`, `path`, `arquivo`, `legenda`, `tipo`, `data`) VALUES (1,1,'zHD/audios/1/1/','mp3-hino-nacional (0375801001610175602).mp3','Hino Nacional Brasileiro',NULL,'2021-01-09'),(2,2,'zHD/audios/1/2/','Hino a Bandeira com Coral (0182932001681883344).mp3',NULL,NULL,'2023-04-19');

--
-- Table structure for table `audios_secoes`
--

CREATE TABLE `audios_secoes` (
  `id` int(11) NOT NULL AUTO_INCREMENT,
  `entidade` int(11) NOT NULL DEFAULT 0,
  `nome` varchar(250) NOT NULL,
  PRIMARY KEY (`id`),
  KEY `entidade` (`entidade`)
) ENGINE=MyISAM AUTO_INCREMENT=9 DEFAULT CHARSET=latin1 COLLATE=latin1_swedish_ci ROW_FORMAT=DYNAMIC;

--
-- Dumping data for table `audios_secoes`
--

INSERT INTO `audios_secoes` (`id`, `entidade`, `nome`) VALUES (1,1,'Áudios');

--
-- Table structure for table `blocos`
--

CREATE TABLE `blocos` (
  `id` int(11) NOT NULL AUTO_INCREMENT,
  `usuario` int(11) NOT NULL DEFAULT 0,
  `secao` int(11) NOT NULL DEFAULT 0,
  `texto` text DEFAULT NULL,
  `entidade` int(11) NOT NULL,
  PRIMARY KEY (`id`),
  KEY `secao` (`secao`),
  KEY `entidade` (`entidade`)
) ENGINE=MyISAM AUTO_INCREMENT=3 DEFAULT CHARSET=latin1 COLLATE=latin1_swedish_ci ROW_FORMAT=DYNAMIC;

--
-- Dumping data for table `blocos`
--

INSERT INTO `blocos` (`id`, `usuario`, `secao`, `texto`, `entidade`) VALUES (1,1,1,'<h3><b>Enereço e Contatos</b></h3><div>Endereço:</div><div>Telefones:</div><div>e-Mail:<br></div><div>Duis non laoreet eros. Vestibulum porta neque eleifend erat tempus, vitae sagittis elit sodales. Sed convallis erat quis iaculis vestibulum. Curabitur sit amet purus et tellus consectetur vehicula. Suspendisse condimentum bibendum ante in adipiscing. Aliquam dignissim nisl eget arcu convallis, in viverra risus consequat. Pellentesque dictum gravida lacinia.<br></div>',1),(2,1,2,'<h3><b>Endereço e Contatos</b></h3><p><br></p><p>Endereço:</p><p>Telefone:</p><p>WhatsApp:</p><p>e-Mail:</p><p>Observações:</p><p>Lorem ipsão dolor sít amçet, consectetur adipiscing elit. Sed vehicula id odio quis</p>',1);

--
-- Table structure for table `blocos_secoes`
--

CREATE TABLE `blocos_secoes` (
  `id` int(11) NOT NULL AUTO_INCREMENT,
  `nome` varchar(250) NOT NULL,
  `entidade` int(11) NOT NULL DEFAULT 0,
  PRIMARY KEY (`id`),
  KEY `entidade` (`entidade`)
) ENGINE=MyISAM AUTO_INCREMENT=3 DEFAULT CHARSET=latin1 COLLATE=latin1_swedish_ci ROW_FORMAT=DYNAMIC;

--
-- Dumping data for table `blocos_secoes`
--

INSERT INTO `blocos_secoes` (`id`, `nome`, `entidade`) VALUES (1,'Contatos Unidades',1),(2,'Contatos',1);

--
-- Table structure for table `carrossel`
--

CREATE TABLE `carrossel` (
  `id` int(11) NOT NULL AUTO_INCREMENT,
  `data` timestamp NOT NULL DEFAULT current_timestamp(),
  `titulo` text NOT NULL,
  `secao` int(11) NOT NULL DEFAULT 0,
  `status` int(11) NOT NULL DEFAULT 1,
  `entidade` int(11) NOT NULL DEFAULT 0,
  PRIMARY KEY (`id`),
  KEY `secao` (`secao`),
  KEY `entidade` (`entidade`),
  KEY `status` (`status`)
) ENGINE=MyISAM AUTO_INCREMENT=3 DEFAULT CHARSET=latin1 COLLATE=latin1_swedish_ci ROW_FORMAT=DYNAMIC;

--
-- Dumping data for table `carrossel`
--

INSERT INTO `carrossel` (`id`, `data`, `titulo`, `secao`, `status`, `entidade`) VALUES (1,'2024-06-08 05:13:45','Web',1,1,1),(2,'2024-06-15 04:26:05','Mobile',2,1,1);

--
-- Table structure for table `carrossel_arquivos`
--

CREATE TABLE `carrossel_arquivos` (
  `id` int(11) NOT NULL AUTO_INCREMENT,
  `carrossel` int(11) NOT NULL,
  `path` text NOT NULL,
  `arquivo` text NOT NULL,
  `imagem` text DEFAULT NULL,
  `imagem_status` int(11) NOT NULL DEFAULT 1,
  `titulo` text DEFAULT NULL,
  `subtitulo` text DEFAULT NULL,
  `texto` text DEFAULT NULL,
  `link` text DEFAULT NULL,
  `status` int(11) NOT NULL DEFAULT 1,
  `ordem` int(11) NOT NULL DEFAULT 0,
  PRIMARY KEY (`id`),
  KEY `carrossel` (`carrossel`),
  KEY `ordem` (`ordem`),
  KEY `status` (`status`)
) ENGINE=MyISAM AUTO_INCREMENT=6 DEFAULT CHARSET=latin1 COLLATE=latin1_swedish_ci ROW_FORMAT=DYNAMIC;

--
-- Dumping data for table `carrossel_arquivos`
--

INSERT INTO `carrossel_arquivos` (`id`, `carrossel`, `path`, `arquivo`, `imagem`, `imagem_status`, `titulo`, `subtitulo`, `texto`, `link`, `status`, `ordem`) VALUES (1,1,'zHD/carrossel/1/1/','Carrossel (0860669001717823640).jpg',NULL,1,'ACADEMIAS','Portal demonstrativo para Academias de Musculação, Fitness, Dança, Artes Marciais e outras.','Site ilustrativo, para demonstração e vendas. Veja outros \"Modelos\" e \"Outros Sites\" no menu, e versões Dark e Light no ícone . Rápido e econômico é instalado em até 1 hora. Para comprar ou vender nossos sites, chame no WhatsApp ou acesse nossa página, JP WEB, ícones abaixo',NULL,1,0),(2,1,'zHD/carrossel/1/1/','Carrossel (0050693001717823641).jpg',NULL,1,'ACADEMIAS','Portal demonstrativo para Academias de Musculação, Fitness, Dança, Artes Marciais e outras.','Site ilustrativo, para demonstração e vendas. Veja outros \"Modelos\" e \"Outros Sites\" no menu, e versões Dark e Light no ícone . Rápido e econômico é instalado em até 1 hora. Para comprar ou vender nossos sites, chame no WhatsApp ou acesse nossa página, JP WEB, ícones abaixo',NULL,1,1),(3,1,'zHD/carrossel/1/1/','Carrossel (0068012001717823641).jpg',NULL,1,'ACADEMIAS','Portal demonstrativo para Academias de Musculação, Fitness, Dança, Artes Marciais e outras.','Site ilustrativo, para demonstração e vendas. Veja outros \"Modelos\" e \"Outros Sites\" no menu, e versões Dark e Light no ícone . Rápido e econômico é instalado em até 1 hora. Para comprar ou vender nossos sites, chame no WhatsApp ou acesse nossa página, JP WEB, ícones abaixo',NULL,1,1),(5,2,'zHD/carrossel/1/2/','Carrossel (0085016001718425613).jpg',NULL,1,NULL,NULL,NULL,NULL,1,0);

--
-- Table structure for table `carrossel_secoes`
--

CREATE TABLE `carrossel_secoes` (
  `id` int(11) NOT NULL AUTO_INCREMENT,
  `entidade` int(11) NOT NULL DEFAULT 0,
  `nome` varchar(250) NOT NULL,
  PRIMARY KEY (`id`),
  KEY `entidade` (`entidade`)
) ENGINE=MyISAM AUTO_INCREMENT=3 DEFAULT CHARSET=latin1 COLLATE=latin1_swedish_ci ROW_FORMAT=DYNAMIC;

--
-- Dumping data for table `carrossel_secoes`
--

INSERT INTO `carrossel_secoes` (`id`, `entidade`, `nome`) VALUES (1,1,'Web'),(2,1,'Mobile');

--
-- Table structure for table `classificados`
--

CREATE TABLE `classificados` (
  `id` int(11) NOT NULL AUTO_INCREMENT,
  `usuario` int(11) NOT NULL DEFAULT 0,
  `titulo` text NOT NULL,
  `tag` text NOT NULL,
  `subtitulo` text DEFAULT NULL,
  `texto` longtext DEFAULT NULL,
  `codigo` varchar(25) NOT NULL,
  `secao` text NOT NULL,
  `valor` text DEFAULT NULL,
  `capa` int(11) DEFAULT 0,
  `data` date DEFAULT NULL,
  `destaque` int(11) DEFAULT 0,
  `entidade` int(11) NOT NULL,
  `status` int(11) DEFAULT 1,
  `contador` int(11) DEFAULT 0,
  PRIMARY KEY (`id`)
) ENGINE=MyISAM AUTO_INCREMENT=23 DEFAULT CHARSET=latin1 COLLATE=latin1_swedish_ci ROW_FORMAT=DYNAMIC;

--
-- Dumping data for table `classificados`
--

INSERT INTO `classificados` (`id`, `usuario`, `titulo`, `tag`, `subtitulo`, `texto`, `codigo`, `secao`, `valor`, `capa`, `data`, `destaque`, `entidade`, `status`, `contador`) VALUES (6,1,'Kit feminino hipertrofia muscular','kitfemininohipertrofiamuscular','Duis non laoreet eros. Vestibulum porta neque eleifend erat tempus, vitae sagittis elit sodales','<p>Duis non laoreet eros. Vestibulum porta neque eleifend erat tempus, vitae sagittis elit sodales. Sed convallis erat quis iaculis vestibulum. Curabitur sit amet purus et tellus consectetur vehicula. Suspendisse condimentum bibendum ante in adipiscing. Aliquam dignissim nisl eget arcu convallis, in viverra risus consequat. Pellentesque dictum gravida lacinia.</p><p><br></p><p>Duis non laoreet eros. Vestibulum porta neque eleifend erat tempus, vitae sagittis elit sodales. Sed convallis erat quis iaculis vestibulum. Curabitur sit amet purus et tellus consectetur vehicula. Suspendisse condimentum bibendum ante in adipiscing. Aliquam dignissim nisl eget arcu convallis, in viverra risus consequat. Pellentesque dictum gravida lacinia.</p>','EykiX8JB8ya7BmFCKBDhykJZJ','Produtos','R$ XXX,XX',26,'2023-08-10',1,1,1,236),(7,1,'Army Fitness (ilustrativo)','armyfitnessilustrativo','Duis non laoreet eros. Vestibulum porta neque eleifend erat tempus, vitae sagittis elit sodales','<p>Duis non laoreet eros. Vestibulum porta neque eleifend erat tempus, vitae sagittis elit sodales. Sed convallis erat quis iaculis vestibulum. Curabitur sit amet purus et tellus consectetur vehicula. Suspendisse condimentum bibendum ante in adipiscing. Aliquam dignissim nisl eget arcu convallis, in viverra risus consequat. Pellentesque dictum gravida lacinia.</p><p><br></p><p>Duis non laoreet eros. Vestibulum porta neque eleifend erat tempus, vitae sagittis elit sodales. Sed convallis erat quis iaculis vestibulum. Curabitur sit amet purus et tellus consectetur vehicula. Suspendisse condimentum bibendum ante in adipiscing. Aliquam dignissim nisl eget arcu convallis, in viverra risus consequat. Pellentesque dictum gravida lacinia.</p>','eIXWk6EskPspoU0rapMMu2RCu','Produtos','R$ XXX,XX',27,'2023-08-10',1,1,1,293),(8,1,'Treino de alta performance','treinodealtaperformance','Duis non laoreet eros. Vestibulum porta neque eleifend erat tempus, vitae sagittis elit sodales','<p>Duis non laoreet eros. Vestibulum porta neque eleifend erat tempus, vitae sagittis elit sodales. Sed convallis erat quis iaculis vestibulum. Curabitur sit amet purus et tellus consectetur vehicula. Suspendisse condimentum bibendum ante in adipiscing. Aliquam dignissim nisl eget arcu convallis, in viverra risus consequat. Pellentesque dictum gravida lacinia.</p><p><br></p><p>Duis non laoreet eros. Vestibulum porta neque eleifend erat tempus, vitae sagittis elit sodales. Sed convallis erat quis iaculis vestibulum. Curabitur sit amet purus et tellus consectetur vehicula. Suspendisse condimentum bibendum ante in adipiscing. Aliquam dignissim nisl eget arcu convallis, in viverra risus consequat. Pellentesque dictum gravida lacinia.</p>','TznuOpRxynzuMHYjLoH8wjynB','Produtos','R$ xxx,xx',31,'2023-08-10',1,1,1,249),(9,1,'Colágeno tipo 2 PRO','colagenotipo2pro','Lorem ipsão dolor sít amçet, consectetur adipiscing elit. Sed vehicula id odio quis rhoncus. Duis non laoreet eros. Vestibulum porta neque eleifend erat tempus, vitae sagittis elit sodales.','<p>Duis non laoreet eros. Vestibulum porta neque eleifend erat tempus, vitae sagittis elit sodales. Sed convallis erat quis iaculis vestibulum. Curabitur sit amet purus et tellus consectetur vehicula. Suspendisse condimentum bibendum ante in adipiscing. Aliquam dignissim nisl eget arcu convallis, in viverra risus consequat. Pellentesque dictum gravida lacinia.</p><p><br></p><p>Lorem ipsão dolor sít amçet, consectetur adipiscing elit. Sed vehicula id odio quis rhoncus. Donec ullamcorper, lectus in dictum porta, urna nisl tincidunt metus, at iaculis nunc sem vitae diam. Etiam quam orci, volutpat a justo non, pretium condimentum felis. Duis id elementum arcu. Mauris pharetra dui molestie tortor imperdiet. Duis non laoreet eros. Vestibulum porta neque eleifend erat tempus, vitae sagittis elit sodales. Sed convallis erat quis iaculis vestibulum. </p><p><br></p><p>Lorem ipsão dolor sít amçet, consectetur adipiscing elit. Sed vehicula id odio quis rhoncus. Donec ullamcorper, lectus in dictum porta, urna nisl tincidunt metus, at iaculis nunc sem vitae diam. Etiam quam orci, volutpat a justo non, pretium condimentum felis. Duis id elementum arcu. Mauris pharetra dui molestie tortor imperdiet.  Lorem ipsão dolor sít amçet, consectetur adipiscing elit. Sed vehicula id odio quis rhoncus. Donec ullamcorper, lectus in dictum porta, urna nisl tincidunt metus, at iaculis nunc sem vitae diam.</p>','krM1gSWMe5Nz5kSIaIZ6HTWAI','Produtos','R$ xx,xx',35,'2023-08-17',1,1,1,249),(19,1,'Plano Casais','planocasais','Duis non laoreet eros. Vestibulum porta neque eleifend erat tempus, vitae sagittis elit sodales','<p>Duis non laoreet eros. Vestibulum porta neque eleifend erat tempus, vitae sagittis elit sodales. Sed convallis erat quis iaculis vestibulum. Curabitur sit amet purus et tellus consectetur vehicula. Suspendisse condimentum bibendum ante in adipiscing. Aliquam dignissim nisl eget arcu convallis, in viverra risus consequat. Pellentesque dictum gravida lacinia.</p><p><br></p><p>Lorem ipsão dolor sít amçet, consectetur adipiscing elit. Sed vehicula id odio quis rhoncus. Donec ullamcorper, lectus in dictum porta, urna nisl tincidunt metus, at iaculis nunc sem vitae diam. Etiam quam orci, volutpat a justo non, pretium condimentum felis. Duis id elementum arcu. Mauris pharetra dui molestie tortor imperdiet. Duis non laoreet eros. Vestibulum porta neque eleifend erat tempus, vitae sagittis elit sodales. Sed convallis erat quis iaculis vestibulum. </p><p><br></p><p>Lorem ipsão dolor sít amçet, consectetur adipiscing elit. Sed vehicula id odio quis rhoncus. Donec ullamcorper, lectus in dictum porta, urna nisl tincidunt metus, at iaculis nunc sem vitae diam. Etiam quam orci, volutpat a justo non, pretium condimentum felis. Duis id elementum arcu. Mauris pharetra dui molestie tortor imperdiet.  Lorem ipsão dolor sít amçet, consectetur adipiscing elit. Sed vehicula id odio quis rhoncus. Donec ullamcorper, lectus in dictum porta, urna nisl tincidunt metus, at iaculis nunc sem vitae diam.</p><p><br></p><p>Décadas e gerações construindo o sucesso das vacinas e a relevância da cultura, para em pouco tempo serem destruídas impiedosamente. Rotularam de vacina um experimento perigoso e lucrativo, segundo reconhecem hoje autoridade mundo afora. Da cultura sobrou a Rouanet e a putaria. </p>','ZNPoswkBH4X2Xd99k7GGwfhrV','Preços e Planos','30% OFF',49,'2023-09-11',0,1,1,99),(11,1,'Black Friday','blackfriday','Duis non laoreet eros. Vestibulum porta neque eleifend erat tempus, vitae sagittis elit sodales.  Duis non laoreet eros. Vestibulum porta neque eleifend erat tempus, vitae sagittis elit sodales. ','<p>Duis non laoreet eros. Vestibulum porta neque eleifend erat tempus, vitae sagittis elit sodales. Sed convallis erat quis iaculis vestibulum. Curabitur sit amet purus et tellus consectetur vehicula. Suspendisse condimentum bibendum ante in adipiscing. Aliquam dignissim nisl eget arcu convallis, in viverra risus consequat. Pellentesque dictum gravida lacinia.</p><p><br></p><p>Lorem ipsão dolor sít amçet, consectetur adipiscing elit. Sed vehicula id odio quis rhoncus. Donec ullamcorper, lectus in dictum porta, urna nisl tincidunt metus, at iaculis nunc sem vitae diam. Etiam quam orci, volutpat a justo non, pretium condimentum felis. Duis id elementum arcu. Mauris pharetra dui molestie tortor imperdiet. Duis non laoreet eros. Vestibulum porta neque eleifend erat tempus, vitae sagittis elit sodales. Sed convallis erat quis iaculis vestibulum. </p><p><br></p><p>Lorem ipsão dolor sít amçet, consectetur adipiscing elit. Sed vehicula id odio quis rhoncus. Donec ullamcorper, lectus in dictum porta, urna nisl tincidunt metus, at iaculis nunc sem vitae diam. Etiam quam orci, volutpat a justo non, pretium condimentum felis. Duis id elementum arcu. Mauris pharetra dui molestie tortor imperdiet.  Lorem ipsão dolor sít amçet, consectetur adipiscing elit. Sed vehicula id odio quis rhoncus. Donec ullamcorper, lectus in dictum porta, urna nisl tincidunt metus, at iaculis nunc sem vitae diam.</p>','mDZNEOIdBrXsMzqFkCXz42Ubw','Promoções','50% OFF',44,'2023-08-30',1,1,1,243),(12,1,'7 dias grátis','7diasgratis','Duis non laoreet eros. Vestibulum porta neque eleifend erat tempus, vitae sagittis elit sodales.  Duis non laoreet eros. Vestibulum porta neque eleifend erat tempus, vitae sagittis elit sodales. ','<p>Duis non laoreet eros. Vestibulum porta neque eleifend erat tempus, vitae sagittis elit sodales. Sed convallis erat quis iaculis vestibulum. Curabitur sit amet purus et tellus consectetur vehicula. Suspendisse condimentum bibendum ante in adipiscing. Aliquam dignissim nisl eget arcu convallis, in viverra risus consequat. Pellentesque dictum gravida lacinia.</p><p><br></p><p>Lorem ipsão dolor sít amçet, consectetur adipiscing elit. Sed vehicula id odio quis rhoncus. Donec ullamcorper, lectus in dictum porta, urna nisl tincidunt metus, at iaculis nunc sem vitae diam. Etiam quam orci, volutpat a justo non, pretium condimentum felis. Duis id elementum arcu. Mauris pharetra dui molestie tortor imperdiet. Duis non laoreet eros. Vestibulum porta neque eleifend erat tempus, vitae sagittis elit sodales. Sed convallis erat quis iaculis vestibulum. </p><p><br></p><p>Lorem ipsão dolor sít amçet, consectetur adipiscing elit. Sed vehicula id odio quis rhoncus. Donec ullamcorper, lectus in dictum porta, urna nisl tincidunt metus, at iaculis nunc sem vitae diam. Etiam quam orci, volutpat a justo non, pretium condimentum felis. Duis id elementum arcu. Mauris pharetra dui molestie tortor imperdiet.  Lorem ipsão dolor sít amçet, consectetur adipiscing elit. Sed vehicula id odio quis rhoncus. Donec ullamcorper, lectus in dictum porta, urna nisl tincidunt metus, at iaculis nunc sem vitae diam.</p>','dIhH9AvbNi2z3H21rwSNRB7yD','Promoções','100% OFF',45,'2023-08-30',1,1,1,341),(17,1,'Comece hoje seus treinos','comecehojeseustreinos','Duis non laoreet eros. Vestibulum porta neque eleifend erat tempus, vitae sagittis elit sodales.  Duis non laoreet eros. Vestibulum porta neque eleifend erat tempus, vitae sagittis elit sodales. ','<p>Duis non laoreet eros. Vestibulum porta neque eleifend erat tempus, vitae sagittis elit sodales. Sed convallis erat quis iaculis vestibulum. Curabitur sit amet purus et tellus consectetur vehicula. Suspendisse condimentum bibendum ante in adipiscing. Aliquam dignissim nisl eget arcu convallis, in viverra risus consequat. Pellentesque dictum gravida lacinia.</p><p><br></p><p>Lorem ipsão dolor sít amçet, consectetur adipiscing elit. Sed vehicula id odio quis rhoncus. Donec ullamcorper, lectus in dictum porta, urna nisl tincidunt metus, at iaculis nunc sem vitae diam. Etiam quam orci, volutpat a justo non, pretium condimentum felis. Duis id elementum arcu. Mauris pharetra dui molestie tortor imperdiet. Duis non laoreet eros. Vestibulum porta neque eleifend erat tempus, vitae sagittis elit sodales. Sed convallis erat quis iaculis vestibulum. </p><p><br></p><p>Lorem ipsão dolor sít amçet, consectetur adipiscing elit. Sed vehicula id odio quis rhoncus. Donec ullamcorper, lectus in dictum porta, urna nisl tincidunt metus, at iaculis nunc sem vitae diam. Etiam quam orci, volutpat a justo non, pretium condimentum felis. Duis id elementum arcu. Mauris pharetra dui molestie tortor imperdiet.  Lorem ipsão dolor sít amçet, consectetur adipiscing elit. Sed vehicula id odio quis rhoncus. Donec ullamcorper, lectus in dictum porta, urna nisl tincidunt metus, at iaculis nunc sem vitae diam.</p>','HGDFEwmSwEQfY2aWjHWOMmXHr','Promoções','50% OFF',47,'2023-08-30',1,1,1,228),(20,1,'Plano Família','planofamilia','Duis non laoreet eros. Vestibulum porta neque eleifend erat tempus, vitae sagittis elit sodales.','<p>Duis non laoreet eros. Vestibulum porta neque eleifend erat tempus, vitae sagittis elit sodales. Sed convallis erat quis iaculis vestibulum. Curabitur sit amet purus et tellus consectetur vehicula. Suspendisse condimentum bibendum ante in adipiscing. Aliquam dignissim nisl eget arcu convallis, in viverra risus consequat. Pellentesque dictum gravida lacinia.</p><p><br></p><p>Lorem ipsão dolor sít amçet, consectetur adipiscing elit. Sed vehicula id odio quis rhoncus. Donec ullamcorper, lectus in dictum porta, urna nisl tincidunt metus, at iaculis nunc sem vitae diam. Etiam quam orci, volutpat a justo non, pretium condimentum felis. Duis id elementum arcu. Mauris pharetra dui molestie tortor imperdiet. Duis non laoreet eros. Vestibulum porta neque eleifend erat tempus, vitae sagittis elit sodales. Sed convallis erat quis iaculis vestibulum. </p><p><br></p><p>Lorem ipsão dolor sít amçet, consectetur adipiscing elit. Sed vehicula id odio quis rhoncus. Donec ullamcorper, lectus in dictum porta, urna nisl tincidunt metus, at iaculis nunc sem vitae diam. Etiam quam orci, volutpat a justo non, pretium condimentum felis. Duis id elementum arcu. Mauris pharetra dui molestie tortor imperdiet.  Lorem ipsão dolor sít amçet, consectetur adipiscing elit. Sed vehicula id odio quis rhoncus. Donec ullamcorper, lectus in dictum porta, urna nisl tincidunt metus, at iaculis nunc sem vitae diam.</p><p><br></p><p>Décadas e gerações construindo o sucesso das vacinas e a relevância da cultura, para em pouco tempo serem destruídas impiedosamente. Rotularam de vacina um experimento perigoso e lucrativo, segundo reconhecem hoje autoridade mundo afora. Da cultura sobrou a Rouanet e a putaria. </p>','BfEzuTMxFQnMsNowNQxUdGjbV','Preços e Planos','50% OFF',50,'2023-09-11',0,1,1,101),(21,1,'Black Friday','blackfriday_1','Duis non laoreet eros. Vestibulum porta neque eleifend erat tempus, vitae sagittis elit sodales.','<p>Duis non laoreet eros. Vestibulum porta neque eleifend erat tempus, vitae sagittis elit sodales. Sed convallis erat quis iaculis vestibulum. Curabitur sit amet purus et tellus consectetur vehicula. Suspendisse condimentum bibendum ante in adipiscing. Aliquam dignissim nisl eget arcu convallis, in viverra risus consequat. Pellentesque dictum gravida lacinia.</p><p><br></p><p>Lorem ipsão dolor sít amçet, consectetur adipiscing elit. Sed vehicula id odio quis rhoncus. Donec ullamcorper, lectus in dictum porta, urna nisl tincidunt metus, at iaculis nunc sem vitae diam. Etiam quam orci, volutpat a justo non, pretium condimentum felis. Duis id elementum arcu. Mauris pharetra dui molestie tortor imperdiet. Duis non laoreet eros. Vestibulum porta neque eleifend erat tempus, vitae sagittis elit sodales. Sed convallis erat quis iaculis vestibulum.&nbsp;</p><p><br></p><p>Lorem ipsão dolor sít amçet, consectetur adipiscing elit. Sed vehicula id odio quis rhoncus. Donec ullamcorper, lectus in dictum porta, urna nisl tincidunt metus, at iaculis nunc sem vitae diam. Etiam quam orci, volutpat a justo non, pretium condimentum felis. Duis id elementum arcu. Mauris pharetra dui molestie tortor imperdiet.&nbsp; Lorem ipsão dolor sít amçet, consectetur adipiscing elit. Sed vehicula id odio quis rhoncus. Donec ullamcorper, lectus in dictum porta, urna nisl tincidunt metus, at iaculis nunc sem vitae diam.</p><p><br></p><p>Décadas e gerações construindo o sucesso das vacinas e a relevância da cultura, para em pouco tempo serem destruídas impiedosamente. Rotularam de vacina um experimento perigoso e lucrativo, segundo reconhecem hoje autoridade mundo afora. Da cultura sobrou a Rouanet e a putaria.&nbsp;</p>','hfCDBExuyDibyHo8vImL44PCG','Preços e Planos','50% OFF',51,'2023-09-11',0,1,1,104),(22,1,'Promoção Verão 2024','promocaoverao2024','Duis non laoreet eros. Vestibulum porta neque eleifend erat tempus, vitae sagittis elit sodales','<p>Duis non laoreet eros. Vestibulum porta neque eleifend erat tempus, vitae sagittis elit sodales. Sed convallis erat quis iaculis vestibulum. Curabitur sit amet purus et tellus consectetur vehicula. Suspendisse condimentum bibendum ante in adipiscing. Aliquam dignissim nisl eget arcu convallis, in viverra risus consequat. Pellentesque dictum gravida lacinia.</p><p><br></p><p>Lorem ipsão dolor sít amçet, consectetur adipiscing elit. Sed vehicula id odio quis rhoncus. Donec ullamcorper, lectus in dictum porta, urna nisl tincidunt metus, at iaculis nunc sem vitae diam. Etiam quam orci, volutpat a justo non, pretium condimentum felis. Duis id elementum arcu. Mauris pharetra dui molestie tortor imperdiet. Duis non laoreet eros. Vestibulum porta neque eleifend erat tempus, vitae sagittis elit sodales. Sed convallis erat quis iaculis vestibulum.&nbsp;</p><p><br></p><p>Lorem ipsão dolor sít amçet, consectetur adipiscing elit. Sed vehicula id odio quis rhoncus. Donec ullamcorper, lectus in dictum porta, urna nisl tincidunt metus, at iaculis nunc sem vitae diam. Etiam quam orci, volutpat a justo non, pretium condimentum felis. Duis id elementum arcu. Mauris pharetra dui molestie tortor imperdiet.&nbsp; Lorem ipsão dolor sít amçet, consectetur adipiscing elit. Sed vehicula id odio quis rhoncus. Donec ullamcorper, lectus in dictum porta, urna nisl tincidunt metus, at iaculis nunc sem vitae diam.</p><p><br></p><p>Décadas e gerações construindo o sucesso das vacinas e a relevância da cultura, para em pouco tempo serem destruídas impiedosamente. Rotularam de vacina um experimento perigoso e lucrativo, segundo reconhecem hoje autoridade mundo afora. Da cultura sobrou a Rouanet e a putaria.&nbsp;</p>','sklcem6MXDOKJEznWIKieEpTG','Promoções','30% OFF',52,'2023-09-11',1,1,1,211);

--
-- Table structure for table `classificados_arquivos`
--

CREATE TABLE `classificados_arquivos` (
  `id` int(11) NOT NULL AUTO_INCREMENT,
  `codigo` varchar(25) NOT NULL,
  `path` text NOT NULL,
  `arquivo` text NOT NULL,
  `legenda` text DEFAULT NULL,
  `tipo` varchar(50) DEFAULT NULL,
  PRIMARY KEY (`id`)
) ENGINE=MyISAM AUTO_INCREMENT=57 DEFAULT CHARSET=latin1 COLLATE=latin1_swedish_ci ROW_FORMAT=DYNAMIC;

--
-- Dumping data for table `classificados_arquivos`
--

INSERT INTO `classificados_arquivos` (`id`, `codigo`, `path`, `arquivo`, `legenda`, `tipo`) VALUES (34,'TznuOpRxynzuMHYjLoH8wjynB','zHD/classificados/1/TznuOpRxynzuMHYjLoH8wjynB/imagens/','CLASSIFICADOS2 (0368623001691666806).jpg',NULL,'imagem'),(33,'TznuOpRxynzuMHYjLoH8wjynB','zHD/classificados/1/TznuOpRxynzuMHYjLoH8wjynB/imagens/','CLASSIFICADOS1 (0188780001691666806).jpg',NULL,'imagem'),(32,'TznuOpRxynzuMHYjLoH8wjynB','zHD/classificados/1/TznuOpRxynzuMHYjLoH8wjynB/imagens/','CLASSIFICADOS3 (0188885001691666806).jpg',NULL,'imagem'),(25,'EykiX8JB8ya7BmFCKBDhykJZJ','zHD/classificados/1/EykiX8JB8ya7BmFCKBDhykJZJ/imagens/','CLASSIFICADOS2 (0066000001691666541).jpg',NULL,'imagem'),(26,'EykiX8JB8ya7BmFCKBDhykJZJ','zHD/classificados/1/EykiX8JB8ya7BmFCKBDhykJZJ/imagens/','0317775001691666569.jpg',NULL,'capa'),(27,'eIXWk6EskPspoU0rapMMu2RCu','zHD/classificados/1/eIXWk6EskPspoU0rapMMu2RCu/imagens/','0785788001691666684.jpg',NULL,'capa'),(28,'eIXWk6EskPspoU0rapMMu2RCu','zHD/classificados/1/eIXWk6EskPspoU0rapMMu2RCu/imagens/','CLASSIFICADOS1 (0351266001691666694).jpg',NULL,'imagem'),(29,'eIXWk6EskPspoU0rapMMu2RCu','zHD/classificados/1/eIXWk6EskPspoU0rapMMu2RCu/imagens/','CLASSIFICADOS3 (0353167001691666694).jpg',NULL,'imagem'),(30,'eIXWk6EskPspoU0rapMMu2RCu','zHD/classificados/1/eIXWk6EskPspoU0rapMMu2RCu/imagens/','CLASSIFICADOS2 (0483319001691666694).jpg',NULL,'imagem'),(31,'TznuOpRxynzuMHYjLoH8wjynB','zHD/classificados/1/TznuOpRxynzuMHYjLoH8wjynB/imagens/','0997291001691666796.jpg',NULL,'capa'),(24,'EykiX8JB8ya7BmFCKBDhykJZJ','zHD/classificados/1/EykiX8JB8ya7BmFCKBDhykJZJ/imagens/','CLASSIFICADOS3 (0941829001691666540).jpg',NULL,'imagem'),(23,'EykiX8JB8ya7BmFCKBDhykJZJ','zHD/classificados/1/EykiX8JB8ya7BmFCKBDhykJZJ/imagens/','CLASSIFICADOS1 (0929347001691666540).jpg',NULL,'imagem'),(35,'krM1gSWMe5Nz5kSIaIZ6HTWAI','zHD/classificados/1/krM1gSWMe5Nz5kSIaIZ6HTWAI/imagens/','0128030001692313390.jpg',NULL,'capa'),(36,'krM1gSWMe5Nz5kSIaIZ6HTWAI','zHD/classificados/1/krM1gSWMe5Nz5kSIaIZ6HTWAI/imagens/','CLASSIFICADOS4 (0030069001692313410).jpg',NULL,'imagem'),(37,'krM1gSWMe5Nz5kSIaIZ6HTWAI','zHD/classificados/1/krM1gSWMe5Nz5kSIaIZ6HTWAI/imagens/','CLASSIFICADOS2 (0049554001692313410).jpg',NULL,'imagem'),(38,'krM1gSWMe5Nz5kSIaIZ6HTWAI','zHD/classificados/1/krM1gSWMe5Nz5kSIaIZ6HTWAI/imagens/','CLASSIFICADOS1 (0158592001692313410).jpg',NULL,'imagem'),(39,'krM1gSWMe5Nz5kSIaIZ6HTWAI','zHD/classificados/1/krM1gSWMe5Nz5kSIaIZ6HTWAI/imagens/','CLASSIFICADOS3 (0164167001692313410).jpg',NULL,'imagem'),(40,'EykiX8JB8ya7BmFCKBDhykJZJ','zHD/classificados/1/EykiX8JB8ya7BmFCKBDhykJZJ/imagens/','CLASSIFICADOS1 (0315366001692313470).jpg',NULL,'imagem'),(41,'eIXWk6EskPspoU0rapMMu2RCu','zHD/classificados/1/eIXWk6EskPspoU0rapMMu2RCu/imagens/','CLASSIFICADOS1 (0830876001692313485).jpg',NULL,'imagem'),(42,'TznuOpRxynzuMHYjLoH8wjynB','zHD/classificados/1/TznuOpRxynzuMHYjLoH8wjynB/imagens/','CLASSIFICADOS1 (0730326001692313503).jpg',NULL,'imagem'),(49,'ZNPoswkBH4X2Xd99k7GGwfhrV','zHD/classificados/1/ZNPoswkBH4X2Xd99k7GGwfhrV/imagens/','0779027001694408523.jpg',NULL,'capa'),(44,'mDZNEOIdBrXsMzqFkCXz42Ubw','zHD/classificados/1/mDZNEOIdBrXsMzqFkCXz42Ubw/imagens/','0471647001693411749.jpg',NULL,'capa'),(45,'dIhH9AvbNi2z3H21rwSNRB7yD','zHD/classificados/1/dIhH9AvbNi2z3H21rwSNRB7yD/imagens/','0251207001693441204.jpg',NULL,'capa'),(47,'HGDFEwmSwEQfY2aWjHWOMmXHr','zHD/classificados/1/HGDFEwmSwEQfY2aWjHWOMmXHr/imagens/','0553149001693442674.jpg',NULL,'capa'),(50,'BfEzuTMxFQnMsNowNQxUdGjbV','zHD/classificados/1/BfEzuTMxFQnMsNowNQxUdGjbV/imagens/','0987309001694408260.jpg',NULL,'capa'),(51,'hfCDBExuyDibyHo8vImL44PCG','zHD/classificados/1/hfCDBExuyDibyHo8vImL44PCG/imagens/','0566597001694408435.jpg',NULL,'capa'),(52,'sklcem6MXDOKJEznWIKieEpTG','zHD/classificados/1/sklcem6MXDOKJEznWIKieEpTG/imagens/','0170995001694409110.jpg',NULL,'capa'),(56,'dIhH9AvbNi2z3H21rwSNRB7yD','zHD/classificados/1/dIhH9AvbNi2z3H21rwSNRB7yD/imagens/','CLA-PRECOS3 (0276440001718188043).jpg',NULL,'imagem'),(55,'dIhH9AvbNi2z3H21rwSNRB7yD','zHD/classificados/1/dIhH9AvbNi2z3H21rwSNRB7yD/arquivos/','CLA-PRECOS2 (0184034001718187137).jpg','Preços e Planos (Ilustrativo)','arquivo');

--
-- Table structure for table `classificados_links`
--

CREATE TABLE `classificados_links` (
  `id` int(11) NOT NULL AUTO_INCREMENT,
  `codigo` varchar(25) NOT NULL,
  `titulo` text DEFAULT NULL,
  `link` text NOT NULL,
  PRIMARY KEY (`id`)
) ENGINE=MyISAM AUTO_INCREMENT=3 DEFAULT CHARSET=latin1 COLLATE=latin1_swedish_ci ROW_FORMAT=DYNAMIC;

--
-- Dumping data for table `classificados_links`
--

INSERT INTO `classificados_links` (`id`, `codigo`, `titulo`, `link`) VALUES (1,'AzPlHUGniGJW9SizGxyU1tFIZ','JP Web','https://jpweb.com.br'),(2,'dIhH9AvbNi2z3H21rwSNRB7yD','Ilustrativo','https://google.com');

--
-- Table structure for table `classificados_videos`
--

CREATE TABLE `classificados_videos` (
  `id` int(11) NOT NULL AUTO_INCREMENT,
  `codigo` varchar(25) NOT NULL,
  `titulo` text DEFAULT NULL,
  `link` text NOT NULL,
  PRIMARY KEY (`id`)
) ENGINE=MyISAM AUTO_INCREMENT=3 DEFAULT CHARSET=latin1 COLLATE=latin1_swedish_ci ROW_FORMAT=DYNAMIC;

--
-- Dumping data for table `classificados_videos`
--

INSERT INTO `classificados_videos` (`id`, `codigo`, `titulo`, `link`) VALUES (1,'AzPlHUGniGJW9SizGxyU1tFIZ','Ferrari','ZGvqa4UNGyA'),(2,'dIhH9AvbNi2z3H21rwSNRB7yD','Ilustrativo','-C3q4hF1arg');

--
-- Table structure for table `contatos`
--

CREATE TABLE `contatos` (
  `id` int(11) NOT NULL AUTO_INCREMENT,
  `usuario` int(11) NOT NULL DEFAULT 0,
  `secao` int(11) NOT NULL DEFAULT 0,
  `texto` text DEFAULT NULL,
  `entidade` int(11) NOT NULL,
  PRIMARY KEY (`id`),
  KEY `secao` (`secao`),
  KEY `entidade` (`entidade`)
) ENGINE=MyISAM AUTO_INCREMENT=2 DEFAULT CHARSET=latin1 COLLATE=latin1_swedish_ci ROW_FORMAT=DYNAMIC;

--
-- Dumping data for table `contatos`
--

INSERT INTO `contatos` (`id`, `usuario`, `secao`, `texto`, `entidade`) VALUES (1,1,1,'<p><h3><b>Unidade 1</b></h3>Nome:<br>Endereço:<br>Telefone:<br>WhatsApp:<br>e-Mail</p><p><br></p><p><h3><b>Unidade 2</b></h3>Nome:<br>Endereço:<br>Telefone:<br>WhatsApp:<br>e-Mail</p><p><br></p><p><h3><b>Unidade 3</b></h3>Nome:<br>Endereço:<br>Telefone:<br>WhatsApp:<br>e-Mail</p><p><br></p><p><h3><b>Unidade 4</b></h3>Nome:<br>Endereço:<br>Telefone:<br>WhatsApp:<br>e-Mail<br></p>',1);

--
-- Table structure for table `contatos_secoes`
--

CREATE TABLE `contatos_secoes` (
  `id` int(11) NOT NULL AUTO_INCREMENT,
  `nome` varchar(250) NOT NULL,
  `entidade` int(11) NOT NULL DEFAULT 0,
  PRIMARY KEY (`id`),
  KEY `nome` (`nome`)
) ENGINE=MyISAM AUTO_INCREMENT=2 DEFAULT CHARSET=latin1 COLLATE=latin1_swedish_ci ROW_FORMAT=DYNAMIC;

--
-- Dumping data for table `contatos_secoes`
--

INSERT INTO `contatos_secoes` (`id`, `nome`, `entidade`) VALUES (1,'Unidades',1);

--
-- Table structure for table `downloads`
--

CREATE TABLE `downloads` (
  `id` int(11) NOT NULL AUTO_INCREMENT,
  `usuario` int(11) NOT NULL DEFAULT 0,
  `secao` int(11) NOT NULL DEFAULT 0,
  `titulo` text NOT NULL,
  `texto` text DEFAULT NULL,
  `codigo` varchar(25) NOT NULL,
  `data` date DEFAULT NULL,
  `entidade` int(11) NOT NULL,
  PRIMARY KEY (`id`),
  KEY `secao` (`secao`),
  KEY `entidade` (`entidade`)
) ENGINE=MyISAM AUTO_INCREMENT=2 DEFAULT CHARSET=latin1 COLLATE=latin1_swedish_ci ROW_FORMAT=DYNAMIC;

--
-- Dumping data for table `downloads`
--

INSERT INTO `downloads` (`id`, `usuario`, `secao`, `titulo`, `texto`, `codigo`, `data`, `entidade`) VALUES (1,1,2,'Documentos (ilustrativo)','Aqui texto descritivo opcional.\r\nDuis non laoreet eros. Vestibulum porta neque eleifend erat tempus, vitae sagittis elit sodales. Sed convallis erat quis iaculis vestibulum. Curabitur sit amet purus et tellus consectetur vehicula.','yjYOpXucTRNANai6XQ77hDoxk','2021-01-09',1);

--
-- Table structure for table `downloads_arquivos`
--

CREATE TABLE `downloads_arquivos` (
  `id` int(11) NOT NULL AUTO_INCREMENT,
  `codigo` varchar(25) NOT NULL,
  `path` text NOT NULL,
  `arquivo` text NOT NULL,
  `legenda` text DEFAULT NULL,
  `tipo` varchar(50) DEFAULT NULL,
  `data` date DEFAULT NULL,
  `views` int(11) NOT NULL DEFAULT 0,
  PRIMARY KEY (`id`),
  KEY `codigo` (`codigo`)
) ENGINE=MyISAM AUTO_INCREMENT=5 DEFAULT CHARSET=latin1 COLLATE=latin1_swedish_ci ROW_FORMAT=DYNAMIC;

--
-- Dumping data for table `downloads_arquivos`
--

INSERT INTO `downloads_arquivos` (`id`, `codigo`, `path`, `arquivo`, `legenda`, `tipo`, `data`, `views`) VALUES (1,'yjYOpXucTRNANai6XQ77hDoxk','zHD/downloads/1/yjYOpXucTRNANai6XQ77hDoxk/arquivos/','ilustrativo2 (0430012001610175687).pdf','ilustrativo2','arquivo','2021-01-07',7),(2,'yjYOpXucTRNANai6XQ77hDoxk','zHD/downloads/1/yjYOpXucTRNANai6XQ77hDoxk/arquivos/','ilustrativo1 (0438705001610175687).pdf','ilustrativo1','arquivo','2021-01-06',1),(3,'yjYOpXucTRNANai6XQ77hDoxk','zHD/downloads/1/yjYOpXucTRNANai6XQ77hDoxk/arquivos/','ilustrativo3 (0464482001610175687).pdf','ilustrativo3','arquivo','2021-01-08',0),(4,'yjYOpXucTRNANai6XQ77hDoxk','zHD/downloads/1/yjYOpXucTRNANai6XQ77hDoxk/arquivos/','ilustrativo4 (0518915001610175687).pdf','ilustrativo4','arquivo','2021-01-09',1);

--
-- Table structure for table `downloads_secoes`
--

CREATE TABLE `downloads_secoes` (
  `id` int(11) NOT NULL AUTO_INCREMENT,
  `nome` varchar(250) NOT NULL,
  `entidade` int(11) NOT NULL DEFAULT 0,
  PRIMARY KEY (`id`),
  KEY `entidade` (`entidade`)
) ENGINE=MyISAM AUTO_INCREMENT=3 DEFAULT CHARSET=latin1 COLLATE=latin1_swedish_ci ROW_FORMAT=DYNAMIC;

--
-- Dumping data for table `downloads_secoes`
--

INSERT INTO `downloads_secoes` (`id`, `nome`, `entidade`) VALUES (1,'Downloads',1),(2,'Documentos',1);

--
-- Table structure for table `enquetes`
--

CREATE TABLE `enquetes` (
  `id` int(11) NOT NULL AUTO_INCREMENT,
  `usuario` int(11) NOT NULL DEFAULT 0,
  `titulo` text NOT NULL,
  `tag` text NOT NULL,
  `texto` text DEFAULT NULL,
  `secao` int(11) NOT NULL,
  `data` datetime DEFAULT current_timestamp(),
  `entidade` int(11) NOT NULL,
  `status` int(11) DEFAULT 1,
  PRIMARY KEY (`id`),
  KEY `entidade` (`entidade`)
) ENGINE=MyISAM AUTO_INCREMENT=3 DEFAULT CHARSET=latin1 COLLATE=latin1_swedish_ci ROW_FORMAT=DYNAMIC;

--
-- Dumping data for table `enquetes`
--

INSERT INTO `enquetes` (`id`, `usuario`, `titulo`, `tag`, `texto`, `secao`, `data`, `entidade`, `status`) VALUES (1,1,'Qual o melhor time da atualidade?','qualomelhortimedaatualidade','Lorem ipsão dolor sít amçet, consectetur adipiscing elit. Sed vehicula id odio quis rhoncus. Donec ullamcorper, lectus in dictum porta, urna nisl tincidunt metus, at iaculis nunc sem vitae diam. Etiam quam orci, volutpat a justo non, pretium condimentum felis. Duis id elementum arcu. Mauris pharetra dui molestie tortor imperdiet. ',156,'2021-01-09 00:00:00',1,1);

--
-- Table structure for table `enquetes_opcoes`
--

CREATE TABLE `enquetes_opcoes` (
  `id` int(11) NOT NULL AUTO_INCREMENT,
  `enquete` int(11) NOT NULL DEFAULT 0,
  `titulo` text DEFAULT NULL,
  `votos` int(11) NOT NULL DEFAULT 0,
  PRIMARY KEY (`id`),
  KEY `enquete` (`enquete`)
) ENGINE=MyISAM AUTO_INCREMENT=6 DEFAULT CHARSET=latin1 COLLATE=latin1_swedish_ci ROW_FORMAT=DYNAMIC;

--
-- Dumping data for table `enquetes_opcoes`
--

INSERT INTO `enquetes_opcoes` (`id`, `enquete`, `titulo`, `votos`) VALUES (1,1,'Internacional',1),(2,1,'Flamengo',1),(3,1,'São Paulo',0),(4,1,'Corinthians',0);

--
-- Table structure for table `enquetes_secoes`
--

CREATE TABLE `enquetes_secoes` (
  `id` int(11) NOT NULL AUTO_INCREMENT,
  `nome` varchar(250) NOT NULL,
  `entidade` int(11) NOT NULL DEFAULT 0,
  PRIMARY KEY (`id`),
  KEY `entidade` (`entidade`)
) ENGINE=MyISAM AUTO_INCREMENT=166 DEFAULT CHARSET=latin1 COLLATE=latin1_swedish_ci ROW_FORMAT=DYNAMIC;

--
-- Dumping data for table `enquetes_secoes`
--

INSERT INTO `enquetes_secoes` (`id`, `nome`, `entidade`) VALUES (156,'Enquetes',1);

--
-- Table structure for table `enquetes_votos`
--

CREATE TABLE `enquetes_votos` (
  `id` int(11) NOT NULL AUTO_INCREMENT,
  `enquete` int(11) NOT NULL DEFAULT 0,
  `ip` varchar(50) NOT NULL,
  `data` timestamp NOT NULL DEFAULT current_timestamp() ON UPDATE current_timestamp(),
  PRIMARY KEY (`id`),
  KEY `enquete` (`enquete`),
  KEY `ip` (`ip`),
  KEY `data` (`data`)
) ENGINE=MyISAM AUTO_INCREMENT=4 DEFAULT CHARSET=latin1 COLLATE=latin1_swedish_ci ROW_FORMAT=DYNAMIC;

--
-- Dumping data for table `enquetes_votos`
--

INSERT INTO `enquetes_votos` (`id`, `enquete`, `ip`, `data`) VALUES (1,1,'177.235.117.135','2021-01-14 10:24:39'),(2,2,'177.235.119.218','2023-04-19 06:19:29'),(3,1,'177.235.119.218','2023-04-19 06:20:27');

--
-- Table structure for table `faleconosco`
--

CREATE TABLE `faleconosco` (
  `id` int(11) NOT NULL AUTO_INCREMENT,
  `secao` int(11) NOT NULL DEFAULT 0,
  `nome` varchar(200) DEFAULT NULL,
  `email` varchar(300) DEFAULT NULL,
  `telefone` varchar(300) DEFAULT NULL,
  `mensagem` text DEFAULT NULL,
  `resposta` text DEFAULT NULL,
  `usuario` int(11) DEFAULT 0,
  `entidade` int(11) NOT NULL,
  `status` int(11) NOT NULL DEFAULT 0,
  `data_mensagem` timestamp NULL DEFAULT current_timestamp(),
  `data_resposta` datetime DEFAULT NULL,
  `envio` int(11) NOT NULL DEFAULT 0,
  PRIMARY KEY (`id`),
  KEY `secao` (`secao`),
  KEY `entidade` (`entidade`)
) ENGINE=MyISAM AUTO_INCREMENT=16 DEFAULT CHARSET=latin1 COLLATE=latin1_swedish_ci ROW_FORMAT=DYNAMIC;

--
-- Dumping data for table `faleconosco`
--

INSERT INTO `faleconosco` (`id`, `secao`, `nome`, `email`, `telefone`, `mensagem`, `resposta`, `usuario`, `entidade`, `status`, `data_mensagem`, `data_resposta`, `envio`) VALUES (1,156,'Jorge Miguel','jpweb@jpweb.com.br','(55) 61982-5120','teste',NULL,0,1,0,'2021-11-19 20:28:33',NULL,0),(2,156,'Jorge Miguel','jpweb@jpweb.com.br','(55) 61982-5120','TESTE',NULL,0,1,0,'2022-04-01 20:51:36',NULL,0),(3,156,'Jorge Miguel','jpweb@jpweb.com.br','(55) 61982-5120','TESTE',NULL,0,1,0,'2022-04-03 09:11:21',NULL,0),(4,156,'JP Web Teste','jpweb@jpweb.com.br','(61) 98251-2032','TESTE',NULL,0,1,0,'2022-04-11 13:41:25',NULL,0),(5,156,'Teste','jpweb@jpweb.com.br','(38) 99973-4918','Teste',NULL,0,1,0,'2022-04-13 19:59:21',NULL,0),(6,156,'Teste','jpweb@jpweb.com.br','(38) 99973-4918','Teste',NULL,0,1,0,'2022-04-13 19:59:41',NULL,0),(7,156,'Teste','jpweb@jpweb.com.br','(38) 99973-4918','Teste',NULL,0,1,0,'2022-04-13 19:59:50',NULL,0),(8,156,'JP Web Teste','jpweb@jpweb.com.br','(61) 98251-2032','TESTE',NULL,0,1,0,'2022-04-19 17:37:04',NULL,0),(9,156,'JP Web Teste','jpweb@jpweb.com.br','(61) 98251-2032','TESTE',NULL,0,1,0,'2022-06-03 07:34:22',NULL,0),(10,156,'JP Web Teste','jpweb@jpweb.com.br','(61) 98251-2032','17.55',NULL,0,1,0,'2022-06-03 20:55:57',NULL,0),(11,156,'JP Web Teste','jpweb@jpweb.com.br','(61) 98251-2032','TESTE',NULL,0,1,0,'2022-06-07 12:20:07',NULL,0),(12,156,'JP Web Teste','jpweb@jpweb.com.br','(61) 98251-2032','TESTE',NULL,0,1,0,'2022-06-07 12:20:12',NULL,0),(13,156,'JP Web Teste','jmhpretto@gmail.com','(61) 98251-2032','03.43',NULL,0,1,0,'2022-06-09 06:43:41',NULL,0),(14,156,'JP Web Teste','jmhpretto@gmail.com','(61) 98251-2032','06.34','<p>TESTE</p>',1,1,0,'2022-06-09 09:34:33','2022-06-09 06:38:00',1),(15,156,'JP Web Teste','jpweb@jpweb.com.br','(61) 98251-2032','TESTE PADRAO 07.34','<p>TESTE</p>',1,1,0,'2022-06-09 10:35:09','2022-06-09 07:37:43',1);

--
-- Table structure for table `faleconosco_secoes`
--

CREATE TABLE `faleconosco_secoes` (
  `id` int(11) NOT NULL AUTO_INCREMENT,
  `nome` varchar(250) NOT NULL,
  `entidade` int(11) NOT NULL DEFAULT 0,
  PRIMARY KEY (`id`),
  KEY `entidade` (`entidade`)
) ENGINE=MyISAM AUTO_INCREMENT=157 DEFAULT CHARSET=latin1 COLLATE=latin1_swedish_ci ROW_FORMAT=DYNAMIC;

--
-- Dumping data for table `faleconosco_secoes`
--

INSERT INTO `faleconosco_secoes` (`id`, `nome`, `entidade`) VALUES (156,'Fale Conosco',1);

--
-- Table structure for table `faq`
--

CREATE TABLE `faq` (
  `id` int(11) NOT NULL AUTO_INCREMENT,
  `secao` int(11) NOT NULL DEFAULT 0,
  `pergunta` text DEFAULT NULL,
  `resposta` text DEFAULT NULL,
  `entidade` int(11) NOT NULL,
  `status` int(11) NOT NULL DEFAULT 0,
  PRIMARY KEY (`id`),
  KEY `secao` (`secao`),
  KEY `entidade` (`entidade`)
) ENGINE=MyISAM AUTO_INCREMENT=7 DEFAULT CHARSET=latin1 COLLATE=latin1_swedish_ci ROW_FORMAT=DYNAMIC;

--
-- Dumping data for table `faq`
--

INSERT INTO `faq` (`id`, `secao`, `pergunta`, `resposta`, `entidade`, `status`) VALUES (1,158,'Qual é a idade mínima para frequentar uma academia?','Geralmente, a idade mínima para frequentar uma academia é de 16 anos. No entanto, algumas academias podem permitir o acesso para pessoas mais jovens, desde que estejam acompanhadas por um responsável legal.',1,1),(2,158,'Quais são os benefícios de frequentar uma academia?','Frequentar uma academia regularmente pode trazer uma série de benefícios para a saúde, incluindo o aumento da força e resistência muscular, melhoria da saúde cardiovascular, redução do estresse, melhoria da postura e flexibilidade, controle do peso corporal, entre outros.',1,1),(4,158,'Preciso fazer um check-up médico antes de começar a frequentar uma academia?','É recomendado fazer uma avaliação médica antes de iniciar um programa de exercícios intensos, especialmente se você tiver algum problema de saúde pré-existente. Um médico poderá avaliar sua condição física e verificar se você está apto para realizar determinadas atividades.',1,1),(3,158,'Quanto tempo devo me exercitar na academia?','O tempo de exercício na academia pode variar de acordo com os objetivos pessoais e o nível de condicionamento físico. Em geral, recomenda-se realizar pelo menos 150 minutos de atividade física moderada ou 75 minutos de atividade física intensa por semana. É importante também incluir exercícios de força muscular pelo menos duas vezes por semana.',1,1),(5,158,'É necessário contratar um personal trainer para obter resultados na academia?','Contratar um personal trainer pode ser benéfico para muitas pessoas, especialmente para iniciantes ou aqueles com objetivos específicos. Um personal trainer pode ajudar a criar um programa de treinamento personalizado, orientar corretamente os exercícios, garantir a execução correta e ajudar a alcançar melhores resultados.',1,1),(6,158,'Como escolher a academia certa para mim?','Para escolher a academia certa, é importante considerar alguns fatores, como localização, horários de funcionamento, variedade de equipamentos, qualidade dos instrutores, ambiente, preço e avaliações de outros clientes. Visitar as academias em potencial, fazer perguntas e até mesmo experimentar a academia por alguns dias podem ajudar na decisão.',1,1);

--
-- Table structure for table `faq_secoes`
--

CREATE TABLE `faq_secoes` (
  `id` int(11) NOT NULL AUTO_INCREMENT,
  `nome` varchar(250) NOT NULL,
  `entidade` int(11) NOT NULL DEFAULT 0,
  PRIMARY KEY (`id`),
  KEY `entidade` (`entidade`)
) ENGINE=MyISAM AUTO_INCREMENT=159 DEFAULT CHARSET=latin1 COLLATE=latin1_swedish_ci ROW_FORMAT=DYNAMIC;

--
-- Dumping data for table `faq_secoes`
--

INSERT INTO `faq_secoes` (`id`, `nome`, `entidade`) VALUES (158,'FAQ',1);

--
-- Table structure for table `galerias`
--

CREATE TABLE `galerias` (
  `id` int(11) NOT NULL AUTO_INCREMENT,
  `data` timestamp NOT NULL DEFAULT current_timestamp(),
  `titulo` text DEFAULT NULL,
  `descricao` text DEFAULT NULL,
  `capa` int(11) NOT NULL DEFAULT 0,
  `img_capa` int(11) NOT NULL DEFAULT 0,
  `secao` int(11) NOT NULL DEFAULT 0,
  `entidade` int(11) NOT NULL DEFAULT 0,
  PRIMARY KEY (`id`),
  KEY `entidade` (`entidade`)
) ENGINE=MyISAM AUTO_INCREMENT=10 DEFAULT CHARSET=latin1 COLLATE=latin1_swedish_ci ROW_FORMAT=DYNAMIC;

--
-- Dumping data for table `galerias`
--

INSERT INTO `galerias` (`id`, `data`, `titulo`, `descricao`, `capa`, `img_capa`, `secao`, `entidade`) VALUES (7,'2023-08-19 03:00:00','Musculação','',1,55,1,1),(8,'2023-08-19 03:00:00','Pilates','',1,60,1,1),(9,'2023-08-19 03:00:00','Artes Marciais','',1,65,1,1),(4,'2021-08-12 03:00:00','Golfinhos, os animais mais inteligentes, ','',1,28,1,1);

--
-- Table structure for table `galerias_arquivos`
--

CREATE TABLE `galerias_arquivos` (
  `id` int(11) NOT NULL AUTO_INCREMENT,
  `galeria` int(11) NOT NULL,
  `capa` int(11) NOT NULL DEFAULT 0,
  `path` text NOT NULL,
  `arquivo` text NOT NULL,
  `legenda` text DEFAULT NULL,
  PRIMARY KEY (`id`),
  KEY `galeria` (`galeria`)
) ENGINE=MyISAM AUTO_INCREMENT=66 DEFAULT CHARSET=latin1 COLLATE=latin1_swedish_ci ROW_FORMAT=DYNAMIC;

--
-- Dumping data for table `galerias_arquivos`
--

INSERT INTO `galerias_arquivos` (`id`, `galeria`, `capa`, `path`, `arquivo`, `legenda`) VALUES (59,8,0,'zHD/galerias/1/8/','GAL-PILATES5 (0707441001692489561).jpg',NULL),(58,8,0,'zHD/galerias/1/8/','GAL-PILATES3 (0687847001692489561).jpg',NULL),(57,8,0,'zHD/galerias/1/8/','GAL-PILATES2 (0685518001692489561).jpg',NULL),(56,8,0,'zHD/galerias/1/8/','GAL-PILATES1 (0411881001692489561).jpg',NULL),(55,7,1,'zHD/galerias/1/7/','0396237001692489162.jpg',NULL),(52,7,0,'zHD/galerias/1/7/','GAL-MUSCULACAO1 (0649821001692489029).jpg',NULL),(53,7,0,'zHD/galerias/1/7/','GAL-MUSCULACAO2 (0649870001692489029).jpg',NULL),(54,7,0,'zHD/galerias/1/7/','GAL-MUSCULACAO4 (0654610001692489029).jpg',NULL),(51,7,0,'zHD/galerias/1/7/','GAL-MUSCULACAO3 (0649821001692489029).jpg',NULL),(20,4,0,'zHD/galerias/1/4/','img-golfinhos01 (0032202001628792165).jpg',NULL),(21,4,0,'zHD/galerias/1/4/','img-golfinhos04 (0062009001628792165).jpg',NULL),(22,4,0,'zHD/galerias/1/4/','img-golfinhos02 (0052861001628792165).jpg',NULL),(23,4,0,'zHD/galerias/1/4/','img-golfinhos05 (0381067001628792165).jpg',NULL),(24,4,0,'zHD/galerias/1/4/','img-golfinhos06 (0402122001628792165).jpg',NULL),(25,4,0,'zHD/galerias/1/4/','img-golfinhos07 (0597465001628792165).jpg',NULL),(26,4,0,'zHD/galerias/1/4/','img-golfinhos08 (0829641001628792166).jpg',NULL),(27,4,0,'zHD/galerias/1/4/','img-golfinhos-capa (0148354001628792167).jpg',NULL),(28,4,1,'zHD/galerias/1/4/','0298733001628792186.jpg',NULL),(60,8,1,'zHD/galerias/1/8/','0225970001692489576.jpg',NULL),(61,9,0,'zHD/galerias/1/9/','GAL-MARCIAIS1 (0833536001692490395).jpg',NULL),(62,9,0,'zHD/galerias/1/9/','GAL-MARCIAIS2 (0266535001692490396).jpg',NULL),(63,9,0,'zHD/galerias/1/9/','GAL-MARCIAIS5 (0456861001692490396).jpg',NULL),(64,9,0,'zHD/galerias/1/9/','GAL-MARCIAIS4 (0927826001692490396).jpg',NULL),(65,9,1,'zHD/galerias/1/9/','0313445001692490413.jpg',NULL);

--
-- Table structure for table `galerias_secoes`
--

CREATE TABLE `galerias_secoes` (
  `id` int(11) NOT NULL AUTO_INCREMENT,
  `entidade` int(11) NOT NULL DEFAULT 0,
  `nome` varchar(250) NOT NULL,
  PRIMARY KEY (`id`),
  KEY `entidade` (`entidade`)
) ENGINE=MyISAM AUTO_INCREMENT=10 DEFAULT CHARSET=latin1 COLLATE=latin1_swedish_ci ROW_FORMAT=DYNAMIC;

--
-- Dumping data for table `galerias_secoes`
--

INSERT INTO `galerias_secoes` (`id`, `entidade`, `nome`) VALUES (1,1,'Galerias');

--
-- Table structure for table `governo`
--

CREATE TABLE `governo` (
  `id` int(11) NOT NULL,
  `usuario` int(11) NOT NULL DEFAULT 0,
  `titulo` text NOT NULL,
  `tag` varchar(500) NOT NULL DEFAULT '',
  `subtitulo` text DEFAULT NULL,
  `texto` longtext DEFAULT NULL,
  `codigo` varchar(25) NOT NULL,
  `secao` text NOT NULL,
  `contatos` text NOT NULL,
  `capa` int(11) DEFAULT 0,
  `data` datetime DEFAULT current_timestamp(),
  `destaque` int(11) DEFAULT 0,
  `entidade` int(11) NOT NULL,
  `status` int(11) DEFAULT 1,
  `contador` int(11) DEFAULT 0
) ENGINE=MyISAM DEFAULT CHARSET=latin1 COLLATE=latin1_swedish_ci ROW_FORMAT=DYNAMIC;

--
-- Dumping data for table `governo`
--

INSERT INTO `governo` (`id`, `usuario`, `titulo`, `tag`, `subtitulo`, `texto`, `codigo`, `secao`, `contatos`, `capa`, `data`, `destaque`, `entidade`, `status`, `contador`) VALUES (449,1,'Ensino Fundamental','ensinofundamental','Nome do Gestor(a)','<p>Lorem ipsão dolor sít amçet, consectetur adipiscing elit. Sed vehicula id odio quis rhoncus. Donec ullamcorper, lectus in dictum porta, urna nisl tincidunt metus, at iaculis nunc sem vitae diam. Etiam quam orci, volutpat a justo non, pretium condimentum felis. Duis id elementum arcu. Mauris pharetra dui molestie tortor imperdiet. </p><p><br></p><p>Duis non laoreet eros. Vestibulum porta neque eleifend erat tempus, vitae sagittis elit sodales. Sed convallis erat quis iaculis vestibulum. Curabitur sit amet purus et tellus consectetur vehicula. Suspendisse condimentum bibendum ante in adipiscing. Aliquam dignissim nisl eget arcu convallis, in viverra risus consequat. Pellentesque dictum gravida lacinia.</p>','GHgZuNllSO3eNmfAX2Bn6HD7b','181','Nome:\r\nCargo:\r\nTelefone:\r\ne-Mail:\r\nHorário de Expediente:',436,'2020-09-10 00:00:00',0,1,1,580),(454,1,'Ouvidoria Geral','ouvidoriageral','Nome do Gestor(a)','<p>Lorem ipsão dolor sít amçet, consectetur adipiscing elit. Sed vehicula id odio quis rhoncus. Donec ullamcorper, lectus in dictum porta, urna nisl tincidunt metus, at iaculis nunc sem vitae diam. Etiam quam orci, volutpat a justo non, pretium condimentum felis. Duis id elementum arcu. Mauris pharetra dui molestie tortor imperdiet. </p><p><br></p><p>Duis non laoreet eros. Vestibulum porta neque eleifend erat tempus, vitae sagittis elit sodales. Sed convallis erat quis iaculis vestibulum. Curabitur sit amet purus et tellus consectetur vehicula. Suspendisse condimentum bibendum ante in adipiscing. Aliquam dignissim nisl eget arcu convallis, in viverra risus consequat. Pellentesque dictum gravida lacinia.</p>','DFE9abJzLxKcPuCaj7UqBgKfU','183','Nome:\r\nCargo:\r\nTelefone:\r\ne-Mail:\r\nHorário de Expediente:',440,'2020-09-10 00:00:00',0,1,1,600),(447,1,'Vice-Presidente','vice-presidente','Nome do Gestor','<p>Lorem ipsão dolor sít amçet, consectetur adipiscing elit. Sed vehicula id odio quis rhoncus. Donec ullamcorper, lectus in dictum porta, urna nisl tincidunt metus, at iaculis nunc sem vitae diam. Etiam quam orci, volutpat a justo non, pretium condimentum felis. Duis id elementum arcu. Mauris pharetra dui molestie tortor imperdiet. </p><p><br></p><p>Duis non laoreet eros. Vestibulum porta neque eleifend erat tempus, vitae sagittis elit sodales. Sed convallis erat quis iaculis vestibulum. Curabitur sit amet purus et tellus consectetur vehicula. Suspendisse condimentum bibendum ante in adipiscing. Aliquam dignissim nisl eget arcu convallis, in viverra risus consequat. Pellentesque dictum gravida lacinia.</p>','KkqqZamCHJp10NKrmpBzBkjAI','180','Nome:\r\nCargo:\r\nTelefone:\r\ne-Mail:\r\nHorário de Expediente:',434,'2022-09-10 00:00:00',0,1,1,825),(445,1,'Presidente','presidente','Nome do Gestor','<p>Lorem ipsão dolor sít amçet, consectetur adipiscing elit. Sed vehicula id odio quis rhoncus. Donec ullamcorper, lectus in dictum porta, urna nisl tincidunt metus, at iaculis nunc sem vitae diam. Etiam quam orci, volutpat a justo non, pretium condimentum felis. Duis id elementum arcu. Mauris pharetra dui molestie tortor imperdiet. </p><p><br></p><p>Duis non laoreet eros. Vestibulum porta neque eleifend erat tempus, vitae sagittis elit sodales. Sed convallis erat quis iaculis vestibulum. Curabitur sit amet purus et tellus consectetur vehicula. Suspendisse condimentum bibendum ante in adipiscing. Aliquam dignissim nisl eget arcu convallis, in viverra risus consequat. Pellentesque dictum gravida lacinia.</p>','4rMelZQVGj3Z9p33Dj1yvsdGG','180','Nome:\r\nCargo:\r\nTelefone:\r\ne-Mail:\r\nHorário de Expediente:',432,'2022-09-10 00:00:00',0,1,1,1037),(463,1,'Professores do EF','professoresdoef','','<p><h3><b>Nome do Professor(a) e Unidade:</b></h3>Nome do Professor(a) / Unidade<br>Nome do Professor(a)&nbsp;/ Unidade<br>Nome do Professor(a)&nbsp;/ Unidade<br>Nome do Professor(a)&nbsp;/ Unidade<br>Nome do Professor(a)&nbsp;/ Unidade<br>Nome do Professor(a)&nbsp;/ Unidade<br>Nome do Professor(a)&nbsp;/ Unidade<br>Nome do Professor(a)&nbsp;/ Unidade<br>Nome do Professor(a)&nbsp;/ Unidade<br>Nome do Professor(a)&nbsp;/ Unidade<br>Nome do Professor(a) / Unidade<br></p>','9wEhFxXjHB4904TdaccBVrlDq','182','Ensino Fundamental\r\nNº de Professores',457,'2021-04-04 00:00:00',0,1,1,510),(464,1,'Financeiro','financeiro','Nome do Gestor(a)<br />\r\n','<p>Lorem ipsão dolor sít amçet, consectetur adipiscing elit. Sed vehicula id odio quis rhoncus. Donec ullamcorper, lectus in dictum porta, urna nisl tincidunt metus, at iaculis nunc sem vitae diam. Etiam quam orci, volutpat a justo non, pretium condimentum felis. Duis id elementum arcu. Mauris pharetra dui molestie tortor imperdiet. </p><p><br></p><p>Duis non laoreet eros. Vestibulum porta neque eleifend erat tempus, vitae sagittis elit sodales. Sed convallis erat quis iaculis vestibulum. Curabitur sit amet purus et tellus consectetur vehicula. Suspendisse condimentum bibendum ante in adipiscing. Aliquam dignissim nisl eget arcu convallis, in viverra risus consequat. Pellentesque dictum gravida lacinia.</p>','71nA4JoITe18EDszhS47RA0kc','181','Nome:\r\nCargo:\r\nTelefone:\r\ne-Mail:\r\nHorário de Expediente:',449,'2021-04-04 00:00:00',0,1,1,504),(465,1,'Ensino Médio','ensinomedio','Nome do Gestor(a)','<p>Lorem ipsão dolor sít amçet, consectetur adipiscing elit. Sed vehicula id odio quis rhoncus. Donec ullamcorper, lectus in dictum porta, urna nisl tincidunt metus, at iaculis nunc sem vitae diam. Etiam quam orci, volutpat a justo non, pretium condimentum felis. Duis id elementum arcu. Mauris pharetra dui molestie tortor imperdiet. </p><p><br></p><p>Duis non laoreet eros. Vestibulum porta neque eleifend erat tempus, vitae sagittis elit sodales. Sed convallis erat quis iaculis vestibulum. Curabitur sit amet purus et tellus consectetur vehicula. Suspendisse condimentum bibendum ante in adipiscing. Aliquam dignissim nisl eget arcu convallis, in viverra risus consequat. Pellentesque dictum gravida lacinia.</p>','NJzHWBf7Mp9nHKI7sVZwyx9Lg','181','Nome:\r\nCargo:\r\nTelefone:\r\ne-Mail:\r\nHorário de Expediente:',448,'2021-04-04 00:00:00',0,1,1,487),(473,1,'Professores do Ensino Médio','professoresdoensinomedio','','<p><h3><b>Nomde do Professor(a) e Unidade:</b></h3>Nome do Professor(a) / Unidade<br>Nome do Professor(a) / Unidade<br>Nome do Professor(a) / Unidade<br>Nome do Professor(a) / Unidade<br>Nome do Professor(a) / Unidade<br>Nome do Professor(a) / Unidade<br>Nome do Professor(a) / Unidade<br>Nome do Professor(a) / Unidade<br>Nome do Professor(a) / Unidade<br>Nome do Professor(a) / Unidade<br>Nome do Professor(a) / Unidade<br></p>','c9UYx3ddZEaVeSiQ1eOP3hBNz','182','Ensino Médio\r\nNº de Professores:',458,'2021-04-23 00:00:00',0,1,1,523);

--
-- Table structure for table `governo_arquivos`
--

CREATE TABLE `governo_arquivos` (
  `id` int(11) NOT NULL AUTO_INCREMENT,
  `codigo` varchar(25) NOT NULL,
  `path` text NOT NULL,
  `arquivo` text NOT NULL,
  `legenda` text DEFAULT NULL,
  `tipo` varchar(50) DEFAULT NULL,
  PRIMARY KEY (`id`),
  KEY `codigo` (`codigo`)
) ENGINE=MyISAM AUTO_INCREMENT=464 DEFAULT CHARSET=latin1 COLLATE=latin1_swedish_ci ROW_FORMAT=DYNAMIC;

--
-- Dumping data for table `governo_arquivos`
--

INSERT INTO `governo_arquivos` (`id`, `codigo`, `path`, `arquivo`, `legenda`, `tipo`) VALUES (440,'DFE9abJzLxKcPuCaj7UqBgKfU','zHD/governo/1/DFE9abJzLxKcPuCaj7UqBgKfU/imagens/','0583684001716854640.jpg',NULL,'capa'),(457,'9wEhFxXjHB4904TdaccBVrlDq','zHD/governo/1/9wEhFxXjHB4904TdaccBVrlDq/imagens/','0700113001716854565.jpg',NULL,'capa'),(436,'GHgZuNllSO3eNmfAX2Bn6HD7b','zHD/governo/1/GHgZuNllSO3eNmfAX2Bn6HD7b/imagens/','0381405001716854621.jpg',NULL,'capa'),(434,'KkqqZamCHJp10NKrmpBzBkjAI','zHD/governo/1/KkqqZamCHJp10NKrmpBzBkjAI/imagens/','0801521001716853858.jpg',NULL,'capa'),(432,'4rMelZQVGj3Z9p33Dj1yvsdGG','zHD/governo/1/4rMelZQVGj3Z9p33Dj1yvsdGG/imagens/','0439561001716853795.jpg','Foto Ilustrativa','capa'),(393,'2o3Gfbt5OZoh8NnPUZ0Pu2oG1','zHD/governo/16/2o3Gfbt5OZoh8NnPUZ0Pu2oG1/imagens/','escola4 (0402880001541251169).jpg','Escola de Educação Infantil','imagem'),(394,'2o3Gfbt5OZoh8NnPUZ0Pu2oG1','zHD/governo/16/2o3Gfbt5OZoh8NnPUZ0Pu2oG1/imagens/','escola1 (0391770001541251169).jpg','Escola de Educação Infantil','imagem'),(395,'2o3Gfbt5OZoh8NnPUZ0Pu2oG1','zHD/governo/16/2o3Gfbt5OZoh8NnPUZ0Pu2oG1/imagens/','escola3 (0406962001541251169).jpg','Escola de Educação Infantil','imagem'),(396,'2o3Gfbt5OZoh8NnPUZ0Pu2oG1','zHD/governo/16/2o3Gfbt5OZoh8NnPUZ0Pu2oG1/imagens/','escola2 (0586185001541251169).jpg','Escola de Educação Infantil','imagem'),(397,'2o3Gfbt5OZoh8NnPUZ0Pu2oG1','zHD/governo/16/2o3Gfbt5OZoh8NnPUZ0Pu2oG1/arquivos/','ilustrativo2 (0233276001541251338).pdf','Ficha de Matricula (ilustrativo)','arquivo'),(398,'2o3Gfbt5OZoh8NnPUZ0Pu2oG1','zHD/governo/16/2o3Gfbt5OZoh8NnPUZ0Pu2oG1/arquivos/','ilustrativo3 - Copia (0234388001541251338).pdf','Ficha Médica (ilustrativo)','arquivo'),(399,'2o3Gfbt5OZoh8NnPUZ0Pu2oG1','zHD/governo/16/2o3Gfbt5OZoh8NnPUZ0Pu2oG1/arquivos/','ilustrativo4 (0234098001541251338).pdf','Escolas com vagas (ilustrativo)','arquivo'),(400,'2o3Gfbt5OZoh8NnPUZ0Pu2oG1','zHD/governo/16/2o3Gfbt5OZoh8NnPUZ0Pu2oG1/arquivos/','ilustrativo3 (0268170001541251338).pdf','Professores (ilustrativo)','arquivo'),(401,'sgs2tjZkI11wTuMIiPuhLc0MY','zHD/governo/16/sgs2tjZkI11wTuMIiPuhLc0MY/imagens/','0700883001541252417.jpg','Ensino Fundamental','capa'),(402,'sgs2tjZkI11wTuMIiPuhLc0MY','zHD/governo/16/sgs2tjZkI11wTuMIiPuhLc0MY/imagens/','escola3 (0423930001541252445).jpg','Escola Municipal','imagem'),(403,'sgs2tjZkI11wTuMIiPuhLc0MY','zHD/governo/16/sgs2tjZkI11wTuMIiPuhLc0MY/imagens/','escola2 (0467667001541252445).jpg','Escola Municipal','imagem'),(404,'sgs2tjZkI11wTuMIiPuhLc0MY','zHD/governo/16/sgs2tjZkI11wTuMIiPuhLc0MY/imagens/','escola4 (0422915001541252445).jpg','Escola Municipal','imagem'),(405,'sgs2tjZkI11wTuMIiPuhLc0MY','zHD/governo/16/sgs2tjZkI11wTuMIiPuhLc0MY/imagens/','escola1 (0430100001541252445).jpg','Escola Municipal','imagem'),(406,'sgs2tjZkI11wTuMIiPuhLc0MY','zHD/governo/16/sgs2tjZkI11wTuMIiPuhLc0MY/arquivos/','ilustrativo3 - Copia (0292004001541252537).pdf','Ficha de Matricula (ilustrativo)','arquivo'),(407,'sgs2tjZkI11wTuMIiPuhLc0MY','zHD/governo/16/sgs2tjZkI11wTuMIiPuhLc0MY/arquivos/','ilustrativo2 (0497444001541252537).pdf','Ficha Médica (ilustrativo)','arquivo'),(408,'sgs2tjZkI11wTuMIiPuhLc0MY','zHD/governo/16/sgs2tjZkI11wTuMIiPuhLc0MY/arquivos/','ilustrativo3 (0606006001541252537).pdf','Escolas com vagas (ilustrativo)','arquivo'),(409,'vKkPk6aqjR9bmtlsYXDfY3I2C','zHD/governo/16/vKkPk6aqjR9bmtlsYXDfY3I2C/imagens/','0005426001541345364.jpg','A água no mundo','capa'),(426,'vKkPk6aqjR9bmtlsYXDfY3I2C','zHD/governo/16/vKkPk6aqjR9bmtlsYXDfY3I2C/arquivos/','a escasse dagua (0285864001541346256).pdf','A escassez da água na terra','arquivo'),(425,'vKkPk6aqjR9bmtlsYXDfY3I2C','zHD/governo/16/vKkPk6aqjR9bmtlsYXDfY3I2C/imagens/','agua7 (0013744001541346002).jpg','A água na terra','imagem'),(424,'vKkPk6aqjR9bmtlsYXDfY3I2C','zHD/governo/16/vKkPk6aqjR9bmtlsYXDfY3I2C/imagens/','agua6 (0494443001541346000).jpg','A água na terra','imagem'),(423,'vKkPk6aqjR9bmtlsYXDfY3I2C','zHD/governo/16/vKkPk6aqjR9bmtlsYXDfY3I2C/imagens/','agua5 (0481343001541345997).jpg','A água na terra','imagem'),(422,'vKkPk6aqjR9bmtlsYXDfY3I2C','zHD/governo/16/vKkPk6aqjR9bmtlsYXDfY3I2C/imagens/','agua3 (0486082001541345997).jpg','A água na terra','imagem'),(421,'vKkPk6aqjR9bmtlsYXDfY3I2C','zHD/governo/16/vKkPk6aqjR9bmtlsYXDfY3I2C/imagens/','agua1 (0203790001541345997).jpg','A água na terra','imagem'),(420,'vKkPk6aqjR9bmtlsYXDfY3I2C','zHD/governo/16/vKkPk6aqjR9bmtlsYXDfY3I2C/imagens/','agua4 (0887984001541345996).jpg','A água na terra','imagem'),(419,'vKkPk6aqjR9bmtlsYXDfY3I2C','zHD/governo/16/vKkPk6aqjR9bmtlsYXDfY3I2C/imagens/','agua2 (0978565001541345994).jpg','A água na terra','imagem'),(418,'vKkPk6aqjR9bmtlsYXDfY3I2C','zHD/governo/16/vKkPk6aqjR9bmtlsYXDfY3I2C/imagens/','agua8 (0591628001541345983).jpg','A água na terra','imagem'),(430,'l5TnnlilQ893X2r5ERFM0DHAx','zHD/governo/17/l5TnnlilQ893X2r5ERFM0DHAx/imagens/','0242208001592101221.jpg',NULL,'capa'),(431,'lQZ2q3HWKf7ntjdHBLeazNCtL','zHD/governo/17/lQZ2q3HWKf7ntjdHBLeazNCtL/imagens/','0183281001592101364.jpg',NULL,'capa'),(448,'NJzHWBf7Mp9nHKI7sVZwyx9Lg','zHD/governo/1/NJzHWBf7Mp9nHKI7sVZwyx9Lg/imagens/','0017010001716854603.jpg',NULL,'capa'),(449,'71nA4JoITe18EDszhS47RA0kc','zHD/governo/1/71nA4JoITe18EDszhS47RA0kc/imagens/','0745817001716853998.jpg',NULL,'capa'),(458,'c9UYx3ddZEaVeSiQ1eOP3hBNz','zHD/governo/1/c9UYx3ddZEaVeSiQ1eOP3hBNz/imagens/','0452676001716854528.jpg',NULL,'capa'),(459,'4rMelZQVGj3Z9p33Dj1yvsdGG','zHD/governo/1/4rMelZQVGj3Z9p33Dj1yvsdGG/imagens/','NOT-MATRICULAS (0543153001715115335).jpg',NULL,'imagem'),(460,'4rMelZQVGj3Z9p33Dj1yvsdGG','zHD/governo/1/4rMelZQVGj3Z9p33Dj1yvsdGG/imagens/','NOT-NATACAO1 (0616944001715115335).jpg',NULL,'imagem'),(461,'4rMelZQVGj3Z9p33Dj1yvsdGG','zHD/governo/1/4rMelZQVGj3Z9p33Dj1yvsdGG/imagens/','NOT-NATACAO (0641623001715115335).jpg',NULL,'imagem'),(462,'4rMelZQVGj3Z9p33Dj1yvsdGG','zHD/governo/1/4rMelZQVGj3Z9p33Dj1yvsdGG/imagens/','NOT-PERIODO-INTEGRAL (0947762001715115335).jpg',NULL,'imagem'),(463,'4rMelZQVGj3Z9p33Dj1yvsdGG','zHD/governo/1/4rMelZQVGj3Z9p33Dj1yvsdGG/arquivos/','PUBLICIDADE-MATRICULA (0354904001715115417).jpg',NULL,'arquivo');

--
-- Table structure for table `governo_links`
--

CREATE TABLE `governo_links` (
  `id` int(11) NOT NULL AUTO_INCREMENT,
  `codigo` varchar(25) NOT NULL,
  `titulo` text DEFAULT NULL,
  `link` text NOT NULL,
  PRIMARY KEY (`id`),
  KEY `codigo` (`codigo`)
) ENGINE=MyISAM AUTO_INCREMENT=120 DEFAULT CHARSET=latin1 COLLATE=latin1_swedish_ci ROW_FORMAT=DYNAMIC;

--
-- Dumping data for table `governo_links`
--


--
-- Table structure for table `governo_secoes`
--

CREATE TABLE `governo_secoes` (
  `id` int(11) NOT NULL AUTO_INCREMENT,
  `nome` varchar(250) NOT NULL,
  `entidade` int(11) NOT NULL DEFAULT 0,
  PRIMARY KEY (`id`),
  KEY `entidade` (`entidade`)
) ENGINE=MyISAM AUTO_INCREMENT=186 DEFAULT CHARSET=latin1 COLLATE=latin1_swedish_ci ROW_FORMAT=DYNAMIC;

--
-- Dumping data for table `governo_secoes`
--

INSERT INTO `governo_secoes` (`id`, `nome`, `entidade`) VALUES (182,'Professores',1),(181,'Diretorias',1),(180,'Administração',1),(179,'Secretarias Municipais',2),(178,'Gabinete de Governo',2),(177,'Departamentos',2),(176,'Administração',2),(183,'Departamentos',1),(185,'Administração',6);

--
-- Table structure for table `governo_videos`
--

CREATE TABLE `governo_videos` (
  `id` int(11) NOT NULL AUTO_INCREMENT,
  `codigo` varchar(25) NOT NULL,
  `titulo` text DEFAULT NULL,
  `link` text NOT NULL,
  PRIMARY KEY (`id`),
  KEY `codigo` (`codigo`)
) ENGINE=MyISAM AUTO_INCREMENT=134 DEFAULT CHARSET=latin1 COLLATE=latin1_swedish_ci ROW_FORMAT=DYNAMIC;

--
-- Dumping data for table `governo_videos`
--

INSERT INTO `governo_videos` (`id`, `codigo`, `titulo`, `link`) VALUES (133,'4rMelZQVGj3Z9p33Dj1yvsdGG','Vídeo Ilustrativo','I4Q1a1UzVBY');

--
-- Table structure for table `imagem`
--

CREATE TABLE `imagem` (
  `id` int(11) NOT NULL AUTO_INCREMENT,
  `usuario` int(11) NOT NULL DEFAULT 0,
  `secao` int(11) NOT NULL DEFAULT 0,
  `path` text DEFAULT NULL,
  `arquivo` text DEFAULT NULL,
  `legenda` text DEFAULT NULL,
  `ordem` int(11) NOT NULL DEFAULT 0,
  `link` text DEFAULT NULL,
  `target` varchar(50) DEFAULT NULL,
  `entidade` int(11) NOT NULL,
  `status` int(11) NOT NULL DEFAULT 1,
  PRIMARY KEY (`id`),
  KEY `entidade` (`entidade`),
  KEY `secao` (`secao`),
  KEY `status` (`status`)
) ENGINE=MyISAM AUTO_INCREMENT=28 DEFAULT CHARSET=latin1 COLLATE=latin1_swedish_ci ROW_FORMAT=DYNAMIC;

--
-- Dumping data for table `imagem`
--

INSERT INTO `imagem` (`id`, `usuario`, `secao`, `path`, `arquivo`, `legenda`, `ordem`, `link`, `target`, `entidade`, `status`) VALUES (6,1,182,'zHD/imagem/1/6/','0961947001650027093.jpg','Jiu-Jitsu',4,'','default',1,1),(15,1,185,'zHD/imagem/1/15/','0806497001713856988.jpg','Banner',1,'','default',1,1),(8,1,182,'zHD/imagem/1/8/','0743527001650030021.jpg','Proteínas',3,'','default',1,1),(27,1,188,'zHD/imagem/1/27/','0630646001713864059.jpg','Banner2',1,'','default',1,1);

--
-- Table structure for table `imagem_secoes`
--

CREATE TABLE `imagem_secoes` (
  `id` int(11) NOT NULL AUTO_INCREMENT,
  `nome` varchar(250) NOT NULL,
  `entidade` int(11) NOT NULL DEFAULT 0,
  PRIMARY KEY (`id`),
  KEY `entidade` (`entidade`)
) ENGINE=MyISAM AUTO_INCREMENT=189 DEFAULT CHARSET=latin1 COLLATE=latin1_swedish_ci ROW_FORMAT=DYNAMIC;

--
-- Dumping data for table `imagem_secoes`
--

INSERT INTO `imagem_secoes` (`id`, `nome`, `entidade`) VALUES (182,'Menu',1),(188,'Banner2',1),(185,'Banner1',1);

--
-- Table structure for table `links`
--

CREATE TABLE `links` (
  `id` int(11) NOT NULL AUTO_INCREMENT,
  `titulo` text NOT NULL,
  `secao` int(11) NOT NULL DEFAULT 0,
  `url` text NOT NULL,
  `entidade` int(11) NOT NULL DEFAULT 0,
  PRIMARY KEY (`id`),
  KEY `entidade` (`entidade`)
) ENGINE=MyISAM AUTO_INCREMENT=4 DEFAULT CHARSET=latin1 COLLATE=latin1_swedish_ci ROW_FORMAT=DYNAMIC;

--
-- Dumping data for table `links`
--

INSERT INTO `links` (`id`, `titulo`, `secao`, `url`, `entidade`) VALUES (1,'Google  (Ilustrativo)',1,'http://google.com.br',1),(2,'Jovem Pan  (Ilustrativo)',1,'https://jovempan.com.br',1),(3,'Twitter (Ilustrativo)',1,'https://twitter.com',1);

--
-- Table structure for table `links_secoes`
--

CREATE TABLE `links_secoes` (
  `id` int(11) NOT NULL AUTO_INCREMENT,
  `entidade` int(11) NOT NULL DEFAULT 0,
  `nome` varchar(250) NOT NULL,
  PRIMARY KEY (`id`),
  KEY `entidade` (`entidade`)
) ENGINE=MyISAM AUTO_INCREMENT=8 DEFAULT CHARSET=latin1 COLLATE=latin1_swedish_ci ROW_FORMAT=DYNAMIC;

--
-- Dumping data for table `links_secoes`
--

INSERT INTO `links_secoes` (`id`, `entidade`, `nome`) VALUES (1,1,'Links Úteis');

--
-- Table structure for table `livros`
--

CREATE TABLE `livros` (
  `id` int(11) NOT NULL AUTO_INCREMENT,
  `usuario` int(11) NOT NULL DEFAULT 0,
  `categoria` int(11) NOT NULL DEFAULT 0,
  `capa` int(11) DEFAULT NULL,
  `titulo` text NOT NULL,
  `autor` text DEFAULT NULL,
  `texto` text DEFAULT NULL,
  `codigo` varchar(25) NOT NULL,
  `ano` year(4) DEFAULT NULL,
  `data` datetime DEFAULT current_timestamp(),
  `entidade` int(11) NOT NULL,
  `local` int(11) NOT NULL DEFAULT 1,
  PRIMARY KEY (`id`) USING BTREE,
  KEY `entidade` (`entidade`) USING BTREE,
  KEY `secao` (`categoria`) USING BTREE,
  KEY `status` (`local`) USING BTREE
) ENGINE=MyISAM DEFAULT CHARSET=latin1 COLLATE=latin1_swedish_ci ROW_FORMAT=DYNAMIC;

--
-- Dumping data for table `livros`
--


--
-- Table structure for table `livros_arquivos`
--

CREATE TABLE `livros_arquivos` (
  `id` int(11) NOT NULL AUTO_INCREMENT,
  `codigo` varchar(25) NOT NULL,
  `path` text NOT NULL,
  `arquivo` text NOT NULL,
  `legenda` text DEFAULT NULL,
  `tipo` varchar(50) DEFAULT NULL,
  `data` date DEFAULT NULL,
  `views` int(11) NOT NULL DEFAULT 0,
  `local` int(11) NOT NULL DEFAULT 1,
  PRIMARY KEY (`id`) USING BTREE,
  KEY `codigo` (`codigo`) USING BTREE,
  KEY `status` (`local`) USING BTREE
) ENGINE=MyISAM DEFAULT CHARSET=latin1 COLLATE=latin1_swedish_ci ROW_FORMAT=DYNAMIC;

--
-- Dumping data for table `livros_arquivos`
--


--
-- Table structure for table `livros_categorias`
--

CREATE TABLE `livros_categorias` (
  `id` int(11) NOT NULL AUTO_INCREMENT,
  `nome` varchar(250) NOT NULL,
  `entidade` int(11) NOT NULL DEFAULT 0,
  `local` int(11) NOT NULL DEFAULT 1,
  PRIMARY KEY (`id`) USING BTREE,
  KEY `entidade` (`entidade`) USING BTREE,
  KEY `status` (`local`) USING BTREE
) ENGINE=MyISAM DEFAULT CHARSET=latin1 COLLATE=latin1_swedish_ci ROW_FORMAT=DYNAMIC;

--
-- Dumping data for table `livros_categorias`
--


--
-- Table structure for table `livros_sites`
--

CREATE TABLE `livros_sites` (
  `id` int(11) NOT NULL AUTO_INCREMENT,
  `site_dominio` varchar(600) NOT NULL,
  `site_entidade` int(11) NOT NULL DEFAULT 0,
  `entidade` int(11) NOT NULL DEFAULT 0,
  `ultima_atualizacao` datetime DEFAULT NULL,
  PRIMARY KEY (`id`) USING BTREE,
  KEY `entidade` (`entidade`) USING BTREE
) ENGINE=MyISAM DEFAULT CHARSET=latin1 COLLATE=latin1_swedish_ci ROW_FORMAT=DYNAMIC;

--
-- Dumping data for table `livros_sites`
--


--
-- Table structure for table `localizacao`
--

CREATE TABLE `localizacao` (
  `id` int(11) NOT NULL AUTO_INCREMENT,
  `usuario` int(11) NOT NULL DEFAULT 0,
  `secao` int(11) NOT NULL DEFAULT 0,
  `codigo` text DEFAULT NULL,
  `entidade` int(11) NOT NULL,
  PRIMARY KEY (`id`),
  KEY `secao` (`secao`),
  KEY `entidade` (`entidade`)
) ENGINE=MyISAM AUTO_INCREMENT=2 DEFAULT CHARSET=latin1 COLLATE=latin1_swedish_ci ROW_FORMAT=DYNAMIC;

--
-- Dumping data for table `localizacao`
--

INSERT INTO `localizacao` (`id`, `usuario`, `secao`, `codigo`, `entidade`) VALUES (1,1,1,'<iframe src=\"https://www.google.com/maps/embed?pb=!1m18!1m12!1m3!1d959.8007994550101!2d-47.91890157079285!3d-15.793236108837403!2m3!1f0!2f0!3f0!3m2!1i1024!2i768!4f13.1!3m3!1m2!1s0x935a3a83ddfbfe5f%3A0x57ce07247b2309cf!2sSt.%20Sudoeste%20Com%C3%A9rcio%20Local%20Sudoeste%20300%20B%20-%20Cruzeiro%20%2F%20Sudoeste%20%2F%20Octogonal%2C%20Bras%C3%ADlia%20-%20DF%2C%2070297-400!5e0!3m2!1spt-BR!2sbr!4v1610176108190!5m2!1spt-BR!2sbr\" width=\"100%\" height=\"450\" frameborder=\"0\" style=\"border:0;\" allowfullscreen=\"\" aria-hidden=\"false\" tabindex=\"0\"></iframe>',1);

--
-- Table structure for table `localizacao_secoes`
--

CREATE TABLE `localizacao_secoes` (
  `id` int(11) NOT NULL AUTO_INCREMENT,
  `nome` varchar(250) NOT NULL,
  `entidade` int(11) NOT NULL DEFAULT 0,
  PRIMARY KEY (`id`),
  KEY `nome` (`nome`)
) ENGINE=MyISAM AUTO_INCREMENT=158 DEFAULT CHARSET=latin1 COLLATE=latin1_swedish_ci ROW_FORMAT=DYNAMIC;

--
-- Dumping data for table `localizacao_secoes`
--

INSERT INTO `localizacao_secoes` (`id`, `nome`, `entidade`) VALUES (1,'Localização',1);

--
-- Table structure for table `mural`
--

CREATE TABLE `mural` (
  `id` int(11) NOT NULL AUTO_INCREMENT,
  `secao` int(11) NOT NULL DEFAULT 0,
  `pergunta` text DEFAULT NULL,
  `data_pergunta` timestamp NULL DEFAULT current_timestamp(),
  `data_resposta` datetime DEFAULT NULL,
  `nome` varchar(200) DEFAULT NULL,
  `email` varchar(300) DEFAULT NULL,
  `resposta` text DEFAULT NULL,
  `usuario` int(11) DEFAULT 0,
  `entidade` int(11) NOT NULL,
  `status` int(11) NOT NULL DEFAULT 0,
  PRIMARY KEY (`id`),
  KEY `secao` (`secao`),
  KEY `status` (`status`),
  KEY `entidade` (`entidade`),
  KEY `data_pergunta` (`data_pergunta`)
) ENGINE=MyISAM DEFAULT CHARSET=latin1 COLLATE=latin1_swedish_ci ROW_FORMAT=DYNAMIC;

--
-- Dumping data for table `mural`
--


--
-- Table structure for table `mural_secoes`
--

CREATE TABLE `mural_secoes` (
  `id` int(11) NOT NULL AUTO_INCREMENT,
  `nome` varchar(250) NOT NULL,
  `entidade` int(11) NOT NULL DEFAULT 0,
  PRIMARY KEY (`id`),
  KEY `nome` (`nome`)
) ENGINE=MyISAM AUTO_INCREMENT=158 DEFAULT CHARSET=latin1 COLLATE=latin1_swedish_ci ROW_FORMAT=DYNAMIC;

--
-- Dumping data for table `mural_secoes`
--

INSERT INTO `mural_secoes` (`id`, `nome`, `entidade`) VALUES (1,'Mural',1);

--
-- Table structure for table `noticias`
--

CREATE TABLE `noticias` (
  `id` int(11) NOT NULL AUTO_INCREMENT,
  `usuario` int(11) NOT NULL DEFAULT 0,
  `titulo` text NOT NULL,
  `tag` varchar(500) NOT NULL DEFAULT '',
  `subtitulo` text DEFAULT NULL,
  `texto` longtext DEFAULT NULL,
  `codigo` varchar(25) NOT NULL,
  `secao` int(11) NOT NULL DEFAULT 0,
  `capa` int(11) DEFAULT 0,
  `data` datetime DEFAULT current_timestamp(),
  `destaque` int(11) DEFAULT 0,
  `entidade` int(11) NOT NULL,
  `status` int(11) DEFAULT 1,
  `contador` int(11) DEFAULT 0,
  PRIMARY KEY (`id`),
  KEY `tag` (`tag`),
  KEY `entidade` (`entidade`),
  KEY `capa` (`capa`),
  KEY `secao` (`secao`),
  KEY `status` (`status`)
) ENGINE=MyISAM AUTO_INCREMENT=59 DEFAULT CHARSET=latin1 COLLATE=latin1_swedish_ci;

--
-- Dumping data for table `noticias`
--

INSERT INTO `noticias` (`id`, `usuario`, `titulo`, `tag`, `subtitulo`, `texto`, `codigo`, `secao`, `capa`, `data`, `destaque`, `entidade`, `status`, `contador`) VALUES (5,1,'A água é um bem indispensável porém finito','a-agua-e-um-bem-indispensavel-porem-finito','O Dia Mundial da Água não é só para pensar, mas principalmente para agir usando este recurso natural com sabedoria para que ele nunca acabe.','<p>Devemos analisar, nos conscientizar e realizar medidas práticas, pois\r\n como sabemos, grande parte das fontes de água estão sendo contaminadas,\r\n poluídas e degradadas pela ação predatória do homem. O que mais \r\npreocupa é que o problema poderá acarretar no futuro a falta da água \r\npara o consumo de grande parte da população mundial.<br></p><p><br></p><p>Mas\r\n como devemos comemorar esta importante data? Não só neste dia, mas \r\ntambém nos outros 364 dias do ano, precisamos tomar atitudes em nosso \r\ndia-a-dia que colaborem para a preservação e economia deste bem natural.</p><p><br></p><p>Dicas de uso racional da água</p><p><br></p><p>A água doce é um recurso finito do Planeta Terra, use racionalmente e evite qualquer desperdício:</p><p><br></p><p>Feche bem as torneiras após o uso. A torneira aberta durante 1 minuto gasta 3 litros de água.</p><p>Feche\r\n a torneira enquanto escova os dentes ou faz a barba. Desligue o \r\nchuveiro para se ensaboar e reabra para se enxaguar. Evite banhos \r\ndemorados. O chuveiro aberto durante 15 minutos gasta 60 litros de água.</p><p>Antes de lavar a louça, remova restos de comida dos pratos e das panelas, ensaboe, e só abra a torneira para o enxágüe.</p><p><br></p><p>Evite\r\n lavar as calçadas com mangueira, elas podem ser varridas, evite que as \r\ncrianças brinquem de tomar banho com mangueira, fique atento aos \r\nvazamentos em pias, chuveiros e vasos sanitários e conserte \r\nimediatamente os vazamentos e fugas de água, trocando as partes \r\ndanificadas das canalizações. Não faça remendos provisórios.</p><p><br></p><p>fonte: Bem Estar</p>','kNhMAppdzh1wncywVXuYOak4T',1,3,'2022-07-01 01:56:00',0,1,1,720),(47,1,'Judô é mais do que arte marcial','judo-e-mais-do-que-arte-marcial','O judô é uma arte marcial e esporte de combate que se originou no Japão no final do século XIX.','<p>O judô é uma arte marcial e esporte de combate que se originou no Japão no final do século XIX. Foi desenvolvido por Jigoro Kano, com o intuito de criar não apenas uma forma eficaz de defesa pessoal, mas também um sistema que promovesse o desenvolvimento físico, mental e ético dos praticantes. O termo \"judô\" pode ser traduzido como \"caminho suave\" ou \"caminho da flexibilidade\", o que reflete a filosofia subjacente do esporte.</p><p><br></p><p>O judô se destaca por suas técnicas de agarramento, projeção e imobilização. Os praticantes, conhecidos como judocas, aprendem a usar a força e o movimento do oponente a seu favor, em vez de contra eles. O objetivo central é derrubar ou imobilizar o adversário no chão, buscando a vitória por meio de pontos ou submissões. Além do aspecto competitivo, o judô enfatiza valores como respeito mútuo, disciplina, humildade e autoaperfeiçoamento.</p><p><br></p><p>O esporte conquistou uma popularidade global e se tornou parte integrante dos Jogos Olímpicos. As competições de judô são divididas por categorias de peso, garantindo uma competição justa entre os atletas. O judô não se limita apenas ao aspecto físico; ele também promove o desenvolvimento mental e emocional, incentivando a autoconfiança, a concentração e a tomada de decisões sob pressão.</p><p><br></p><p>Em resumo, o judô é muito mais do que uma simples arte marcial ou esporte de combate. É um sistema abrangente que une técnicas de luta a princípios filosóficos, contribuindo para o crescimento holístico daqueles que o praticam. Sua influência não se limita apenas ao tatame, mas também permeia a vida cotidiana dos judocas, ajudando-os a se tornarem não apenas melhores atletas, mas também pessoas melhores.</p>','IqOQBvazPO6mSbI4sDxZ6pyqX',1,64,'2023-08-19 20:27:00',0,1,1,311),(48,1,'CrossFit','crossfit_1','CrossFit é um treinamento de alta intensidade que combina exercícios funcionais, levantamento de peso, cardio e ginástica. Os treinos são variados e intensos, visando melhorar a resistência, força e condicionamento físico geral.','<p>Duis non laoreet eros. Vestibulum porta neque eleifend erat tempus, vitae sagittis elit sodales. Sed convallis erat quis iaculis vestibulum. Curabitur sit amet purus et tellus consectetur vehicula. Suspendisse condimentum bibendum ante in adipiscing. Aliquam dignissim nisl eget arcu convallis, in viverra risus consequat. Pellentesque dictum gravida lacinia.</p><p><br></p><p>Lorem ipsão dolor sít amçet, consectetur adipiscing elit. Sed vehicula id odio quis rhoncus. Donec ullamcorper, lectus in dictum porta, urna nisl tincidunt metus, at iaculis nunc sem vitae diam. Etiam quam orci, volutpat a justo non, pretium condimentum felis. Duis id elementum arcu. Mauris pharetra dui molestie tortor imperdiet. Duis non laoreet eros. Vestibulum porta neque eleifend erat tempus, vitae sagittis elit sodales. Sed convallis erat quis iaculis vestibulum. </p><p><br></p><p>Lorem ipsão dolor sít amçet, consectetur adipiscing elit. Sed vehicula id odio quis rhoncus. Donec ullamcorper, lectus in dictum porta, urna nisl tincidunt metus, at iaculis nunc sem vitae diam. Etiam quam orci, volutpat a justo non, pretium condimentum felis. Duis id elementum arcu. Mauris pharetra dui molestie tortor imperdiet.  Lorem ipsão dolor sít amçet, consectetur adipiscing elit. Sed vehicula id odio quis rhoncus. Donec ullamcorper, lectus in dictum porta, urna nisl tincidunt metus, at iaculis nunc sem vitae diam.</p><div><br></div>','18LTxDEzFq4QQotDCwAti4jZH',16,69,'2023-08-29 19:53:00',1,1,1,176),(49,1,'Artes Marciais','artes-marciais','Artes marciais como boxe, muay thai, judô, jiu-jitsu e taekwondo são ótimas opções de treinamento físico. Melhora a resistência, força e flexibilidade e também promovem disciplina, autoconfiança e habilidades de defesa pessoal.','<p>Duis non laoreet eros. Vestibulum porta neque eleifend erat tempus, vitae sagittis elit sodales. Sed convallis erat quis iaculis vestibulum. Curabitur sit amet purus et tellus consectetur vehicula. Suspendisse condimentum bibendum ante in adipiscing. Aliquam dignissim nisl eget arcu convallis, in viverra risus consequat. Pellentesque dictum gravida lacinia.</p><p><br></p><p>Lorem ipsão dolor sít amçet, consectetur adipiscing elit. Sed vehicula id odio quis rhoncus. Donec ullamcorper, lectus in dictum porta, urna nisl tincidunt metus, at iaculis nunc sem vitae diam. Etiam quam orci, volutpat a justo non, pretium condimentum felis. Duis id elementum arcu. Mauris pharetra dui molestie tortor imperdiet. Duis non laoreet eros. Vestibulum porta neque eleifend erat tempus, vitae sagittis elit sodales. Sed convallis erat quis iaculis vestibulum. </p><p><br></p><p>Lorem ipsão dolor sít amçet, consectetur adipiscing elit. Sed vehicula id odio quis rhoncus. Donec ullamcorper, lectus in dictum porta, urna nisl tincidunt metus, at iaculis nunc sem vitae diam. Etiam quam orci, volutpat a justo non, pretium condimentum felis. Duis id elementum arcu. Mauris pharetra dui molestie tortor imperdiet.  Lorem ipsão dolor sít amçet, consectetur adipiscing elit. Sed vehicula id odio quis rhoncus. Donec ullamcorper, lectus in dictum porta, urna nisl tincidunt metus, at iaculis nunc sem vitae diam.</p>','wrKXq3YfJH8cuamc0vhE2bVZR',16,70,'2023-08-29 20:52:00',1,1,1,225),(50,1,'Musculação','musculacao','É um treinamento com pesos que visa o desenvolvimento e fortalecimento dos músculos. Pode ser realizado com equipamentos de academia ou pesos livres, como barras e halteres.','<p>Duis non laoreet eros. Vestibulum porta neque eleifend erat tempus, vitae sagittis elit sodales. Sed convallis erat quis iaculis vestibulum. Curabitur sit amet purus et tellus consectetur vehicula. Suspendisse condimentum bibendum ante in adipiscing. Aliquam dignissim nisl eget arcu convallis, in viverra risus consequat. Pellentesque dictum gravida lacinia.</p><p><br></p><p>Lorem ipsão dolor sít amçet, consectetur adipiscing elit. Sed vehicula id odio quis rhoncus. Donec ullamcorper, lectus in dictum porta, urna nisl tincidunt metus, at iaculis nunc sem vitae diam. Etiam quam orci, volutpat a justo non, pretium condimentum felis. Duis id elementum arcu. Mauris pharetra dui molestie tortor imperdiet. Duis non laoreet eros. Vestibulum porta neque eleifend erat tempus, vitae sagittis elit sodales. Sed convallis erat quis iaculis vestibulum.&nbsp;</p><p><br></p><p>Lorem ipsão dolor sít amçet, consectetur adipiscing elit. Sed vehicula id odio quis rhoncus. Donec ullamcorper, lectus in dictum porta, urna nisl tincidunt metus, at iaculis nunc sem vitae diam. Etiam quam orci, volutpat a justo non, pretium condimentum felis. Duis id elementum arcu. Mauris pharetra dui molestie tortor imperdiet.&nbsp; Lorem ipsão dolor sít amçet, consectetur adipiscing elit. Sed vehicula id odio quis rhoncus. Donec ullamcorper, lectus in dictum porta, urna nisl tincidunt metus, at iaculis nunc sem vitae diam.</p>','kPlCiAnMfCWMWbVo62u0XcZ3V',16,71,'2023-08-29 23:13:00',1,1,1,303),(51,1,'Pilates','pilates','Pilates é um método de condicionamento físico e alongamento que utiliza o peso do próprio corpo na sua execução. ','<p>Duis non laoreet eros. Vestibulum porta neque eleifend erat tempus, vitae sagittis elit sodales. Sed convallis erat quis iaculis vestibulum. Curabitur sit amet purus et tellus consectetur vehicula. Suspendisse condimentum bibendum ante in adipiscing. Aliquam dignissim nisl eget arcu convallis, in viverra risus consequat. Pellentesque dictum gravida lacinia.</p><p><br></p><p>Lorem ipsão dolor sít amçet, consectetur adipiscing elit. Sed vehicula id odio quis rhoncus. Donec ullamcorper, lectus in dictum porta, urna nisl tincidunt metus, at iaculis nunc sem vitae diam. Etiam quam orci, volutpat a justo non, pretium condimentum felis. Duis id elementum arcu. Mauris pharetra dui molestie tortor imperdiet. Duis non laoreet eros. Vestibulum porta neque eleifend erat tempus, vitae sagittis elit sodales. Sed convallis erat quis iaculis vestibulum. </p><p><br></p><p>Lorem ipsão dolor sít amçet, consectetur adipiscing elit. Sed vehicula id odio quis rhoncus. Donec ullamcorper, lectus in dictum porta, urna nisl tincidunt metus, at iaculis nunc sem vitae diam. Etiam quam orci, volutpat a justo non, pretium condimentum felis. Duis id elementum arcu. Mauris pharetra dui molestie tortor imperdiet.  Lorem ipsão dolor sít amçet, consectetur adipiscing elit. Sed vehicula id odio quis rhoncus. Donec ullamcorper, lectus in dictum porta, urna nisl tincidunt metus, at iaculis nunc sem vitae diam.</p>','JnK4QTxVAoSt6dIro5xp9qbX0',16,72,'2023-08-29 23:21:00',1,1,1,307),(52,1,'Spinning','spinning','Spinning é uma aula de ciclismo indoor realizada em uma bicicleta estacionária. Os treinos de spinning são intensos e visam melhorar a resistência cardiovascular, queimar calorias e fortalecer as pernas. ','<p>Duis non laoreet eros. Vestibulum porta neque eleifend erat tempus, vitae sagittis elit sodales. Sed convallis erat quis iaculis vestibulum. Curabitur sit amet purus et tellus consectetur vehicula. Suspendisse condimentum bibendum ante in adipiscing. Aliquam dignissim nisl eget arcu convallis, in viverra risus consequat. Pellentesque dictum gravida lacinia.</p><p><br></p><p>Lorem ipsão dolor sít amçet, consectetur adipiscing elit. Sed vehicula id odio quis rhoncus. Donec ullamcorper, lectus in dictum porta, urna nisl tincidunt metus, at iaculis nunc sem vitae diam. Etiam quam orci, volutpat a justo non, pretium condimentum felis. Duis id elementum arcu. Mauris pharetra dui molestie tortor imperdiet. Duis non laoreet eros. Vestibulum porta neque eleifend erat tempus, vitae sagittis elit sodales. Sed convallis erat quis iaculis vestibulum.&nbsp;</p><p><br></p><p>Lorem ipsão dolor sít amçet, consectetur adipiscing elit. Sed vehicula id odio quis rhoncus. Donec ullamcorper, lectus in dictum porta, urna nisl tincidunt metus, at iaculis nunc sem vitae diam. Etiam quam orci, volutpat a justo non, pretium condimentum felis. Duis id elementum arcu. Mauris pharetra dui molestie tortor imperdiet.&nbsp; Lorem ipsão dolor sít amçet, consectetur adipiscing elit. Sed vehicula id odio quis rhoncus. Donec ullamcorper, lectus in dictum porta, urna nisl tincidunt metus, at iaculis nunc sem vitae diam.</p>','Eticu8JBJtZUx3VnPwPRjJxWE',16,73,'2023-08-29 23:31:00',1,1,1,313),(53,1,'Zumba','zumba','É uma modalidade de dança fitness que combina movimentos aeróbicos com ritmos latinos, como salsa, merengue e reggaeton. É divertida e ajuda a melhorar a resistência cardiovascular e a coordenação motora.','<p>Duis non laoreet eros. Vestibulum porta neque eleifend erat tempus, vitae sagittis elit sodales. Sed convallis erat quis iaculis vestibulum. Curabitur sit amet purus et tellus consectetur vehicula. Suspendisse condimentum bibendum ante in adipiscing. Aliquam dignissim nisl eget arcu convallis, in viverra risus consequat. Pellentesque dictum gravida lacinia.</p><p><br></p><p>Lorem ipsão dolor sít amçet, consectetur adipiscing elit. Sed vehicula id odio quis rhoncus. Donec ullamcorper, lectus in dictum porta, urna nisl tincidunt metus, at iaculis nunc sem vitae diam. Etiam quam orci, volutpat a justo non, pretium condimentum felis. Duis id elementum arcu. Mauris pharetra dui molestie tortor imperdiet. Duis non laoreet eros. Vestibulum porta neque eleifend erat tempus, vitae sagittis elit sodales. Sed convallis erat quis iaculis vestibulum.&nbsp;</p><p><br></p><p>Lorem ipsão dolor sít amçet, consectetur adipiscing elit. Sed vehicula id odio quis rhoncus. Donec ullamcorper, lectus in dictum porta, urna nisl tincidunt metus, at iaculis nunc sem vitae diam. Etiam quam orci, volutpat a justo non, pretium condimentum felis. Duis id elementum arcu. Mauris pharetra dui molestie tortor imperdiet.&nbsp; Lorem ipsão dolor sít amçet, consectetur adipiscing elit. Sed vehicula id odio quis rhoncus. Donec ullamcorper, lectus in dictum porta, urna nisl tincidunt metus, at iaculis nunc sem vitae diam.</p>','0gzTGRv3iyGe4j34KHWWgEvur',16,74,'2023-08-29 23:38:00',1,1,1,444),(26,1,'Missão, Visão, Valores','missao--visao--valores','','<h3><b>Missão</b></h3><p>Lorem ipsão dolor sít amçet, consectetur adipiscing elit. Sed vehicula id odio quis rhoncus. Donec ullamcorper, lectus in dictum porta, urna nisl tincidunt metus, at iaculis nunc sem vitae diam. Etiam quam orci, volutpat a justo non, pretium condimentum felis. Duis id elementum arcu. Mauris pharetra dui molestie tortor imperdiet. Duis non laoreet eros. Vestibulum porta neque eleifend erat tempus, vitae sagittis elit sodales. Sed convallis erat quis iaculis vestibulum. </p><p><br></p><h3><b>Visão</b></h3><p>Lorem ipsão dolor sít amçet, consectetur adipiscing elit. Sed vehicula id odio quis rhoncus. Donec ullamcorper, lectus in dictum porta, urna nisl tincidunt metus, at iaculis nunc sem vitae diam. Etiam quam orci, volutpat a justo non, pretium condimentum felis. Duis id elementum arcu. Mauris pharetra dui molestie tortor imperdiet. Duis non laoreet eros. Vestibulum porta neque eleifend erat tempus, vitae sagittis elit sodales. Sed convallis erat quis iaculis vestibulum. </p><p><br></p><h3><b>Valores</b></h3><p>Lorem ipsão dolor sít amçet, consectetur adipiscing elit. Sed vehicula id odio quis rhoncus. Donec ullamcorper, lectus in dictum porta, urna nisl tincidunt metus, at iaculis nunc sem vitae diam. Etiam quam orci, volutpat a justo non, pretium condimentum felis. Duis id elementum arcu. Mauris pharetra dui molestie tortor imperdiet. Duis non laoreet eros. Vestibulum porta neque eleifend erat tempus, vitae sagittis elit sodales. Sed convallis erat quis iaculis vestibulum. <br></p><p><br></p>','J4Yze08D46I5OP9KNbYVBqSRV',15,34,'2023-03-13 14:19:00',0,1,1,350),(43,1,'Descubra o poder transformador da academia fitness','descubra-o-poder-transformador-da-academia-fitness','Uma maneira eficaz e prazerosa de cuidar da saúde física e mental','<p>No mundo agitado em que vivemos, encontrar uma maneira eficaz e prazerosa de cuidar da saúde física e mental é essencial. É aí que a academia fitness entra em cena, oferecendo um ambiente propício para transformações positivas. Seja qual for o seu objetivo, desde melhorar a forma física até reduzir o estresse, a academia é um verdadeiro refúgio para o corpo e a mente.<br></p><p><br></p><p>Na academia, você encontrará um vasto leque de opções de exercícios, projetados para atender a diferentes necessidades e preferências. Se o seu objetivo é aumentar a força muscular e conquistar um corpo mais definido, a musculação é uma escolha certeira. Com o auxílio de equipamentos modernos e instrutores capacitados, você será capaz de trabalhar todos os grupos musculares de forma segura e eficiente.</p><p><br></p><p>Para aqueles que buscam uma abordagem mais dinâmica e desafiadora, o treinamento funcional é uma opção ideal. Com movimentos baseados nos padrões naturais do corpo, você irá aprimorar a coordenação motora, a flexibilidade e a resistência muscular. Equipamentos como cordas, bolas e elásticos são utilizados para tornar os exercícios ainda mais completos e divertidos.<br></p><p><br></p><p>Aulas como o pilates e o yoga também ganham cada vez mais adeptos nas academias fitness. O pilates, com sua ênfase no fortalecimento do core, melhora a postura, a flexibilidade e a estabilidade corporal. Já o yoga, além de trabalhar o corpo, promove o equilíbrio entre mente e espírito, por meio de técnicas de respiração e meditação.<br></p><p><br></p><p>A diversão também encontra espaço nas academias fitness, com aulas energéticas de zumba e spinning. A zumba combina movimentos de dança com ritmos latinos contagiantes, tornando o exercício uma verdadeira festa. Já o spinning, uma aula de ciclismo indoor, proporciona um treino de alta intensidade, queimando calorias e fortalecendo as pernas.<br></p><p><br></p><p>Além dos benefícios físicos, a academia fitness é um ambiente social, onde você pode conhecer pessoas com objetivos semelhantes e compartilhar experiências. O apoio e a motivação mútua são ingredientes fundamentais para o sucesso nos treinos e na busca por um estilo de vida saudável.<br></p><p><br></p><p>Seja qual for sua motivação, a academia fitness oferece um universo de possibilidades para transformar seu corpo e mente. É um lugar onde você pode se superar, desafiar seus limites e conquistar um bem-estar integral. Portanto, não perca tempo e dê um passo em direção à melhor versão de si mesmo, embarcando nessa jornada rumo à saúde e à felicidade.<br></p><p><br></p><p><br></p><p>Lembre-se sempre de consultar um profissional de educação física para receber orientações personalizadas e realizar os exercícios de forma correta e segura.</p>','BynMSMhcM746BOhzvOrEvduUF',1,52,'2023-06-26 05:31:00',0,1,1,313),(33,1,'Promoções','promocoes','Duis non laoreet eros. Vestibulum porta neque eleifend erat tempus, vitae sagittis elit sodales. ','<p>Duis non laoreet eros. Vestibulum porta neque eleifend erat tempus, vitae sagittis elit sodales. Sed convallis erat quis iaculis vestibulum. Curabitur sit amet purus et tellus consectetur vehicula. Suspendisse condimentum bibendum ante in adipiscing. Aliquam dignissim nisl eget arcu convallis, in viverra risus consequat. Pellentesque dictum gravida lacinia.</p><p><br></p><p>Lorem ipsão dolor sít amçet, consectetur adipiscing elit. Sed vehicula id odio quis rhoncus. Donec ullamcorper, lectus in dictum porta, urna nisl tincidunt metus, at iaculis nunc sem vitae diam. Etiam quam orci, volutpat a justo non, pretium condimentum felis. Duis id elementum arcu. Mauris pharetra dui molestie tortor imperdiet. Duis non laoreet eros. Vestibulum porta neque eleifend erat tempus, vitae sagittis elit sodales. Sed convallis erat quis iaculis vestibulum. </p><p><br></p><p>Lorem ipsão dolor sít amçet, consectetur adipiscing elit. Sed vehicula id odio quis rhoncus. Donec ullamcorper, lectus in dictum porta, urna nisl tincidunt metus, at iaculis nunc sem vitae diam. Etiam quam orci, volutpat a justo non, pretium condimentum felis. Duis id elementum arcu. Mauris pharetra dui molestie tortor imperdiet.  Lorem ipsão dolor sít amçet, consectetur adipiscing elit. Sed vehicula id odio quis rhoncus. Donec ullamcorper, lectus in dictum porta, urna nisl tincidunt metus, at iaculis nunc sem vitae diam.</p>','c7Fgl43UC6UsSVXz4hdpn8eFe',15,0,'2023-06-26 03:12:00',0,1,1,282),(42,1,'Horários','horarios','Duis non laoreet eros. Vestibulum porta neque eleifend erat tempus, vitae sagittis elit sodales','<p>Duis non laoreet eros. Vestibulum porta neque eleifend erat tempus, vitae sagittis elit sodales. Sed convallis erat quis iaculis vestibulum. Curabitur sit amet purus et tellus consectetur vehicula. Suspendisse condimentum bibendum ante in adipiscing. Aliquam dignissim nisl eget arcu convallis, in viverra risus consequat. Pellentesque dictum gravida lacinia.</p><p><br></p><p>Lorem ipsão dolor sít amçet, consectetur adipiscing elit. Sed vehicula id odio quis rhoncus. Donec ullamcorper, lectus in dictum porta, urna nisl tincidunt metus, at iaculis nunc sem vitae diam. Etiam quam orci, volutpat a justo non, pretium condimentum felis. Duis id elementum arcu. Mauris pharetra dui molestie tortor imperdiet. Duis non laoreet eros. Vestibulum porta neque eleifend erat tempus, vitae sagittis elit sodales. Sed convallis erat quis iaculis vestibulum. </p><p><br></p><p>Lorem ipsão dolor sít amçet, consectetur adipiscing elit. Sed vehicula id odio quis rhoncus. Donec ullamcorper, lectus in dictum porta, urna nisl tincidunt metus, at iaculis nunc sem vitae diam. Etiam quam orci, volutpat a justo non, pretium condimentum felis. Duis id elementum arcu. Mauris pharetra dui molestie tortor imperdiet.  Lorem ipsão dolor sít amçet, consectetur adipiscing elit. Sed vehicula id odio quis rhoncus. Donec ullamcorper, lectus in dictum porta, urna nisl tincidunt metus, at iaculis nunc sem vitae diam.</p>','QE0kFf6tlgQJsrfVnqFL8JcwY',15,0,'2023-06-26 05:08:00',0,1,1,228),(39,1,'Modalidades','modalidades','Duis non laoreet eros. Vestibulum porta neque eleifend erat tempus, vitae sagittis elit sodales','<h3><b>Musculação</b></h3><p><br></p><p>É um treinamento com pesos que visa o desenvolvimento e fortalecimento dos músculos. Pode ser realizado com equipamentos de academia ou pesos livres, como barras e halteres.</p><p><br></p><p><br></p><h3><b>Treinamento Funcional</b></h3><p><br></p><p>É um tipo de exercício que utiliza movimentos naturais do corpo para melhorar a força, a resistência, a flexibilidade e a coordenação. É bastante variado e pode incluir exercícios com peso corporal, bolas, cordas, elásticos, entre outros.</p><p><br></p><p><br></p><h3><b>Pilates</b></h3><p><br></p><p>É um método de exercício que visa fortalecer os músculos, melhorar a postura, aumentar a flexibilidade e promover o equilíbrio do corpo. Os exercícios do pilates são geralmente realizados em um tapete ou em equipamentos específicos, como o reformer.</p><p><br></p><p><br></p><h3><b>Zumba</b></h3><p><br></p><p>É uma modalidade de dança fitness que combina movimentos aeróbicos com ritmos latinos, como salsa, merengue e reggaeton. É divertida e ajuda a melhorar a resistência cardiovascular e a coordenação motora.</p><p><br></p><p><br></p><h3><b>CrossFit</b></h3><p><br></p><p>CrossFit é um treinamento de alta intensidade que combina exercícios funcionais, levantamento de peso, cardio e ginástica. Os treinos são variados e intensos, visando melhorar a resistência, força e condicionamento físico geral.</p><p><br></p><p><br></p><h3><b>Spinning</b></h3><p><br></p><p>Spinning é uma aula de ciclismo indoor realizada em uma bicicleta estacionária. Os treinos de spinning são intensos e visam melhorar a resistência cardiovascular, queimar calorias e fortalecer as pernas. </p><p><br></p><p><br></p><h3><b>Artes Marciais</b></h3><p><br></p><p>Artes marciais são modalidades como boxe, muay thai, judô, jiu-jitsu e taekwondo são ótimas opções de treinamento físico. Além de melhorar a resistência, força e flexibilidade, as artes marciais também promovem disciplina, autoconfiança e habilidades de defesa pessoal.</p>','JYqVCitTOX1PI1Hv9rJ58cy4A',15,0,'2023-06-26 04:59:00',0,1,1,90),(55,1,'Quem Somos','quem-somos','Somos uma academia dedicada ao aprimoramento físico e mental, de artes marciais a fitness uma experiência única e transformadora.','<p>Duis non laoreet eros. Vestibulum porta neque eleifend erat tempus, vitae sagittis elit sodales. Sed convallis erat quis iaculis vestibulum. Curabitur sit amet purus et tellus consectetur vehicula. Suspendisse condimentum bibendum ante in adipiscing. Aliquam dignissim nisl eget arcu convallis, in viverra risus consequat. Pellentesque dictum gravida lacinia.</p><p><br></p><p>Lorem ipsão dolor sít amçet, consectetur adipiscing elit. Sed vehicula id odio quis rhoncus. Donec ullamcorper, lectus in dictum porta, urna nisl tincidunt metus, at iaculis nunc sem vitae diam. Etiam quam orci, volutpat a justo non, pretium condimentum felis. Duis id elementum arcu. Mauris pharetra dui molestie tortor imperdiet. Duis non laoreet eros. Vestibulum porta neque eleifend erat tempus, vitae sagittis elit sodales. Sed convallis erat quis iaculis vestibulum. </p><p><br></p><p>Lorem ipsão dolor sít amçet, consectetur adipiscing elit. Sed vehicula id odio quis rhoncus. Donec ullamcorper, lectus in dictum porta, urna nisl tincidunt metus, at iaculis nunc sem vitae diam. Etiam quam orci, volutpat a justo non, pretium condimentum felis. Duis id elementum arcu. Mauris pharetra dui molestie tortor imperdiet.  Lorem ipsão dolor sít amçet, consectetur adipiscing elit. Sed vehicula id odio quis rhoncus. Donec ullamcorper, lectus in dictum porta, urna nisl tincidunt metus, at iaculis nunc sem vitae diam.</p>','fGxvytOimM1kaitJUzttRmCSL',17,100,'2024-01-20 21:51:00',0,1,1,219),(45,1,'A importância do descanso na rotina da academia','a-importancia-do-descanso-na-rotina-da-academia','','<p>Quando se trata de alcançar resultados na academia fitness, muitas pessoas tendem a se concentrar apenas nos treinos intensos e na dieta equilibrada. No entanto, um fator igualmente crucial para o sucesso é o descanso adequado. O descanso é essencial para a recuperação muscular, prevenção de lesões e manutenção de um corpo saudável.<br></p><p><br></p><p>Durante os treinos, ocorrem microlesões nos músculos, e é durante o período de descanso que essas lesões são reparadas e o tecido muscular é reconstruído, tornando-se mais forte. É durante o sono e os dias de descanso que o corpo realiza a síntese de proteínas e reabastece as reservas de energia, preparando-se para futuros desafios.<br></p><p><br></p><p>Além disso, o descanso adequado também ajuda a prevenir lesões. Treinar intensamente todos os dias, sem dar tempo suficiente para a recuperação, pode levar ao overtraining e aumentar o risco de lesões musculares e articulares. Portanto, é fundamental incluir dias de descanso em sua rotina de exercícios, permitindo que o corpo se recupere e se fortaleça.<br></p><p><br></p><p>O descanso não se resume apenas ao sono e aos dias de folga da academia. É importante adotar práticas de recuperação, como alongamentos, massagens, banhos de contraste e outras técnicas de relaxamento. Essas práticas auxiliam na redução do estresse, promovem a circulação sanguínea e aceleram a recuperação muscular.<br></p><p><br></p><p>Lembre-se de que o equilíbrio entre o treino e o descanso é essencial para um corpo saudável e um progresso consistente na academia. Não negligencie a importância do descanso em sua jornada fitness. Dê ao seu corpo o tempo necessário para se recuperar, e você colherá os benefícios de treinos mais eficazes, ganhos musculares e uma melhor qualidade de vida.<br></p><p><br></p><p>Portanto, aproveite ao máximo seus dias de descanso e invista em autocuidado. Seu corpo e mente agradecerão, e você estará preparado para enfrentar novos desafios e alcançar seus objetivos fitness de forma saudável e sustentável.<br></p>','uApmmcjQdz1zkvMpnn4UX4Yp3',1,50,'2023-06-26 05:37:00',0,1,1,306),(54,1,'CrossFit desafia seus limites e transforma seu corpo','crossfit-desafia-seus-limites-e-transforma-seu-corpo','CrossFit é para quem busca um treinamento intenso e desafiador.','<p>Se você está em busca de um treinamento intenso e desafiador, o CrossFit é a opção perfeita para você. Essa modalidade de academia fitness tem conquistado cada vez mais adeptos devido aos seus resultados surpreendentes. Combinando exercícios funcionais, levantamento de peso, cardio e ginástica, o CrossFit é capaz de transformar seu corpo e levar seu condicionamento físico a um novo patamar.<br></p><p><br></p><p>Os treinos de CrossFit são conhecidos por sua intensidade e variedade. A cada dia, você enfrentará um desafio diferente, que pode incluir exercícios como agachamentos, flexões, saltos, corridas, remadas e muito mais. Os treinamentos são realizados em grupos, criando um ambiente motivador e encorajador, onde você poderá se superar a cada sessão.</p><p><br></p><p>Uma das grandes vantagens do CrossFit é a sua capacidade de desenvolver habilidades físicas completas. Você irá melhorar sua força, resistência cardiovascular, flexibilidade, coordenação e equilíbrio. Além disso, o treinamento de alta intensidade do CrossFit também contribui para a queima de calorias e a perda de peso, tornando-se uma ótima opção para aqueles que desejam emagrecer.</p><p><br></p><p>No entanto, é importante ressaltar que o CrossFit é uma modalidade desafiadora e exige uma abordagem cuidadosa. É fundamental realizar os exercícios com a técnica correta para evitar lesões. Por isso, contar com a orientação de um coach certificado é essencial. Um bom coach irá ajudá-lo a progredir gradualmente, adaptando os treinos às suas capacidades individuais e garantindo sua segurança.</p><p><br></p><p>Se você está pronto para sair da zona de conforto e alcançar resultados incríveis, o CrossFit é a modalidade ideal para você. Prepare-se para desafiar seus limites, superar obstáculos e se tornar mais forte, tanto física quanto mentalmente. Encontre uma box de CrossFit próxima a você e embarque nessa jornada transformadora!</p><div><br></div>','wT1pa8SOyCawVVAJvN5WEslRy',1,91,'2023-08-31 18:39:00',0,1,1,331),(56,1,'Pano Familia','pano-familia','Lorem ipsão dolor sít amçet, consectetur adipiscing elit. ','<p>Duis non laoreet eros. Vestibulum porta neque eleifend erat tempus, vitae sagittis elit sodales. Sed convallis erat quis iaculis vestibulum. Curabitur sit amet purus et tellus consectetur vehicula. Suspendisse condimentum bibendum ante in adipiscing. Aliquam dignissim nisl eget arcu convallis, in viverra risus consequat. Pellentesque dictum gravida lacinia.</p><p><br></p><p>Lorem ipsão dolor sít amçet, consectetur adipiscing elit. Sed vehicula id odio quis rhoncus. Donec ullamcorper, lectus in dictum porta, urna nisl tincidunt metus, at iaculis nunc sem vitae diam. Etiam quam orci, volutpat a justo non, pretium condimentum felis. Duis id elementum arcu. Mauris pharetra dui molestie tortor imperdiet. Duis non laoreet eros. Vestibulum porta neque eleifend erat tempus, vitae sagittis elit sodales. Sed convallis erat quis iaculis vestibulum. </p><p><br></p><p>Lorem ipsão dolor sít amçet, consectetur adipiscing elit. Sed vehicula id odio quis rhoncus. Donec ullamcorper, lectus in dictum porta, urna nisl tincidunt metus, at iaculis nunc sem vitae diam. Etiam quam orci, volutpat a justo non, pretium condimentum felis. Duis id elementum arcu. Mauris pharetra dui molestie tortor imperdiet.  Lorem ipsão dolor sít amçet, consectetur adipiscing elit. Sed vehicula id odio quis rhoncus. Donec ullamcorper, lectus in dictum porta, urna nisl tincidunt metus, at iaculis nunc sem vitae diam.</p><div><br></div>','cuJALfC6zPg8vZS4KxKbyq9ML',18,0,'2024-04-23 03:01:00',0,1,1,11),(57,1,'Plano Black Friday','plano-black-friday','Lorem ipsão dolor sít amçet, consectetur adipiscing elit. ','<p>Duis non laoreet eros. Vestibulum porta neque eleifend erat tempus, vitae sagittis elit sodales. Sed convallis erat quis iaculis vestibulum. Curabitur sit amet purus et tellus consectetur vehicula. Suspendisse condimentum bibendum ante in adipiscing. Aliquam dignissim nisl eget arcu convallis, in viverra risus consequat. Pellentesque dictum gravida lacinia.</p><p><br></p><p>Lorem ipsão dolor sít amçet, consectetur adipiscing elit. Sed vehicula id odio quis rhoncus. Donec ullamcorper, lectus in dictum porta, urna nisl tincidunt metus, at iaculis nunc sem vitae diam. Etiam quam orci, volutpat a justo non, pretium condimentum felis. Duis id elementum arcu. Mauris pharetra dui molestie tortor imperdiet. Duis non laoreet eros. Vestibulum porta neque eleifend erat tempus, vitae sagittis elit sodales. Sed convallis erat quis iaculis vestibulum. </p><p><br></p><p>Lorem ipsão dolor sít amçet, consectetur adipiscing elit. Sed vehicula id odio quis rhoncus. Donec ullamcorper, lectus in dictum porta, urna nisl tincidunt metus, at iaculis nunc sem vitae diam. Etiam quam orci, volutpat a justo non, pretium condimentum felis. Duis id elementum arcu. Mauris pharetra dui molestie tortor imperdiet.  Lorem ipsão dolor sít amçet, consectetur adipiscing elit. Sed vehicula id odio quis rhoncus. Donec ullamcorper, lectus in dictum porta, urna nisl tincidunt metus, at iaculis nunc sem vitae diam.</p><div><br></div>','zU9s48jeJ37Ee9EaPrIBA3R3I',18,0,'2024-04-23 03:26:00',0,1,1,10),(58,1,'Plano Casais','plano-casais','Lorem ipsão dolor sít amçet, consectetur adipiscing elit. ','<p>Duis non laoreet eros. Vestibulum porta neque eleifend erat tempus, vitae sagittis elit sodales. Sed convallis erat quis iaculis vestibulum. Curabitur sit amet purus et tellus consectetur vehicula. Suspendisse condimentum bibendum ante in adipiscing. Aliquam dignissim nisl eget arcu convallis, in viverra risus consequat. Pellentesque dictum gravida lacinia.</p><p><br></p><p>Lorem ipsão dolor sít amçet, consectetur adipiscing elit. Sed vehicula id odio quis rhoncus. Donec ullamcorper, lectus in dictum porta, urna nisl tincidunt metus, at iaculis nunc sem vitae diam. Etiam quam orci, volutpat a justo non, pretium condimentum felis. Duis id elementum arcu. Mauris pharetra dui molestie tortor imperdiet. Duis non laoreet eros. Vestibulum porta neque eleifend erat tempus, vitae sagittis elit sodales. Sed convallis erat quis iaculis vestibulum. </p><p><br></p><p>Lorem ipsão dolor sít amçet, consectetur adipiscing elit. Sed vehicula id odio quis rhoncus. Donec ullamcorper, lectus in dictum porta, urna nisl tincidunt metus, at iaculis nunc sem vitae diam. Etiam quam orci, volutpat a justo non, pretium condimentum felis. Duis id elementum arcu. Mauris pharetra dui molestie tortor imperdiet.  Lorem ipsão dolor sít amçet, consectetur adipiscing elit. Sed vehicula id odio quis rhoncus. Donec ullamcorper, lectus in dictum porta, urna nisl tincidunt metus, at iaculis nunc sem vitae diam.</p><div><br></div>','j5OE3LycBgr4HN2HeGmtO1ObH',18,0,'2024-04-23 03:27:00',0,1,1,29);

--
-- Table structure for table `noticias_arquivos`
--

CREATE TABLE `noticias_arquivos` (
  `id` int(11) NOT NULL AUTO_INCREMENT,
  `codigo` varchar(25) NOT NULL,
  `path` text NOT NULL,
  `arquivo` text NOT NULL,
  `legenda` text DEFAULT NULL,
  `tipo` varchar(50) DEFAULT NULL,
  PRIMARY KEY (`id`),
  KEY `codigo` (`codigo`)
) ENGINE=MyISAM AUTO_INCREMENT=106 DEFAULT CHARSET=latin1 COLLATE=latin1_swedish_ci;

--
-- Dumping data for table `noticias_arquivos`
--

INSERT INTO `noticias_arquivos` (`id`, `codigo`, `path`, `arquivo`, `legenda`, `tipo`) VALUES (64,'IqOQBvazPO6mSbI4sDxZ6pyqX','zHD/noticias/1/IqOQBvazPO6mSbI4sDxZ6pyqX/imagens/','0528466001692487765.jpg',NULL,'capa'),(3,'kNhMAppdzh1wncywVXuYOak4T','zHD/noticias/1/kNhMAppdzh1wncywVXuYOak4T/imagens/','0307356001691667706.jpg',NULL,'capa'),(59,'c7Fgl43UC6UsSVXz4hdpn8eFe','zHD/noticias/1/c7Fgl43UC6UsSVXz4hdpn8eFe/imagens/','PROMOÇÃO1 (0416655001691666327).jpg',NULL,'imagem'),(60,'c7Fgl43UC6UsSVXz4hdpn8eFe','zHD/noticias/1/c7Fgl43UC6UsSVXz4hdpn8eFe/imagens/','PROMOÇÕES2 (0689802001691666327).jpg',NULL,'imagem'),(61,'c7Fgl43UC6UsSVXz4hdpn8eFe','zHD/noticias/1/c7Fgl43UC6UsSVXz4hdpn8eFe/imagens/','PROMOÇÕES3 (0689030001691666327).jpg',NULL,'imagem'),(87,'0gzTGRv3iyGe4j34KHWWgEvur','zHD/noticias/1/0gzTGRv3iyGe4j34KHWWgEvur/imagens/','GAL-ZUMBA1 (0936569001693363995).jpg',NULL,'imagem'),(88,'0gzTGRv3iyGe4j34KHWWgEvur','zHD/noticias/1/0gzTGRv3iyGe4j34KHWWgEvur/imagens/','GAL-ZUMBA2 (0204621001693363996).jpg',NULL,'imagem'),(62,'c7Fgl43UC6UsSVXz4hdpn8eFe','zHD/noticias/1/c7Fgl43UC6UsSVXz4hdpn8eFe/imagens/','PROMOÇÕES4 (0689564001691666327).jpg',NULL,'imagem'),(81,'wrKXq3YfJH8cuamc0vhE2bVZR','zHD/noticias/1/wrKXq3YfJH8cuamc0vhE2bVZR/imagens/','GAL-MARCIAIS2 (0650240001693363481).jpg',NULL,'imagem'),(82,'wrKXq3YfJH8cuamc0vhE2bVZR','zHD/noticias/1/wrKXq3YfJH8cuamc0vhE2bVZR/imagens/','GAL-MARCIAIS4 (0663285001693363481).jpg',NULL,'imagem'),(83,'kPlCiAnMfCWMWbVo62u0XcZ3V','zHD/noticias/1/kPlCiAnMfCWMWbVo62u0XcZ3V/imagens/','GAL-MUSCULACAO1 (0545841001693363536).jpg',NULL,'imagem'),(84,'kPlCiAnMfCWMWbVo62u0XcZ3V','zHD/noticias/1/kPlCiAnMfCWMWbVo62u0XcZ3V/imagens/','GAL-MUSCULACAO4 (0822720001693363536).jpg',NULL,'imagem'),(85,'kPlCiAnMfCWMWbVo62u0XcZ3V','zHD/noticias/1/kPlCiAnMfCWMWbVo62u0XcZ3V/imagens/','GAL-MUSCULACAO2 (0823843001693363536).jpg',NULL,'imagem'),(86,'kPlCiAnMfCWMWbVo62u0XcZ3V','zHD/noticias/1/kPlCiAnMfCWMWbVo62u0XcZ3V/imagens/','GAL-MUSCULACAO3 (0832714001693363536).jpg',NULL,'imagem'),(79,'wrKXq3YfJH8cuamc0vhE2bVZR','zHD/noticias/1/wrKXq3YfJH8cuamc0vhE2bVZR/imagens/','GAL-MARCIAIS1 (0366282001693363481).jpg',NULL,'imagem'),(80,'wrKXq3YfJH8cuamc0vhE2bVZR','zHD/noticias/1/wrKXq3YfJH8cuamc0vhE2bVZR/imagens/','GAL-MARCIAIS3 (0651273001693363481).jpg',NULL,'imagem'),(71,'kPlCiAnMfCWMWbVo62u0XcZ3V','zHD/noticias/1/kPlCiAnMfCWMWbVo62u0XcZ3V/imagens/','0256365001693361635.jpg',NULL,'capa'),(70,'wrKXq3YfJH8cuamc0vhE2bVZR','zHD/noticias/1/wrKXq3YfJH8cuamc0vhE2bVZR/imagens/','0692369001693354047.jpg',NULL,'capa'),(69,'18LTxDEzFq4QQotDCwAti4jZH','zHD/noticias/1/18LTxDEzFq4QQotDCwAti4jZH/imagens/','0207008001693349918.jpg',NULL,'capa'),(68,'JYqVCitTOX1PI1Hv9rJ58cy4A','zHD/noticias/1/JYqVCitTOX1PI1Hv9rJ58cy4A/imagens/','GAL-MARCIAIS3 (0883789001692496191).jpg',NULL,'imagem'),(67,'JYqVCitTOX1PI1Hv9rJ58cy4A','zHD/noticias/1/JYqVCitTOX1PI1Hv9rJ58cy4A/imagens/','GAL-PILATES5 (0881116001692496191).jpg',NULL,'imagem'),(66,'JYqVCitTOX1PI1Hv9rJ58cy4A','zHD/noticias/1/JYqVCitTOX1PI1Hv9rJ58cy4A/imagens/','GAL-MUSCULACAO4 (0881547001692496191).jpg',NULL,'imagem'),(65,'JYqVCitTOX1PI1Hv9rJ58cy4A','zHD/noticias/1/JYqVCitTOX1PI1Hv9rJ58cy4A/imagens/','GAL-MUSCUACAO3 (0881942001692496191).jpg',NULL,'imagem'),(63,'QE0kFf6tlgQJsrfVnqFL8JcwY','zHD/noticias/1/QE0kFf6tlgQJsrfVnqFL8JcwY/arquivos/','AGENDA-HORARIOS (0162901001691667129).jpg',NULL,'arquivo'),(34,'J4Yze08D46I5OP9KNbYVBqSRV','zHD/noticias/1/J4Yze08D46I5OP9KNbYVBqSRV/imagens/','0622514001694860022.jpg',NULL,'capa'),(78,'JnK4QTxVAoSt6dIro5xp9qbX0','zHD/noticias/1/JnK4QTxVAoSt6dIro5xp9qbX0/imagens/','GAL-PILATES3 (0783611001693363288).jpg',NULL,'imagem'),(77,'JnK4QTxVAoSt6dIro5xp9qbX0','zHD/noticias/1/JnK4QTxVAoSt6dIro5xp9qbX0/imagens/','GAL-PILATES2 (0779750001693363288).jpg',NULL,'imagem'),(72,'JnK4QTxVAoSt6dIro5xp9qbX0','zHD/noticias/1/JnK4QTxVAoSt6dIro5xp9qbX0/imagens/','0637015001693362124.jpg',NULL,'capa'),(73,'Eticu8JBJtZUx3VnPwPRjJxWE','zHD/noticias/1/Eticu8JBJtZUx3VnPwPRjJxWE/imagens/','0322203001693362783.jpg',NULL,'capa'),(74,'0gzTGRv3iyGe4j34KHWWgEvur','zHD/noticias/1/0gzTGRv3iyGe4j34KHWWgEvur/imagens/','0111141001693363151.jpg',NULL,'capa'),(75,'JnK4QTxVAoSt6dIro5xp9qbX0','zHD/noticias/1/JnK4QTxVAoSt6dIro5xp9qbX0/imagens/','GAL-PILATES1 (0496594001693363288).jpg',NULL,'imagem'),(76,'JnK4QTxVAoSt6dIro5xp9qbX0','zHD/noticias/1/JnK4QTxVAoSt6dIro5xp9qbX0/imagens/','GAL-PILATES4 (0776402001693363288).jpg',NULL,'imagem'),(50,'uApmmcjQdz1zkvMpnn4UX4Yp3','zHD/noticias/1/uApmmcjQdz1zkvMpnn4UX4Yp3/imagens/','0570707001687769183.jpg',NULL,'capa'),(91,'wT1pa8SOyCawVVAJvN5WEslRy','zHD/noticias/1/wT1pa8SOyCawVVAJvN5WEslRy/imagens/','0691410001693518088.jpg',NULL,'capa'),(52,'BynMSMhcM746BOhzvOrEvduUF','zHD/noticias/1/BynMSMhcM746BOhzvOrEvduUF/imagens/','0638607001687769241.jpg',NULL,'capa'),(89,'0gzTGRv3iyGe4j34KHWWgEvur','zHD/noticias/1/0gzTGRv3iyGe4j34KHWWgEvur/imagens/','GAL-ZUMBA3 (0226209001693363996).jpg',NULL,'imagem'),(90,'0gzTGRv3iyGe4j34KHWWgEvur','zHD/noticias/1/0gzTGRv3iyGe4j34KHWWgEvur/imagens/','GAL-ZUMBA4 (0237650001693363996).jpg',NULL,'imagem'),(100,'fGxvytOimM1kaitJUzttRmCSL','zHD/noticias/1/fGxvytOimM1kaitJUzttRmCSL/imagens/','0677664001707030430.jpg',NULL,'capa'),(101,'fGxvytOimM1kaitJUzttRmCSL','zHD/noticias/1/fGxvytOimM1kaitJUzttRmCSL/imagens/','GAL-ACA1 (0551425001707030493).jpg',NULL,'imagem'),(102,'fGxvytOimM1kaitJUzttRmCSL','zHD/noticias/1/fGxvytOimM1kaitJUzttRmCSL/imagens/','GAL-ACA2 (0580519001707030493).jpg',NULL,'imagem'),(103,'fGxvytOimM1kaitJUzttRmCSL','zHD/noticias/1/fGxvytOimM1kaitJUzttRmCSL/imagens/','GAL-ACA3 (0598451001707030493).jpg',NULL,'imagem'),(104,'fGxvytOimM1kaitJUzttRmCSL','zHD/noticias/1/fGxvytOimM1kaitJUzttRmCSL/imagens/','GAL-ACA4 (0664134001707030493).jpg',NULL,'imagem');

--
-- Table structure for table `noticias_entidades`
--

CREATE TABLE `noticias_entidades` (
  `id` int(11) NOT NULL AUTO_INCREMENT,
  `usuario` int(11) NOT NULL,
  `noticia` int(11) NOT NULL,
  `entidade` int(11) NOT NULL,
  `data` datetime NOT NULL DEFAULT current_timestamp(),
  PRIMARY KEY (`id`),
  KEY `noticia` (`noticia`),
  KEY `entidade` (`entidade`),
  KEY `usuario` (`usuario`)
) ENGINE=MyISAM AUTO_INCREMENT=45 DEFAULT CHARSET=latin1 COLLATE=latin1_swedish_ci;

--
-- Dumping data for table `noticias_entidades`
--


--
-- Table structure for table `noticias_links`
--

CREATE TABLE `noticias_links` (
  `id` int(11) NOT NULL AUTO_INCREMENT,
  `codigo` varchar(25) NOT NULL,
  `titulo` text DEFAULT NULL,
  `link` text NOT NULL,
  PRIMARY KEY (`id`),
  KEY `codigo` (`codigo`)
) ENGINE=MyISAM AUTO_INCREMENT=3 DEFAULT CHARSET=latin1 COLLATE=latin1_swedish_ci ROW_FORMAT=DYNAMIC;

--
-- Dumping data for table `noticias_links`
--

INSERT INTO `noticias_links` (`id`, `codigo`, `titulo`, `link`) VALUES (1,'iTRrNXDP5putbRszWWwFuGScT','TESTE','https://uol.com.br'),(2,'zHy019GRScnaDiGr4tUFTsYNr','JP Web','https://jpweb.com.br');

--
-- Table structure for table `noticias_secoes`
--

CREATE TABLE `noticias_secoes` (
  `id` int(11) NOT NULL AUTO_INCREMENT,
  `entidade` int(11) NOT NULL DEFAULT 0,
  `nome` varchar(250) NOT NULL,
  PRIMARY KEY (`id`),
  KEY `entidade` (`entidade`)
) ENGINE=MyISAM AUTO_INCREMENT=19 DEFAULT CHARSET=latin1 COLLATE=latin1_swedish_ci ROW_FORMAT=DYNAMIC;

--
-- Dumping data for table `noticias_secoes`
--

INSERT INTO `noticias_secoes` (`id`, `entidade`, `nome`) VALUES (1,1,'Publicações'),(16,1,'Modalidades'),(17,1,'Quem Somos'),(15,1,'Tags'),(18,1,'Preços e Planos');

--
-- Table structure for table `noticias_videos`
--

CREATE TABLE `noticias_videos` (
  `id` int(11) NOT NULL AUTO_INCREMENT,
  `codigo` varchar(25) NOT NULL,
  `titulo` text DEFAULT NULL,
  `link` text NOT NULL,
  PRIMARY KEY (`id`),
  KEY `codigo` (`codigo`)
) ENGINE=MyISAM AUTO_INCREMENT=4 DEFAULT CHARSET=latin1 COLLATE=latin1_swedish_ci ROW_FORMAT=DYNAMIC;

--
-- Dumping data for table `noticias_videos`
--

INSERT INTO `noticias_videos` (`id`, `codigo`, `titulo`, `link`) VALUES (1,'iTRrNXDP5putbRszWWwFuGScT','TESTE','lP774Tl8NS0'),(2,'zHy019GRScnaDiGr4tUFTsYNr','Aviões do Forró','L6vLn1yah0A'),(3,'euTrLHwjKYrpgrGNJU6T63wZJ','Vídeo ilustrativo','_2c8YZwzaMk');

--
-- Table structure for table `ouvidoria`
--

CREATE TABLE `ouvidoria` (
  `id` int(11) NOT NULL AUTO_INCREMENT,
  `anonimo` int(11) NOT NULL DEFAULT 0,
  `finalidade` int(11) DEFAULT NULL,
  `status` int(11) NOT NULL DEFAULT 0,
  `pessoa` varchar(20) DEFAULT NULL,
  `nome` varchar(200) DEFAULT NULL,
  `documento` varchar(200) DEFAULT NULL,
  `email` varchar(300) DEFAULT NULL,
  `telefone` varchar(300) DEFAULT NULL,
  `cep` varchar(300) DEFAULT NULL,
  `endereco` varchar(300) DEFAULT NULL,
  `bairro` varchar(300) DEFAULT NULL,
  `complemento` varchar(300) DEFAULT NULL,
  `cidade` varchar(300) DEFAULT NULL,
  `uf` varchar(300) DEFAULT NULL,
  `codigo` varchar(25) DEFAULT NULL,
  `titulo` text DEFAULT NULL,
  `texto` text DEFAULT NULL,
  `protocolo` varchar(8) NOT NULL,
  `data` timestamp NOT NULL DEFAULT current_timestamp(),
  `entidade` int(11) NOT NULL,
  `envio` int(11) NOT NULL DEFAULT 0,
  PRIMARY KEY (`id`),
  KEY `entidade` (`entidade`),
  KEY `protocolo` (`protocolo`),
  KEY `documento` (`documento`)
) ENGINE=MyISAM AUTO_INCREMENT=4 DEFAULT CHARSET=latin1 COLLATE=latin1_swedish_ci ROW_FORMAT=DYNAMIC;

--
-- Dumping data for table `ouvidoria`
--

INSERT INTO `ouvidoria` (`id`, `anonimo`, `finalidade`, `status`, `pessoa`, `nome`, `documento`, `email`, `telefone`, `cep`, `endereco`, `bairro`, `complemento`, `cidade`, `uf`, `codigo`, `titulo`, `texto`, `protocolo`, `data`, `entidade`, `envio`) VALUES (1,0,3,1,'PF','JP Web Teste','11.111.111/1111-11','jpweb@jpweb.com.br','(61) 98251-2032',NULL,'CLSW 302, Bloco F, Sudoeste','Sudoeste',NULL,'Brasília','','OriIQjtERzTzluapH7bVLSBxR','JP WEB TESTE','TESTE','SATFB5JN','2022-04-03 09:15:27',1,1),(2,1,3,1,'PF','','','','',NULL,'','',NULL,'','','WgAYp7yyb5mcOKiSYz0EZmlNQ','JP WEB TESTE','TESTE','0W4PXOKC','2022-04-11 14:28:47',1,0),(3,1,3,1,'PF','','','','',NULL,'','',NULL,'','','BRjvhTLoA2SpWCcdT7tjLXOts','JP WEB TESTE','TESTE','1M0ZSCPA','2022-04-20 01:42:27',1,0);

--
-- Table structure for table `ouvidoria_arquivos`
--

CREATE TABLE `ouvidoria_arquivos` (
  `id` int(11) NOT NULL AUTO_INCREMENT,
  `codigo` varchar(25) NOT NULL,
  `path` text NOT NULL,
  `arquivo` text NOT NULL,
  `legenda` text DEFAULT NULL,
  `tipo` varchar(50) DEFAULT NULL,
  `data` date DEFAULT NULL,
  PRIMARY KEY (`id`),
  KEY `codigo` (`codigo`)
) ENGINE=MyISAM DEFAULT CHARSET=latin1 COLLATE=latin1_swedish_ci ROW_FORMAT=DYNAMIC;

--
-- Dumping data for table `ouvidoria_arquivos`
--


--
-- Table structure for table `ouvidoria_finalidades`
--

CREATE TABLE `ouvidoria_finalidades` (
  `id` int(11) NOT NULL AUTO_INCREMENT,
  `nome` varchar(250) NOT NULL,
  `entidade` int(11) NOT NULL DEFAULT 0,
  PRIMARY KEY (`id`),
  KEY `entidade` (`entidade`)
) ENGINE=MyISAM AUTO_INCREMENT=186 DEFAULT CHARSET=latin1 COLLATE=latin1_swedish_ci ROW_FORMAT=DYNAMIC;

--
-- Dumping data for table `ouvidoria_finalidades`
--

INSERT INTO `ouvidoria_finalidades` (`id`, `nome`, `entidade`) VALUES (1,'Críticas',1),(2,'Denúncias',1),(3,'Elogios',1),(4,'Reclamações',1),(5,'Solicitações',1),(6,'Sugestões',1),(7,'Críticas',1);

--
-- Table structure for table `ouvidoria_respostas`
--

CREATE TABLE `ouvidoria_respostas` (
  `id` int(11) NOT NULL AUTO_INCREMENT,
  `ouvidoria` int(11) NOT NULL DEFAULT 0,
  `usuario` int(11) NOT NULL DEFAULT 0,
  `resposta` text NOT NULL,
  `codigo` varchar(25) NOT NULL,
  `data` timestamp NOT NULL DEFAULT current_timestamp() ON UPDATE current_timestamp(),
  PRIMARY KEY (`id`),
  KEY `data` (`data`),
  KEY `ouvidoria` (`ouvidoria`)
) ENGINE=MyISAM DEFAULT CHARSET=latin1 COLLATE=latin1_swedish_ci ROW_FORMAT=DYNAMIC;

--
-- Dumping data for table `ouvidoria_respostas`
--


--
-- Table structure for table `ouvidoria_status`
--

CREATE TABLE `ouvidoria_status` (
  `id` int(11) NOT NULL AUTO_INCREMENT,
  `nome` varchar(250) NOT NULL,
  `entidade` int(11) NOT NULL DEFAULT 0,
  `padrao` int(11) NOT NULL DEFAULT 0,
  PRIMARY KEY (`id`),
  KEY `entidade` (`entidade`)
) ENGINE=MyISAM AUTO_INCREMENT=4 DEFAULT CHARSET=latin1 COLLATE=latin1_swedish_ci ROW_FORMAT=DYNAMIC;

--
-- Dumping data for table `ouvidoria_status`
--

INSERT INTO `ouvidoria_status` (`id`, `nome`, `entidade`, `padrao`) VALUES (3,'Respondido',1,0),(2,'Finalizado',1,0),(1,'Recebido',1,1);

--
-- Table structure for table `pesquisas`
--

CREATE TABLE `pesquisas` (
  `id` int(11) NOT NULL AUTO_INCREMENT,
  `usuario` int(11) NOT NULL DEFAULT 0,
  `publico` int(11) NOT NULL DEFAULT 0,
  `titulo` text NOT NULL,
  `imagem` text DEFAULT NULL,
  `tag` text NOT NULL,
  `texto` text DEFAULT NULL,
  `secao` int(11) NOT NULL,
  `data` datetime DEFAULT current_timestamp(),
  `ignorar_ip` int(11) DEFAULT 0,
  `entidade` int(11) NOT NULL,
  `status` int(11) DEFAULT 1,
  PRIMARY KEY (`id`),
  KEY `entidade` (`entidade`)
) ENGINE=MyISAM AUTO_INCREMENT=3 DEFAULT CHARSET=latin1 COLLATE=latin1_swedish_ci ROW_FORMAT=DYNAMIC;

--
-- Dumping data for table `pesquisas`
--

INSERT INTO `pesquisas` (`id`, `usuario`, `publico`, `titulo`, `imagem`, `tag`, `texto`, `secao`, `data`, `ignorar_ip`, `entidade`, `status`) VALUES (1,1,1,'Qual sua opinião sobre a volta às aulas?','zHD/pesquisas/1/0131686001610176290.jpg','qualsuaopiniaosobreavoltaasaulas','Lorem ipsão dolor sít amçet, consectetur adipiscing elit. Sed vehicula id odio quis rhoncus. Donec ullamcorper, lectus in dictum porta, urna nisl tincidunt metus, at iaculis nunc sem vitae diam. Etiam quam orci, volutpat a justo non, pretium condimentum felis. Duis id elementum arcu. Mauris pharetra dui molestie tortor imperdiet. ',1,'2021-01-09 00:00:00',0,1,1),(2,1,0,'TESTE',NULL,'teste','TESTE',1,'2023-04-19 00:00:00',0,1,1);

--
-- Table structure for table `pesquisas_opcoes`
--

CREATE TABLE `pesquisas_opcoes` (
  `id` int(11) NOT NULL AUTO_INCREMENT,
  `ordem` int(11) NOT NULL DEFAULT 0,
  `pesquisa` int(11) NOT NULL DEFAULT 0,
  `titulo` text NOT NULL,
  `tipo` varchar(50) NOT NULL,
  `json` text DEFAULT NULL,
  PRIMARY KEY (`id`),
  KEY `enquete` (`pesquisa`)
) ENGINE=MyISAM AUTO_INCREMENT=2 DEFAULT CHARSET=latin1 COLLATE=latin1_swedish_ci ROW_FORMAT=DYNAMIC;

--
-- Dumping data for table `pesquisas_opcoes`
--

INSERT INTO `pesquisas_opcoes` (`id`, `ordem`, `pesquisa`, `titulo`, `tipo`, `json`) VALUES (1,1,1,'As aulas devem ser reiniciadas imediatamente.','opcoes','{\"0\":\"Voltar imediato\",\"1\":\"Ap\\u00f3s vacina\\u00e7\\u00e3o\"}');

--
-- Table structure for table `pesquisas_respostas`
--

CREATE TABLE `pesquisas_respostas` (
  `id` int(11) NOT NULL AUTO_INCREMENT,
  `pesquisa` int(11) NOT NULL DEFAULT 0,
  `formulario` varchar(25) NOT NULL,
  `json` text DEFAULT NULL,
  `ip` varchar(50) NOT NULL,
  `data` timestamp NOT NULL DEFAULT current_timestamp() ON UPDATE current_timestamp(),
  PRIMARY KEY (`id`),
  KEY `enquete` (`pesquisa`),
  KEY `ip` (`ip`),
  KEY `data` (`data`),
  KEY `formulario` (`formulario`)
) ENGINE=MyISAM AUTO_INCREMENT=2 DEFAULT CHARSET=latin1 COLLATE=latin1_swedish_ci ROW_FORMAT=DYNAMIC;

--
-- Dumping data for table `pesquisas_respostas`
--

INSERT INTO `pesquisas_respostas` (`id`, `pesquisa`, `formulario`, `json`, `ip`, `data`) VALUES (1,1,'ayUujML7FojwB8dqW9BemRAMc','{\"1\":\"Voltar imediato\"}','177.235.117.135','2021-01-09 07:13:41');

--
-- Table structure for table `pesquisas_secoes`
--

CREATE TABLE `pesquisas_secoes` (
  `id` int(11) NOT NULL AUTO_INCREMENT,
  `nome` varchar(250) NOT NULL,
  `entidade` int(11) NOT NULL DEFAULT 0,
  PRIMARY KEY (`id`),
  KEY `entidade` (`entidade`)
) ENGINE=MyISAM AUTO_INCREMENT=9 DEFAULT CHARSET=latin1 COLLATE=latin1_swedish_ci ROW_FORMAT=DYNAMIC;

--
-- Dumping data for table `pesquisas_secoes`
--

INSERT INTO `pesquisas_secoes` (`id`, `nome`, `entidade`) VALUES (1,'Pesquisas',1);

--
-- Table structure for table `popup`
--

CREATE TABLE `popup` (
  `id` int(11) NOT NULL AUTO_INCREMENT,
  `usuario` int(11) NOT NULL DEFAULT 0,
  `titulo` text NOT NULL,
  `link` text DEFAULT NULL,
  `tag` text NOT NULL,
  `texto` text DEFAULT NULL,
  `codigo` varchar(25) NOT NULL,
  `secao` int(11) NOT NULL,
  `data` datetime DEFAULT current_timestamp(),
  `entidade` int(11) NOT NULL,
  `imagem` int(11) DEFAULT 0,
  `status` int(11) DEFAULT 1,
  `contador` int(11) DEFAULT 0,
  `app_id` int(11) DEFAULT 0,
  `app_alvo` int(11) DEFAULT 0,
  PRIMARY KEY (`id`),
  KEY `app_alvo` (`app_alvo`),
  KEY `app_id` (`app_id`),
  KEY `contador` (`contador`),
  KEY `entidade` (`entidade`)
) ENGINE=MyISAM AUTO_INCREMENT=2 DEFAULT CHARSET=latin1 COLLATE=latin1_swedish_ci ROW_FORMAT=DYNAMIC;

--
-- Dumping data for table `popup`
--

INSERT INTO `popup` (`id`, `usuario`, `titulo`, `link`, `tag`, `texto`, `codigo`, `secao`, `data`, `entidade`, `imagem`, `status`, `contador`, `app_id`, `app_alvo`) VALUES (1,1,'Publicidade',NULL,'publicidade',NULL,'rHIXqbST0yJI9r0TEjU0TeDaw',1,'2023-07-04 00:00:00',1,0,1,95,0,0);

--
-- Table structure for table `popup_arquivos`
--

CREATE TABLE `popup_arquivos` (
  `id` int(11) NOT NULL AUTO_INCREMENT,
  `codigo` varchar(25) NOT NULL,
  `path` text NOT NULL,
  `arquivo` text NOT NULL,
  `legenda` text DEFAULT NULL,
  `tipo` varchar(50) DEFAULT NULL,
  PRIMARY KEY (`id`),
  KEY `codigo` (`codigo`)
) ENGINE=MyISAM AUTO_INCREMENT=4 DEFAULT CHARSET=latin1 COLLATE=latin1_swedish_ci ROW_FORMAT=DYNAMIC;

--
-- Dumping data for table `popup_arquivos`
--

INSERT INTO `popup_arquivos` (`id`, `codigo`, `path`, `arquivo`, `legenda`, `tipo`) VALUES (3,'rHIXqbST0yJI9r0TEjU0TeDaw','zHD/popup/1/rHIXqbST0yJI9r0TEjU0TeDaw/','POPUP-GERAL2 (0845609001691573846).jpg',NULL,'imagem');

--
-- Table structure for table `popup_secoes`
--

CREATE TABLE `popup_secoes` (
  `id` int(11) NOT NULL AUTO_INCREMENT,
  `nome` varchar(250) NOT NULL,
  `entidade` int(11) NOT NULL DEFAULT 0,
  PRIMARY KEY (`id`),
  KEY `entidade` (`entidade`)
) ENGINE=MyISAM AUTO_INCREMENT=2 DEFAULT CHARSET=latin1 COLLATE=latin1_swedish_ci ROW_FORMAT=DYNAMIC;

--
-- Dumping data for table `popup_secoes`
--

INSERT INTO `popup_secoes` (`id`, `nome`, `entidade`) VALUES (1,'Home',1);

--
-- Table structure for table `popup_setup`
--

CREATE TABLE `popup_setup` (
  `id` int(11) NOT NULL AUTO_INCREMENT,
  `abertura` int(11) NOT NULL,
  `intervalo` int(11) NOT NULL DEFAULT 0,
  `cache` int(11) NOT NULL DEFAULT 0,
  `entidade` int(11) NOT NULL DEFAULT 0,
  PRIMARY KEY (`id`)
) ENGINE=MyISAM AUTO_INCREMENT=2 DEFAULT CHARSET=latin1 COLLATE=latin1_swedish_ci ROW_FORMAT=DYNAMIC;

--
-- Dumping data for table `popup_setup`
--

INSERT INTO `popup_setup` (`id`, `abertura`, `intervalo`, `cache`, `entidade`) VALUES (1,0,600,0,1);

--
-- Table structure for table `videos`
--

CREATE TABLE `videos` (
  `id` int(11) NOT NULL AUTO_INCREMENT,
  `data` timestamp NOT NULL DEFAULT current_timestamp(),
  `secao` int(11) NOT NULL DEFAULT 0,
  `titulo` text NOT NULL,
  `descricao` text DEFAULT NULL,
  `codigo` varchar(100) NOT NULL,
  `entidade` int(11) NOT NULL DEFAULT 0,
  PRIMARY KEY (`id`),
  KEY `entidade` (`entidade`)
) ENGINE=MyISAM AUTO_INCREMENT=11 DEFAULT CHARSET=latin1 COLLATE=latin1_swedish_ci ROW_FORMAT=DYNAMIC;

--
-- Dumping data for table `videos`
--

INSERT INTO `videos` (`id`, `data`, `secao`, `titulo`, `descricao`, `codigo`, `entidade`) VALUES (1,'2021-01-30 03:00:00',1,'Meio Ambiente','','8_JH4oUBnQI',1),(2,'2021-01-30 03:00:00',1,'Primeiros socorros','','gr8ygmdUc50',1),(6,'2021-08-12 03:00:00',1,'Passarinhos e Natureza','','_2c8YZwzaMk',1),(5,'2021-08-12 03:00:00',1,'Música Relaxante e Fundo do Mar','','7Lm2skxgM6E',1),(7,'2021-08-12 03:00:00',1,'Natureza Relaxante','','2dBGOMkMUgg',1);

--
-- Table structure for table `videos_secoes`
--

CREATE TABLE `videos_secoes` (
  `id` int(11) NOT NULL AUTO_INCREMENT,
  `entidade` int(11) NOT NULL DEFAULT 0,
  `nome` varchar(250) NOT NULL,
  PRIMARY KEY (`id`),
  KEY `entidade` (`entidade`)
) ENGINE=MyISAM AUTO_INCREMENT=3 DEFAULT CHARSET=latin1 COLLATE=latin1_swedish_ci ROW_FORMAT=DYNAMIC;

--
-- Dumping data for table `videos_secoes`
--

INSERT INTO `videos_secoes` (`id`, `entidade`, `nome`) VALUES (1,1,'Vídeos'),(2,1,'Advogados');

--
-- Dumping events for database 'jpwnet_academias'
--

--
-- Dumping routines for database 'jpwnet_academias'
--


