[BLOB]\" data-filename=\"image.png\" style=\"width: 1224px;\"></h3><p style=\"color: rgb(0, 0, 0);\"><br></p><p style=\"color: rgb(0, 0, 0);\"><br></p><p style=\"color: rgb(0, 0, 0);\"><img src=\"data:image/png;base64,[BLOB]\" data-filename=\"image.png\" style=\"width: 1224px;\"><br></p><h3 class=\"no-margin-top\" style=\"color: rgb(0, 0, 0);\"><br></h3><h3 class=\"no-margin-top\" style=\"color: rgb(0, 0, 0);\"><br></h3><h3 class=\"no-margin-top\" style=\"color: rgb(0, 0, 0);\">Criando nova Notícia<br></h3><p>1 - Clique <b>Cadastrar Cadastrar</b>, ou em <b>Gerenciar > Novo Cadastro</b>.<br>2 - Preencha: <b>data, hora, título, subtítulo, digite uma categoria ou selecione uma existente e texto</b>.<br><span style=\"color: rgb(51, 51, 51); font-size: 14px;\">3 - Clique em Salvar. Você será redirecionado para inserir arquivos.</span><span style=\"color: rgb(51, 51, 51); font-size: 14px;\"><br></span></p><h3 class=\"no-margin-top\" style=\"color: rgb(0, 0, 0);\">Gerenciando conteúdo (Capa, Imagens, Vídeos, Links e Arquivos)</h3><p style=\"color: rgb(0, 0, 0);\"><b>Capa:</b><br>1 - Em Gerenciar, clique Editar na notícia desejada.<br>2 - Clique em Inserir Imagens.<br>3 - Clique em Carregar Imagem ou Trocar Imagem, para inserir uma nova imagem de capa.<br><b>Imagens:</b><br>1 - Em Gerenciar, clique Editar na notícia desejada.<br>2 - Clique em Inserir Imagens.<br>3 - Adicione imagens clicando no \"Clique aqui para carregar seu arquivo\".<br>4 - Passe o mouse sobre a imagem para editar legenda e/ou data ou excluir. Após excluir alguma imagem clique em \"Atualizar\".<br><b>Vídeos:</b><br>1 - Em Gerenciar, clique Editar na notícia desejada.<br>2 - Clique em Inserir Vídeos.<br>3 - Clique em Novo Vídeo, preencha os campo títulos e link (youtube), para adicionar um vídeo.<br>4 - Clique em Excluir, para excluir o vídeo desejado.<br><b>Links:</b><br>1 - Em Gerenciar, clique Editar na notícia desejada.<br>2 - Clique em Inserir Links.<br>3 - Clique em Novo Link, preencha os campos título e link, para adicionar um link.<br>4 - Clique em Excluir, para excluir o link desejado.<br><b>Arquivos:</b><br>1 - Em Gerenciar, clique Editar na notícia desejada.<br>2 - Clique em Inserir arquivos.<br>3 - Adicione arquivos clicando no \"Clique aqui para carregar seu arquivo\".<br>4 - Passe o mouse sobre o ícone para editar legenda e/ou data ou excluir. Após excluir alguma imagem clique em \"Atualizar\".</p><h3 class=\"no-margin-top\" style=\"color: rgb(0, 0, 0);\">Ativar/Desativar</h3><div>1 - Em Gerenciar, clique em Ativa para desativar e Inativa para ativar.</div><div><br></div><h3 class=\"no-margin-top\" style=\"color: rgb(0, 0, 0);\">Editando</h3><h3 class=\"no-margin-top\" style=\"color: rgb(0, 0, 0);\"><p style=\"font-size: 13px;\">1 - Em <b>Gerenciar, </b>Clique em <b>Editar </b>na linha da notícia desejada.</p></h3><h3 class=\"no-margin-top\" style=\"color: rgb(0, 0, 0);\">Excluindo</h3><h3 class=\"no-margin-top\" style=\"color: rgb(0, 0, 0);\"><p style=\"font-size: 13px;\">1 - Em <b>Gerenciar, </b>Clique em <b>Excluir </b>na linha da notícia desejada.<br>2 - Confirme a ação e aguarde confirmação.</p></h3>'),('14','<h3 class=\"no-margin-top\" style=\"color: rgb(0, 0, 0);\">Gerenciando Definições</h3><h3 class=\"no-margin-top\" style=\"color: rgb(0, 0, 0);\"><p style=\"font-size: 13px;\">1 - Clique em configurar > Editar Definições para configurar o comportamento do aplicativo.</p></h3><h3 class=\"no-margin-top\" style=\"color: rgb(0, 0, 0);\">Gerenciando Seções</h3><h3 class=\"no-margin-top\" style=\"color: rgb(0, 0, 0);\"></h3><h5 style=\"font-size: 13px;\">1 - Clique em configurar, crie, edite, ou exclua seções.</h5><h3 class=\"no-margin-top\" style=\"color: rgb(0, 0, 0);\">Criando novo Pop-up</h3><p></p><h5>1 - Clique <b style=\"color: inherit;\">Gerenciar > Novo Cadastro</b><span style=\"color: inherit;\">, ou em </span><b style=\"color: inherit;\">Cadastrar</b><span style=\"color: inherit;\"> no menu superior.</span><br></h5>2 - Preencha: <b>seção, título, link (opcional) e texto (opcional)</b>.<br><span style=\"color: rgb(51, 51, 51); font-size: 14px;\">3 - Clique em Salvar. Você será redirecionado para inserir arquivos.</span><span style=\"color: rgb(51, 51, 51); font-size: 14px;\"><br></span><p></p><h3 class=\"no-margin-top\" style=\"color: rgb(0, 0, 0);\">Gerenciando imagens.<br></h3><p>1 - Em Gerenciar, na linha do pop-up desejado clique em <b>editar.<br></b>2 - Clique em <b>Inserir Imagens.</b><br>3 - Para inserir arquivos, clique na caixa em destaque \"Clique aqui para carregar seu arquivo\" ou solte os arquivos acima dela.<br>4 - Passe o mouse sobre o ícone para editar legenda e/ou data ou excluir o arquivo. Após excluir algum arquivo clique em \"Atualizar\".</p><h3 class=\"no-margin-top\" style=\"color: rgb(0, 0, 0);\">Integrado à Notícias / Enquetes<br></h3><p>1 - Em Gerenciar, na linha do pop-up desejado clique em <b>Integração</b> (ou Enquetes/Notícias)<b>.<br></b>2 - Selecione o Aplicativo desejado.<br>3 - Selecione a Notícia/Pop-up desejado.<br>4 - Clique em Salvar.</p><h3 class=\"no-margin-top\" style=\"color: rgb(0, 0, 0);\">Excluindo</h3><h3 class=\"no-margin-top\" style=\"color: rgb(0, 0, 0);\"><p style=\"font-size: 13px;\">1 - Em <b>Gerenciar, </b>Clique em <b>Excluir </b>na linha no pop-up desejado.<br>2 - Confirme a ação e aguarde confirmação.</p></h3>'),('25','<h4 style=\"color: rgb(0, 0, 0);\">Respondendo ao Recado:<br></h4><div>1 - Em Gerenciar, na linha desejada clique em Responder.<br>2 - Preencha o campo \"Resposta\" e clique em salvar.</div><div><br></div><div><h4 style=\"color: rgb(0, 0, 0);\">Editando uma resposta:<br></h4><div>1 - Em Gerenciar, na linha desejada clique em editar.<br>2 - Edite o campo \"Resposta\" e clique em salvar.</div><div><br></div></div><div><h4 style=\"color: rgb(0, 0, 0);\">Excluindo um Recado:<br></h4></div><div>1 - Em Gerenciar, clique em Excluir na linha desejada.</div><div>2 - Confirme a ação e aguarde confirmação.</div><div><br></div><div><h4 style=\"color: rgb(0, 0, 0);\">Gerenciando Seções:<br></h4><div>1 - Em Configurações, crie, edite ou exclua seções do mural.</div><div><br></div><div><h4 style=\"color: rgb(0, 0, 0);\">Notificar resposta ao Usuário:<br></h4><div>1 - Quando cadastrado corretamente o email do usuário, é possível enviar um email notificando alterações no contato clicando no ícone: <i class=\"fa fa-envelope\"></i>,</div><div>que fica Azul quando disponível e vermelho, quando necessário.</div></div></div>'),('entidades','<div>1. Acessar Entidades.</div><div>2. Em Gerenciar, será exibida a lista de entidades;</div><div>3. Para criar uma nova entidade, vá em <b>Gerenciar > Nova Entidade</b>, preencha os campos corretamente e clique em salvar.</div><div>4. Para <b>Excluir</b>: Clique em Excluir na linha da entidade desejada e confirme a ação. (Esta ação não pode ser desfeita)</div><div><br></div><div>Permitindo e Removendo Permissão em Aplicativos à uma entidade:</div><div>1. Em Gerenciar, clique em <b>Gerenciar</b>, na entidade desejada.</div><div>2. Clique em <b>Aplicativos</b>, Aparecerá a lista de aplicativos instaladas, Clique no Aplicativo desejado para permitir ou remover permissão;</div><div>Obs.: A Entidade recebe permissão de acesso ao aplicativo, todavia falta permitir os usuários que terão acesso a tal aplicativo.</div>');

--
-- Table structure for table `app_aplicativos_grupos`
--

CREATE TABLE `app_aplicativos_grupos` (
  `ID` int(11) NOT NULL AUTO_INCREMENT,
  `nome` varchar(100) NOT NULL,
  `ordem` int(11) NOT NULL DEFAULT 0,
  PRIMARY KEY (`ID`),
  KEY `ordem` (`ordem`)
) ENGINE=MyISAM AUTO_INCREMENT=4 DEFAULT CHARSET=latin1 COLLATE=latin1_swedish_ci ROW_FORMAT=DYNAMIC;

--
-- Dumping data for table `app_aplicativos_grupos`
--

INSERT INTO `app_aplicativos_grupos` (`ID`, `nome`, `ordem`) VALUES (1,'Multimídias',1),(2,'Sistemas',0);

--
-- Table structure for table `app_aplicativos_menus`
--

CREATE TABLE `app_aplicativos_menus` (
  `id` int(11) NOT NULL AUTO_INCREMENT,
  `aplicativo` int(11) NOT NULL DEFAULT 0,
  `nome` varchar(100) DEFAULT '0',
  `tag` varchar(100) DEFAULT '0',
  `pagina` varchar(100) DEFAULT '0',
  `icone` varchar(100) DEFAULT '0',
  `ordem` int(11) DEFAULT 0,
  `acesso` int(11) DEFAULT 0,
  `setup` int(11) DEFAULT 0,
  PRIMARY KEY (`id`),
  KEY `aplicativo` (`aplicativo`),
  KEY `ordem` (`ordem`)
) ENGINE=MyISAM AUTO_INCREMENT=127 DEFAULT CHARSET=latin1 COLLATE=latin1_swedish_ci ROW_FORMAT=DYNAMIC;

--
-- Dumping data for table `app_aplicativos_menus`
--

INSERT INTO `app_aplicativos_menus` (`id`, `aplicativo`, `nome`, `tag`, `pagina`, `icone`, `ordem`, `acesso`, `setup`) VALUES (41,1,'Configurar','setup','setup','fa fa-cogs',2,1,0),(40,1,'Cadastrar','novo','novo','fa fa-plus',1,0,0),(111,2,'Configurar','setup','setup','fa fa-cogs',2,1,0),(112,2,'Cadastrar','novo','novo','fa fa-plus',1,0,0),(9,3,'Cadastrar','nova','nova','fa fa-plus',0,0,0),(115,3,'Configurar','setup','setup','fa fa-cogs',2,1,0),(113,4,'Configurar','setup','setup','fa fa-cogs',2,1,0),(114,4,'Cadastrar','novo','novo','fa fa-plus',1,0,0),(116,5,'Configurar','setup','setup','fa fa-cogs',2,1,0),(117,5,'Cadastrar','novo','novo','fa fa-plus',1,0,0),(118,6,'Configurar','setup','setup','fa fa-cogs',2,1,0),(119,6,'Cadastrar','novo','novo','fa fa-plus',1,0,0),(19,10,'Configurar','setup','setup','fa fa-cogs',2,1,0),(20,10,'Cadastrar','novo','novo','fa fa-plus',1,0,0),(22,11,'Configurar','setup','setup','fa fa-cogs',2,1,0),(23,11,'Cadastrar','novo','novo','fa fa-plus',1,0,0),(25,12,'Configurar','setup','setup','fa fa-cogs',2,1,0),(26,12,'Cadastrar','nova','nova','fa fa-plus',1,0,0),(29,13,'Configurar','setup','setup','fa fa-cogs',2,1,0),(31,14,'Cadastrar','novo','novo','fa fa-plus',1,0,0),(32,14,'Configurar','setup','setup','fa fa-cogs',2,1,2),(83,14,'Seções','setup/secoes','','fa fa-cogs',2,1,1),(84,14,'Definições','setup/definicoes','','fa fa-cogs',1,1,1),(108,16,'Cadastrar','novo','novo','fa fa-plus',1,0,0),(109,16,'Configurar','setup','setup','fa fa-cogs',2,1,0),(35,17,'Configurar','setup','setup','fa fa-cogs',2,1,0),(44,17,'Cadastrar','novo','novo','fa fa-plus',1,0,0),(55,19,'Servidor Envio','setup2','','fa fa-envelope-o',2,1,1),(43,19,'Configurar','setup','setup','fa fa-cogs',2,1,2),(85,19,'Finalidades','setup/finalidades','','fa fa-cogs',1,1,1),(91,19,'Listar Finalizados','arquivo','arquivo','fa fa-search',0,0,0),(86,19,'Status','setup/status','','fa fa-cogs',3,1,1),(47,20,'Configurar','setup','setup','fa fa-cogs',2,1,0),(48,20,'Cadastrar','novo','novo','fa fa-plus',1,0,0),(70,25,'Servidor Envio','setup2','setup2','fa fa-envelope-o',2,1,0),(71,25,'Configurar','setup','setup','fa fa-cogs',1,1,0),(87,26,'Configurar','setup','setup','fa fa-cogs',2,1,0),(94,26,'Cadastrar','novo','novo','fa fa-plus',1,0,0),(92,30,'Configurar','setup','setup','fa fa-cogs',2,1,0),(93,30,'Cadastrar','novo','novo','fa fa-plus',1,0,0),(120,33,'Cadastrar','nova','nova','fa fa-plus',1,0,0),(121,33,'Configurar','setup','setup','fa fa-cogs',2,1,0),(123,34,'Cadastrar','nova','nova','fa fa-plus',0,0,0),(124,35,'Cadastrar','novo','novo','fa fa-plus',1,0,0),(125,35,'Configurar','setup','setup','fa fa-cogs',2,1,0),(126,35,'Sites Externos','setup-externo','setup-externo','fa fa-cogs',2,2,0);

--
-- Table structure for table `app_convites`
--

CREATE TABLE `app_convites` (
  `id` int(11) NOT NULL AUTO_INCREMENT,
  `tipo` int(11) DEFAULT NULL,
  `nome` varchar(100) NOT NULL,
  `email` varchar(100) NOT NULL,
  `codigo` varchar(60) NOT NULL,
  PRIMARY KEY (`id`)
) ENGINE=MyISAM AUTO_INCREMENT=29 DEFAULT CHARSET=latin1 COLLATE=latin1_swedish_ci;

--
-- Dumping data for table `app_convites`
--


--
-- Table structure for table `app_entidades`
--

CREATE TABLE `app_entidades` (
  `id` int(11) NOT NULL AUTO_INCREMENT,
  `nome` text NOT NULL,
  `governo` text DEFAULT NULL,
  `brasao` varchar(255) DEFAULT NULL,
  `municipio` text DEFAULT NULL,
  `cnpj` varchar(50) DEFAULT NULL,
  `razao` varchar(200) DEFAULT NULL,
  `endereco` varchar(200) DEFAULT NULL,
  `cidade` varchar(200) DEFAULT NULL,
  `uf` varchar(50) DEFAULT NULL,
  `site` varchar(400) DEFAULT NULL,
  `matriz` int(11) DEFAULT 0,
  `proprietaria` int(11) DEFAULT 0,
  PRIMARY KEY (`id`)
) ENGINE=MyISAM AUTO_INCREMENT=2 DEFAULT CHARSET=latin1 COLLATE=latin1_swedish_ci;

--
-- Dumping data for table `app_entidades`
--

INSERT INTO `app_entidades` (`id`, `nome`, `governo`, `brasao`, `municipio`, `cnpj`, `razao`, `endereco`, `cidade`, `uf`, `site`, `matriz`, `proprietaria`) VALUES (1,'Beleza','Beleza','20191027023813brasao-small-entidade.png','Beleza',NULL,NULL,'Brasília','Brasília',NULL,'https://jpw.net.br/beleza/web1',1,0);

--
-- Table structure for table `app_entidades_aplicativos`
--

CREATE TABLE `app_entidades_aplicativos` (
  `ID` int(11) NOT NULL AUTO_INCREMENT,
  `entidade` int(11) NOT NULL DEFAULT 0,
  `aplicativo` int(11) NOT NULL DEFAULT 0,
  PRIMARY KEY (`ID`),
  KEY `entidade` (`entidade`),
  KEY `aplicativo` (`aplicativo`)
) ENGINE=MyISAM AUTO_INCREMENT=207 DEFAULT CHARSET=latin1 COLLATE=latin1_swedish_ci ROW_FORMAT=DYNAMIC;

--
-- Dumping data for table `app_entidades_aplicativos`
--

INSERT INTO `app_entidades_aplicativos` (`ID`, `entidade`, `aplicativo`) VALUES (25,1,1),(24,1,2),(28,1,3),(33,1,5),(34,1,6),(39,1,10),(40,1,11),(43,1,14),(59,1,16),(60,1,17),(63,1,20),(64,1,21),(74,1,26),(157,1,30),(161,1,31),(200,1,34);

--
-- Table structure for table `app_permissoes`
--

CREATE TABLE `app_permissoes` (
  `ID` int(11) NOT NULL AUTO_INCREMENT,
  `usuario` int(11) NOT NULL DEFAULT 0,
  `aplicativo` int(11) NOT NULL DEFAULT 0,
  `entidade` int(11) NOT NULL DEFAULT 0,
  `acesso` varchar(500) DEFAULT NULL,
  PRIMARY KEY (`ID`),
  KEY `usuario` (`usuario`),
  KEY `aplicativo` (`aplicativo`),
  KEY `entidade` (`entidade`)
) ENGINE=MyISAM AUTO_INCREMENT=514 DEFAULT CHARSET=latin1 COLLATE=latin1_swedish_ci;

--
-- Dumping data for table `app_permissoes`
--

INSERT INTO `app_permissoes` (`ID`, `usuario`, `aplicativo`, `entidade`, `acesso`) VALUES (1,1,6,1,NULL),(2,3,3,1,NULL),(3,1,12,1,NULL),(4,3,2,1,NULL),(5,3,4,1,NULL),(6,3,1,1,NULL),(7,1,16,1,NULL),(8,1,3,1,NULL),(9,3,5,1,NULL),(10,1,17,1,NULL),(11,3,6,1,NULL),(12,1,1,1,NULL),(13,3,10,1,NULL),(14,3,12,1,NULL),(15,3,13,1,NULL),(16,3,14,1,NULL),(17,3,11,1,NULL),(18,13,6,1,NULL),(19,13,5,1,NULL),(20,13,4,1,NULL),(21,13,3,1,NULL),(22,13,2,1,NULL),(23,13,1,1,NULL),(24,13,10,1,NULL),(25,13,11,1,NULL),(26,13,12,1,NULL),(27,13,13,1,NULL),(28,13,14,1,NULL),(29,3,16,1,NULL),(30,3,17,1,NULL),(31,3,20,1,NULL),(32,3,19,1,NULL),(33,1,14,1,NULL),(34,1,19,1,NULL),(35,1,2,1,NULL),(36,1,20,1,NULL),(37,1,5,1,NULL),(38,3,26,1,NULL),(39,1,26,1,NULL),(40,3,21,1,NULL),(41,1,21,1,NULL),(42,1,4,1,NULL),(43,1,10,1,NULL),(44,1,11,1,NULL),(45,1,13,1,NULL),(46,13,16,1,NULL),(47,13,17,1,NULL),(48,13,20,1,NULL),(49,13,19,1,NULL),(50,13,21,1,NULL),(51,3,25,1,NULL),(52,1,25,1,NULL),(53,14,16,1,NULL),(54,14,1,1,NULL),(55,14,17,1,NULL),(56,14,6,1,NULL),(57,14,12,1,NULL),(58,14,26,1,NULL),(59,14,25,1,NULL),(60,14,10,1,NULL),(61,14,20,1,NULL),(62,14,4,1,NULL),(63,14,11,1,NULL),(64,14,13,1,NULL),(65,14,21,1,NULL),(66,14,3,1,NULL),(67,14,5,1,NULL),(68,14,14,1,NULL),(69,14,2,1,NULL),(70,14,19,1,NULL),(71,13,25,1,NULL),(72,1,30,1,NULL),(73,15,1,1,NULL),(74,15,16,1,NULL),(75,15,17,1,NULL),(76,15,6,1,NULL),(77,15,10,1,NULL),(78,15,25,1,NULL),(79,15,12,1,NULL),(80,15,30,1,NULL),(81,15,19,1,NULL),(82,15,14,1,NULL),(83,15,3,1,NULL),(84,15,21,1,NULL),(85,15,5,1,NULL),(86,15,4,1,NULL),(87,15,11,1,NULL),(88,15,13,1,NULL),(89,15,2,1,NULL),(90,15,20,1,NULL),(91,15,26,1,NULL),(92,13,26,1,NULL),(93,13,30,1,NULL),(94,13,31,1,NULL),(95,1,33,1,NULL),(96,1,31,1,NULL),(97,1,34,1,NULL),(98,1,36,1,NULL),(99,17,1,1,NULL),(100,17,16,1,NULL),(101,17,17,1,NULL),(102,17,6,1,NULL),(103,17,34,1,NULL),(104,17,10,1,NULL),(105,17,36,1,NULL),(106,17,19,1,NULL),(107,17,14,1,NULL),(108,17,4,1,NULL),(109,17,26,1,NULL),(110,17,12,1,NULL),(111,17,11,1,NULL),(112,17,30,1,NULL),(113,17,5,1,NULL),(114,17,13,1,NULL),(115,17,20,1,NULL),(116,17,2,1,NULL),(117,17,3,1,NULL),(118,18,1,1,NULL),(119,18,16,1,NULL),(120,18,17,1,NULL),(121,18,6,1,NULL),(122,18,34,1,NULL),(123,18,10,1,NULL),(124,18,26,1,NULL),(125,18,20,1,NULL),(126,18,12,1,NULL),(127,18,2,1,NULL),(128,18,36,1,NULL),(129,18,4,1,NULL),(130,18,19,1,NULL),(131,18,14,1,NULL),(132,18,11,1,NULL),(133,18,30,1,NULL),(134,18,5,1,NULL),(135,18,3,1,NULL),(136,18,13,1,NULL);

--
-- Table structure for table `app_usuarios_sessoes`
--

CREATE TABLE `app_usuarios_sessoes` (
  `ID` int(11) NOT NULL AUTO_INCREMENT,
  `usuario` int(11) DEFAULT NULL,
  `ip` varchar(15) NOT NULL,
  `data` timestamp NOT NULL DEFAULT current_timestamp(),
  `status` int(1) NOT NULL,
  `situacao` int(1) NOT NULL,
  `sessao` varchar(60) DEFAULT NULL,
  `chave` varchar(20) DEFAULT NULL,
  `browser` text DEFAULT NULL,
  `timeout` datetime DEFAULT NULL,
  `entidade` int(1) NOT NULL DEFAULT 0,
  PRIMARY KEY (`ID`),
  KEY `usuario` (`usuario`),
  KEY `ip` (`ip`),
  KEY `data` (`data`),
  KEY `status` (`status`),
  KEY `chave` (`chave`),
  KEY `sessao` (`sessao`),
  KEY `timeout` (`timeout`)
) ENGINE=MyISAM AUTO_INCREMENT=239 DEFAULT CHARSET=latin1 COLLATE=latin1_swedish_ci ROW_FORMAT=DYNAMIC COMMENT='status 0 = Usuário Inválido\r\nstatus 1 = Sessão Iniciada\r\nstatus 2 =  Senha Inválida\r\nstatus 3 = Usuário Bloqueado\r\nsituacao 0/1';

--
-- Dumping data for table `app_usuarios_sessoes`
--

INSERT INTO `app_usuarios_sessoes` (`ID`, `usuario`, `ip`, `data`, `status`, `situacao`, `sessao`, `chave`, `browser`, `timeout`, `entidade`) VALUES (1,1,'177.235.118.144','2021-01-29 11:38:36',1,1,'q5S2lQTUGlIi0FR8WRGwPGMG8Iosc2YSZijn8jlA3JMlnRGwh1wMcgz8gKzU','bojrfJZCzlqEN4QJ4AgF','Mozilla/5.0 (Windows NT 10.0; Win64; x64) AppleWebKit/537.36 (KHTML, like Gecko) Chrome/87.0.4280.141 Safari/537.36','2021-08-19 15:24:53',0),(2,1,'177.235.118.144','2021-01-29 12:23:49',1,1,'B91Oa4kGZeisSrUX0pjmvcJVaul75mYLHnY6wI5CUjva4kxoxMBJ9vzSEn7P','nqY0HN4XpydEsTILwa39','Mozilla/5.0 (Windows NT 10.0; Win64; x64) AppleWebKit/537.36 (KHTML, like Gecko) Chrome/87.0.4280.141 Safari/537.36','2021-08-19 15:24:53',0),(3,1,'177.235.118.144','2021-01-29 19:34:36',1,1,'ZrxSLuBhGqDSWXCgIptfrfXOb9BMFxyWnY5HsjYylDfWjNsIz4YwY28Ml5dI','Gi6Bcl3G1mhdj5FJEVZM','Mozilla/5.0 (Windows NT 10.0; Win64; x64) AppleWebKit/537.36 (KHTML, like Gecko) Chrome/87.0.4280.141 Safari/537.36','2021-08-19 15:24:53',0),(4,1,'177.235.118.144','2021-01-29 21:25:55',1,1,'Guh4jATDQBI9xMNDVwVsuH5dII8LNt0yRA8MsDmNTUZaeCCfKk765tcPZ80G','ltWIj5YrCPPUWGWN80cm','Mozilla/5.0 (Windows NT 10.0; Win64; x64) AppleWebKit/537.36 (KHTML, like Gecko) Chrome/87.0.4280.141 Safari/537.36','2021-08-19 15:24:53',0),(5,1,'177.235.118.144','2021-01-30 17:11:34',1,1,'6DXFa7Bm217icovvO50TRjr4B7grMEZLWU20veusnKkSPZLenkH079xpUgJN','ukwGZS4th9UA8XXItXQL','Mozilla/5.0 (Windows NT 10.0; Win64; x64) AppleWebKit/537.36 (KHTML, like Gecko) Chrome/87.0.4280.141 Safari/537.36','2021-08-19 15:24:53',0),(6,1,'177.106.69.233','2021-02-03 08:54:50',2,0,NULL,NULL,'Mozilla/5.0 (Windows NT 10.0; Win64; x64) AppleWebKit/537.36 (KHTML, like Gecko) Chrome/88.0.4324.104 Safari/537.36',NULL,0),(7,1,'177.106.69.233','2021-02-03 08:54:57',2,0,NULL,NULL,'Mozilla/5.0 (Windows NT 10.0; Win64; x64) AppleWebKit/537.36 (KHTML, like Gecko) Chrome/88.0.4324.104 Safari/537.36',NULL,0),(8,1,'177.106.69.233','2021-02-03 08:54:59',1,1,'ZJClXOmyNVD06h57BOttZPuS8K6FEeuGoSMIJAXysDXtAuGnrxKp3pW8XCi7','jk91BUgVV9pq7HBfPkoC','Mozilla/5.0 (Windows NT 10.0; Win64; x64) AppleWebKit/537.36 (KHTML, like Gecko) Chrome/88.0.4324.104 Safari/537.36','2021-08-19 15:24:53',0),(9,1,'177.235.118.144','2021-02-04 01:34:16',1,1,'TgQ8Jf9TxgBN0OPrlt9aT5zLXAOSBOexlJQMabkzX71Zvl3PDoHTWxdXDbCY','eJyXoBPPWJrL0nS0RPxf','Mozilla/5.0 (Windows NT 10.0; Win64; x64) AppleWebKit/537.36 (KHTML, like Gecko) Chrome/88.0.4324.146 Safari/537.36','2021-08-19 15:24:53',0),(10,1,'177.235.118.144','2021-02-22 16:49:55',1,1,'3i5IXV82YZakZUJMpysAAVuS6ndQiNN8Yc18F7vfgSq97Q48nRvxOHL4xWfn','46p1ZAYPyf2l0kbmqqb6','Mozilla/5.0 (Windows NT 10.0; Win64; x64) AppleWebKit/537.36 (KHTML, like Gecko) Chrome/88.0.4324.182 Safari/537.36','2021-08-19 15:24:53',0),(11,1,'177.235.118.144','2021-03-13 03:43:44',2,0,NULL,NULL,'Mozilla/5.0 (Windows NT 10.0; Win64; x64) AppleWebKit/537.36 (KHTML, like Gecko) Chrome/89.0.4389.82 Safari/537.36',NULL,0),(12,1,'177.235.118.144','2021-03-13 03:43:52',1,1,'7xF7MsnnEPjF1T9QVzKa3rsP3ddiCfGjrK3KuI1Ql4mfvaxNNREh7PtWqeKc','mScccFkobKGN7ekIil46','Mozilla/5.0 (Windows NT 10.0; Win64; x64) AppleWebKit/537.36 (KHTML, like Gecko) Chrome/89.0.4389.82 Safari/537.36','2021-08-19 15:24:53',0),(13,1,'177.191.34.233','2021-07-30 04:07:34',1,1,'Mb4HHRZQuBYNX6ax6qWocwXsLKIW65mozcdBHNr7es6GCSrkTWVYhgyf7kH5','KqoUtFLl7ZZM7mNvvodV','Mozilla/5.0 (Windows NT 10.0; Win64; x64) AppleWebKit/537.36 (KHTML, like Gecko) Chrome/92.0.4515.107 Safari/537.36','2021-08-19 15:24:53',0),(14,1,'177.191.62.103','2021-08-10 18:06:46',1,1,'OhIEuDajJfQeorTQjmuQ4lS4UPkABB2znfNQlTcAJDidjb08ryRvITlxKWxO','stDDIQLzRqskRKUa7KtS','Mozilla/5.0 (Windows NT 10.0; Win64; x64) AppleWebKit/537.36 (KHTML, like Gecko) Chrome/92.0.4515.131 Safari/537.36','2021-08-19 15:24:53',0),(15,1,'177.235.118.144','2021-08-12 13:48:28',1,1,'LwuorPuf8ntkiUJ4JeptjQrSfCFqZE2sIiTEkfW1q3LRjLOpcX53SvyJl47Z','2mtNqqTb2dRAtMcNsdqr','Mozilla/5.0 (Windows NT 10.0; Win64; x64) AppleWebKit/537.36 (KHTML, like Gecko) Chrome/92.0.4515.131 Safari/537.36','2021-08-19 15:24:53',0),(16,1,'177.235.118.144','2021-08-12 19:29:02',1,1,'sGkXJB9jU8PRkdzFIGIJEFFrWfwxoz9CRwNrSV9y6E5nZF4Gr7lMDEF1lynT','e7ux3LQ0QKq9NsqNv0In','Mozilla/5.0 (Windows NT 10.0; Win64; x64) AppleWebKit/537.36 (KHTML, like Gecko) Chrome/92.0.4515.131 Safari/537.36','2021-08-19 15:24:53',0),(17,1,'177.235.118.144','2021-08-18 20:16:55',1,1,'dOG2HzzrwtgAQ7tbTqTaN2b77FnbERDjkVV35aghC4No94ZUmAbkhz6xWSTK','jV6fImxvZbIaHi5CXjIE','Mozilla/5.0 (Windows NT 10.0; Win64; x64) AppleWebKit/537.36 (KHTML, like Gecko) Chrome/92.0.4515.131 Safari/537.36','2021-08-19 15:24:53',0),(18,1,'177.235.118.144','2021-08-19 17:18:25',2,0,NULL,NULL,'Mozilla/5.0 (Windows NT 10.0; Win64; x64) AppleWebKit/537.36 (KHTML, like Gecko) Chrome/92.0.4515.131 Safari/537.36',NULL,0),(19,1,'177.235.118.144','2021-08-19 18:24:04',2,0,NULL,NULL,'Mozilla/5.0 (Windows NT 10.0; Win64; x64) AppleWebKit/537.36 (KHTML, like Gecko) Chrome/92.0.4515.131 Safari/537.36',NULL,0),(20,1,'177.235.118.144','2021-08-19 18:24:16',1,1,'B1NfgQFzgUQWs9hr0wfNFsSSWQ6GkUPmJT7OehtVpASHYyN6z0SNxg93vTNQ','UDn1K6F0AAiK1PBi8t2k','Mozilla/5.0 (Windows NT 10.0; Win64; x64) AppleWebKit/537.36 (KHTML, like Gecko) Chrome/92.0.4515.131 Safari/537.36','2021-08-19 15:24:53',0),(21,1,'177.235.118.144','2021-08-19 18:25:28',1,1,'e7P221s6x26sntpCEExuXZU8JeDslvSU2XGJ7lqsjMbU5K7JlrQYbLudhOM9','r4rlDdxreFtmUGUejObq','Mozilla/5.0 (Windows NT 10.0; Win64; x64) AppleWebKit/537.36 (KHTML, like Gecko) Chrome/92.0.4515.131 Safari/537.36','2021-08-19 15:28:17',0),(22,1,'177.235.118.144','2021-08-19 18:26:58',1,1,'cx37TYghrroOHY8BfKybG6PrT109cegzkDWT0IXoRB6jjQOnsXUnYtgxZAYS','lYvvxIGb3y4PkRfklGhs','Mozilla/5.0 (Windows NT 10.0; Win64; x64) AppleWebKit/537.36 (KHTML, like Gecko) Chrome/92.0.4515.131 Safari/537.36','2021-08-19 15:28:17',0),(23,1,'177.235.118.144','2021-08-19 18:28:34',1,2,'Kfvpg5EVNm2VReoTeLM5wl8RyU9PVrKVvWIbAOQbPQ75Bccgmu0f1wjQQXke','NQRicQLALqfhRNVSHNKb','Mozilla/5.0 (Windows NT 10.0; Win64; x64) AppleWebKit/537.36 (KHTML, like Gecko) Chrome/92.0.4515.131 Safari/537.36','2021-08-19 15:28:45',0),(24,1,'177.235.118.144','2021-08-19 18:28:54',2,0,NULL,NULL,'Mozilla/5.0 (Windows NT 10.0; Win64; x64) AppleWebKit/537.36 (KHTML, like Gecko) Chrome/92.0.4515.131 Safari/537.36',NULL,0),(25,1,'177.235.118.144','2021-08-19 18:29:05',1,2,'qRiiELaIcr8kRV6fzqOMcQxDZqKRQehcp1A3WMzI2LTol65RXHrICWNRHJb7','oIlH6aVfYbW6ZN3JfDS4','Mozilla/5.0 (Windows NT 10.0; Win64; x64) AppleWebKit/537.36 (KHTML, like Gecko) Chrome/92.0.4515.131 Safari/537.36','2021-08-19 15:29:16',0),(26,1,'177.235.118.144','2021-08-19 18:29:21',1,1,'ZcY06lQm0i5fEUyFSC8e5yp6UyZFOuhf61Dcx13tKlrLTHbBM9kUjqwwtGjy','xZn2N7cA5ZOd2PMysyHE','Mozilla/5.0 (Windows NT 10.0; Win64; x64) AppleWebKit/537.36 (KHTML, like Gecko) Chrome/92.0.4515.131 Safari/537.36',NULL,0),(27,1,'177.235.118.50','2021-11-20 19:32:08',1,1,'OtvVgFwFSq84wuUeYr2Knj8ea3kP85zaPRnj5AuTtWx3Rf3Wyo0FeYlFQycl','UEQ1Pnqe5Hi2UeerqOPr','Mozilla/5.0 (Windows NT 10.0; Win64; x64) AppleWebKit/537.36 (KHTML, like Gecko) Chrome/95.0.4638.69 Safari/537.36',NULL,0),(28,1,'177.235.118.50','2021-11-22 18:51:55',1,1,'XO8HLBGZv1gm0BliuMspUtrAOVsJt8w486KcqOKplGSxqOGM1mHVLue1Sb5d','BQrxJS7e9rXeRoQxLWqu','Mozilla/5.0 (Windows NT 10.0; Win64; x64) AppleWebKit/537.36 (KHTML, like Gecko) Chrome/96.0.4664.45 Safari/537.36',NULL,0),(29,1,'177.235.118.50','2021-11-23 19:38:53',1,1,'FxQlVXKceQX40H82UiWRoMCQxd0NDH1Ytz2sgY1Can7YiEOZsh96fGfDl6s7','SpBoXMMvru5WffV4bYKm','Mozilla/5.0 (Windows NT 10.0; Win64; x64) AppleWebKit/537.36 (KHTML, like Gecko) Chrome/96.0.4664.45 Safari/537.36',NULL,0),(30,1,'177.235.119.218','2022-04-01 18:40:01',1,1,'XbjUvAThLL2DgAlJBbaaFW5yyPOeiRcijnLPv4XC7jyOvRdhl0OMAxZK4h0E','wLHrxCEdg4N4WfrKxccQ','Mozilla/5.0 (Windows NT 10.0; Win64; x64) AppleWebKit/537.36 (KHTML, like Gecko) Chrome/99.0.4844.82 Safari/537.36',NULL,0),(31,1,'177.235.119.218','2022-04-03 06:47:52',1,1,'y9cXjgHL7MrpEvwJiv31Gbd9ZoaWwZjuI78V2PegVTDdnwOd9VkB3yFaCWU1','eebpcZVss4zIETsxAqS8','Mozilla/5.0 (Windows NT 10.0; Win64; x64) AppleWebKit/537.36 (KHTML, like Gecko) Chrome/99.0.4844.84 Safari/537.36',NULL,0),(32,1,'177.235.119.218','2022-04-06 11:01:45',1,1,'nJ1G7TNNprh2fQGVqGN1erDqq3U81JqeycS2ApdEGo9jVo1MCymexbmA6EQT','PpcQpzLqqd9yDdogsqrO','Mozilla/5.0 (Windows NT 10.0; Win64; x64) AppleWebKit/537.36 (KHTML, like Gecko) Chrome/99.0.4844.84 Safari/537.36',NULL,0),(33,1,'177.75.224.78','2022-04-06 14:25:24',2,0,NULL,NULL,'Mozilla/5.0 (Windows NT 10.0; WOW64) AppleWebKit/537.36 (KHTML, like Gecko) Chrome/99.0.4844.74 Safari/537.36',NULL,0),(34,1,'177.75.224.78','2022-04-06 14:29:01',1,1,'kdgP4s8bHUSumtvVREQCxeUWlrY2iO2j8kXeW8tcPaGxlV2YeQwz9CHQ9HGO','miekaX6eVOSRngbbguPh','Mozilla/5.0 (Windows NT 10.0; WOW64) AppleWebKit/537.36 (KHTML, like Gecko) Chrome/99.0.4844.74 Safari/537.36',NULL,0),(35,1,'177.235.119.218','2022-04-07 03:51:53',1,1,'QWuHwrf0qbGZokfr85LqCy0wboRiIDTpTAIgzPnJ2mtxokTEWfCy2n5LLDku','CUGSr1H7GFfBkqLJaPjc','Mozilla/5.0 (Windows NT 10.0; Win64; x64) AppleWebKit/537.36 (KHTML, like Gecko) Chrome/99.0.4844.84 Safari/537.36',NULL,0),(36,1,'177.235.119.218','2022-04-09 20:19:27',1,1,'rZXe5QkLRF5boma8kuTY8LENrlapZWkMmzTscEcctYshREayF9uTHJTzwwRh','dtg3FRHepZUyDPHoUPw1','Mozilla/5.0 (Windows NT 10.0; Win64; x64) AppleWebKit/537.36 (KHTML, like Gecko) Chrome/99.0.4844.84 Safari/537.36',NULL,0),(37,1,'177.235.119.218','2022-04-11 12:48:42',1,1,'hAyf5zHcALv1SnAIJ411C9hrnje8UfchKTXjYmze9cDi3g6NZ1tHnwTAbZPg','1RWceG1F1K7RUDPAaLZe','Mozilla/5.0 (Windows NT 10.0; Win64; x64) AppleWebKit/537.36 (KHTML, like Gecko) Chrome/99.0.4844.84 Safari/537.36',NULL,0),(38,1,'177.235.119.218','2022-04-11 13:41:43',1,1,'cTPxrA1u3eoqEJxFcEbSRVc47odRMxx8ZoefSZsqpjwwGU3DDUCjBi0LYw6E','0gNzW9jOK4got15dWPaP','Mozilla/5.0 (Windows NT 10.0; Win64; x64) AppleWebKit/537.36 (KHTML, like Gecko) Chrome/99.0.4844.84 Safari/537.36',NULL,0),(39,NULL,'177.235.119.218','2022-04-11 14:16:51',0,0,NULL,NULL,'Mozilla/5.0 (Windows NT 10.0; Win64; x64) AppleWebKit/537.36 (KHTML, like Gecko) Chrome/99.0.4844.84 Safari/537.36',NULL,0),(40,1,'177.235.119.218','2022-04-11 14:17:05',2,0,NULL,NULL,'Mozilla/5.0 (Windows NT 10.0; Win64; x64) AppleWebKit/537.36 (KHTML, like Gecko) Chrome/99.0.4844.84 Safari/537.36',NULL,0),(41,1,'177.235.119.218','2022-04-11 14:17:13',1,1,'Vl8i2qZj5GnZM6i64K0txOwVbbFCegcF9n0XHOj8QtLVprEpqUbK4btIPqaj','UNqEzjKeeYMV0BMLEzji','Mozilla/5.0 (Windows NT 10.0; Win64; x64) AppleWebKit/537.36 (KHTML, like Gecko) Chrome/99.0.4844.84 Safari/537.36',NULL,0),(42,1,'177.235.119.218','2022-04-12 09:39:54',1,1,'B8xFwEmFjAHOo5jmLktIpE2YkeqnWhIqAmzRnWMv6gmrom2Psdm50phg6a4g','XA66l9hXd8v2sxxHfZnr','Mozilla/5.0 (Windows NT 10.0; Win64; x64) AppleWebKit/537.36 (KHTML, like Gecko) Chrome/99.0.4844.84 Safari/537.36',NULL,0),(43,1,'177.235.119.218','2022-04-13 19:13:51',1,1,'uGcmLvDSndEbi5GA6oFnPtXYbwVWuQzpADTTq9GqHZ3Gi8dY337fi5CKPEcJ','vkH5VxKMXPc1Ke03wOGJ','Mozilla/5.0 (Windows NT 10.0; Win64; x64) AppleWebKit/537.36 (KHTML, like Gecko) Chrome/100.0.4896.75 Safari/537.36',NULL,0),(44,1,'177.235.119.218','2022-04-16 18:03:15',1,1,'kXtjywq2VtoxGmDACN2ALIY06llNemqcIEPRdoSv6aDEcfwFXpQpK85c5sjs','n9y365aso7QHcGsbnity','Mozilla/5.0 (Windows NT 10.0; Win64; x64) AppleWebKit/537.36 (KHTML, like Gecko) Chrome/100.0.4896.127 Safari/537.36',NULL,0),(45,1,'177.235.119.218','2022-04-18 00:25:27',1,1,'WCAwRiWAH3j2NVbCXdqT8sFXQftg6YAw30QJ8HAuP0YvejdxXIJyZ5AuVMt9','ILAW2PlejS39YYRjeCpO','Mozilla/5.0 (Windows NT 10.0; Win64; x64) AppleWebKit/537.36 (KHTML, like Gecko) Chrome/100.0.4896.127 Safari/537.36',NULL,0),(46,1,'177.235.119.218','2022-04-19 17:36:06',2,0,NULL,NULL,'Mozilla/5.0 (Windows NT 10.0; Win64; x64) AppleWebKit/537.36 (KHTML, like Gecko) Chrome/100.0.4896.127 Safari/537.36',NULL,0),(47,1,'177.235.119.218','2022-04-19 17:36:15',1,1,'sRxDSfsKtl0E7e4ieXbaSaNTQIXw7y38kiOFDvkdG1jaikuqZuR7KIXpGI31','ATf54SmlEWgGy8R0yKPy','Mozilla/5.0 (Windows NT 10.0; Win64; x64) AppleWebKit/537.36 (KHTML, like Gecko) Chrome/100.0.4896.127 Safari/537.36',NULL,0),(48,1,'177.235.119.218','2022-04-23 02:16:53',1,1,'KDmtvoVWJUPrkR8q7sZnMkvvTNRuzDc6QLxtdJmMsGXc27WGBpnmZsqowkbq','Ajlk5hVVOU4f7FHqhO5N','Mozilla/5.0 (Windows NT 10.0; Win64; x64) AppleWebKit/537.36 (KHTML, like Gecko) Chrome/100.0.4896.127 Safari/537.36',NULL,0),(49,1,'177.235.119.218','2022-04-26 06:51:48',1,1,'ZUuOBI5Zjl1D9CD0jtHwH0T1A1aVoGzUGHMWIZVYt433emMKjijVO6uGZMaO','LOxu9imdF7kMeMiggTxt','Mozilla/5.0 (Windows NT 10.0; Win64; x64) AppleWebKit/537.36 (KHTML, like Gecko) Chrome/100.0.4896.127 Safari/537.36',NULL,0),(50,1,'177.235.119.218','2022-04-26 07:02:12',1,1,'hIhuZNxR8bYdH713vuZ5uffpvLYOuORMGwrmaviosvBoN9cAegQYdIVg3lVB','OVumPPaHnEkISM4lQAyy','Mozilla/5.0 (Windows NT 10.0; Win64; x64) AppleWebKit/537.36 (KHTML, like Gecko) Chrome/100.0.4896.127 Safari/537.36',NULL,0),(51,1,'177.235.119.218','2022-04-28 05:45:28',1,1,'akQDSOGkOHbSKKhcjKuRuvfhHLncX5Nl9OERxYkbtcvyRUlTnQXMrQgsiqZG','5FN2lSB7Y0piClz81F0q','Mozilla/5.0 (Windows NT 10.0; Win64; x64) AppleWebKit/537.36 (KHTML, like Gecko) Chrome/100.0.4896.127 Safari/537.36',NULL,0),(52,1,'177.235.119.218','2022-04-29 23:49:15',1,1,'NBxhl3vccxhN6vtGR561qqaiAWVrm2NnQaYG59MF2OXLPXZC9nyMbOOSP0ZT','bTOa1sz8EpUGmG1SFohA','Mozilla/5.0 (Windows NT 10.0; Win64; x64) AppleWebKit/537.36 (KHTML, like Gecko) Chrome/100.0.4896.127 Safari/537.36',NULL,0),(53,1,'177.235.119.218','2022-05-17 15:12:22',1,1,'KadXhePbMCtMHcxHzwYIzxUAjL7HYDzHl93msbB20ye3WYMwSBiTpoVKmfZO','nZlyAnJWmjcybDdDuKXm','Mozilla/5.0 (Windows NT 10.0; Win64; x64) AppleWebKit/537.36 (KHTML, like Gecko) Chrome/101.0.4951.67 Safari/537.36',NULL,0),(54,1,'177.235.119.218','2022-05-21 17:10:05',2,0,NULL,NULL,'Mozilla/5.0 (Windows NT 10.0; Win64; x64) AppleWebKit/537.36 (KHTML, like Gecko) Chrome/101.0.4951.67 Safari/537.36',NULL,0),(55,1,'177.235.119.218','2022-05-21 17:10:23',2,0,NULL,NULL,'Mozilla/5.0 (Windows NT 10.0; Win64; x64) AppleWebKit/537.36 (KHTML, like Gecko) Chrome/101.0.4951.67 Safari/537.36',NULL,0),(56,1,'177.235.119.218','2022-05-21 17:10:47',2,0,NULL,NULL,'Mozilla/5.0 (Windows NT 10.0; Win64; x64) AppleWebKit/537.36 (KHTML, like Gecko) Chrome/101.0.4951.67 Safari/537.36',NULL,0),(57,1,'177.235.119.218','2022-05-21 17:11:21',1,1,'DkVjb45YeG1CkB3Dp7nVpOldv9GHYvCXy5HY2lKIVCJzrguwxPhIb8dE613X','WzTPLzTXEXaYe88i1OJO','Mozilla/5.0 (Windows NT 10.0; Win64; x64) AppleWebKit/537.36 (KHTML, like Gecko) Chrome/101.0.4951.67 Safari/537.36',NULL,0),(58,1,'177.235.119.218','2022-06-01 22:03:11',1,1,'v8MrFyKSefL3246O5gxnx0BIW4mSDoKZJADOkFtJqG4RaQcBXFHOXIlkNFUz','Vk6UxoLkiS8b75lWUigh','Mozilla/5.0 (Windows NT 10.0; Win64; x64) AppleWebKit/537.36 (KHTML, like Gecko) Chrome/101.0.4951.67 Safari/537.36',NULL,0),(59,1,'177.235.119.218','2022-06-02 19:00:51',1,1,'cKnIQFD7KZENJF9JDFUaVLLIDXTfCpTKpLun2GxqPCzoFz3LAGLjaXqcJHsd','CkYKRw24jSlHIunnzojt','Mozilla/5.0 (Windows NT 10.0; Win64; x64) AppleWebKit/537.36 (KHTML, like Gecko) Chrome/101.0.4951.67 Safari/537.36',NULL,0),(60,1,'177.235.119.218','2022-06-03 07:33:07',1,1,'vkA8RLGPNLFAFmGGuV0Wh3BRaFY9GC5lZ17aAC9WRyHkwxhXF0PIlfk4Io46','9pPFGzdI7nomTInGPMWe','Mozilla/5.0 (Windows NT 10.0; Win64; x64) AppleWebKit/537.36 (KHTML, like Gecko) Chrome/102.0.5005.63 Safari/537.36',NULL,0),(61,1,'177.235.119.218','2022-06-03 10:25:19',1,1,'XraU39MBVgGM8qlCQNKmMLBMuhRUFvgNgjcPT8G4CqLxqUTsfEywqr0LHy1W','ceufjuaHGX4jGVljW5ym','Mozilla/5.0 (Windows NT 10.0; Win64; x64) AppleWebKit/537.36 (KHTML, like Gecko) Chrome/102.0.5005.63 Safari/537.36',NULL,0),(62,1,'177.235.119.218','2022-06-05 03:00:03',1,1,'8kDQS2cTvk2xoMm7sKkrW1Fzs9KQDpMkDOC9Cpt6T1NW2y28mRaG5wRaw0mP','K3ti6SOdgC6rCXBueerh','Mozilla/5.0 (Windows NT 10.0; Win64; x64) AppleWebKit/537.36 (KHTML, like Gecko) Chrome/102.0.5005.63 Safari/537.36',NULL,0),(63,1,'177.235.119.218','2022-06-07 12:03:35',1,1,'owcxbclA0wFuISkKsjCrpYfQBEOkdiDaiGdqDMZfrr8dz3MfwCIlZPpukQdj','dNbLyELejZyHG4M3TKfh','Mozilla/5.0 (Windows NT 10.0; Win64; x64) AppleWebKit/537.36 (KHTML, like Gecko) Chrome/102.0.5005.63 Safari/537.36',NULL,0),(64,1,'177.235.119.218','2022-06-09 09:35:46',1,1,'pamgJnNXFNgQWYbKfjTX6A67eIbS12a96jFIDTYaNMbHJsY5aKBdjhtc8iHR','fhaBnSveuhcMGBvrlghv','Mozilla/5.0 (Windows NT 10.0; Win64; x64) AppleWebKit/537.36 (KHTML, like Gecko) Chrome/102.0.5005.63 Safari/537.36',NULL,0),(65,1,'177.235.119.218','2022-06-10 05:43:02',1,1,'4BUEfI0TuznNGHEEeMQtI23941mQo61JHaP2j4xyFZqAIY1V5GPUFH3OfChw','KD6Z4hEioruzREBjzVRH','Mozilla/5.0 (Windows NT 10.0; Win64; x64) AppleWebKit/537.36 (KHTML, like Gecko) Chrome/102.0.5005.63 Safari/537.36',NULL,0),(66,1,'177.235.119.218','2022-06-10 08:19:40',1,1,'B6Sk34LgsseQslfY6yEw12izrsn4sg5lTNzpkGIa0UzCOKCHyrO9WTMeSW1s','VnAfIjDcCuOMkB4Z3MK4','Mozilla/5.0 (Windows NT 10.0; Win64; x64) AppleWebKit/537.36 (KHTML, like Gecko) Chrome/102.0.5005.63 Safari/537.36',NULL,0),(67,1,'177.235.119.218','2022-07-09 12:58:08',1,1,'pg6QBy0hfeJ7UMyHgbF2iwiJxdwpK1U2YU2SS6P26YjqrvXIH9ZmJk1Hbjwi','krSQHB14JyAhtuntGUtd','Mozilla/5.0 (Windows NT 10.0; Win64; x64) AppleWebKit/537.36 (KHTML, like Gecko) Chrome/103.0.0.0 Safari/537.36',NULL,0),(68,1,'177.235.119.218','2022-07-09 14:02:28',1,1,'kYudD6ahnDjWBnDc02WmaBjciKUShITToA2u9JlApbkTycGMAdW8FzySs3nu','Vzg5rh10UkxchmEC6RTy','Mozilla/5.0 (Windows NT 10.0; Win64; x64) AppleWebKit/537.36 (KHTML, like Gecko) Chrome/103.0.0.0 Safari/537.36',NULL,0),(69,NULL,'185.191.171.1','2022-08-04 15:32:25',0,0,NULL,NULL,'Mozilla/5.0 (compatible; SemrushBot/7~bl; +http://www.semrush.com/bot.html)',NULL,0),(70,NULL,'185.191.171.45','2022-08-06 23:26:10',0,0,NULL,NULL,'Mozilla/5.0 (compatible; SemrushBot/7~bl; +http://www.semrush.com/bot.html)',NULL,0),(71,NULL,'185.191.171.5','2022-08-28 08:08:54',0,0,NULL,NULL,'Mozilla/5.0 (compatible; SemrushBot/7~bl; +http://www.semrush.com/bot.html)',NULL,0),(72,NULL,'185.191.171.8','2022-09-23 07:32:49',0,0,NULL,NULL,'Mozilla/5.0 (compatible; SemrushBot/7~bl; +http://www.semrush.com/bot.html)',NULL,0),(73,NULL,'185.191.171.39','2022-09-25 09:25:15',0,0,NULL,NULL,'Mozilla/5.0 (compatible; SemrushBot/7~bl; +http://www.semrush.com/bot.html)',NULL,0),(74,NULL,'185.191.171.35','2022-09-27 10:07:48',0,0,NULL,NULL,'Mozilla/5.0 (compatible; SemrushBot/7~bl; +http://www.semrush.com/bot.html)',NULL,0),(75,NULL,'185.191.171.35','2022-11-12 17:08:31',0,0,NULL,NULL,'Mozilla/5.0 (compatible; SemrushBot/7~bl; +http://www.semrush.com/bot.html)',NULL,0),(76,NULL,'185.191.171.33','2023-01-15 15:21:47',0,0,NULL,NULL,'Mozilla/5.0 (compatible; SemrushBot/7~bl; +http://www.semrush.com/bot.html)',NULL,0),(77,1,'177.235.119.218','2023-03-11 19:33:44',1,1,'1zoByvccRdfeiB3rzyU4gwp2MD57HrO1L467pnkrODgaH0OhOtw1QFdU9WDn','gorN4PE1hnG25vJuiWM7','Mozilla/5.0 (Windows NT 10.0; Win64; x64) AppleWebKit/537.36 (KHTML, like Gecko) Chrome/111.0.0.0 Safari/537.36',NULL,0),(78,1,'177.235.119.218','2023-03-14 14:53:56',1,1,'YowGihuytbWyaz78XElzD4KnuQ1F1uCbrphuBFmGNPj01lga0CdYURcDNPZa','OfNiTqN2jXscPBzxcYH3','Mozilla/5.0 (Windows NT 10.0; Win64; x64) AppleWebKit/537.36 (KHTML, like Gecko) Chrome/111.0.0.0 Safari/537.36',NULL,0),(79,NULL,'185.191.171.40','2023-03-15 00:35:46',0,0,NULL,NULL,'Mozilla/5.0 (compatible; SemrushBot/7~bl; +http://www.semrush.com/bot.html)',NULL,0),(80,1,'177.235.119.218','2023-04-19 02:46:18',1,1,'kGgccEFi3vq7jZ4222Nq4wlvzmWR1Y4RsvaOKX5F4iXgjuG1gWXxgdVYDcsW','oF7fRrBiWOF2V9p06qj5','Mozilla/5.0 (Windows NT 10.0; Win64; x64) AppleWebKit/537.36 (KHTML, like Gecko) Chrome/112.0.0.0 Safari/537.36',NULL,0),(81,1,'177.235.119.218','2023-04-19 03:09:26',1,1,'4j5yWiEFq1ZxpjyxeTQDVtO3F3PNaLT76kv7NmdrMURaTKFYUpErdxN0ru9z','lq00qTVxSWXPSPvHEMl2','Mozilla/5.0 (Windows NT 10.0; Win64; x64) AppleWebKit/537.36 (KHTML, like Gecko) Chrome/112.0.0.0 Safari/537.36',NULL,0),(82,1,'177.235.119.218','2023-04-24 21:12:40',1,1,'L9efNnDhwhpBZYBsIrLcdsCfW7talTp4KloTT6PT4H75EhXMXS9jKpwJj2JT','GEUhzWmPA5RZWeqIt9NC','Mozilla/5.0 (Windows NT 10.0; Win64; x64) AppleWebKit/537.36 (KHTML, like Gecko) Chrome/112.0.0.0 Safari/537.36',NULL,0),(83,1,'177.235.119.218','2023-04-26 04:46:36',1,1,'D32Rh9wzNx5aKY30xUd3QRrdvMci3R8P5kjX5vgT2Mtt5BvrvEFP4Sut3OEF','aATvnW8mfY9zXCiGP3AI','Mozilla/5.0 (Windows NT 10.0; Win64; x64) AppleWebKit/537.36 (KHTML, like Gecko) Chrome/112.0.0.0 Safari/537.36',NULL,0),(84,1,'177.235.119.218','2023-04-26 04:51:06',1,1,'YBhe3uOIWIgXSzPqKgqA7tPkweUog1xup9pqDCY3EtTXUZ2t9UQbd8kCxbNE','kRbxfiMyB8OpQjv5mwI7','Mozilla/5.0 (Windows NT 10.0; Win64; x64) AppleWebKit/537.36 (KHTML, like Gecko) Chrome/112.0.0.0 Safari/537.36',NULL,0),(85,1,'177.235.119.218','2023-04-30 13:03:52',1,1,'3dOUw1ReDAle3hF5Tr23KexWNth2My3b2lAgFohcHhAmWLNvwjxbu94LC25y','LNo4JAW1eI6c6VORM68P','Mozilla/5.0 (Windows NT 10.0; Win64; x64) AppleWebKit/537.36 (KHTML, like Gecko) Chrome/112.0.0.0 Safari/537.36',NULL,0),(86,1,'177.235.119.218','2023-05-01 05:43:59',1,1,'BzReUljEs6vQwgjS6oOAcF8eybvB1bsauxxmmR6R6IFT7D0ZlPuHbHMK2h22','1E3HuV6nVN5kgT3x4yXF','Mozilla/5.0 (Windows NT 10.0; Win64; x64) AppleWebKit/537.36 (KHTML, like Gecko) Chrome/112.0.0.0 Safari/537.36',NULL,0),(87,NULL,'185.191.171.33','2023-05-09 19:50:14',0,0,NULL,NULL,'Mozilla/5.0 (compatible; SemrushBot/7~bl; +http://www.semrush.com/bot.html)',NULL,0),(88,1,'177.235.119.218','2023-06-06 22:39:37',2,0,NULL,NULL,'Mozilla/5.0 (Windows NT 10.0; Win64; x64) AppleWebKit/537.36 (KHTML, like Gecko) Chrome/113.0.0.0 Safari/537.36',NULL,0),(89,1,'177.235.119.218','2023-06-06 22:40:40',2,0,NULL,NULL,'Mozilla/5.0 (Windows NT 10.0; Win64; x64) AppleWebKit/537.36 (KHTML, like Gecko) Chrome/113.0.0.0 Safari/537.36',NULL,0),(90,1,'177.235.119.218','2023-06-06 22:47:57',2,0,NULL,NULL,'Mozilla/5.0 (Windows NT 10.0; Win64; x64) AppleWebKit/537.36 (KHTML, like Gecko) Chrome/113.0.0.0 Safari/537.36',NULL,0),(91,1,'177.235.119.218','2023-06-06 22:49:04',1,1,'BWLVPRnuBlvXK6js23I3ctNPp4WMwL9AutSCFzhjxvFE0CHRLZsCpwnegrVI','byeUI1DNZRjbb0AeWLK6','Mozilla/5.0 (Windows NT 10.0; Win64; x64) AppleWebKit/537.36 (KHTML, like Gecko) Chrome/113.0.0.0 Safari/537.36',NULL,0),(92,1,'177.235.119.218','2023-07-02 07:00:04',1,1,'HRhrgvJeU6jODWdkgl9WOwzWza9VdANN105t9X12ZC82Maa5SmXw4bOYSW80','s2lQlGEyrojIF30EKrE8','Mozilla/5.0 (Windows NT 10.0; Win64; x64) AppleWebKit/537.36 (KHTML, like Gecko) Chrome/114.0.0.0 Safari/537.36',NULL,0),(93,NULL,'185.191.171.7','2023-07-10 14:54:22',0,0,NULL,NULL,'Mozilla/5.0 (compatible; SemrushBot/7~bl; +http://www.semrush.com/bot.html)',NULL,0),(94,1,'177.235.119.218','2023-07-30 01:54:17',1,1,'1RAe1haiAl2dVbWMhudPeUZrxCE201pI3Kfd3dV7OPEcgCbmCnJLnwbzjeKt','vaWKb1IgQLtSmEOyTeKg','Mozilla/5.0 (Windows NT 10.0; Win64; x64) AppleWebKit/537.36 (KHTML, like Gecko) Chrome/115.0.0.0 Safari/537.36',NULL,0),(95,1,'177.235.119.218','2023-07-30 03:03:59',1,1,'IRL6bhLMGx0yMgStTlkszIOROpbdBozdLWjW9iUFiHR0qNGld46z9oQ9icVY','ZcASf0mA3oOCdvZIMV5a','Mozilla/5.0 (Windows NT 10.0; Win64; x64) AppleWebKit/537.36 (KHTML, like Gecko) Chrome/115.0.0.0 Safari/537.36',NULL,0),(96,1,'177.235.119.218','2023-07-30 03:05:29',1,1,'7gxLRMhGUB2UzWnY4Gs0v0S6Ws5H2YY4FGNi4uqCBu3EjO1p4xX0IkhAvdeR','4SfuhnlUDv4X1DRj794B','Mozilla/5.0 (Windows NT 10.0; Win64; x64) AppleWebKit/537.36 (KHTML, like Gecko) Chrome/115.0.0.0 Safari/537.36',NULL,0),(97,1,'177.235.119.218','2023-07-30 03:15:07',1,1,'WgkGldm7UMuv108fg8E72iowdZC0u4UYnb4TjWgVxifdRPc6GeIkUQrDXBxU','IWb3Fg7TBrlJrGT3TDYl','Mozilla/5.0 (Windows NT 10.0; Win64; x64) AppleWebKit/537.36 (KHTML, like Gecko) Chrome/115.0.0.0 Safari/537.36',NULL,0),(98,1,'177.235.119.218','2023-07-30 09:04:28',1,1,'XbkXVcU7xi3U0FfPnupBonoSTeFzOqHwTdDXiCfqaqa35pWoKsAnkxrCW2c3','TEXegWuisyebd9XaVbmw','Mozilla/5.0 (Windows NT 10.0; Win64; x64) AppleWebKit/537.36 (KHTML, like Gecko) Chrome/115.0.0.0 Safari/537.36',NULL,0),(99,1,'177.235.119.218','2023-07-30 23:58:26',1,1,'E4clj9SOFYgQBWaCBC0imNPqLSBWnTCexDZlWvSVgsepzWSflLBbzet9Dly2','NnR38lRJ2ukDqDJys3Ws','Mozilla/5.0 (Windows NT 10.0; Win64; x64) AppleWebKit/537.36 (KHTML, like Gecko) Chrome/115.0.0.0 Safari/537.36',NULL,0),(100,1,'177.235.119.218','2023-08-12 11:48:56',1,1,'rf5mrmxrvRYqRonkAEuQ1v7ceiyDJXqEXVVdTo9rct7Vi3xAHH3o1HWoKchi','r8gsKmQ2yoKE5m0IY8Ul','Mozilla/5.0 (Windows NT 10.0; Win64; x64) AppleWebKit/537.36 (KHTML, like Gecko) Chrome/115.0.0.0 Safari/537.36',NULL,0),(101,1,'177.235.119.218','2023-08-14 11:07:30',1,1,'nAdRjxtjOWgmSPyNV3wLmf1JiQeCPZq9TRtpW4NlHo3nhrcuKscLVteAQcAk','6NE7Hf0RvWk72N6q1o11','Mozilla/5.0 (Windows NT 10.0; Win64; x64) AppleWebKit/537.36 (KHTML, like Gecko) Chrome/115.0.0.0 Safari/537.36',NULL,0),(102,1,'177.235.119.218','2023-09-02 05:40:53',1,1,'wqRdFLflJaqgAvpYmJWWFRhkDrYeF5MhA64xxqfBycoq6KocDfeqNimJgiTW','WR4MGlDclzFaYFS55GhZ','Mozilla/5.0 (Windows NT 10.0; Win64; x64) AppleWebKit/537.36 (KHTML, like Gecko) Chrome/116.0.0.0 Safari/537.36',NULL,0),(103,1,'177.235.119.218','2023-09-02 05:45:40',1,1,'jDPjMg9mFERx5TjGIFyuf0mBPusEJfLJNXfzPTFcDRVDXpWx2vmPqp5Pp0D4','5Feo7Kw9AABlbRMVCfpj','Mozilla/5.0 (Windows NT 10.0; Win64; x64) AppleWebKit/537.36 (KHTML, like Gecko) Chrome/116.0.0.0 Safari/537.36',NULL,0),(104,1,'177.235.119.218','2023-09-03 00:14:45',1,1,'JGVCdKtFwMtumn8YIqJLBZBPutAwmtmTlUYLf0pAyeO6QinqI8KqP3uXD5GU','0P8VJS8ZQvkd131JC1oD','Mozilla/5.0 (Windows NT 10.0; Win64; x64) AppleWebKit/537.36 (KHTML, like Gecko) Chrome/116.0.0.0 Safari/537.36',NULL,0),(105,1,'177.235.119.218','2023-09-03 02:38:18',1,1,'Ml6SsM9cYj9WpF2c8tJKDK8c93z056AJeG2asdqwsPIUzqxHCQnE6AQqoDGn','6j30Wc0egDkaMKiCsTld','Mozilla/5.0 (Windows NT 10.0; Win64; x64) AppleWebKit/537.36 (KHTML, like Gecko) Chrome/116.0.0.0 Safari/537.36',NULL,0),(106,1,'177.235.119.218','2023-09-16 13:54:23',1,1,'08tXNaUtlLOHmjj0rK7uG6qMYxEYyFuhi4XaIQaKJCwp9to2Gc3lfH3DxWHI','0dGjUsS0S04yNaoEGV4c','Mozilla/5.0 (Windows NT 10.0; Win64; x64) AppleWebKit/537.36 (KHTML, like Gecko) Chrome/116.0.0.0 Safari/537.36',NULL,0),(107,NULL,'85.208.96.197','2023-09-19 01:39:54',0,0,NULL,NULL,'Mozilla/5.0 (compatible; SemrushBot/7~bl; +http://www.semrush.com/bot.html)',NULL,0),(108,1,'177.235.119.218','2023-09-26 16:57:51',1,1,'rMVTIetOJUZkXEEiPDaxzOthyyqanVXk3BQo2dXfq9FCOdIu2jtlFqOBkBMi','qP4Jmhf4mCGBXzdUOMJz','Mozilla/5.0 (Windows NT 10.0; Win64; x64) AppleWebKit/537.36 (KHTML, like Gecko) Chrome/116.0.0.0 Safari/537.36',NULL,0),(109,NULL,'85.208.96.198','2023-11-29 04:36:44',0,0,NULL,NULL,'Mozilla/5.0 (compatible; SemrushBot/7~bl; +http://www.semrush.com/bot.html)',NULL,0),(110,1,'177.235.116.67','2024-01-15 03:19:15',1,1,'i2F7F3UGCK1Gl5gB891AQVAIxJKgToFEweKebGXtLITHogNBkrwlokexLnw2','FdmFUlWvo27n1QrIrVb7','Mozilla/5.0 (Windows NT 10.0; Win64; x64) AppleWebKit/537.36 (KHTML, like Gecko) Chrome/120.0.0.0 Safari/537.36',NULL,0),(111,1,'177.235.116.67','2024-01-21 20:57:40',1,1,'lMXWRx0ILwU1C4xgtiGh8RJkvi4SMgPtWYbmQBtG6WQUhYhojoVsLCgpWhai','ZuOM6ATjyNJWlTLcJWXm','Mozilla/5.0 (Windows NT 10.0; Win64; x64) AppleWebKit/537.36 (KHTML, like Gecko) Chrome/120.0.0.0 Safari/537.36',NULL,0),(112,NULL,'194.5.83.84','2024-01-29 04:53:33',0,0,NULL,NULL,'User-Agent: Mozilla/4.0 (compatible; MSIE 7.0; Windows NT 5.1; 360SE)',NULL,0),(113,NULL,'194.5.83.85','2024-01-29 04:53:33',0,0,NULL,NULL,'User-Agent: Mozilla/4.0 (compatible; MSIE 7.0; Windows NT 5.1; 360SE)',NULL,0),(114,NULL,'194.5.83.84','2024-01-29 04:53:34',0,0,NULL,NULL,'User-Agent: Mozilla/4.0 (compatible; MSIE 7.0; Windows NT 5.1; 360SE)',NULL,0),(115,NULL,'194.5.83.5','2024-01-29 07:27:13',0,0,NULL,NULL,'User-Agent: Mozilla/4.0 (compatible; MSIE 7.0; Windows NT 5.1; 360SE)',NULL,0),(116,NULL,'194.5.83.4','2024-01-29 07:28:03',0,0,NULL,NULL,'User-Agent: Mozilla/4.0 (compatible; MSIE 7.0; Windows NT 5.1; 360SE)',NULL,0),(117,NULL,'194.5.83.104','2024-01-29 07:28:42',0,0,NULL,NULL,'User-Agent: Mozilla/4.0 (compatible; MSIE 7.0; Windows NT 5.1; 360SE)',NULL,0),(118,NULL,'194.5.83.4','2024-01-29 07:29:22',0,0,NULL,NULL,'User-Agent: Mozilla/4.0 (compatible; MSIE 7.0; Windows NT 5.1; 360SE)',NULL,0),(119,NULL,'194.5.83.6','2024-01-29 07:29:23',0,0,NULL,NULL,'User-Agent: Mozilla/4.0 (compatible; MSIE 7.0; Windows NT 5.1; 360SE)',NULL,0),(120,NULL,'194.5.83.39','2024-01-29 07:29:25',0,0,NULL,NULL,'User-Agent: Mozilla/4.0 (compatible; MSIE 7.0; Windows NT 5.1; 360SE)',NULL,0),(121,NULL,'194.5.83.36','2024-01-29 07:29:26',0,0,NULL,NULL,'User-Agent: Mozilla/4.0 (compatible; MSIE 7.0; Windows NT 5.1; 360SE)',NULL,0),(122,NULL,'194.5.83.37','2024-01-29 07:29:28',0,0,NULL,NULL,'User-Agent: Mozilla/4.0 (compatible; MSIE 7.0; Windows NT 5.1; 360SE)',NULL,0),(123,NULL,'194.5.83.25','2024-01-29 07:29:29',0,0,NULL,NULL,'User-Agent: Mozilla/4.0 (compatible; MSIE 7.0; Windows NT 5.1; 360SE)',NULL,0),(124,NULL,'194.5.83.18','2024-01-29 07:30:07',0,0,NULL,NULL,'User-Agent: Mozilla/4.0 (compatible; MSIE 7.0; Windows NT 5.1; 360SE)',NULL,0),(125,NULL,'194.5.83.49','2024-01-29 07:30:48',0,0,NULL,NULL,'User-Agent: Mozilla/4.0 (compatible; MSIE 7.0; Windows NT 5.1; 360SE)',NULL,0),(126,NULL,'194.5.83.51','2024-01-29 07:31:26',0,0,NULL,NULL,'User-Agent: Mozilla/4.0 (compatible; MSIE 7.0; Windows NT 5.1; 360SE)',NULL,0),(127,NULL,'194.5.83.52','2024-01-29 07:32:06',0,0,NULL,NULL,'User-Agent: Mozilla/4.0 (compatible; MSIE 7.0; Windows NT 5.1; 360SE)',NULL,0),(128,NULL,'194.5.83.24','2024-01-29 07:32:47',0,0,NULL,NULL,'User-Agent: Mozilla/4.0 (compatible; MSIE 7.0; Windows NT 5.1; 360SE)',NULL,0),(129,NULL,'194.5.83.34','2024-01-29 07:33:30',0,0,NULL,NULL,'User-Agent: Mozilla/4.0 (compatible; MSIE 7.0; Windows NT 5.1; 360SE)',NULL,0),(130,NULL,'194.5.83.18','2024-01-29 07:34:12',0,0,NULL,NULL,'User-Agent: Mozilla/4.0 (compatible; MSIE 7.0; Windows NT 5.1; 360SE)',NULL,0),(131,NULL,'194.5.83.46','2024-01-29 07:34:53',0,0,NULL,NULL,'User-Agent: Mozilla/4.0 (compatible; MSIE 7.0; Windows NT 5.1; 360SE)',NULL,0),(132,NULL,'194.5.83.33','2024-01-29 07:35:34',0,0,NULL,NULL,'User-Agent: Mozilla/4.0 (compatible; MSIE 7.0; Windows NT 5.1; 360SE)',NULL,0),(133,NULL,'194.5.83.35','2024-01-29 07:36:15',0,0,NULL,NULL,'User-Agent: Mozilla/4.0 (compatible; MSIE 7.0; Windows NT 5.1; 360SE)',NULL,0),(134,NULL,'194.5.83.42','2024-01-29 07:36:17',0,0,NULL,NULL,'User-Agent: Mozilla/4.0 (compatible; MSIE 7.0; Windows NT 5.1; 360SE)',NULL,0),(135,NULL,'194.5.83.41','2024-01-29 07:36:19',0,0,NULL,NULL,'User-Agent: Mozilla/4.0 (compatible; MSIE 7.0; Windows NT 5.1; 360SE)',NULL,0),(136,NULL,'194.5.83.22','2024-01-29 07:36:20',0,0,NULL,NULL,'User-Agent: Mozilla/4.0 (compatible; MSIE 7.0; Windows NT 5.1; 360SE)',NULL,0),(137,NULL,'194.5.83.46','2024-01-29 07:37:00',0,0,NULL,NULL,'User-Agent: Mozilla/4.0 (compatible; MSIE 7.0; Windows NT 5.1; 360SE)',NULL,0),(138,NULL,'194.5.83.41','2024-01-29 07:37:43',0,0,NULL,NULL,'User-Agent: Mozilla/4.0 (compatible; MSIE 7.0; Windows NT 5.1; 360SE)',NULL,0),(139,NULL,'194.5.83.49','2024-01-29 07:38:24',0,0,NULL,NULL,'User-Agent: Mozilla/4.0 (compatible; MSIE 7.0; Windows NT 5.1; 360SE)',NULL,0),(140,NULL,'194.5.83.47','2024-01-29 07:39:06',0,0,NULL,NULL,'User-Agent: Mozilla/4.0 (compatible; MSIE 7.0; Windows NT 5.1; 360SE)',NULL,0),(141,NULL,'194.5.83.26','2024-01-29 07:39:07',0,0,NULL,NULL,'User-Agent: Mozilla/4.0 (compatible; MSIE 7.0; Windows NT 5.1; 360SE)',NULL,0),(142,NULL,'194.5.83.4','2024-01-29 07:39:09',0,0,NULL,NULL,'User-Agent: Mozilla/4.0 (compatible; MSIE 7.0; Windows NT 5.1; 360SE)',NULL,0),(143,NULL,'194.5.83.8','2024-01-29 07:39:10',0,0,NULL,NULL,'User-Agent: Mozilla/4.0 (compatible; MSIE 7.0; Windows NT 5.1; 360SE)',NULL,0),(144,NULL,'194.5.83.16','2024-01-29 07:39:12',0,0,NULL,NULL,'User-Agent: Mozilla/4.0 (compatible; MSIE 7.0; Windows NT 5.1; 360SE)',NULL,0),(145,NULL,'194.5.83.46','2024-01-29 07:39:14',0,0,NULL,NULL,'User-Agent: Mozilla/4.0 (compatible; MSIE 7.0; Windows NT 5.1; 360SE)',NULL,0),(146,NULL,'194.5.83.25','2024-01-29 07:40:18',0,0,NULL,NULL,'User-Agent: Mozilla/4.0 (compatible; MSIE 7.0; Windows NT 5.1; 360SE)',NULL,0),(147,NULL,'194.5.83.104','2024-01-29 07:40:58',0,0,NULL,NULL,'User-Agent: Mozilla/4.0 (compatible; MSIE 7.0; Windows NT 5.1; 360SE)',NULL,0),(148,NULL,'194.5.83.33','2024-01-29 07:41:38',0,0,NULL,NULL,'User-Agent: Mozilla/4.0 (compatible; MSIE 7.0; Windows NT 5.1; 360SE)',NULL,0),(149,NULL,'194.5.83.44','2024-01-29 07:42:20',0,0,NULL,NULL,'User-Agent: Mozilla/4.0 (compatible; MSIE 7.0; Windows NT 5.1; 360SE)',NULL,0),(150,NULL,'194.5.83.25','2024-01-29 07:43:01',0,0,NULL,NULL,'User-Agent: Mozilla/4.0 (compatible; MSIE 7.0; Windows NT 5.1; 360SE)',NULL,0),(151,NULL,'194.5.83.12','2024-01-29 07:43:45',0,0,NULL,NULL,'User-Agent: Mozilla/4.0 (compatible; MSIE 7.0; Windows NT 5.1; 360SE)',NULL,0),(152,NULL,'194.5.83.18','2024-01-29 07:44:28',0,0,NULL,NULL,'User-Agent: Mozilla/4.0 (compatible; MSIE 7.0; Windows NT 5.1; 360SE)',NULL,0),(153,NULL,'194.5.83.12','2024-01-29 07:44:50',0,0,NULL,NULL,'User-Agent: Mozilla/4.0 (compatible; MSIE 7.0; Windows NT 5.1; 360SE)',NULL,0),(154,NULL,'194.5.83.28','2024-01-29 07:45:13',0,0,NULL,NULL,'User-Agent: Mozilla/4.0 (compatible; MSIE 7.0; Windows NT 5.1; 360SE)',NULL,0),(155,NULL,'194.5.83.40','2024-01-29 07:45:38',0,0,NULL,NULL,'User-Agent: Mozilla/4.0 (compatible; MSIE 7.0; Windows NT 5.1; 360SE)',NULL,0),(156,NULL,'194.5.83.12','2024-01-29 07:45:55',0,0,NULL,NULL,'User-Agent: Mozilla/4.0 (compatible; MSIE 7.0; Windows NT 5.1; 360SE)',NULL,0),(157,NULL,'194.5.83.28','2024-01-29 07:46:20',0,0,NULL,NULL,'User-Agent: Mozilla/4.0 (compatible; MSIE 7.0; Windows NT 5.1; 360SE)',NULL,0),(158,NULL,'194.5.83.39','2024-01-29 07:46:35',0,0,NULL,NULL,'User-Agent: Mozilla/4.0 (compatible; MSIE 7.0; Windows NT 5.1; 360SE)',NULL,0),(159,NULL,'194.5.83.44','2024-01-29 07:46:36',0,0,NULL,NULL,'User-Agent: Mozilla/4.0 (compatible; MSIE 7.0; Windows NT 5.1; 360SE)',NULL,0),(160,NULL,'194.5.83.46','2024-01-29 07:46:38',0,0,NULL,NULL,'User-Agent: Mozilla/4.0 (compatible; MSIE 7.0; Windows NT 5.1; 360SE)',NULL,0),(161,NULL,'194.5.83.14','2024-01-29 07:46:40',0,0,NULL,NULL,'User-Agent: Mozilla/4.0 (compatible; MSIE 7.0; Windows NT 5.1; 360SE)',NULL,0),(162,NULL,'194.5.83.30','2024-01-29 07:47:01',0,0,NULL,NULL,'User-Agent: Mozilla/4.0 (compatible; MSIE 7.0; Windows NT 5.1; 360SE)',NULL,0),(163,NULL,'194.5.83.39','2024-01-29 07:47:20',0,0,NULL,NULL,'User-Agent: Mozilla/4.0 (compatible; MSIE 7.0; Windows NT 5.1; 360SE)',NULL,0),(164,NULL,'194.5.83.9','2024-01-29 07:47:42',0,0,NULL,NULL,'User-Agent: Mozilla/4.0 (compatible; MSIE 7.0; Windows NT 5.1; 360SE)',NULL,0),(165,NULL,'194.5.83.38','2024-01-29 07:47:43',0,0,NULL,NULL,'User-Agent: Mozilla/4.0 (compatible; MSIE 7.0; Windows NT 5.1; 360SE)',NULL,0),(166,NULL,'194.5.83.41','2024-01-29 07:47:45',0,0,NULL,NULL,'User-Agent: Mozilla/4.0 (compatible; MSIE 7.0; Windows NT 5.1; 360SE)',NULL,0),(167,NULL,'194.5.83.104','2024-01-29 07:47:47',0,0,NULL,NULL,'User-Agent: Mozilla/4.0 (compatible; MSIE 7.0; Windows NT 5.1; 360SE)',NULL,0),(168,NULL,'194.5.83.6','2024-01-29 07:47:48',0,0,NULL,NULL,'User-Agent: Mozilla/4.0 (compatible; MSIE 7.0; Windows NT 5.1; 360SE)',NULL,0),(169,NULL,'194.5.83.30','2024-01-29 07:47:50',0,0,NULL,NULL,'User-Agent: Mozilla/4.0 (compatible; MSIE 7.0; Windows NT 5.1; 360SE)',NULL,0),(170,NULL,'194.5.83.43','2024-01-29 07:48:18',0,0,NULL,NULL,'User-Agent: Mozilla/4.0 (compatible; MSIE 7.0; Windows NT 5.1; 360SE)',NULL,0),(171,NULL,'194.5.83.48','2024-01-29 07:48:47',0,0,NULL,NULL,'User-Agent: Mozilla/4.0 (compatible; MSIE 7.0; Windows NT 5.1; 360SE)',NULL,0),(172,NULL,'194.5.83.50','2024-01-29 07:49:01',0,0,NULL,NULL,'User-Agent: Mozilla/4.0 (compatible; MSIE 7.0; Windows NT 5.1; 360SE)',NULL,0),(173,NULL,'194.5.83.27','2024-01-29 07:49:27',0,0,NULL,NULL,'User-Agent: Mozilla/4.0 (compatible; MSIE 7.0; Windows NT 5.1; 360SE)',NULL,0),(174,NULL,'194.5.83.18','2024-01-29 07:49:43',0,0,NULL,NULL,'User-Agent: Mozilla/4.0 (compatible; MSIE 7.0; Windows NT 5.1; 360SE)',NULL,0),(175,NULL,'194.5.83.9','2024-01-29 07:49:44',0,0,NULL,NULL,'User-Agent: Mozilla/4.0 (compatible; MSIE 7.0; Windows NT 5.1; 360SE)',NULL,0),(176,NULL,'194.5.83.26','2024-01-29 07:49:46',0,0,NULL,NULL,'User-Agent: Mozilla/4.0 (compatible; MSIE 7.0; Windows NT 5.1; 360SE)',NULL,0),(177,NULL,'194.5.83.4','2024-01-29 07:49:47',0,0,NULL,NULL,'User-Agent: Mozilla/4.0 (compatible; MSIE 7.0; Windows NT 5.1; 360SE)',NULL,0),(178,NULL,'194.5.83.47','2024-01-29 07:49:49',0,0,NULL,NULL,'User-Agent: Mozilla/4.0 (compatible; MSIE 7.0; Windows NT 5.1; 360SE)',NULL,0),(179,NULL,'194.5.83.24','2024-01-29 07:49:51',0,0,NULL,NULL,'User-Agent: Mozilla/4.0 (compatible; MSIE 7.0; Windows NT 5.1; 360SE)',NULL,0),(180,NULL,'194.5.83.46','2024-01-29 07:50:08',0,0,NULL,NULL,'User-Agent: Mozilla/4.0 (compatible; MSIE 7.0; Windows NT 5.1; 360SE)',NULL,0),(181,NULL,'194.5.83.20','2024-01-29 07:50:30',0,0,NULL,NULL,'User-Agent: Mozilla/4.0 (compatible; MSIE 7.0; Windows NT 5.1; 360SE)',NULL,0),(182,NULL,'194.5.83.51','2024-01-29 07:51:20',0,0,NULL,NULL,'User-Agent: Mozilla/4.0 (compatible; MSIE 7.0; Windows NT 5.1; 360SE)',NULL,0),(183,NULL,'194.5.83.9','2024-01-29 07:51:42',0,0,NULL,NULL,'User-Agent: Mozilla/4.0 (compatible; MSIE 7.0; Windows NT 5.1; 360SE)',NULL,0),(184,NULL,'194.5.83.49','2024-01-29 07:51:59',0,0,NULL,NULL,'User-Agent: Mozilla/4.0 (compatible; MSIE 7.0; Windows NT 5.1; 360SE)',NULL,0),(185,NULL,'194.5.83.48','2024-01-29 07:52:21',0,0,NULL,NULL,'User-Agent: Mozilla/4.0 (compatible; MSIE 7.0; Windows NT 5.1; 360SE)',NULL,0),(186,NULL,'194.5.83.15','2024-01-29 07:52:41',0,0,NULL,NULL,'User-Agent: Mozilla/4.0 (compatible; MSIE 7.0; Windows NT 5.1; 360SE)',NULL,0),(187,NULL,'194.5.83.23','2024-01-29 07:53:03',0,0,NULL,NULL,'User-Agent: Mozilla/4.0 (compatible; MSIE 7.0; Windows NT 5.1; 360SE)',NULL,0),(188,NULL,'194.5.83.50','2024-01-29 07:53:20',0,0,NULL,NULL,'User-Agent: Mozilla/4.0 (compatible; MSIE 7.0; Windows NT 5.1; 360SE)',NULL,0),(189,NULL,'194.5.83.24','2024-01-29 07:53:42',0,0,NULL,NULL,'User-Agent: Mozilla/4.0 (compatible; MSIE 7.0; Windows NT 5.1; 360SE)',NULL,0),(190,NULL,'194.5.83.39','2024-01-29 07:54:02',0,0,NULL,NULL,'User-Agent: Mozilla/4.0 (compatible; MSIE 7.0; Windows NT 5.1; 360SE)',NULL,0),(191,NULL,'194.5.83.44','2024-01-29 07:54:20',0,0,NULL,NULL,'User-Agent: Mozilla/4.0 (compatible; MSIE 7.0; Windows NT 5.1; 360SE)',NULL,0),(192,NULL,'194.5.83.29','2024-01-29 07:54:43',0,0,NULL,NULL,'User-Agent: Mozilla/4.0 (compatible; MSIE 7.0; Windows NT 5.1; 360SE)',NULL,0),(193,NULL,'194.5.83.44','2024-01-29 07:55:00',0,0,NULL,NULL,'User-Agent: Mozilla/4.0 (compatible; MSIE 7.0; Windows NT 5.1; 360SE)',NULL,0),(194,NULL,'194.5.83.34','2024-01-29 07:55:24',0,0,NULL,NULL,'User-Agent: Mozilla/4.0 (compatible; MSIE 7.0; Windows NT 5.1; 360SE)',NULL,0),(195,NULL,'194.5.83.105','2024-01-29 07:55:41',0,0,NULL,NULL,'User-Agent: Mozilla/4.0 (compatible; MSIE 7.0; Windows NT 5.1; 360SE)',NULL,0),(196,NULL,'194.5.83.4','2024-01-29 07:56:04',0,0,NULL,NULL,'User-Agent: Mozilla/4.0 (compatible; MSIE 7.0; Windows NT 5.1; 360SE)',NULL,0),(197,NULL,'194.5.83.49','2024-01-29 07:56:23',0,0,NULL,NULL,'User-Agent: Mozilla/4.0 (compatible; MSIE 7.0; Windows NT 5.1; 360SE)',NULL,0),(198,NULL,'194.5.83.23','2024-01-29 07:56:46',0,0,NULL,NULL,'User-Agent: Mozilla/4.0 (compatible; MSIE 7.0; Windows NT 5.1; 360SE)',NULL,0),(199,NULL,'194.5.83.32','2024-01-29 07:57:05',0,0,NULL,NULL,'User-Agent: Mozilla/4.0 (compatible; MSIE 7.0; Windows NT 5.1; 360SE)',NULL,0),(200,NULL,'194.5.83.49','2024-01-29 07:57:07',0,0,NULL,NULL,'User-Agent: Mozilla/4.0 (compatible; MSIE 7.0; Windows NT 5.1; 360SE)',NULL,0),(201,NULL,'194.5.83.37','2024-01-29 07:57:08',0,0,NULL,NULL,'User-Agent: Mozilla/4.0 (compatible; MSIE 7.0; Windows NT 5.1; 360SE)',NULL,0),(202,NULL,'194.5.83.35','2024-01-29 07:57:10',0,0,NULL,NULL,'User-Agent: Mozilla/4.0 (compatible; MSIE 7.0; Windows NT 5.1; 360SE)',NULL,0),(203,NULL,'194.5.83.37','2024-01-29 07:57:32',0,0,NULL,NULL,'User-Agent: Mozilla/4.0 (compatible; MSIE 7.0; Windows NT 5.1; 360SE)',NULL,0),(204,NULL,'194.5.83.30','2024-01-29 07:58:33',0,0,NULL,NULL,'User-Agent: Mozilla/4.0 (compatible; MSIE 7.0; Windows NT 5.1; 360SE)',NULL,0),(205,NULL,'194.5.83.39','2024-01-29 07:59:19',0,0,NULL,NULL,'User-Agent: Mozilla/4.0 (compatible; MSIE 7.0; Windows NT 5.1; 360SE)',NULL,0),(206,NULL,'194.5.83.10','2024-01-29 08:00:00',0,0,NULL,NULL,'User-Agent: Mozilla/4.0 (compatible; MSIE 7.0; Windows NT 5.1; 360SE)',NULL,0),(207,NULL,'194.5.83.27','2024-01-29 08:00:02',0,0,NULL,NULL,'User-Agent: Mozilla/4.0 (compatible; MSIE 7.0; Windows NT 5.1; 360SE)',NULL,0),(208,NULL,'194.5.83.11','2024-01-29 08:00:04',0,0,NULL,NULL,'User-Agent: Mozilla/4.0 (compatible; MSIE 7.0; Windows NT 5.1; 360SE)',NULL,0),(209,NULL,'194.5.83.36','2024-01-29 08:00:05',0,0,NULL,NULL,'User-Agent: Mozilla/4.0 (compatible; MSIE 7.0; Windows NT 5.1; 360SE)',NULL,0),(210,NULL,'194.5.83.33','2024-01-29 08:00:45',0,0,NULL,NULL,'User-Agent: Mozilla/4.0 (compatible; MSIE 7.0; Windows NT 5.1; 360SE)',NULL,0),(211,NULL,'194.5.83.37','2024-01-29 08:01:56',0,0,NULL,NULL,'User-Agent: Mozilla/4.0 (compatible; MSIE 7.0; Windows NT 5.1; 360SE)',NULL,0),(212,NULL,'194.5.83.24','2024-01-29 08:02:39',0,0,NULL,NULL,'User-Agent: Mozilla/4.0 (compatible; MSIE 7.0; Windows NT 5.1; 360SE)',NULL,0),(213,NULL,'185.191.171.1','2024-01-29 09:39:37',0,0,NULL,NULL,'Mozilla/5.0 (compatible; SemrushBot/7~bl; +http://www.semrush.com/bot.html)',NULL,0),(214,1,'177.235.116.67','2024-02-04 09:02:55',1,1,'G3BJcmHHAglhme072dLP8I1qGdJgIKtKcmzV0KKjBbpudjEpJRKWCkuVoGan','5oi43CoFYlTwfCPJMDIo','Mozilla/5.0 (Windows NT 10.0; Win64; x64) AppleWebKit/537.36 (KHTML, like Gecko) Chrome/121.0.0.0 Safari/537.36',NULL,0),(215,1,'177.235.116.67','2024-02-04 14:43:26',1,1,'tFx446B0jpm5u7XaevGtSJJ1y09vEc345scOvGsfeenyEI53AtzbMGu08QnD','S9rmckhSIp8cMHfKuu7F','Mozilla/5.0 (Windows NT 10.0; Win64; x64) AppleWebKit/537.36 (KHTML, like Gecko) Chrome/121.0.0.0 Safari/537.36',NULL,0),(216,1,'177.235.116.67','2024-02-05 11:01:50',1,1,'XnsRKqKq9aKydWib86uOshoKu3d7HZhULjIf1cQ5Z3V45AIrvqmKbjM4e1ja','0exl6iKbfJmr4F7gdgic','Mozilla/5.0 (Windows NT 10.0; Win64; x64) AppleWebKit/537.36 (KHTML, like Gecko) Chrome/121.0.0.0 Safari/537.36',NULL,0),(217,1,'177.235.116.67','2024-02-15 23:32:59',1,1,'8jcfQ7jmb16RqzMi937Fbj0kBvdT8a1B4JdtTXdLIf3umDMMBgmfBEowUBeH','BfOMhciUd2PVfH8KuCWv','Mozilla/5.0 (Windows NT 10.0; Win64; x64) AppleWebKit/537.36 (KHTML, like Gecko) Chrome/121.0.0.0 Safari/537.36',NULL,0),(218,1,'177.235.116.67','2024-02-17 15:35:01',1,1,'ERnZPmiLWRxMqWdWHHDSHpHNjAvsr1ic1n7EYqBS9VVoCMf53rKBeghNL7iT','xMtycy3jowdrq0JFCjBY','Mozilla/5.0 (Windows NT 10.0; Win64; x64) AppleWebKit/537.36 (KHTML, like Gecko) Chrome/121.0.0.0 Safari/537.36',NULL,0),(219,1,'177.235.116.67','2024-02-18 18:46:18',1,1,'nbCnDPWiZpSthR1BPMCbwXr6MTfse0Kap01JuHIvI7DcyCJ32h2y0lHhEBpV','IcmUbP5SsPG0j3Fq1wf0','Mozilla/5.0 (Windows NT 10.0; Win64; x64) AppleWebKit/537.36 (KHTML, like Gecko) Chrome/121.0.0.0 Safari/537.36',NULL,0),(220,1,'177.235.116.67','2024-02-18 22:35:15',1,1,'MqFMVBQdS4ptdwRKe69qgymnBUH7dm3Ott6gUOkmrlcDcJhJR9ET2YfR05iB','EdymVBh1Y1sOjJ9YtjFV','Mozilla/5.0 (Windows NT 10.0; Win64; x64) AppleWebKit/537.36 (KHTML, like Gecko) Chrome/121.0.0.0 Safari/537.36',NULL,0),(221,1,'177.235.116.67','2024-03-05 08:59:39',1,1,'ov1crREP2HQuNDiA66hpn9fDJDQetKDl0lEf8hlRw1wKZXOVgHH0mghNOCoa','QepwJDpZhRBjpDcTH8Ke','Mozilla/5.0 (Windows NT 10.0; Win64; x64) AppleWebKit/537.36 (KHTML, like Gecko) Chrome/122.0.0.0 Safari/537.36',NULL,0),(222,NULL,'185.191.171.14','2024-04-02 02:59:33',0,0,NULL,NULL,'Mozilla/5.0 (compatible; SemrushBot/7~bl; +http://www.semrush.com/bot.html)',NULL,0),(223,NULL,'173.252.127.15','2024-05-26 07:45:30',0,0,NULL,NULL,'facebookexternalhit/1.1 (+http://www.facebook.com/externalhit_uatext.php)',NULL,0),(224,NULL,'69.171.230.8','2024-05-27 05:07:05',0,0,NULL,NULL,'facebookexternalhit/1.1 (+http://www.facebook.com/externalhit_uatext.php)',NULL,0),(225,NULL,'173.252.87.5','2024-05-27 08:43:44',0,0,NULL,NULL,'facebookexternalhit/1.1 (+http://www.facebook.com/externalhit_uatext.php)',NULL,0),(226,NULL,'173.252.83.24','2024-05-27 13:04:17',0,0,NULL,NULL,'facebookexternalhit/1.1 (+http://www.facebook.com/externalhit_uatext.php)',NULL,0),(227,NULL,'173.252.107.8','2024-05-27 19:42:22',0,0,NULL,NULL,'facebookexternalhit/1.1 (+http://www.facebook.com/externalhit_uatext.php)',NULL,0),(228,NULL,'173.252.83.11','2024-05-28 01:03:46',0,0,NULL,NULL,'facebookexternalhit/1.1 (+http://www.facebook.com/externalhit_uatext.php)',NULL,0),(229,NULL,'173.252.83.29','2024-05-28 06:55:50',0,0,NULL,NULL,'facebookexternalhit/1.1 (+http://www.facebook.com/externalhit_uatext.php)',NULL,0),(230,NULL,'173.252.83.12','2024-05-28 12:55:25',0,0,NULL,NULL,'facebookexternalhit/1.1 (+http://www.facebook.com/externalhit_uatext.php)',NULL,0),(231,NULL,'173.252.70.117','2024-05-28 14:18:16',0,0,NULL,NULL,'facebookexternalhit/1.1 (+http://www.facebook.com/externalhit_uatext.php)',NULL,0),(232,NULL,'173.252.107.119','2024-05-28 18:51:33',0,0,NULL,NULL,'facebookexternalhit/1.1 (+http://www.facebook.com/externalhit_uatext.php)',NULL,0),(233,NULL,'173.252.83.14','2024-05-29 00:43:28',0,0,NULL,NULL,'facebookexternalhit/1.1 (+http://www.facebook.com/externalhit_uatext.php)',NULL,0),(234,NULL,'173.252.107.118','2024-05-29 02:21:00',0,0,NULL,NULL,'facebookexternalhit/1.1 (+http://www.facebook.com/externalhit_uatext.php)',NULL,0),(235,NULL,'173.252.83.5','2024-05-29 10:41:28',0,0,NULL,NULL,'facebookexternalhit/1.1 (+http://www.facebook.com/externalhit_uatext.php)',NULL,0),(236,NULL,'185.191.171.10','2024-06-05 17:44:32',0,0,NULL,NULL,'Mozilla/5.0 (compatible; SemrushBot/7~bl; +http://www.semrush.com/bot.html)',NULL,0),(237,1,'177.235.116.67','2024-06-07 21:19:30',1,1,'usQwU0KAoWaVKQ7ImNGZbHP8qFfVYSGIQIOkkeNpu5VgEyGi5efjRL4zvdtt','hrw2uHZwQwy87hdxtgeo','Mozilla/5.0 (Windows NT 10.0; Win64; x64) AppleWebKit/537.36 (KHTML, like Gecko) Chrome/125.0.0.0 Safari/537.36',NULL,0),(238,1,'177.235.116.67','2024-06-07 21:20:38',1,1,'5ZH3PjBeLb7eb7yQ4YwFkv6JTRLuSrXF1PmjgmpUgSFu8APkHhnmneTmxRwE','iY1MzYxSeF1dfdwJ4PQB','Mozilla/5.0 (Windows NT 10.0; Win64; x64) AppleWebKit/537.36 (KHTML, like Gecko) Chrome/125.0.0.0 Safari/537.36',NULL,0);

--
-- Table structure for table `audios`
--

CREATE TABLE `audios` (
  `id` int(11) NOT NULL AUTO_INCREMENT,
  `data` timestamp NOT NULL DEFAULT current_timestamp(),
  `titulo` text DEFAULT NULL,
  `descricao` text DEFAULT NULL,
  `secao` int(11) NOT NULL DEFAULT 0,
  `entidade` int(11) NOT NULL DEFAULT 0,
  PRIMARY KEY (`id`),
  KEY `entidade` (`entidade`),
  KEY `secao` (`secao`)
) ENGINE=MyISAM AUTO_INCREMENT=3 DEFAULT CHARSET=latin1 COLLATE=latin1_swedish_ci ROW_FORMAT=DYNAMIC;

--
-- Dumping data for table `audios`
--

INSERT INTO `audios` (`id`, `data`, `titulo`, `descricao`, `secao`, `entidade`) VALUES (1,'2021-01-09 03:00:00','Hino Nacional Brasileiro','Com orquestra sinfônica',1,1),(2,'2023-04-19 03:00:00','Hino a Bandeira','Com coral',1,1);

--
-- Table structure for table `audios_arquivos`
--

CREATE TABLE `audios_arquivos` (
  `id` int(11) NOT NULL AUTO_INCREMENT,
  `audio` int(11) NOT NULL,
  `path` text NOT NULL,
  `arquivo` text NOT NULL,
  `legenda` text DEFAULT NULL,
  `tipo` varchar(50) DEFAULT NULL,
  `data` date DEFAULT NULL,
  PRIMARY KEY (`id`),
  KEY `audio` (`audio`)
) ENGINE=MyISAM AUTO_INCREMENT=3 DEFAULT CHARSET=latin1 COLLATE=latin1_swedish_ci ROW_FORMAT=DYNAMIC;

--
-- Dumping data for table `audios_arquivos`
--

INSERT INTO `audios_arquivos` (`id`, `audio`, `path`, `arquivo`, `legenda`, `tipo`, `data`) VALUES (1,1,'zHD/audios/1/1/','mp3-hino-nacional (0375801001610175602).mp3','Hino Nacional Brasileiro',NULL,'2021-01-09'),(2,2,'zHD/audios/1/2/','Hino a Bandeira com Coral (0182932001681883344).mp3',NULL,NULL,'2023-04-19');

--
-- Table structure for table `audios_secoes`
--

CREATE TABLE `audios_secoes` (
  `id` int(11) NOT NULL AUTO_INCREMENT,
  `entidade` int(11) NOT NULL DEFAULT 0,
  `nome` varchar(250) NOT NULL,
  PRIMARY KEY (`id`),
  KEY `entidade` (`entidade`)
) ENGINE=MyISAM AUTO_INCREMENT=9 DEFAULT CHARSET=latin1 COLLATE=latin1_swedish_ci ROW_FORMAT=DYNAMIC;

--
-- Dumping data for table `audios_secoes`
--

INSERT INTO `audios_secoes` (`id`, `entidade`, `nome`) VALUES (1,1,'Áudios');

--
-- Table structure for table `blocos`
--

CREATE TABLE `blocos` (
  `id` int(11) NOT NULL AUTO_INCREMENT,
  `usuario` int(11) NOT NULL DEFAULT 0,
  `secao` int(11) NOT NULL DEFAULT 0,
  `texto` text DEFAULT NULL,
  `entidade` int(11) NOT NULL,
  PRIMARY KEY (`id`),
  KEY `secao` (`secao`),
  KEY `entidade` (`entidade`)
) ENGINE=MyISAM AUTO_INCREMENT=27 DEFAULT CHARSET=latin1 COLLATE=latin1_swedish_ci ROW_FORMAT=DYNAMIC;

--
-- Dumping data for table `blocos`
--

INSERT INTO `blocos` (`id`, `usuario`, `secao`, `texto`, `entidade`) VALUES (22,1,21,'<p>Para abrir uma ocorrência no nosso SAC clique no botão abaixo.</p><p>Se for de forma Anônima anote o número do protocolo que aparecerá na tela após o envio da mensagem e com ele acompanhe aqui os despachos.</p><p>Se sua ocorrência for Identificada além do protocolo será notificado via e-mail.</p>',1),(2,1,2,'<p>Lorem ipsão dolor sít amçet, consectetur adipiscing elit. Sed vehicula id odio quis rhoncus. Donec ullamcorper, lectus in dictum porta, urna nisl tincidunt metus, at iaculis nunc sem vitae diam. Etiam quam orci, volutpat a justo non, pretium condimentum felis. </p><p><br></p><p>Lorem ipsão dolor sít amçet, consectetur adipiscing elit. Sed vehicula id odio quis rhoncus. Donec ullamcorper, lectus in dictum porta, urna nisl tincidunt metus, at iaculis nunc sem vitae diam. Etiam quam orci, volutpat a justo non, pretium condimentum felis. <br></p>',1),(9,1,9,'<h3><b>Contatos e endereço</b></h3><p><br></p><p>Endereço:&nbsp;<br>Cidade:<br>Telefone (xx) 0000-0000<br>Celular/WhatsApp (xx) 00000-0000<br>e-Mail nome@dominio.com.br</p><p><br></p><p>Duis non laoreet eros. Vestibulum porta neque eleifend erat tempus, vitae sagittis elit sodales. Sed convallis erat quis iaculis vestibulum. Curabitur sit amet purus et tellus consectetur vehicula.&nbsp;</p><p><br></p><p>Duis non laoreet eros. Vestibulum porta neque eleifend erat tempus, vitae sagittis elit sodales. Sed convallis erat quis iaculis vestibulum. Curabitur sit amet purus et tellus consectetur vehicula.&nbsp;<br></p>',1),(10,1,10,'<p>Lorem ipsão dolor sít amçet, consectetur adipiscing elit. Sed vehicula id odio quis rhoncus. Donec ullamcorper, lectus in dictum porta, urna nisl tincidunt metus, at iaculis nunc sem vitae diam. Etiam quam orci, volutpat a justo non, pretium condimentum felis. Duis id elementum arcu. Mauris pharetra dui molestie tortor imperdiet.&nbsp;&nbsp;Lorem ipsão dolor sít amçet, consectetur adipiscing elit.&nbsp;</p>',1),(26,1,25,'<p>Serviços 4</p><p>Duis non laoreet eros. Vestibulum porta neque eleifend erat tempus, vitae sagittis elit sodales. Sed convallis erat quis iaculis vestibulum. Curabitur sit amet purus et tellus consectetur vehicula. Suspendisse condimentum bibendum ante in adipiscing. Aliquam dignissim nisl eget arcu convallis, in viverra risus consequat. Pellentesque dictum gravida lacinia.<br></p>',1),(23,1,22,'<p>Serviços 1</p><p>Duis non laoreet eros. Vestibulum porta neque eleifend erat tempus, vitae sagittis elit sodales. Sed convallis erat quis iaculis vestibulum. Curabitur sit amet purus et tellus consectetur vehicula. Suspendisse condimentum bibendum ante in adipiscing. Aliquam dignissim nisl eget arcu convallis, in viverra risus consequat. Pellentesque dictum gravida lacinia.<br></p>',1),(24,1,23,'<p>Serviços 2</p><p>Duis non laoreet eros. Vestibulum porta neque eleifend erat tempus, vitae sagittis elit sodales. Sed convallis erat quis iaculis vestibulum. Curabitur sit amet purus et tellus consectetur vehicula. Suspendisse condimentum bibendum ante in adipiscing. Aliquam dignissim nisl eget arcu convallis, in viverra risus consequat. Pellentesque dictum gravida lacinia.<br></p>',1),(25,1,24,'<p>Serviços 3</p><p>Duis non laoreet eros. Vestibulum porta neque eleifend erat tempus, vitae sagittis elit sodales. Sed convallis erat quis iaculis vestibulum. Curabitur sit amet purus et tellus consectetur vehicula. Suspendisse condimentum bibendum ante in adipiscing. Aliquam dignissim nisl eget arcu convallis, in viverra risus consequat. Pellentesque dictum gravida lacinia.<br></p>',1),(21,1,12,'<p>Lorem ipsão dolor sít amçet, consectetur adipiscing elit. Sed vehicula id odio quis rhoncus. Donec ullamcorper, lectus in dictum porta, urna nisl tincidunt metus, at iaculis nunc sem vitae diam. Etiam quam orci, volutpat a justo non, pretium condimentum felis.&nbsp;</p><p><br></p><p>Lorem ipsão dolor sít amçet, consectetur adipiscing elit. Sed vehicula id odio quis rhoncus. Donec ullamcorper, lectus in dictum porta, urna nisl tincidunt metus, at iaculis nunc sem vitae diam. Etiam quam orci, volutpat a justo non, pretium condimentum felis.&nbsp;</p>',1);

--
-- Table structure for table `blocos_secoes`
--

CREATE TABLE `blocos_secoes` (
  `id` int(11) NOT NULL AUTO_INCREMENT,
  `nome` varchar(250) NOT NULL,
  `entidade` int(11) NOT NULL DEFAULT 0,
  PRIMARY KEY (`id`),
  KEY `entidade` (`entidade`)
) ENGINE=MyISAM AUTO_INCREMENT=26 DEFAULT CHARSET=latin1 COLLATE=latin1_swedish_ci ROW_FORMAT=DYNAMIC;

--
-- Dumping data for table `blocos_secoes`
--

INSERT INTO `blocos_secoes` (`id`, `nome`, `entidade`) VALUES (2,'Quem Somos',1),(9,'Contatos',1),(10,'A Instituição',1),(12,'Serviços',1),(22,'Serviços 1',1),(23,'Serviços 2',1),(24,'Serviços 3',1),(25,'Serviços 4',1),(21,'Sac',1);

--
-- Table structure for table `carrossel`
--

CREATE TABLE `carrossel` (
  `id` int(11) NOT NULL AUTO_INCREMENT,
  `data` timestamp NOT NULL DEFAULT current_timestamp(),
  `titulo` text NOT NULL,
  `secao` int(11) NOT NULL DEFAULT 0,
  `status` int(11) NOT NULL DEFAULT 1,
  `entidade` int(11) NOT NULL DEFAULT 0,
  PRIMARY KEY (`id`),
  KEY `secao` (`secao`),
  KEY `entidade` (`entidade`),
  KEY `status` (`status`)
) ENGINE=MyISAM AUTO_INCREMENT=10 DEFAULT CHARSET=latin1 COLLATE=latin1_swedish_ci ROW_FORMAT=DYNAMIC;

--
-- Dumping data for table `carrossel`
--

INSERT INTO `carrossel` (`id`, `data`, `titulo`, `secao`, `status`, `entidade`) VALUES (3,'2022-04-02 06:06:34','Web',16,1,1),(7,'2023-04-21 19:08:37','Mobile',19,1,1);

--
-- Table structure for table `carrossel_arquivos`
--

CREATE TABLE `carrossel_arquivos` (
  `id` int(11) NOT NULL AUTO_INCREMENT,
  `carrossel` int(11) NOT NULL,
  `path` text NOT NULL,
  `arquivo` text NOT NULL,
  `imagem` text DEFAULT NULL,
  `imagem_status` int(11) NOT NULL DEFAULT 1,
  `titulo` text DEFAULT NULL,
  `subtitulo` text DEFAULT NULL,
  `texto` text DEFAULT NULL,
  `link` text DEFAULT NULL,
  `status` int(11) NOT NULL DEFAULT 1,
  `ordem` int(11) NOT NULL DEFAULT 0,
  PRIMARY KEY (`id`),
  KEY `carrossel` (`carrossel`),
  KEY `ordem` (`ordem`),
  KEY `status` (`status`)
) ENGINE=MyISAM AUTO_INCREMENT=91 DEFAULT CHARSET=latin1 COLLATE=latin1_swedish_ci ROW_FORMAT=DYNAMIC;

--
-- Dumping data for table `carrossel_arquivos`
--

INSERT INTO `carrossel_arquivos` (`id`, `carrossel`, `path`, `arquivo`, `imagem`, `imagem_status`, `titulo`, `subtitulo`, `texto`, `link`, `status`, `ordem`) VALUES (90,7,'zHD/carrossel/1/7/','Carrossel (0088609001708297533).jpg',NULL,1,NULL,NULL,NULL,NULL,1,0),(89,3,'zHD/carrossel/1/3/','Carrossel (0158683001708296402).jpg','0447345001708296833.png',1,'SITE DEMO PARA BELEZA E ESTÉTICA','Beleza é uma arte, transforme seu visual, renove sua autoestima.','Este site é ilustrativo, para demonstração e vendas. Veja outros \"Modelos\" e \"Outros Sites\" no menu, e versões Dark e Light no ícone . Rápido e econômico é instalado em até 1 hora. Para comprar ou vender nossos sites, chame no WhatsApp ou acesse nossa página, JP WEB, ícones abaixo',NULL,1,1),(83,3,'zHD/carrossel/1/3/','Carrossel (0037016001708044257).jpg','0842874001708282910.png',1,'SITE DEMO PARA BELEZA E ESTÉTICA','Beleza é uma arte, transforme seu visual, renove sua autoestima.','Este site é ilustrativo, para demonstração e vendas. Veja outros \"Modelos\" e \"Outros Sites\" no menu, e versões Dark e Light no ícone . Rápido e econômico é instalado em até 1 hora. Para comprar ou vender nossos sites, chame no WhatsApp ou acesse nossa página, JP WEB, ícones abaixo',NULL,1,0);

--
-- Table structure for table `carrossel_secoes`
--

CREATE TABLE `carrossel_secoes` (
  `id` int(11) NOT NULL AUTO_INCREMENT,
  `entidade` int(11) NOT NULL DEFAULT 0,
  `nome` varchar(250) NOT NULL,
  PRIMARY KEY (`id`),
  KEY `entidade` (`entidade`)
) ENGINE=MyISAM AUTO_INCREMENT=23 DEFAULT CHARSET=latin1 COLLATE=latin1_swedish_ci ROW_FORMAT=DYNAMIC;

--
-- Dumping data for table `carrossel_secoes`
--

INSERT INTO `carrossel_secoes` (`id`, `entidade`, `nome`) VALUES (16,1,'Web'),(19,1,'Mobile'),(22,1,'Web4');

--
-- Table structure for table `classificados`
--

CREATE TABLE `classificados` (
  `id` int(11) NOT NULL AUTO_INCREMENT,
  `usuario` int(11) NOT NULL DEFAULT 0,
  `titulo` text NOT NULL,
  `tag` text NOT NULL,
  `subtitulo` text DEFAULT NULL,
  `texto` longtext DEFAULT NULL,
  `codigo` varchar(25) NOT NULL,
  `secao` text NOT NULL,
  `valor` text DEFAULT NULL,
  `capa` int(11) DEFAULT 0,
  `data` date DEFAULT NULL,
  `destaque` int(11) DEFAULT 0,
  `entidade` int(11) NOT NULL,
  `status` int(11) DEFAULT 1,
  `contador` int(11) DEFAULT 0,
  PRIMARY KEY (`id`)
) ENGINE=MyISAM AUTO_INCREMENT=22 DEFAULT CHARSET=latin1 COLLATE=latin1_swedish_ci ROW_FORMAT=DYNAMIC;

--
-- Dumping data for table `classificados`
--

INSERT INTO `classificados` (`id`, `usuario`, `titulo`, `tag`, `subtitulo`, `texto`, `codigo`, `secao`, `valor`, `capa`, `data`, `destaque`, `entidade`, `status`, `contador`) VALUES (14,1,'Bvlgari Man In Black','bvlgarimaninblack','Duis non laoreet eros. Vestibulum porta neque eleifend erat tempus, vitae sagittis elit sodales.','<p>Duis non laoreet eros. Vestibulum porta neque eleifend erat tempus, vitae sagittis elit sodales. Sed convallis erat quis iaculis vestibulum. Curabitur sit amet purus et tellus consectetur vehicula. Suspendisse condimentum bibendum ante in adipiscing. Aliquam dignissim nisl eget arcu convallis, in viverra risus consequat. Pellentesque dictum gravida lacinia.</p><p><br></p><p>Lorem ipsão dolor sít amçet, consectetur adipiscing elit. Sed vehicula id odio quis rhoncus. Donec ullamcorper, lectus in dictum porta, urna nisl tincidunt metus, at iaculis nunc sem vitae diam. Etiam quam orci, volutpat a justo non, pretium condimentum felis. Duis id elementum arcu. Mauris pharetra dui molestie tortor imperdiet. Duis non laoreet eros. Vestibulum porta neque eleifend erat tempus, vitae sagittis elit sodales. Sed convallis erat quis iaculis vestibulum. </p><p><br></p><p>Lorem ipsão dolor sít amçet, consectetur adipiscing elit. Sed vehicula id odio quis rhoncus. Donec ullamcorper, lectus in dictum porta, urna nisl tincidunt metus, at iaculis nunc sem vitae diam. Etiam quam orci, volutpat a justo non, pretium condimentum felis. Duis id elementum arcu. Mauris pharetra dui molestie tortor imperdiet.  Lorem ipsão dolor sít amçet, consectetur adipiscing elit. Sed vehicula id odio quis rhoncus. Donec ullamcorper, lectus in dictum porta, urna nisl tincidunt metus, at iaculis nunc sem vitae diam.</p>','DpP35ieRu4cMMUIn8wiPPdesC','Produtos','R$ xx.xx',30,'2022-04-04',0,1,1,293),(4,1,'Coco Noil Chanel','coconoilchanel','Lorem ipsão dolor sít amçet, consectetur adipiscing elit. Sed vehicula id odio quis rhoncus. Donec ullamcorper, lectus in dictum porta, urna nisl tincidunt metus, at iaculis nunc sem vitae diam. Etiam quam orci, volutpat a justo non, pretium condimentum felis. Duis id elementum arcu. Mauris pharetra dui molestie tortor imperdiet. ','<p>Lorem ipsão dolor sít amçet, consectetur adipiscing elit. Sed vehicula id odio quis rhoncus. Donec ullamcorper, lectus in dictum porta, urna nisl tincidunt metus, at iaculis nunc sem vitae diam. Etiam quam orci, volutpat a justo non, pretium condimentum felis. Duis id elementum arcu. Mauris pharetra dui molestie tortor imperdiet. </p><p><br></p><p>Lorem ipsão dolor sít amçet, consectetur adipiscing elit. Sed vehicula id odio quis rhoncus. Donec ullamcorper, lectus in dictum porta, urna nisl tincidunt metus, at iaculis nunc sem vitae diam. Etiam quam orci, volutpat a justo non, pretium condimentum felis. Duis id elementum arcu. Mauris pharetra dui molestie tortor imperdiet. <br></p>','l4SorQzp6Pu4mYwyW1Oz1YCP0','Produtos','R$  xx,xx',19,'2022-04-04',0,1,1,603),(13,1,'L\'Oreal Paris x Balmain Color Riche Lipstick','lorealparisxbalmaincolorrichelipstick','Duis non laoreet eros. Vestibulum porta neque eleifend erat tempus, vitae sagittis elit sodales.','<p>Duis non laoreet eros. Vestibulum porta neque eleifend erat tempus, vitae sagittis elit sodales. Sed convallis erat quis iaculis vestibulum. Curabitur sit amet purus et tellus consectetur vehicula. Suspendisse condimentum bibendum ante in adipiscing. Aliquam dignissim nisl eget arcu convallis, in viverra risus consequat. Pellentesque dictum gravida lacinia.</p><p><br></p><p>Lorem ipsão dolor sít amçet, consectetur adipiscing elit. Sed vehicula id odio quis rhoncus. Donec ullamcorper, lectus in dictum porta, urna nisl tincidunt metus, at iaculis nunc sem vitae diam. Etiam quam orci, volutpat a justo non, pretium condimentum felis. Duis id elementum arcu. Mauris pharetra dui molestie tortor imperdiet. Duis non laoreet eros. Vestibulum porta neque eleifend erat tempus, vitae sagittis elit sodales. Sed convallis erat quis iaculis vestibulum. </p><p><br></p><p>Lorem ipsão dolor sít amçet, consectetur adipiscing elit. Sed vehicula id odio quis rhoncus. Donec ullamcorper, lectus in dictum porta, urna nisl tincidunt metus, at iaculis nunc sem vitae diam. Etiam quam orci, volutpat a justo non, pretium condimentum felis. Duis id elementum arcu. Mauris pharetra dui molestie tortor imperdiet.  Lorem ipsão dolor sít amçet, consectetur adipiscing elit. Sed vehicula id odio quis rhoncus. Donec ullamcorper, lectus in dictum porta, urna nisl tincidunt metus, at iaculis nunc sem vitae diam.</p>','mXksECJy6nwd2qB4vAWWaXVeZ','Produtos','Rs xx,xx',29,'2022-04-04',0,1,1,317),(7,1,'Corte de Cabelo Feminino','cortedecabelofeminino','Duis non laoreet eros. Vestibulum porta neque eleifend erat tempus, vitae sagittis elit sodales. Sed convallis erat quis iaculis vestibulum. Curabitur sit amet purus et tellus consectetur vehicula.','<p>Duis non laoreet eros. Vestibulum porta neque eleifend erat tempus, vitae sagittis elit sodales. Sed convallis erat quis iaculis vestibulum. Curabitur sit amet purus et tellus consectetur vehicula. Suspendisse condimentum bibendum ante in adipiscing. Aliquam dignissim nisl eget arcu convallis, in viverra risus consequat. Pellentesque dictum gravida lacinia.</p><p><br></p><p>Lorem ipsão dolor sít amçet, consectetur adipiscing elit. Sed vehicula id odio quis rhoncus. Donec ullamcorper, lectus in dictum porta, urna nisl tincidunt metus, at iaculis nunc sem vitae diam. Etiam quam orci, volutpat a justo non, pretium condimentum felis. Duis id elementum arcu. Mauris pharetra dui molestie tortor imperdiet. Duis non laoreet eros. Vestibulum porta neque eleifend erat tempus, vitae sagittis elit sodales. Sed convallis erat quis iaculis vestibulum. </p><p><br></p><p>Lorem ipsão dolor sít amçet, consectetur adipiscing elit. Sed vehicula id odio quis rhoncus. Donec ullamcorper, lectus in dictum porta, urna nisl tincidunt metus, at iaculis nunc sem vitae diam. Etiam quam orci, volutpat a justo non, pretium condimentum felis. Duis id elementum arcu. Mauris pharetra dui molestie tortor imperdiet.  Lorem ipsão dolor sít amçet, consectetur adipiscing elit. Sed vehicula id odio quis rhoncus. Donec ullamcorper, lectus in dictum porta, urna nisl tincidunt metus, at iaculis nunc sem vitae diam.</p>','sAO2tkINA84MME0cSo0ZMZcHz','Serviços','R$ xx,xx',23,'2023-04-27',1,1,1,421),(8,1,'Maquiagem','maquiagem','Duis non laoreet eros. Vestibulum porta neque eleifend erat tempus, vitae sagittis elit sodales.','<p>Duis non laoreet eros. Vestibulum porta neque eleifend erat tempus, vitae sagittis elit sodales. Sed convallis erat quis iaculis vestibulum. Curabitur sit amet purus et tellus consectetur vehicula. Suspendisse condimentum bibendum ante in adipiscing. Aliquam dignissim nisl eget arcu convallis, in viverra risus consequat. Pellentesque dictum gravida lacinia.</p><p><br></p><p>Lorem ipsão dolor sít amçet, consectetur adipiscing elit. Sed vehicula id odio quis rhoncus. Donec ullamcorper, lectus in dictum porta, urna nisl tincidunt metus, at iaculis nunc sem vitae diam. Etiam quam orci, volutpat a justo non, pretium condimentum felis. Duis id elementum arcu. Mauris pharetra dui molestie tortor imperdiet. Duis non laoreet eros. Vestibulum porta neque eleifend erat tempus, vitae sagittis elit sodales. Sed convallis erat quis iaculis vestibulum. </p><p><br></p><p>Lorem ipsão dolor sít amçet, consectetur adipiscing elit. Sed vehicula id odio quis rhoncus. Donec ullamcorper, lectus in dictum porta, urna nisl tincidunt metus, at iaculis nunc sem vitae diam. Etiam quam orci, volutpat a justo non, pretium condimentum felis. Duis id elementum arcu. Mauris pharetra dui molestie tortor imperdiet.  Lorem ipsão dolor sít amçet, consectetur adipiscing elit. Sed vehicula id odio quis rhoncus. Donec ullamcorper, lectus in dictum porta, urna nisl tincidunt metus, at iaculis nunc sem vitae diam.</p>','00SEbuMCojdIIP9yqRPc0LfeU','Serviços','R$  xx,xx',24,'2023-04-27',1,1,1,374),(9,1,'Unhas','unhas','Duis non laoreet eros. Vestibulum porta neque eleifend erat tempus, vitae sagittis elit sodales. ','<p>Duis non laoreet eros. Vestibulum porta neque eleifend erat tempus, vitae sagittis elit sodales. Sed convallis erat quis iaculis vestibulum. Curabitur sit amet purus et tellus consectetur vehicula. Suspendisse condimentum bibendum ante in adipiscing. Aliquam dignissim nisl eget arcu convallis, in viverra risus consequat. Pellentesque dictum gravida lacinia.</p><p><br></p><p>Lorem ipsão dolor sít amçet, consectetur adipiscing elit. Sed vehicula id odio quis rhoncus. Donec ullamcorper, lectus in dictum porta, urna nisl tincidunt metus, at iaculis nunc sem vitae diam. Etiam quam orci, volutpat a justo non, pretium condimentum felis. Duis id elementum arcu. Mauris pharetra dui molestie tortor imperdiet. Duis non laoreet eros. Vestibulum porta neque eleifend erat tempus, vitae sagittis elit sodales. Sed convallis erat quis iaculis vestibulum. </p><p><br></p><p>Lorem ipsão dolor sít amçet, consectetur adipiscing elit. Sed vehicula id odio quis rhoncus. Donec ullamcorper, lectus in dictum porta, urna nisl tincidunt metus, at iaculis nunc sem vitae diam. Etiam quam orci, volutpat a justo non, pretium condimentum felis. Duis id elementum arcu. Mauris pharetra dui molestie tortor imperdiet.  Lorem ipsão dolor sít amçet, consectetur adipiscing elit. Sed vehicula id odio quis rhoncus. Donec ullamcorper, lectus in dictum porta, urna nisl tincidunt metus, at iaculis nunc sem vitae diam.</p>','Sy7kxmDenDrD5pzSxrkVzsOOa','Serviços','R$  xx,xx',25,'2023-04-27',1,1,1,363),(10,1,'Alongamento','alongamento','Duis non laoreet eros. Vestibulum porta neque eleifend erat tempus, vitae sagittis elit sodales','<p>Duis non laoreet eros. Vestibulum porta neque eleifend erat tempus, vitae sagittis elit sodales. Sed convallis erat quis iaculis vestibulum. Curabitur sit amet purus et tellus consectetur vehicula. Suspendisse condimentum bibendum ante in adipiscing. Aliquam dignissim nisl eget arcu convallis, in viverra risus consequat. Pellentesque dictum gravida lacinia.</p><p><br></p><p>Lorem ipsão dolor sít amçet, consectetur adipiscing elit. Sed vehicula id odio quis rhoncus. Donec ullamcorper, lectus in dictum porta, urna nisl tincidunt metus, at iaculis nunc sem vitae diam. Etiam quam orci, volutpat a justo non, pretium condimentum felis. Duis id elementum arcu. Mauris pharetra dui molestie tortor imperdiet. Duis non laoreet eros. Vestibulum porta neque eleifend erat tempus, vitae sagittis elit sodales. Sed convallis erat quis iaculis vestibulum. </p><p><br></p><p>Lorem ipsão dolor sít amçet, consectetur adipiscing elit. Sed vehicula id odio quis rhoncus. Donec ullamcorper, lectus in dictum porta, urna nisl tincidunt metus, at iaculis nunc sem vitae diam. Etiam quam orci, volutpat a justo non, pretium condimentum felis. Duis id elementum arcu. Mauris pharetra dui molestie tortor imperdiet.  Lorem ipsão dolor sít amçet, consectetur adipiscing elit. Sed vehicula id odio quis rhoncus. Donec ullamcorper, lectus in dictum porta, urna nisl tincidunt metus, at iaculis nunc sem vitae diam.</p>','sKLXBaY5jB1BsSVOGKWn7T0MC','Serviços','R$  xx,xx',26,'2023-04-27',1,1,1,425),(11,1,'Cílios','cilios','Duis non laoreet eros. Vestibulum porta neque eleifend erat tempus, vitae sagittis elit sodales. ','<p>Duis non laoreet eros. Vestibulum porta neque eleifend erat tempus, vitae sagittis elit sodales. Sed convallis erat quis iaculis vestibulum. Curabitur sit amet purus et tellus consectetur vehicula. Suspendisse condimentum bibendum ante in adipiscing. Aliquam dignissim nisl eget arcu convallis, in viverra risus consequat. Pellentesque dictum gravida lacinia.</p><p><br></p><p>Lorem ipsão dolor sít amçet, consectetur adipiscing elit. Sed vehicula id odio quis rhoncus. Donec ullamcorper, lectus in dictum porta, urna nisl tincidunt metus, at iaculis nunc sem vitae diam. Etiam quam orci, volutpat a justo non, pretium condimentum felis. Duis id elementum arcu. Mauris pharetra dui molestie tortor imperdiet. Duis non laoreet eros. Vestibulum porta neque eleifend erat tempus, vitae sagittis elit sodales. Sed convallis erat quis iaculis vestibulum. </p><p><br></p><p>Lorem ipsão dolor sít amçet, consectetur adipiscing elit. Sed vehicula id odio quis rhoncus. Donec ullamcorper, lectus in dictum porta, urna nisl tincidunt metus, at iaculis nunc sem vitae diam. Etiam quam orci, volutpat a justo non, pretium condimentum felis. Duis id elementum arcu. Mauris pharetra dui molestie tortor imperdiet.  Lorem ipsão dolor sít amçet, consectetur adipiscing elit. Sed vehicula id odio quis rhoncus. Donec ullamcorper, lectus in dictum porta, urna nisl tincidunt metus, at iaculis nunc sem vitae diam.</p>','L7m71EfPymfe7pHvfuzDGLs9y','Serviços','R$ xx,xx',27,'2023-04-27',1,1,1,351),(15,1,'Promoção da noivas','promocaodanoivas','Duis non laoreet eros. Vestibulum porta neque eleifend erat tempus, vitae sagittis elit sodales. ','<p>Duis non laoreet eros. Vestibulum porta neque eleifend erat tempus, vitae sagittis elit sodales. Sed convallis erat quis iaculis vestibulum. Curabitur sit amet purus et tellus consectetur vehicula. Suspendisse condimentum bibendum ante in adipiscing. Aliquam dignissim nisl eget arcu convallis, in viverra risus consequat. Pellentesque dictum gravida lacinia.</p><p><br></p><p>Lorem ipsão dolor sít amçet, consectetur adipiscing elit. Sed vehicula id odio quis rhoncus. Donec ullamcorper, lectus in dictum porta, urna nisl tincidunt metus, at iaculis nunc sem vitae diam. Etiam quam orci, volutpat a justo non, pretium condimentum felis. Duis id elementum arcu. Mauris pharetra dui molestie tortor imperdiet. Duis non laoreet eros. Vestibulum porta neque eleifend erat tempus, vitae sagittis elit sodales. Sed convallis erat quis iaculis vestibulum.&nbsp;</p><p><br></p><p>Lorem ipsão dolor sít amçet, consectetur adipiscing elit. Sed vehicula id odio quis rhoncus. Donec ullamcorper, lectus in dictum porta, urna nisl tincidunt metus, at iaculis nunc sem vitae diam. Etiam quam orci, volutpat a justo non, pretium condimentum felis. Duis id elementum arcu. Mauris pharetra dui molestie tortor imperdiet.&nbsp; Lorem ipsão dolor sít amçet, consectetur adipiscing elit. Sed vehicula id odio quis rhoncus. Donec ullamcorper, lectus in dictum porta, urna nisl tincidunt metus, at iaculis nunc sem vitae diam.</p>','9oTNO5vWR6Um6xY1ySsFQFBi5','Promoções','R$ xx,xx',31,'2023-04-29',1,1,1,340),(12,1,'Luzes','luzes','Duis non laoreet eros. Vestibulum porta neque eleifend erat tempus, vitae sagittis elit sodales','<p>Duis non laoreet eros. Vestibulum porta neque eleifend erat tempus, vitae sagittis elit sodales. Sed convallis erat quis iaculis vestibulum. Curabitur sit amet purus et tellus consectetur vehicula. Suspendisse condimentum bibendum ante in adipiscing. Aliquam dignissim nisl eget arcu convallis, in viverra risus consequat. Pellentesque dictum gravida lacinia.</p><p><br></p><p>Lorem ipsão dolor sít amçet, consectetur adipiscing elit. Sed vehicula id odio quis rhoncus. Donec ullamcorper, lectus in dictum porta, urna nisl tincidunt metus, at iaculis nunc sem vitae diam. Etiam quam orci, volutpat a justo non, pretium condimentum felis. Duis id elementum arcu. Mauris pharetra dui molestie tortor imperdiet. Duis non laoreet eros. Vestibulum porta neque eleifend erat tempus, vitae sagittis elit sodales. Sed convallis erat quis iaculis vestibulum.&nbsp;</p><p><br></p><p>Lorem ipsão dolor sít amçet, consectetur adipiscing elit. Sed vehicula id odio quis rhoncus. Donec ullamcorper, lectus in dictum porta, urna nisl tincidunt metus, at iaculis nunc sem vitae diam. Etiam quam orci, volutpat a justo non, pretium condimentum felis. Duis id elementum arcu. Mauris pharetra dui molestie tortor imperdiet.&nbsp; Lorem ipsão dolor sít amçet, consectetur adipiscing elit. Sed vehicula id odio quis rhoncus. Donec ullamcorper, lectus in dictum porta, urna nisl tincidunt metus, at iaculis nunc sem vitae diam.</p>','XHnyGwPdcapc901hl88ryd30D','Serviços','R$ xx,xx',28,'2023-04-27',1,1,1,387),(16,1,'Promoção primeira visita','promocaoprimeiravisita','Duis non laoreet eros. Vestibulum porta neque eleifend erat tempus, vitae sagittis elit sodales. ','<p>Duis non laoreet eros. Vestibulum porta neque eleifend erat tempus, vitae sagittis elit sodales. Sed convallis erat quis iaculis vestibulum. Curabitur sit amet purus et tellus consectetur vehicula. Suspendisse condimentum bibendum ante in adipiscing. Aliquam dignissim nisl eget arcu convallis, in viverra risus consequat. Pellentesque dictum gravida lacinia.</p><p><br></p><p>Lorem ipsão dolor sít amçet, consectetur adipiscing elit. Sed vehicula id odio quis rhoncus. Donec ullamcorper, lectus in dictum porta, urna nisl tincidunt metus, at iaculis nunc sem vitae diam. Etiam quam orci, volutpat a justo non, pretium condimentum felis. Duis id elementum arcu. Mauris pharetra dui molestie tortor imperdiet. Duis non laoreet eros. Vestibulum porta neque eleifend erat tempus, vitae sagittis elit sodales. Sed convallis erat quis iaculis vestibulum.&nbsp;</p><p><br></p><p>Lorem ipsão dolor sít amçet, consectetur adipiscing elit. Sed vehicula id odio quis rhoncus. Donec ullamcorper, lectus in dictum porta, urna nisl tincidunt metus, at iaculis nunc sem vitae diam. Etiam quam orci, volutpat a justo non, pretium condimentum felis. Duis id elementum arcu. Mauris pharetra dui molestie tortor imperdiet.&nbsp; Lorem ipsão dolor sít amçet, consectetur adipiscing elit. Sed vehicula id odio quis rhoncus. Donec ullamcorper, lectus in dictum porta, urna nisl tincidunt metus, at iaculis nunc sem vitae diam.</p>','a6lu5a5TH0KjmaNQ3uWJKuIfZ','Promoções','R$ xx,xx',32,'2023-04-29',1,1,1,301),(17,1,'Promoção das terças','promocaodastercas','Duis non laoreet eros. Vestibulum porta neque eleifend erat tempus, vitae sagittis elit sodales.','<p>Duis non laoreet eros. Vestibulum porta neque eleifend erat tempus, vitae sagittis elit sodales. Sed convallis erat quis iaculis vestibulum. Curabitur sit amet purus et tellus consectetur vehicula. Suspendisse condimentum bibendum ante in adipiscing. Aliquam dignissim nisl eget arcu convallis, in viverra risus consequat. Pellentesque dictum gravida lacinia.</p><p><br></p><p>Lorem ipsão dolor sít amçet, consectetur adipiscing elit. Sed vehicula id odio quis rhoncus. Donec ullamcorper, lectus in dictum porta, urna nisl tincidunt metus, at iaculis nunc sem vitae diam. Etiam quam orci, volutpat a justo non, pretium condimentum felis. Duis id elementum arcu. Mauris pharetra dui molestie tortor imperdiet. Duis non laoreet eros. Vestibulum porta neque eleifend erat tempus, vitae sagittis elit sodales. Sed convallis erat quis iaculis vestibulum.&nbsp;</p><p><br></p><p>Lorem ipsão dolor sít amçet, consectetur adipiscing elit. Sed vehicula id odio quis rhoncus. Donec ullamcorper, lectus in dictum porta, urna nisl tincidunt metus, at iaculis nunc sem vitae diam. Etiam quam orci, volutpat a justo non, pretium condimentum felis. Duis id elementum arcu. Mauris pharetra dui molestie tortor imperdiet.&nbsp; Lorem ipsão dolor sít amçet, consectetur adipiscing elit. Sed vehicula id odio quis rhoncus. Donec ullamcorper, lectus in dictum porta, urna nisl tincidunt metus, at iaculis nunc sem vitae diam.</p>','eNDIDVYybDNpftysUZbvIWhCn','Promoções','R$ xx,xx',33,'2023-04-29',1,1,1,271),(20,1,'PROMOÇÃO Maquiagem e penteado','promocaomaquiagemepenteado','Duis non laoreet eros. Vestibulum porta neque eleifend erat tempus, vitae sagittis elit sodales.','<p>Duis non laoreet eros. Vestibulum porta neque eleifend erat tempus, vitae sagittis elit sodales. Sed convallis erat quis iaculis vestibulum. Curabitur sit amet purus et tellus consectetur vehicula. Suspendisse condimentum bibendum ante in adipiscing. Aliquam dignissim nisl eget arcu convallis, in viverra risus consequat. Pellentesque dictum gravida lacinia.</p><p><br></p><p>Lorem ipsão dolor sít amçet, consectetur adipiscing elit. Sed vehicula id odio quis rhoncus. Donec ullamcorper, lectus in dictum porta, urna nisl tincidunt metus, at iaculis nunc sem vitae diam. Etiam quam orci, volutpat a justo non, pretium condimentum felis. Duis id elementum arcu. Mauris pharetra dui molestie tortor imperdiet. Duis non laoreet eros. Vestibulum porta neque eleifend erat tempus, vitae sagittis elit sodales. Sed convallis erat quis iaculis vestibulum. </p>','g9hxwiyfMfTySGzyk2gRz3LBz','Promoções','R$ xxx,xx',36,'2024-01-22',1,1,1,130),(18,1,'Corte de Cabelo Masculino','cortedecabelomasculino','Duis non laoreet eros. Vestibulum porta neque eleifend erat tempus, vitae sagittis elit sodales. ','<p>Duis non laoreet eros. Vestibulum porta neque eleifend erat tempus, vitae sagittis elit sodales. Sed convallis erat quis iaculis vestibulum. Curabitur sit amet purus et tellus consectetur vehicula. Suspendisse condimentum bibendum ante in adipiscing. Aliquam dignissim nisl eget arcu convallis, in viverra risus consequat. Pellentesque dictum gravida lacinia.</p><p><br></p><p>Lorem ipsão dolor sít amçet, consectetur adipiscing elit. Sed vehicula id odio quis rhoncus. Donec ullamcorper, lectus in dictum porta, urna nisl tincidunt metus, at iaculis nunc sem vitae diam. Etiam quam orci, volutpat a justo non, pretium condimentum felis. Duis id elementum arcu. Mauris pharetra dui molestie tortor imperdiet. Duis non laoreet eros. Vestibulum porta neque eleifend erat tempus, vitae sagittis elit sodales. Sed convallis erat quis iaculis vestibulum. </p><p><br></p><p>Lorem ipsão dolor sít amçet, consectetur adipiscing elit. Sed vehicula id odio quis rhoncus. Donec ullamcorper, lectus in dictum porta, urna nisl tincidunt metus, at iaculis nunc sem vitae diam. Etiam quam orci, volutpat a justo non, pretium condimentum felis. Duis id elementum arcu. Mauris pharetra dui molestie tortor imperdiet.  Lorem ipsão dolor sít amçet, consectetur adipiscing elit. Sed vehicula id odio quis rhoncus. Donec ullamcorper, lectus in dictum porta, urna nisl tincidunt metus, at iaculis nunc sem vitae diam.</p><div><br></div>','aAmOr0AUZBi8VByZ0DliMuCsv','Serviços','R$ XX,XX',34,'2023-09-02',1,1,1,250),(19,1,'Limpeza de Pele','limpezadepele','Duis non laoreet eros. Vestibulum porta neque eleifend erat tempus, vitae sagittis elit sodales. ','<p>Duis non laoreet eros. Vestibulum porta neque eleifend erat tempus, vitae sagittis elit sodales. Sed convallis erat quis iaculis vestibulum. Curabitur sit amet purus et tellus consectetur vehicula. Suspendisse condimentum bibendum ante in adipiscing. Aliquam dignissim nisl eget arcu convallis, in viverra risus consequat. Pellentesque dictum gravida lacinia.</p><p><br></p><p>Lorem ipsão dolor sít amçet, consectetur adipiscing elit. Sed vehicula id odio quis rhoncus. Donec ullamcorper, lectus in dictum porta, urna nisl tincidunt metus, at iaculis nunc sem vitae diam. Etiam quam orci, volutpat a justo non, pretium condimentum felis. Duis id elementum arcu. Mauris pharetra dui molestie tortor imperdiet. Duis non laoreet eros. Vestibulum porta neque eleifend erat tempus, vitae sagittis elit sodales. Sed convallis erat quis iaculis vestibulum.&nbsp;</p><p><br></p><p>Lorem ipsão dolor sít amçet, consectetur adipiscing elit. Sed vehicula id odio quis rhoncus. Donec ullamcorper, lectus in dictum porta, urna nisl tincidunt metus, at iaculis nunc sem vitae diam. Etiam quam orci, volutpat a justo non, pretium condimentum felis. Duis id elementum arcu. Mauris pharetra dui molestie tortor imperdiet.&nbsp; Lorem ipsão dolor sít amçet, consectetur adipiscing elit. Sed vehicula id odio quis rhoncus. Donec ullamcorper, lectus in dictum porta, urna nisl tincidunt metus, at iaculis nunc sem vitae diam.</p><div><br></div>','K045jwfBpwb4zJlQsH5kt7phT','Serviços','R$ XX,XX',35,'2023-09-02',1,1,1,255),(21,1,'Cream jar, cosmectics skin care','creamjarcosmecticsskincare','Duis non laoreet eros. Vestibulum porta neque eleifend erat tempus, vitae sagittis elit sodales.','<p>Duis non laoreet eros. Vestibulum porta neque eleifend erat tempus, vitae sagittis elit sodales. Sed convallis erat quis iaculis vestibulum. Curabitur sit amet purus et tellus consectetur vehicula. Suspendisse condimentum bibendum ante in adipiscing. Aliquam dignissim nisl eget arcu convallis, in viverra risus consequat. Pellentesque dictum gravida lacinia.</p><p><br></p><p>Lorem ipsão dolor sít amçet, consectetur adipiscing elit. Sed vehicula id odio quis rhoncus. Donec ullamcorper, lectus in dictum porta, urna nisl tincidunt metus, at iaculis nunc sem vitae diam. Etiam quam orci, volutpat a justo non, pretium condimentum felis. Duis id elementum arcu. Mauris pharetra dui molestie tortor imperdiet. Duis non laoreet eros. Vestibulum porta neque eleifend erat tempus, vitae sagittis elit sodales. Sed convallis erat quis iaculis vestibulum. </p>','cGqKhBGCyM3A6NQZUAhtrAdPK','Produtos','R$ XXX,XX',37,'2022-04-04',0,1,1,44);

--
-- Table structure for table `classificados_arquivos`
--

CREATE TABLE `classificados_arquivos` (
  `id` int(11) NOT NULL AUTO_INCREMENT,
  `codigo` varchar(25) NOT NULL,
  `path` text NOT NULL,
  `arquivo` text NOT NULL,
  `legenda` text DEFAULT NULL,
  `tipo` varchar(50) DEFAULT NULL,
  PRIMARY KEY (`id`)
) ENGINE=MyISAM AUTO_INCREMENT=38 DEFAULT CHARSET=latin1 COLLATE=latin1_swedish_ci ROW_FORMAT=DYNAMIC;

--
-- Dumping data for table `classificados_arquivos`
--

INSERT INTO `classificados_arquivos` (`id`, `codigo`, `path`, `arquivo`, `legenda`, `tipo`) VALUES (34,'aAmOr0AUZBi8VByZ0DliMuCsv','zHD/classificados/1/aAmOr0AUZBi8VByZ0DliMuCsv/imagens/','0694869001693704803.jpg',NULL,'capa'),(28,'XHnyGwPdcapc901hl88ryd30D','zHD/classificados/1/XHnyGwPdcapc901hl88ryd30D/imagens/','0714355001682582359.jpg',NULL,'capa'),(27,'L7m71EfPymfe7pHvfuzDGLs9y','zHD/classificados/1/L7m71EfPymfe7pHvfuzDGLs9y/imagens/','0640270001682582195.jpg',NULL,'capa'),(26,'sKLXBaY5jB1BsSVOGKWn7T0MC','zHD/classificados/1/sKLXBaY5jB1BsSVOGKWn7T0MC/imagens/','0589282001682581995.jpg',NULL,'capa'),(25,'Sy7kxmDenDrD5pzSxrkVzsOOa','zHD/classificados/1/Sy7kxmDenDrD5pzSxrkVzsOOa/imagens/','0177328001682581774.jpg',NULL,'capa'),(33,'eNDIDVYybDNpftysUZbvIWhCn','zHD/classificados/1/eNDIDVYybDNpftysUZbvIWhCn/imagens/','0842359001682749046.jpg',NULL,'capa'),(32,'a6lu5a5TH0KjmaNQ3uWJKuIfZ','zHD/classificados/1/a6lu5a5TH0KjmaNQ3uWJKuIfZ/imagens/','0248778001682748955.jpg',NULL,'capa'),(31,'9oTNO5vWR6Um6xY1ySsFQFBi5','zHD/classificados/1/9oTNO5vWR6Um6xY1ySsFQFBi5/imagens/','0755277001682748877.jpg',NULL,'capa'),(30,'DpP35ieRu4cMMUIn8wiPPdesC','zHD/classificados/1/DpP35ieRu4cMMUIn8wiPPdesC/imagens/','0362406001682583288.jpg',NULL,'capa'),(29,'mXksECJy6nwd2qB4vAWWaXVeZ','zHD/classificados/1/mXksECJy6nwd2qB4vAWWaXVeZ/imagens/','0989988001682583087.jpg',NULL,'capa'),(19,'l4SorQzp6Pu4mYwyW1Oz1YCP0','zHD/classificados/1/l4SorQzp6Pu4mYwyW1Oz1YCP0/imagens/','0667075001649056979.jpg',NULL,'capa'),(35,'K045jwfBpwb4zJlQsH5kt7phT','zHD/classificados/1/K045jwfBpwb4zJlQsH5kt7phT/imagens/','0878370001693705109.jpg',NULL,'capa'),(24,'00SEbuMCojdIIP9yqRPc0LfeU','zHD/classificados/1/00SEbuMCojdIIP9yqRPc0LfeU/imagens/','0501182001682581651.jpg',NULL,'capa'),(23,'sAO2tkINA84MME0cSo0ZMZcHz','zHD/classificados/1/sAO2tkINA84MME0cSo0ZMZcHz/imagens/','0751338001682581442.jpg',NULL,'capa'),(36,'g9hxwiyfMfTySGzyk2gRz3LBz','zHD/classificados/1/g9hxwiyfMfTySGzyk2gRz3LBz/imagens/','0089153001705902859.jpg',NULL,'capa'),(37,'cGqKhBGCyM3A6NQZUAhtrAdPK','zHD/classificados/1/cGqKhBGCyM3A6NQZUAhtrAdPK/imagens/','0489474001708115789.jpg',NULL,'capa');

--
-- Table structure for table `classificados_links`
--

CREATE TABLE `classificados_links` (
  `id` int(11) NOT NULL AUTO_INCREMENT,
  `codigo` varchar(25) NOT NULL,
  `titulo` text DEFAULT NULL,
  `link` text NOT NULL,
  PRIMARY KEY (`id`)
) ENGINE=MyISAM AUTO_INCREMENT=2 DEFAULT CHARSET=latin1 COLLATE=latin1_swedish_ci ROW_FORMAT=DYNAMIC;

--
-- Dumping data for table `classificados_links`
--

INSERT INTO `classificados_links` (`id`, `codigo`, `titulo`, `link`) VALUES (1,'AzPlHUGniGJW9SizGxyU1tFIZ','JP Web','https://jpweb.com.br');

--
-- Table structure for table `classificados_videos`
--

CREATE TABLE `classificados_videos` (
  `id` int(11) NOT NULL AUTO_INCREMENT,
  `codigo` varchar(25) NOT NULL,
  `titulo` text DEFAULT NULL,
  `link` text NOT NULL,
  PRIMARY KEY (`id`)
) ENGINE=MyISAM AUTO_INCREMENT=2 DEFAULT CHARSET=latin1 COLLATE=latin1_swedish_ci ROW_FORMAT=DYNAMIC;

--
-- Dumping data for table `classificados_videos`
--

INSERT INTO `classificados_videos` (`id`, `codigo`, `titulo`, `link`) VALUES (1,'AzPlHUGniGJW9SizGxyU1tFIZ','Ferrari','ZGvqa4UNGyA');

--
-- Table structure for table `contatos`
--

CREATE TABLE `contatos` (
  `id` int(11) NOT NULL AUTO_INCREMENT,
  `usuario` int(11) NOT NULL DEFAULT 0,
  `secao` int(11) NOT NULL DEFAULT 0,
  `texto` text DEFAULT NULL,
  `entidade` int(11) NOT NULL,
  PRIMARY KEY (`id`),
  KEY `secao` (`secao`),
  KEY `entidade` (`entidade`)
) ENGINE=MyISAM DEFAULT CHARSET=latin1 COLLATE=latin1_swedish_ci ROW_FORMAT=DYNAMIC;

--
-- Dumping data for table `contatos`
--


--
-- Table structure for table `contatos_secoes`
--

CREATE TABLE `contatos_secoes` (
  `id` int(11) NOT NULL AUTO_INCREMENT,
  `nome` varchar(250) NOT NULL,
  `entidade` int(11) NOT NULL DEFAULT 0,
  PRIMARY KEY (`id`),
  KEY `nome` (`nome`)
) ENGINE=MyISAM AUTO_INCREMENT=169 DEFAULT CHARSET=latin1 COLLATE=latin1_swedish_ci ROW_FORMAT=DYNAMIC;

--
-- Dumping data for table `contatos_secoes`
--

INSERT INTO `contatos_secoes` (`id`, `nome`, `entidade`) VALUES (149,'Contato',1),(148,'Home',1);

--
-- Table structure for table `downloads`
--

CREATE TABLE `downloads` (
  `id` int(11) NOT NULL AUTO_INCREMENT,
  `usuario` int(11) NOT NULL DEFAULT 0,
  `secao` int(11) NOT NULL DEFAULT 0,
  `titulo` text NOT NULL,
  `texto` text DEFAULT NULL,
  `codigo` varchar(25) NOT NULL,
  `data` date DEFAULT NULL,
  `entidade` int(11) NOT NULL,
  PRIMARY KEY (`id`),
  KEY `secao` (`secao`),
  KEY `entidade` (`entidade`)
) ENGINE=MyISAM AUTO_INCREMENT=2 DEFAULT CHARSET=latin1 COLLATE=latin1_swedish_ci ROW_FORMAT=DYNAMIC;

--
-- Dumping data for table `downloads`
--

INSERT INTO `downloads` (`id`, `usuario`, `secao`, `titulo`, `texto`, `codigo`, `data`, `entidade`) VALUES (1,1,2,'Documentos (ilustrativo)','Lorem ipsão dolor sít amçet, consectetur adipiscing elit.','yjYOpXucTRNANai6XQ77hDoxk','2021-01-09',1);

--
-- Table structure for table `downloads_arquivos`
--

CREATE TABLE `downloads_arquivos` (
  `id` int(11) NOT NULL AUTO_INCREMENT,
  `codigo` varchar(25) NOT NULL,
  `path` text NOT NULL,
  `arquivo` text NOT NULL,
  `legenda` text DEFAULT NULL,
  `tipo` varchar(50) DEFAULT NULL,
  `data` date DEFAULT NULL,
  `views` int(11) NOT NULL DEFAULT 0,
  PRIMARY KEY (`id`),
  KEY `codigo` (`codigo`)
) ENGINE=MyISAM AUTO_INCREMENT=5 DEFAULT CHARSET=latin1 COLLATE=latin1_swedish_ci ROW_FORMAT=DYNAMIC;

--
-- Dumping data for table `downloads_arquivos`
--

INSERT INTO `downloads_arquivos` (`id`, `codigo`, `path`, `arquivo`, `legenda`, `tipo`, `data`, `views`) VALUES (1,'yjYOpXucTRNANai6XQ77hDoxk','zHD/downloads/1/yjYOpXucTRNANai6XQ77hDoxk/arquivos/','ilustrativo2 (0430012001610175687).pdf',NULL,'arquivo','2021-01-09',6),(2,'yjYOpXucTRNANai6XQ77hDoxk','zHD/downloads/1/yjYOpXucTRNANai6XQ77hDoxk/arquivos/','ilustrativo1 (0438705001610175687).pdf',NULL,'arquivo','2021-01-09',1),(3,'yjYOpXucTRNANai6XQ77hDoxk','zHD/downloads/1/yjYOpXucTRNANai6XQ77hDoxk/arquivos/','ilustrativo3 (0464482001610175687).pdf',NULL,'arquivo','2021-01-09',0),(4,'yjYOpXucTRNANai6XQ77hDoxk','zHD/downloads/1/yjYOpXucTRNANai6XQ77hDoxk/arquivos/','ilustrativo4 (0518915001610175687).pdf',NULL,'arquivo','2021-01-09',0);

--
-- Table structure for table `downloads_secoes`
--

CREATE TABLE `downloads_secoes` (
  `id` int(11) NOT NULL AUTO_INCREMENT,
  `nome` varchar(250) NOT NULL,
  `entidade` int(11) NOT NULL DEFAULT 0,
  PRIMARY KEY (`id`),
  KEY `entidade` (`entidade`)
) ENGINE=MyISAM AUTO_INCREMENT=3 DEFAULT CHARSET=latin1 COLLATE=latin1_swedish_ci ROW_FORMAT=DYNAMIC;

--
-- Dumping data for table `downloads_secoes`
--

INSERT INTO `downloads_secoes` (`id`, `nome`, `entidade`) VALUES (1,'Downloads',1),(2,'Documentos',1);

--
-- Table structure for table `enquetes`
--

CREATE TABLE `enquetes` (
  `id` int(11) NOT NULL AUTO_INCREMENT,
  `usuario` int(11) NOT NULL DEFAULT 0,
  `titulo` text NOT NULL,
  `tag` text NOT NULL,
  `texto` text DEFAULT NULL,
  `secao` int(11) NOT NULL,
  `data` datetime DEFAULT current_timestamp(),
  `entidade` int(11) NOT NULL,
  `status` int(11) DEFAULT 1,
  PRIMARY KEY (`id`),
  KEY `entidade` (`entidade`)
) ENGINE=MyISAM AUTO_INCREMENT=3 DEFAULT CHARSET=latin1 COLLATE=latin1_swedish_ci ROW_FORMAT=DYNAMIC;

--
-- Dumping data for table `enquetes`
--

INSERT INTO `enquetes` (`id`, `usuario`, `titulo`, `tag`, `texto`, `secao`, `data`, `entidade`, `status`) VALUES (1,1,'Qual o melhor time da atualidade?','qualomelhortimedaatualidade','Lorem ipsão dolor sít amçet, consectetur adipiscing elit. Sed vehicula id odio quis rhoncus. Donec ullamcorper, lectus in dictum porta, urna nisl tincidunt metus, at iaculis nunc sem vitae diam. Etiam quam orci, volutpat a justo non, pretium condimentum felis. Duis id elementum arcu. Mauris pharetra dui molestie tortor imperdiet. ',156,'2021-01-09 00:00:00',1,1);

--
-- Table structure for table `enquetes_opcoes`
--

CREATE TABLE `enquetes_opcoes` (
  `id` int(11) NOT NULL AUTO_INCREMENT,
  `enquete` int(11) NOT NULL DEFAULT 0,
  `titulo` text DEFAULT NULL,
  `votos` int(11) NOT NULL DEFAULT 0,
  PRIMARY KEY (`id`),
  KEY `enquete` (`enquete`)
) ENGINE=MyISAM AUTO_INCREMENT=6 DEFAULT CHARSET=latin1 COLLATE=latin1_swedish_ci ROW_FORMAT=DYNAMIC;

--
-- Dumping data for table `enquetes_opcoes`
--

INSERT INTO `enquetes_opcoes` (`id`, `enquete`, `titulo`, `votos`) VALUES (1,1,'Internacional',1),(2,1,'Flamengo',1),(3,1,'São Paulo',0),(4,1,'Corinthians',0);

--
-- Table structure for table `enquetes_secoes`
--

CREATE TABLE `enquetes_secoes` (
  `id` int(11) NOT NULL AUTO_INCREMENT,
  `nome` varchar(250) NOT NULL,
  `entidade` int(11) NOT NULL DEFAULT 0,
  PRIMARY KEY (`id`),
  KEY `entidade` (`entidade`)
) ENGINE=MyISAM AUTO_INCREMENT=166 DEFAULT CHARSET=latin1 COLLATE=latin1_swedish_ci ROW_FORMAT=DYNAMIC;

--
-- Dumping data for table `enquetes_secoes`
--

INSERT INTO `enquetes_secoes` (`id`, `nome`, `entidade`) VALUES (156,'Enquetes',1);

--
-- Table structure for table `enquetes_votos`
--

CREATE TABLE `enquetes_votos` (
  `id` int(11) NOT NULL AUTO_INCREMENT,
  `enquete` int(11) NOT NULL DEFAULT 0,
  `ip` varchar(50) NOT NULL,
  `data` timestamp NOT NULL DEFAULT current_timestamp() ON UPDATE current_timestamp(),
  PRIMARY KEY (`id`),
  KEY `enquete` (`enquete`),
  KEY `ip` (`ip`),
  KEY `data` (`data`)
) ENGINE=MyISAM AUTO_INCREMENT=4 DEFAULT CHARSET=latin1 COLLATE=latin1_swedish_ci ROW_FORMAT=DYNAMIC;

--
-- Dumping data for table `enquetes_votos`
--

INSERT INTO `enquetes_votos` (`id`, `enquete`, `ip`, `data`) VALUES (1,1,'177.235.117.135','2021-01-14 10:24:39'),(2,2,'177.235.119.218','2023-04-19 06:19:29'),(3,1,'177.235.119.218','2023-04-19 06:20:27');

--
-- Table structure for table `faleconosco`
--

CREATE TABLE `faleconosco` (
  `id` int(11) NOT NULL AUTO_INCREMENT,
  `secao` int(11) NOT NULL DEFAULT 0,
  `nome` varchar(200) DEFAULT NULL,
  `email` varchar(300) DEFAULT NULL,
  `telefone` varchar(300) DEFAULT NULL,
  `mensagem` text DEFAULT NULL,
  `resposta` text DEFAULT NULL,
  `usuario` int(11) DEFAULT 0,
  `entidade` int(11) NOT NULL,
  `status` int(11) NOT NULL DEFAULT 0,
  `data_mensagem` timestamp NULL DEFAULT current_timestamp(),
  `data_resposta` datetime DEFAULT NULL,
  `envio` int(11) NOT NULL DEFAULT 0,
  PRIMARY KEY (`id`),
  KEY `secao` (`secao`),
  KEY `entidade` (`entidade`)
) ENGINE=MyISAM AUTO_INCREMENT=16 DEFAULT CHARSET=latin1 COLLATE=latin1_swedish_ci ROW_FORMAT=DYNAMIC;

--
-- Dumping data for table `faleconosco`
--

INSERT INTO `faleconosco` (`id`, `secao`, `nome`, `email`, `telefone`, `mensagem`, `resposta`, `usuario`, `entidade`, `status`, `data_mensagem`, `data_resposta`, `envio`) VALUES (1,156,'Jorge Miguel','jpweb@jpweb.com.br','(55) 61982-5120','teste',NULL,0,1,0,'2021-11-19 20:28:33',NULL,0),(2,156,'Jorge Miguel','jpweb@jpweb.com.br','(55) 61982-5120','TESTE',NULL,0,1,0,'2022-04-01 20:51:36',NULL,0),(3,156,'Jorge Miguel','jpweb@jpweb.com.br','(55) 61982-5120','TESTE',NULL,0,1,0,'2022-04-03 09:11:21',NULL,0),(4,156,'JP Web Teste','jpweb@jpweb.com.br','(61) 98251-2032','TESTE',NULL,0,1,0,'2022-04-11 13:41:25',NULL,0),(5,156,'Teste','jpweb@jpweb.com.br','(38) 99973-4918','Teste',NULL,0,1,0,'2022-04-13 19:59:21',NULL,0),(6,156,'Teste','jpweb@jpweb.com.br','(38) 99973-4918','Teste',NULL,0,1,0,'2022-04-13 19:59:41',NULL,0),(7,156,'Teste','jpweb@jpweb.com.br','(38) 99973-4918','Teste',NULL,0,1,0,'2022-04-13 19:59:50',NULL,0),(8,156,'JP Web Teste','jpweb@jpweb.com.br','(61) 98251-2032','TESTE',NULL,0,1,0,'2022-04-19 17:37:04',NULL,0),(9,156,'JP Web Teste','jpweb@jpweb.com.br','(61) 98251-2032','TESTE',NULL,0,1,0,'2022-06-03 07:34:22',NULL,0),(10,156,'JP Web Teste','jpweb@jpweb.com.br','(61) 98251-2032','17.55',NULL,0,1,0,'2022-06-03 20:55:57',NULL,0),(11,156,'JP Web Teste','jpweb@jpweb.com.br','(61) 98251-2032','TESTE',NULL,0,1,0,'2022-06-07 12:20:07',NULL,0),(12,156,'JP Web Teste','jpweb@jpweb.com.br','(61) 98251-2032','TESTE',NULL,0,1,0,'2022-06-07 12:20:12',NULL,0),(13,156,'JP Web Teste','jmhpretto@gmail.com','(61) 98251-2032','03.43',NULL,0,1,0,'2022-06-09 06:43:41',NULL,0),(14,156,'JP Web Teste','jmhpretto@gmail.com','(61) 98251-2032','06.34','<p>TESTE</p>',1,1,0,'2022-06-09 09:34:33','2022-06-09 06:38:00',1),(15,156,'JP Web Teste','jpweb@jpweb.com.br','(61) 98251-2032','TESTE PADRAO 07.34','<p>TESTE</p>',1,1,0,'2022-06-09 10:35:09','2022-06-09 07:37:43',1);

--
-- Table structure for table `faleconosco_secoes`
--

CREATE TABLE `faleconosco_secoes` (
  `id` int(11) NOT NULL AUTO_INCREMENT,
  `nome` varchar(250) NOT NULL,
  `entidade` int(11) NOT NULL DEFAULT 0,
  PRIMARY KEY (`id`),
  KEY `entidade` (`entidade`)
) ENGINE=MyISAM AUTO_INCREMENT=157 DEFAULT CHARSET=latin1 COLLATE=latin1_swedish_ci ROW_FORMAT=DYNAMIC;

--
-- Dumping data for table `faleconosco_secoes`
--

INSERT INTO `faleconosco_secoes` (`id`, `nome`, `entidade`) VALUES (156,'Fale Conosco',1);

--
-- Table structure for table `faq`
--

CREATE TABLE `faq` (
  `id` int(11) NOT NULL AUTO_INCREMENT,
  `secao` int(11) NOT NULL DEFAULT 0,
  `pergunta` text DEFAULT NULL,
  `resposta` text DEFAULT NULL,
  `entidade` int(11) NOT NULL,
  `status` int(11) NOT NULL DEFAULT 0,
  PRIMARY KEY (`id`),
  KEY `secao` (`secao`),
  KEY `entidade` (`entidade`)
) ENGINE=MyISAM AUTO_INCREMENT=14 DEFAULT CHARSET=latin1 COLLATE=latin1_swedish_ci ROW_FORMAT=DYNAMIC;

--
-- Dumping data for table `faq`
--

INSERT INTO `faq` (`id`, `secao`, `pergunta`, `resposta`, `entidade`, `status`) VALUES (7,158,'Como posso saber os preços dos serviços oferecidos?','Os preços estão aqui em nosso site ou atendemos pelo whatsapp com ícone de acesso também aqui no site.',1,1),(8,158,'Posso remarcar ou cancelar meu compromisso?','Sim, é possível remarcar ou cancelar seu compromisso. Recomendamos que faça isso com antecedência, e você pode entrar em contato conosco por telefone ou whatsApp;',1,1),(4,158,'Qual é o horário de atendimento do serviço ao cliente?','Nossa equipe de atendimento ao cliente está disponível de segunda a sexta-feira, das 9h às 18h. Entre em contato conosco por e-mail ou através do nosso chat online durante esses horários.',1,1),(5,158,'Quais métodos de pagamento vocês aceitam?','Aceitamos uma variedade de métodos de pagamento, incluindo cartões de crédito (Visa, MasterCard, American Express) e opções de pagamento online, como PayPal. Certifique-se de selecionar a opção desejada durante o checkout.',1,1),(6,158,'Quais são os serviços oferecidos em seu salão de beleza?','Oferecemos uma variedade de serviços, incluindo cortes de cabelo, coloração, maquiagem profissional, manicure, pedicure e tratamentos faciais. Confira nossa lista de serviços para obter detalhes completos.',1,1),(9,158,'Quais produtos de beleza vocês utilizam nos serviços?','Utilizamos uma variedade de produtos de alta qualidade em nossos serviços, de marcas renomadas. Se você tiver alguma alergia ou preferência específica, informe nosso profissional antes do início do serviço.',1,1),(10,158,'Como devo me preparar para um serviço de unhas?','Recomendamos que você chegue com as unhas limpas e sem esmalte para otimizar o tempo do serviço. Caso esteja fazendo serviços específicos, como alongamento de unhas, informaremos sobre qualquer preparação adicional necessária.',1,1),(11,158,'Vocês oferecem pacotes especiais para eventos como casamentos ou festas?','Sim, oferecemos pacotes especiais para eventos especiais. Entre em contato conosco para discutir suas necessidades específicas, e teremos o prazer de criar um pacote personalizado para você.',1,1),(12,158,'Como funciona o programa de fidelidade do salão?','Nosso programa de fidelidade oferece benefícios exclusivos, como descontos em serviços, produtos gratuitos e ofertas especiais para clientes frequentes. Cadastre-se em nosso programa para começar a acumular pontos.',1,1),(13,158,'Posso comprar os produtos de beleza utilizados no salão?',' Sim, muitos dos produtos que utilizamos em nossos serviços estão disponíveis para compra. Consulte nossa equipe para recomendações personalizadas e para adquirir os produtos desejados.',1,1);

--
-- Table structure for table `faq_secoes`
--

CREATE TABLE `faq_secoes` (
  `id` int(11) NOT NULL AUTO_INCREMENT,
  `nome` varchar(250) NOT NULL,
  `entidade` int(11) NOT NULL DEFAULT 0,
  PRIMARY KEY (`id`),
  KEY `entidade` (`entidade`)
) ENGINE=MyISAM AUTO_INCREMENT=159 DEFAULT CHARSET=latin1 COLLATE=latin1_swedish_ci ROW_FORMAT=DYNAMIC;

--
-- Dumping data for table `faq_secoes`
--

INSERT INTO `faq_secoes` (`id`, `nome`, `entidade`) VALUES (158,'FAQ',1);

--
-- Table structure for table `galerias`
--

CREATE TABLE `galerias` (
  `id` int(11) NOT NULL AUTO_INCREMENT,
  `data` timestamp NOT NULL DEFAULT current_timestamp(),
  `titulo` text DEFAULT NULL,
  `descricao` text DEFAULT NULL,
  `capa` int(11) NOT NULL DEFAULT 0,
  `img_capa` int(11) NOT NULL DEFAULT 0,
  `secao` int(11) NOT NULL DEFAULT 0,
  `entidade` int(11) NOT NULL DEFAULT 0,
  PRIMARY KEY (`id`),
  KEY `entidade` (`entidade`)
) ENGINE=MyISAM AUTO_INCREMENT=7 DEFAULT CHARSET=latin1 COLLATE=latin1_swedish_ci ROW_FORMAT=DYNAMIC;

--
-- Dumping data for table `galerias`
--

INSERT INTO `galerias` (`id`, `data`, `titulo`, `descricao`, `capa`, `img_capa`, `secao`, `entidade`) VALUES (3,'2021-08-12 03:00:00','Cabelos','',1,19,1,1),(4,'2021-08-12 03:00:00','Luzes no cabelo','',1,28,1,1),(5,'2021-08-12 03:00:00','Unhas','',1,34,1,1),(6,'2021-08-12 03:00:00','Cílios','',1,50,1,1);

--
-- Table structure for table `galerias_arquivos`
--

CREATE TABLE `galerias_arquivos` (
  `id` int(11) NOT NULL AUTO_INCREMENT,
  `galeria` int(11) NOT NULL,
  `capa` int(11) NOT NULL DEFAULT 0,
  `path` text NOT NULL,
  `arquivo` text NOT NULL,
  `legenda` text DEFAULT NULL,
  PRIMARY KEY (`id`),
  KEY `galeria` (`galeria`)
) ENGINE=MyISAM AUTO_INCREMENT=70 DEFAULT CHARSET=latin1 COLLATE=latin1_swedish_ci ROW_FORMAT=DYNAMIC;

--
-- Dumping data for table `galerias_arquivos`
--

INSERT INTO `galerias_arquivos` (`id`, `galeria`, `capa`, `path`, `arquivo`, `legenda`) VALUES (54,3,0,'zHD/galerias/1/3/','gal-cabelo4 (0624799001682762086).jpg',NULL),(53,3,0,'zHD/galerias/1/3/','gal-cabelo2 (0462686001682762086).jpg',NULL),(52,3,0,'zHD/galerias/1/3/','gal-cabelo1 (0463441001682762086).jpg',NULL),(51,3,0,'zHD/galerias/1/3/','gal-cabelo3 (0462737001682762086).jpg',NULL),(19,3,1,'zHD/galerias/1/3/','0497252001682762060.jpg',NULL),(55,4,0,'zHD/galerias/1/4/','gal-luzes3 (0749508001682762464).jpg',NULL),(56,4,0,'zHD/galerias/1/4/','gal-luzes2 (0312693001682762465).jpg',NULL),(57,4,0,'zHD/galerias/1/4/','gal-luzes4 (0343077001682762465).jpg',NULL),(28,4,1,'zHD/galerias/1/4/','0358434001682762441.jpg',NULL),(61,5,0,'zHD/galerias/1/5/','gal-unhas3 (0331224001682762700).jpg',NULL),(60,5,0,'zHD/galerias/1/5/','gal-unhas1 (0274228001682762700).jpg',NULL),(59,5,0,'zHD/galerias/1/5/','gal-unhas2 (0301998001682762700).jpg',NULL),(58,5,0,'zHD/galerias/1/5/','gal-unhas3 (0915540001682762699).jpg',NULL),(34,5,1,'zHD/galerias/1/5/','0100565001682762657.jpg',NULL),(69,5,0,'zHD/galerias/1/5/','gal-unhas8 (0141207001682763840).jpg',NULL),(68,5,0,'zHD/galerias/1/5/','gal-unhas7 (0123783001682763840).jpg',NULL),(67,5,0,'zHD/galerias/1/5/','gal-unhas6 (0031935001682763840).jpg',NULL),(66,5,0,'zHD/galerias/1/5/','GAL-UNHAS5 (0800669001682763839).jpg',NULL),(65,6,0,'zHD/galerias/1/6/','gal-cilios2 (0304242001682763009).jpg',NULL),(64,6,0,'zHD/galerias/1/6/','gal-cilios1 (0651436001682763008).jpg',NULL),(62,6,0,'zHD/galerias/1/6/','gal-cilios3 (0379042001682763008).jpg',NULL),(63,6,0,'zHD/galerias/1/6/','gal-cilios4 (0384020001682763008).jpg',NULL),(50,6,1,'zHD/galerias/1/6/','0001802001682762970.jpg',NULL);

--
-- Table structure for table `galerias_secoes`
--

CREATE TABLE `galerias_secoes` (
  `id` int(11) NOT NULL AUTO_INCREMENT,
  `entidade` int(11) NOT NULL DEFAULT 0,
  `nome` varchar(250) NOT NULL,
  PRIMARY KEY (`id`),
  KEY `entidade` (`entidade`)
) ENGINE=MyISAM AUTO_INCREMENT=10 DEFAULT CHARSET=latin1 COLLATE=latin1_swedish_ci ROW_FORMAT=DYNAMIC;

--
-- Dumping data for table `galerias_secoes`
--

INSERT INTO `galerias_secoes` (`id`, `entidade`, `nome`) VALUES (1,1,'Galerias');

--
-- Table structure for table `governo`
--

CREATE TABLE `governo` (
  `id` int(11) NOT NULL AUTO_INCREMENT,
  `usuario` int(11) NOT NULL DEFAULT 0,
  `titulo` text NOT NULL,
  `tag` varchar(500) NOT NULL DEFAULT '',
  `subtitulo` text DEFAULT NULL,
  `texto` longtext DEFAULT NULL,
  `codigo` varchar(25) NOT NULL,
  `secao` text NOT NULL,
  `contatos` text NOT NULL,
  `capa` int(11) DEFAULT 0,
  `data` datetime DEFAULT current_timestamp(),
  `destaque` int(11) DEFAULT 0,
  `entidade` int(11) NOT NULL,
  `status` int(11) DEFAULT 1,
  `contador` int(11) DEFAULT 0,
  PRIMARY KEY (`id`),
  KEY `tag` (`tag`),
  KEY `capa` (`capa`),
  KEY `entidade` (`entidade`),
  KEY `destaque` (`destaque`),
  KEY `status` (`status`)
) ENGINE=MyISAM AUTO_INCREMENT=474 DEFAULT CHARSET=latin1 COLLATE=latin1_swedish_ci ROW_FORMAT=DYNAMIC;

--
-- Dumping data for table `governo`
--

INSERT INTO `governo` (`id`, `usuario`, `titulo`, `tag`, `subtitulo`, `texto`, `codigo`, `secao`, `contatos`, `capa`, `data`, `destaque`, `entidade`, `status`, `contador`) VALUES (449,1,'Ensino Fundamental','ensinofundamental','Nome do Gestor(a)','<p>Lorem ipsão dolor sít amçet, consectetur adipiscing elit. Sed vehicula id odio quis rhoncus. Donec ullamcorper, lectus in dictum porta, urna nisl tincidunt metus, at iaculis nunc sem vitae diam. Etiam quam orci, volutpat a justo non, pretium condimentum felis. Duis id elementum arcu. Mauris pharetra dui molestie tortor imperdiet. </p><p><br></p><p>Duis non laoreet eros. Vestibulum porta neque eleifend erat tempus, vitae sagittis elit sodales. Sed convallis erat quis iaculis vestibulum. Curabitur sit amet purus et tellus consectetur vehicula. Suspendisse condimentum bibendum ante in adipiscing. Aliquam dignissim nisl eget arcu convallis, in viverra risus consequat. Pellentesque dictum gravida lacinia.</p>','GHgZuNllSO3eNmfAX2Bn6HD7b','181','Nome:\r\nCargo:\r\nTelefone:\r\ne-Mail:\r\nHorário de Expediente:',436,'2020-09-10 00:00:00',0,1,1,579),(454,1,'Ouvidoria Geral','ouvidoriageral','Nome do Gestor(a)','<p>Lorem ipsão dolor sít amçet, consectetur adipiscing elit. Sed vehicula id odio quis rhoncus. Donec ullamcorper, lectus in dictum porta, urna nisl tincidunt metus, at iaculis nunc sem vitae diam. Etiam quam orci, volutpat a justo non, pretium condimentum felis. Duis id elementum arcu. Mauris pharetra dui molestie tortor imperdiet. </p><p><br></p><p>Duis non laoreet eros. Vestibulum porta neque eleifend erat tempus, vitae sagittis elit sodales. Sed convallis erat quis iaculis vestibulum. Curabitur sit amet purus et tellus consectetur vehicula. Suspendisse condimentum bibendum ante in adipiscing. Aliquam dignissim nisl eget arcu convallis, in viverra risus consequat. Pellentesque dictum gravida lacinia.</p>','DFE9abJzLxKcPuCaj7UqBgKfU','183','Nome:\r\nCargo:\r\nTelefone:\r\ne-Mail:\r\nHorário de Expediente:',440,'2020-09-10 00:00:00',0,1,1,596),(447,1,'Vice-Presidente','vice-presidente','Nome do Gestor','<p>Lorem ipsão dolor sít amçet, consectetur adipiscing elit. Sed vehicula id odio quis rhoncus. Donec ullamcorper, lectus in dictum porta, urna nisl tincidunt metus, at iaculis nunc sem vitae diam. Etiam quam orci, volutpat a justo non, pretium condimentum felis. Duis id elementum arcu. Mauris pharetra dui molestie tortor imperdiet. </p><p><br></p><p>Duis non laoreet eros. Vestibulum porta neque eleifend erat tempus, vitae sagittis elit sodales. Sed convallis erat quis iaculis vestibulum. Curabitur sit amet purus et tellus consectetur vehicula. Suspendisse condimentum bibendum ante in adipiscing. Aliquam dignissim nisl eget arcu convallis, in viverra risus consequat. Pellentesque dictum gravida lacinia.</p>','KkqqZamCHJp10NKrmpBzBkjAI','180','Nome:\r\nCargo:\r\nTelefone:\r\ne-Mail:\r\nHorário de Expediente:',434,'2022-09-10 00:00:00',0,1,1,823),(445,1,'Presidente','presidente','Nome do Gestor','<p>Lorem ipsão dolor sít amçet, consectetur adipiscing elit. Sed vehicula id odio quis rhoncus. Donec ullamcorper, lectus in dictum porta, urna nisl tincidunt metus, at iaculis nunc sem vitae diam. Etiam quam orci, volutpat a justo non, pretium condimentum felis. Duis id elementum arcu. Mauris pharetra dui molestie tortor imperdiet. </p><p><br></p><p>Duis non laoreet eros. Vestibulum porta neque eleifend erat tempus, vitae sagittis elit sodales. Sed convallis erat quis iaculis vestibulum. Curabitur sit amet purus et tellus consectetur vehicula. Suspendisse condimentum bibendum ante in adipiscing. Aliquam dignissim nisl eget arcu convallis, in viverra risus consequat. Pellentesque dictum gravida lacinia.</p>','4rMelZQVGj3Z9p33Dj1yvsdGG','180','Nome:\r\nCargo:\r\nTelefone:\r\ne-Mail:\r\nHorário de Expediente:',432,'2022-09-10 00:00:00',0,1,1,1041),(463,1,'Professores do EF','professoresdoef','','<p><h3><b>Nome do Professor(a) e Unidade:</b></h3>Nome do Professor(a) / Unidade<br>Nome do Professor(a)&nbsp;/ Unidade<br>Nome do Professor(a)&nbsp;/ Unidade<br>Nome do Professor(a)&nbsp;/ Unidade<br>Nome do Professor(a)&nbsp;/ Unidade<br>Nome do Professor(a)&nbsp;/ Unidade<br>Nome do Professor(a)&nbsp;/ Unidade<br>Nome do Professor(a)&nbsp;/ Unidade<br>Nome do Professor(a)&nbsp;/ Unidade<br>Nome do Professor(a)&nbsp;/ Unidade<br>Nome do Professor(a) / Unidade<br></p>','9wEhFxXjHB4904TdaccBVrlDq','182','Ensino Fundamental\r\nNº de Professores',457,'2021-04-04 00:00:00',0,1,1,508),(464,1,'Financeiro','financeiro','Nome do Gestor(a)<br />\r\n','<p>Lorem ipsão dolor sít amçet, consectetur adipiscing elit. Sed vehicula id odio quis rhoncus. Donec ullamcorper, lectus in dictum porta, urna nisl tincidunt metus, at iaculis nunc sem vitae diam. Etiam quam orci, volutpat a justo non, pretium condimentum felis. Duis id elementum arcu. Mauris pharetra dui molestie tortor imperdiet. </p><p><br></p><p>Duis non laoreet eros. Vestibulum porta neque eleifend erat tempus, vitae sagittis elit sodales. Sed convallis erat quis iaculis vestibulum. Curabitur sit amet purus et tellus consectetur vehicula. Suspendisse condimentum bibendum ante in adipiscing. Aliquam dignissim nisl eget arcu convallis, in viverra risus consequat. Pellentesque dictum gravida lacinia.</p>','71nA4JoITe18EDszhS47RA0kc','181','Nome:\r\nCargo:\r\nTelefone:\r\ne-Mail:\r\nHorário de Expediente:',449,'2021-04-04 00:00:00',0,1,1,503),(465,1,'Ensino Médio','ensinomedio','Nome do Gestor(a)','<p>Lorem ipsão dolor sít amçet, consectetur adipiscing elit. Sed vehicula id odio quis rhoncus. Donec ullamcorper, lectus in dictum porta, urna nisl tincidunt metus, at iaculis nunc sem vitae diam. Etiam quam orci, volutpat a justo non, pretium condimentum felis. Duis id elementum arcu. Mauris pharetra dui molestie tortor imperdiet. </p><p><br></p><p>Duis non laoreet eros. Vestibulum porta neque eleifend erat tempus, vitae sagittis elit sodales. Sed convallis erat quis iaculis vestibulum. Curabitur sit amet purus et tellus consectetur vehicula. Suspendisse condimentum bibendum ante in adipiscing. Aliquam dignissim nisl eget arcu convallis, in viverra risus consequat. Pellentesque dictum gravida lacinia.</p>','NJzHWBf7Mp9nHKI7sVZwyx9Lg','181','Nome:\r\nCargo:\r\nTelefone:\r\ne-Mail:\r\nHorário de Expediente:',448,'2021-04-04 00:00:00',0,1,1,484),(473,1,'Professores do Ensino Médio','professoresdoensinomedio','','<p><h3><b>Nomde do Professor(a) e Unidade:</b></h3>Nome do Professor(a) / Unidade<br>Nome do Professor(a) / Unidade<br>Nome do Professor(a) / Unidade<br>Nome do Professor(a) / Unidade<br>Nome do Professor(a) / Unidade<br>Nome do Professor(a) / Unidade<br>Nome do Professor(a) / Unidade<br>Nome do Professor(a) / Unidade<br>Nome do Professor(a) / Unidade<br>Nome do Professor(a) / Unidade<br>Nome do Professor(a) / Unidade<br></p>','c9UYx3ddZEaVeSiQ1eOP3hBNz','182','Ensino Médio\r\nNº de Professores:',458,'2021-04-23 00:00:00',0,1,1,518);

--
-- Table structure for table `governo_arquivos`
--

CREATE TABLE `governo_arquivos` (
  `id` int(11) NOT NULL AUTO_INCREMENT,
  `codigo` varchar(25) NOT NULL,
  `path` text NOT NULL,
  `arquivo` text NOT NULL,
  `legenda` text DEFAULT NULL,
  `tipo` varchar(50) DEFAULT NULL,
  PRIMARY KEY (`id`),
  KEY `codigo` (`codigo`)
) ENGINE=MyISAM AUTO_INCREMENT=464 DEFAULT CHARSET=latin1 COLLATE=latin1_swedish_ci ROW_FORMAT=DYNAMIC;

--
-- Dumping data for table `governo_arquivos`
--

INSERT INTO `governo_arquivos` (`id`, `codigo`, `path`, `arquivo`, `legenda`, `tipo`) VALUES (440,'DFE9abJzLxKcPuCaj7UqBgKfU','zHD/governo/1/DFE9abJzLxKcPuCaj7UqBgKfU/imagens/','0583684001716854640.jpg',NULL,'capa'),(457,'9wEhFxXjHB4904TdaccBVrlDq','zHD/governo/1/9wEhFxXjHB4904TdaccBVrlDq/imagens/','0700113001716854565.jpg',NULL,'capa'),(436,'GHgZuNllSO3eNmfAX2Bn6HD7b','zHD/governo/1/GHgZuNllSO3eNmfAX2Bn6HD7b/imagens/','0381405001716854621.jpg',NULL,'capa'),(434,'KkqqZamCHJp10NKrmpBzBkjAI','zHD/governo/1/KkqqZamCHJp10NKrmpBzBkjAI/imagens/','0801521001716853858.jpg',NULL,'capa'),(432,'4rMelZQVGj3Z9p33Dj1yvsdGG','zHD/governo/1/4rMelZQVGj3Z9p33Dj1yvsdGG/imagens/','0439561001716853795.jpg','Foto Ilustrativa','capa'),(393,'2o3Gfbt5OZoh8NnPUZ0Pu2oG1','zHD/governo/16/2o3Gfbt5OZoh8NnPUZ0Pu2oG1/imagens/','escola4 (0402880001541251169).jpg','Escola de Educação Infantil','imagem'),(394,'2o3Gfbt5OZoh8NnPUZ0Pu2oG1','zHD/governo/16/2o3Gfbt5OZoh8NnPUZ0Pu2oG1/imagens/','escola1 (0391770001541251169).jpg','Escola de Educação Infantil','imagem'),(395,'2o3Gfbt5OZoh8NnPUZ0Pu2oG1','zHD/governo/16/2o3Gfbt5OZoh8NnPUZ0Pu2oG1/imagens/','escola3 (0406962001541251169).jpg','Escola de Educação Infantil','imagem'),(396,'2o3Gfbt5OZoh8NnPUZ0Pu2oG1','zHD/governo/16/2o3Gfbt5OZoh8NnPUZ0Pu2oG1/imagens/','escola2 (0586185001541251169).jpg','Escola de Educação Infantil','imagem'),(397,'2o3Gfbt5OZoh8NnPUZ0Pu2oG1','zHD/governo/16/2o3Gfbt5OZoh8NnPUZ0Pu2oG1/arquivos/','ilustrativo2 (0233276001541251338).pdf','Ficha de Matricula (ilustrativo)','arquivo'),(398,'2o3Gfbt5OZoh8NnPUZ0Pu2oG1','zHD/governo/16/2o3Gfbt5OZoh8NnPUZ0Pu2oG1/arquivos/','ilustrativo3 - Copia (0234388001541251338).pdf','Ficha Médica (ilustrativo)','arquivo'),(399,'2o3Gfbt5OZoh8NnPUZ0Pu2oG1','zHD/governo/16/2o3Gfbt5OZoh8NnPUZ0Pu2oG1/arquivos/','ilustrativo4 (0234098001541251338).pdf','Escolas com vagas (ilustrativo)','arquivo'),(400,'2o3Gfbt5OZoh8NnPUZ0Pu2oG1','zHD/governo/16/2o3Gfbt5OZoh8NnPUZ0Pu2oG1/arquivos/','ilustrativo3 (0268170001541251338).pdf','Professores (ilustrativo)','arquivo'),(401,'sgs2tjZkI11wTuMIiPuhLc0MY','zHD/governo/16/sgs2tjZkI11wTuMIiPuhLc0MY/imagens/','0700883001541252417.jpg','Ensino Fundamental','capa'),(402,'sgs2tjZkI11wTuMIiPuhLc0MY','zHD/governo/16/sgs2tjZkI11wTuMIiPuhLc0MY/imagens/','escola3 (0423930001541252445).jpg','Escola Municipal','imagem'),(403,'sgs2tjZkI11wTuMIiPuhLc0MY','zHD/governo/16/sgs2tjZkI11wTuMIiPuhLc0MY/imagens/','escola2 (0467667001541252445).jpg','Escola Municipal','imagem'),(404,'sgs2tjZkI11wTuMIiPuhLc0MY','zHD/governo/16/sgs2tjZkI11wTuMIiPuhLc0MY/imagens/','escola4 (0422915001541252445).jpg','Escola Municipal','imagem'),(405,'sgs2tjZkI11wTuMIiPuhLc0MY','zHD/governo/16/sgs2tjZkI11wTuMIiPuhLc0MY/imagens/','escola1 (0430100001541252445).jpg','Escola Municipal','imagem'),(406,'sgs2tjZkI11wTuMIiPuhLc0MY','zHD/governo/16/sgs2tjZkI11wTuMIiPuhLc0MY/arquivos/','ilustrativo3 - Copia (0292004001541252537).pdf','Ficha de Matricula (ilustrativo)','arquivo'),(407,'sgs2tjZkI11wTuMIiPuhLc0MY','zHD/governo/16/sgs2tjZkI11wTuMIiPuhLc0MY/arquivos/','ilustrativo2 (0497444001541252537).pdf','Ficha Médica (ilustrativo)','arquivo'),(408,'sgs2tjZkI11wTuMIiPuhLc0MY','zHD/governo/16/sgs2tjZkI11wTuMIiPuhLc0MY/arquivos/','ilustrativo3 (0606006001541252537).pdf','Escolas com vagas (ilustrativo)','arquivo'),(409,'vKkPk6aqjR9bmtlsYXDfY3I2C','zHD/governo/16/vKkPk6aqjR9bmtlsYXDfY3I2C/imagens/','0005426001541345364.jpg','A água no mundo','capa'),(426,'vKkPk6aqjR9bmtlsYXDfY3I2C','zHD/governo/16/vKkPk6aqjR9bmtlsYXDfY3I2C/arquivos/','a escasse dagua (0285864001541346256).pdf','A escassez da água na terra','arquivo'),(425,'vKkPk6aqjR9bmtlsYXDfY3I2C','zHD/governo/16/vKkPk6aqjR9bmtlsYXDfY3I2C/imagens/','agua7 (0013744001541346002).jpg','A água na terra','imagem'),(424,'vKkPk6aqjR9bmtlsYXDfY3I2C','zHD/governo/16/vKkPk6aqjR9bmtlsYXDfY3I2C/imagens/','agua6 (0494443001541346000).jpg','A água na terra','imagem'),(423,'vKkPk6aqjR9bmtlsYXDfY3I2C','zHD/governo/16/vKkPk6aqjR9bmtlsYXDfY3I2C/imagens/','agua5 (0481343001541345997).jpg','A água na terra','imagem'),(422,'vKkPk6aqjR9bmtlsYXDfY3I2C','zHD/governo/16/vKkPk6aqjR9bmtlsYXDfY3I2C/imagens/','agua3 (0486082001541345997).jpg','A água na terra','imagem'),(421,'vKkPk6aqjR9bmtlsYXDfY3I2C','zHD/governo/16/vKkPk6aqjR9bmtlsYXDfY3I2C/imagens/','agua1 (0203790001541345997).jpg','A água na terra','imagem'),(420,'vKkPk6aqjR9bmtlsYXDfY3I2C','zHD/governo/16/vKkPk6aqjR9bmtlsYXDfY3I2C/imagens/','agua4 (0887984001541345996).jpg','A água na terra','imagem'),(419,'vKkPk6aqjR9bmtlsYXDfY3I2C','zHD/governo/16/vKkPk6aqjR9bmtlsYXDfY3I2C/imagens/','agua2 (0978565001541345994).jpg','A água na terra','imagem'),(418,'vKkPk6aqjR9bmtlsYXDfY3I2C','zHD/governo/16/vKkPk6aqjR9bmtlsYXDfY3I2C/imagens/','agua8 (0591628001541345983).jpg','A água na terra','imagem'),(430,'l5TnnlilQ893X2r5ERFM0DHAx','zHD/governo/17/l5TnnlilQ893X2r5ERFM0DHAx/imagens/','0242208001592101221.jpg',NULL,'capa'),(431,'lQZ2q3HWKf7ntjdHBLeazNCtL','zHD/governo/17/lQZ2q3HWKf7ntjdHBLeazNCtL/imagens/','0183281001592101364.jpg',NULL,'capa'),(448,'NJzHWBf7Mp9nHKI7sVZwyx9Lg','zHD/governo/1/NJzHWBf7Mp9nHKI7sVZwyx9Lg/imagens/','0017010001716854603.jpg',NULL,'capa'),(449,'71nA4JoITe18EDszhS47RA0kc','zHD/governo/1/71nA4JoITe18EDszhS47RA0kc/imagens/','0745817001716853998.jpg',NULL,'capa'),(458,'c9UYx3ddZEaVeSiQ1eOP3hBNz','zHD/governo/1/c9UYx3ddZEaVeSiQ1eOP3hBNz/imagens/','0452676001716854528.jpg',NULL,'capa'),(459,'4rMelZQVGj3Z9p33Dj1yvsdGG','zHD/governo/1/4rMelZQVGj3Z9p33Dj1yvsdGG/imagens/','NOT-MATRICULAS (0543153001715115335).jpg',NULL,'imagem'),(460,'4rMelZQVGj3Z9p33Dj1yvsdGG','zHD/governo/1/4rMelZQVGj3Z9p33Dj1yvsdGG/imagens/','NOT-NATACAO1 (0616944001715115335).jpg',NULL,'imagem'),(461,'4rMelZQVGj3Z9p33Dj1yvsdGG','zHD/governo/1/4rMelZQVGj3Z9p33Dj1yvsdGG/imagens/','NOT-NATACAO (0641623001715115335).jpg',NULL,'imagem'),(462,'4rMelZQVGj3Z9p33Dj1yvsdGG','zHD/governo/1/4rMelZQVGj3Z9p33Dj1yvsdGG/imagens/','NOT-PERIODO-INTEGRAL (0947762001715115335).jpg',NULL,'imagem'),(463,'4rMelZQVGj3Z9p33Dj1yvsdGG','zHD/governo/1/4rMelZQVGj3Z9p33Dj1yvsdGG/arquivos/','PUBLICIDADE-MATRICULA (0354904001715115417).jpg',NULL,'arquivo');

--
-- Table structure for table `governo_links`
--

CREATE TABLE `governo_links` (
  `id` int(11) NOT NULL AUTO_INCREMENT,
  `codigo` varchar(25) NOT NULL,
  `titulo` text DEFAULT NULL,
  `link` text NOT NULL,
  PRIMARY KEY (`id`),
  KEY `codigo` (`codigo`)
) ENGINE=MyISAM AUTO_INCREMENT=120 DEFAULT CHARSET=latin1 COLLATE=latin1_swedish_ci ROW_FORMAT=DYNAMIC;

--
-- Dumping data for table `governo_links`
--


--
-- Table structure for table `governo_secoes`
--

CREATE TABLE `governo_secoes` (
  `id` int(11) NOT NULL AUTO_INCREMENT,
  `nome` varchar(250) NOT NULL,
  `entidade` int(11) NOT NULL DEFAULT 0,
  PRIMARY KEY (`id`),
  KEY `entidade` (`entidade`)
) ENGINE=MyISAM AUTO_INCREMENT=186 DEFAULT CHARSET=latin1 COLLATE=latin1_swedish_ci ROW_FORMAT=DYNAMIC;

--
-- Dumping data for table `governo_secoes`
--

INSERT INTO `governo_secoes` (`id`, `nome`, `entidade`) VALUES (182,'Professores',1),(181,'Diretorias',1),(180,'Administração',1),(179,'Secretarias Municipais',2),(178,'Gabinete de Governo',2),(177,'Departamentos',2),(176,'Administração',2),(183,'Departamentos',1),(185,'Administração',6);

--
-- Table structure for table `governo_videos`
--

CREATE TABLE `governo_videos` (
  `id` int(11) NOT NULL AUTO_INCREMENT,
  `codigo` varchar(25) NOT NULL,
  `titulo` text DEFAULT NULL,
  `link` text NOT NULL,
  PRIMARY KEY (`id`),
  KEY `codigo` (`codigo`)
) ENGINE=MyISAM AUTO_INCREMENT=134 DEFAULT CHARSET=latin1 COLLATE=latin1_swedish_ci ROW_FORMAT=DYNAMIC;

--
-- Dumping data for table `governo_videos`
--

INSERT INTO `governo_videos` (`id`, `codigo`, `titulo`, `link`) VALUES (133,'4rMelZQVGj3Z9p33Dj1yvsdGG','Vídeo Ilustrativo','I4Q1a1UzVBY');

--
-- Table structure for table `imagem`
--

CREATE TABLE `imagem` (
  `id` int(11) NOT NULL AUTO_INCREMENT,
  `usuario` int(11) NOT NULL DEFAULT 0,
  `secao` int(11) NOT NULL DEFAULT 0,
  `path` text DEFAULT NULL,
  `arquivo` text DEFAULT NULL,
  `legenda` text DEFAULT NULL,
  `ordem` int(11) NOT NULL DEFAULT 0,
  `link` text DEFAULT NULL,
  `target` varchar(50) DEFAULT NULL,
  `entidade` int(11) NOT NULL,
  `status` int(11) NOT NULL DEFAULT 1,
  PRIMARY KEY (`id`),
  KEY `entidade` (`entidade`),
  KEY `secao` (`secao`),
  KEY `status` (`status`)
) ENGINE=MyISAM AUTO_INCREMENT=22 DEFAULT CHARSET=latin1 COLLATE=latin1_swedish_ci ROW_FORMAT=DYNAMIC;

--
-- Dumping data for table `imagem`
--

INSERT INTO `imagem` (`id`, `usuario`, `secao`, `path`, `arquivo`, `legenda`, `ordem`, `link`, `target`, `entidade`, `status`) VALUES (16,1,183,'zHD/imagem/1/16/','0272422001682748440.jpg','Multi1',1,'https://jpw.net.br/beleza/web1/pag.php?pg=classificados/list&secao=Promo%C3%A7%C3%B5es','default',1,1),(17,1,183,'zHD/imagem/1/17/','0158542001682748150.jpg','Multi2',2,'https://jpw.net.br/beleza/web1/pag.php?pg=classificados/list&secao=Promo%C3%A7%C3%B5es','default',1,1),(18,1,183,'zHD/imagem/1/18/','0611646001682661402.jpg','Multi3',4,'https://jpw.net.br/beleza/web1/pag.php?pg=classificados/list&secao=Promo%C3%A7%C3%B5es','default',1,1),(14,1,185,'zHD/imagem/1/14/','0843617001682830119.jpg','Shine',1,'','default',1,1),(20,1,185,'zHD/imagem/1/20/','0911628001682830721.jpg','Cpsmeticos',1,'',NULL,1,0),(21,1,184,'zHD/imagem/1/21/','0476198001682830932.jpg','Night Cosmeticos',1,'',NULL,1,1),(19,1,183,'zHD/imagem/1/19/','0678169001682748345.jpg','Multi4',3,'https://jpw.net.br/beleza/web1/pag.php?pg=classificados/list&secao=Promo%C3%A7%C3%B5es','default',1,1);

--
-- Table structure for table `imagem_secoes`
--

CREATE TABLE `imagem_secoes` (
  `id` int(11) NOT NULL AUTO_INCREMENT,
  `nome` varchar(250) NOT NULL,
  `entidade` int(11) NOT NULL DEFAULT 0,
  PRIMARY KEY (`id`),
  KEY `entidade` (`entidade`)
) ENGINE=MyISAM AUTO_INCREMENT=186 DEFAULT CHARSET=latin1 COLLATE=latin1_swedish_ci ROW_FORMAT=DYNAMIC;

--
-- Dumping data for table `imagem_secoes`
--

INSERT INTO `imagem_secoes` (`id`, `nome`, `entidade`) VALUES (182,'Menu',1),(183,'Multi',1),(184,'Capa',1),(185,'Banner',1);

--
-- Table structure for table `links`
--

CREATE TABLE `links` (
  `id` int(11) NOT NULL AUTO_INCREMENT,
  `titulo` text NOT NULL,
  `secao` int(11) NOT NULL DEFAULT 0,
  `url` text NOT NULL,
  `entidade` int(11) NOT NULL DEFAULT 0,
  PRIMARY KEY (`id`),
  KEY `entidade` (`entidade`)
) ENGINE=MyISAM AUTO_INCREMENT=4 DEFAULT CHARSET=latin1 COLLATE=latin1_swedish_ci ROW_FORMAT=DYNAMIC;

--
-- Dumping data for table `links`
--

INSERT INTO `links` (`id`, `titulo`, `secao`, `url`, `entidade`) VALUES (1,'Google  (Ilustrativo)',1,'http://google.com.br',1),(2,'Jovem Pan  (Ilustrativo)',1,'https://jovempan.com.br',1),(3,'Twitter (Ilustrativo)',1,'https://twitter.com',1);

--
-- Table structure for table `links_secoes`
--

CREATE TABLE `links_secoes` (
  `id` int(11) NOT NULL AUTO_INCREMENT,
  `entidade` int(11) NOT NULL DEFAULT 0,
  `nome` varchar(250) NOT NULL,
  PRIMARY KEY (`id`),
  KEY `entidade` (`entidade`)
) ENGINE=MyISAM AUTO_INCREMENT=8 DEFAULT CHARSET=latin1 COLLATE=latin1_swedish_ci ROW_FORMAT=DYNAMIC;

--
-- Dumping data for table `links_secoes`
--

INSERT INTO `links_secoes` (`id`, `entidade`, `nome`) VALUES (1,1,'Links Úteis');

--
-- Table structure for table `livros`
--

CREATE TABLE `livros` (
  `id` int(11) NOT NULL AUTO_INCREMENT,
  `usuario` int(11) NOT NULL DEFAULT 0,
  `categoria` int(11) NOT NULL DEFAULT 0,
  `capa` int(11) DEFAULT NULL,
  `titulo` text NOT NULL,
  `autor` text DEFAULT NULL,
  `texto` text DEFAULT NULL,
  `codigo` varchar(25) NOT NULL,
  `ano` year(4) DEFAULT NULL,
  `data` datetime DEFAULT current_timestamp(),
  `entidade` int(11) NOT NULL,
  `local` int(11) NOT NULL DEFAULT 1,
  PRIMARY KEY (`id`) USING BTREE,
  KEY `entidade` (`entidade`) USING BTREE,
  KEY `secao` (`categoria`) USING BTREE,
  KEY `status` (`local`) USING BTREE
) ENGINE=MyISAM DEFAULT CHARSET=latin1 COLLATE=latin1_swedish_ci ROW_FORMAT=DYNAMIC;

--
-- Dumping data for table `livros`
--


--
-- Table structure for table `livros_arquivos`
--

CREATE TABLE `livros_arquivos` (
  `id` int(11) NOT NULL AUTO_INCREMENT,
  `codigo` varchar(25) NOT NULL,
  `path` text NOT NULL,
  `arquivo` text NOT NULL,
  `legenda` text DEFAULT NULL,
  `tipo` varchar(50) DEFAULT NULL,
  `data` date DEFAULT NULL,
  `views` int(11) NOT NULL DEFAULT 0,
  `local` int(11) NOT NULL DEFAULT 1,
  PRIMARY KEY (`id`) USING BTREE,
  KEY `codigo` (`codigo`) USING BTREE,
  KEY `status` (`local`) USING BTREE
) ENGINE=MyISAM DEFAULT CHARSET=latin1 COLLATE=latin1_swedish_ci ROW_FORMAT=DYNAMIC;

--
-- Dumping data for table `livros_arquivos`
--


--
-- Table structure for table `livros_categorias`
--

CREATE TABLE `livros_categorias` (
  `id` int(11) NOT NULL AUTO_INCREMENT,
  `nome` varchar(250) NOT NULL,
  `entidade` int(11) NOT NULL DEFAULT 0,
  `local` int(11) NOT NULL DEFAULT 1,
  PRIMARY KEY (`id`) USING BTREE,
  KEY `entidade` (`entidade`) USING BTREE,
  KEY `status` (`local`) USING BTREE
) ENGINE=MyISAM DEFAULT CHARSET=latin1 COLLATE=latin1_swedish_ci ROW_FORMAT=DYNAMIC;

--
-- Dumping data for table `livros_categorias`
--


--
-- Table structure for table `livros_sites`
--

CREATE TABLE `livros_sites` (
  `id` int(11) NOT NULL AUTO_INCREMENT,
  `site_dominio` varchar(600) NOT NULL,
  `site_entidade` int(11) NOT NULL DEFAULT 0,
  `entidade` int(11) NOT NULL DEFAULT 0,
  `ultima_atualizacao` datetime DEFAULT NULL,
  PRIMARY KEY (`id`) USING BTREE,
  KEY `entidade` (`entidade`) USING BTREE
) ENGINE=MyISAM DEFAULT CHARSET=latin1 COLLATE=latin1_swedish_ci ROW_FORMAT=DYNAMIC;

--
-- Dumping data for table `livros_sites`
--


--
-- Table structure for table `localizacao`
--

CREATE TABLE `localizacao` (
  `id` int(11) NOT NULL AUTO_INCREMENT,
  `usuario` int(11) NOT NULL DEFAULT 0,
  `secao` int(11) NOT NULL DEFAULT 0,
  `codigo` text DEFAULT NULL,
  `entidade` int(11) NOT NULL,
  PRIMARY KEY (`id`),
  KEY `secao` (`secao`),
  KEY `entidade` (`entidade`)
) ENGINE=MyISAM AUTO_INCREMENT=2 DEFAULT CHARSET=latin1 COLLATE=latin1_swedish_ci ROW_FORMAT=DYNAMIC;

--
-- Dumping data for table `localizacao`
--

INSERT INTO `localizacao` (`id`, `usuario`, `secao`, `codigo`, `entidade`) VALUES (1,1,1,'<iframe src=\"https://www.google.com/maps/embed?pb=!1m18!1m12!1m3!1d959.8007994550101!2d-47.91890157079285!3d-15.793236108837403!2m3!1f0!2f0!3f0!3m2!1i1024!2i768!4f13.1!3m3!1m2!1s0x935a3a83ddfbfe5f%3A0x57ce07247b2309cf!2sSt.%20Sudoeste%20Com%C3%A9rcio%20Local%20Sudoeste%20300%20B%20-%20Cruzeiro%20%2F%20Sudoeste%20%2F%20Octogonal%2C%20Bras%C3%ADlia%20-%20DF%2C%2070297-400!5e0!3m2!1spt-BR!2sbr!4v1610176108190!5m2!1spt-BR!2sbr\" width=\"100%\" height=\"450\" frameborder=\"0\" style=\"border:0;\" allowfullscreen=\"\" aria-hidden=\"false\" tabindex=\"0\"></iframe>',1);

--
-- Table structure for table `localizacao_secoes`
--

CREATE TABLE `localizacao_secoes` (
  `id` int(11) NOT NULL AUTO_INCREMENT,
  `nome` varchar(250) NOT NULL,
  `entidade` int(11) NOT NULL DEFAULT 0,
  PRIMARY KEY (`id`),
  KEY `nome` (`nome`)
) ENGINE=MyISAM AUTO_INCREMENT=158 DEFAULT CHARSET=latin1 COLLATE=latin1_swedish_ci ROW_FORMAT=DYNAMIC;

--
-- Dumping data for table `localizacao_secoes`
--

INSERT INTO `localizacao_secoes` (`id`, `nome`, `entidade`) VALUES (1,'Localização',1);

--
-- Table structure for table `mural`
--

CREATE TABLE `mural` (
  `id` int(11) NOT NULL AUTO_INCREMENT,
  `secao` int(11) NOT NULL DEFAULT 0,
  `pergunta` text DEFAULT NULL,
  `data_pergunta` timestamp NULL DEFAULT current_timestamp(),
  `data_resposta` datetime DEFAULT NULL,
  `nome` varchar(200) DEFAULT NULL,
  `email` varchar(300) DEFAULT NULL,
  `resposta` text DEFAULT NULL,
  `usuario` int(11) DEFAULT 0,
  `entidade` int(11) NOT NULL,
  `status` int(11) NOT NULL DEFAULT 0,
  PRIMARY KEY (`id`),
  KEY `secao` (`secao`),
  KEY `status` (`status`),
  KEY `entidade` (`entidade`),
  KEY `data_pergunta` (`data_pergunta`)
) ENGINE=MyISAM DEFAULT CHARSET=latin1 COLLATE=latin1_swedish_ci ROW_FORMAT=DYNAMIC;

--
-- Dumping data for table `mural`
--


--
-- Table structure for table `mural_secoes`
--

CREATE TABLE `mural_secoes` (
  `id` int(11) NOT NULL AUTO_INCREMENT,
  `nome` varchar(250) NOT NULL,
  `entidade` int(11) NOT NULL DEFAULT 0,
  PRIMARY KEY (`id`),
  KEY `nome` (`nome`)
) ENGINE=MyISAM AUTO_INCREMENT=158 DEFAULT CHARSET=latin1 COLLATE=latin1_swedish_ci ROW_FORMAT=DYNAMIC;

--
-- Dumping data for table `mural_secoes`
--

INSERT INTO `mural_secoes` (`id`, `nome`, `entidade`) VALUES (1,'Mural',1);

--
-- Table structure for table `noticias`
--

CREATE TABLE `noticias` (
  `id` int(11) NOT NULL AUTO_INCREMENT,
  `usuario` int(11) NOT NULL DEFAULT 0,
  `titulo` text NOT NULL,
  `tag` varchar(500) NOT NULL DEFAULT '',
  `subtitulo` text DEFAULT NULL,
  `texto` longtext DEFAULT NULL,
  `codigo` varchar(25) NOT NULL,
  `secao` int(11) NOT NULL DEFAULT 0,
  `capa` int(11) DEFAULT 0,
  `data` datetime DEFAULT current_timestamp(),
  `destaque` int(11) DEFAULT 0,
  `entidade` int(11) NOT NULL,
  `status` int(11) DEFAULT 1,
  `contador` int(11) DEFAULT 0,
  PRIMARY KEY (`id`),
  KEY `tag` (`tag`),
  KEY `entidade` (`entidade`),
  KEY `capa` (`capa`),
  KEY `secao` (`secao`),
  KEY `status` (`status`)
) ENGINE=MyISAM AUTO_INCREMENT=39 DEFAULT CHARSET=latin1 COLLATE=latin1_swedish_ci;

--
-- Dumping data for table `noticias`
--

INSERT INTO `noticias` (`id`, `usuario`, `titulo`, `tag`, `subtitulo`, `texto`, `codigo`, `secao`, `capa`, `data`, `destaque`, `entidade`, `status`, `contador`) VALUES (38,1,'5 Motivos para ir ao salão de beleza com frequência','5-motivos-para-ir-ao-salao-de-beleza-com-frequencia','O salão de beleza é o ambiente para experimentar novos estilos, cores e tendências com profissionais qualificados.','<h3><b>Profissionais qualificados.</b></h3><p><br></p><p>Por mais que você trate os cabelos em casa e se preocupe com cuidados essenciais, nada melhor do que entregá-los nas mãos de profissionais que têm certificação e experiência no assunto. Quando alguém decide cuidar da beleza, espera receber o melhor tratamento. Por isso, é importante ter bons cabeleireiros e outros profissionais de qualidade — como manicures e depiladoras — à sua disposição. Assim, é possível entregar-se aos seus cuidados e aproveitar um resultado maravilhoso.</p><p><br></p><h3><b>Infraestrutura moderna.</b></h3><p><br></p><p>Se tem uma coisa que motiva uma pessoa a ir ao salão de beleza frequentemente é se sentir bem. Um ambiente bem decorado, com móveis e infraestrutura moderna, iluminado e bem organizado contribui para essa sensação de bem-estar. Isso proporciona confiança e a certeza de que você tem à disposição não apenas o conhecimento dos profissionais, mas também as ferramentas de trabalho necessárias para o que você precisa.</p><p><br></p><h3><b>Autoestima elevada.</b></h3><p><br></p><p>Há algo melhor do que estar com o cabelo arrumado, as unhas feitas e a pele hidratada? A aparência reflete o estado de espírito, mas o contrário também acontece! Ou seja, a beleza exterior pode modificar o interior das pessoas, deixando-as mais felizes. Sem contar que a visita ao salão é uma boa oportunidade para interagir com outras pessoas, colocar os assuntos sobre beleza em dia e, é claro, melhorar o humor.</p><p><br></p><h3><b>Uso de produtos apropriados.</b></h3><p><br></p><p>Visitar o salão com frequência proporcionará a tranquilidade de tratar as madeixas, a pele e as unhas com os produtos indicados para você — sem correr o risco de prejudicar a sua saúde ou aparência. Além disso, os bons estabelecimentos estão por dentro das últimas novidades no mercado de estética e indicarão as melhores opções para os seus clientes.</p><p><br></p><h3><b>Maior comodidade.</b></h3><p><br></p><p>Muitas vezes, a rotina em casa e no trabalho pode ser estressante e não sobra tempo para dar conta de tudo sozinha. Então o melhor é recorrer aos serviços do salão de beleza. Além de economizar tempo, ir ao salão faz com que você não descuide da beleza e esteja pronta para qualquer ocasião, afinal, nunca se sabe quando surgirá um evento de última hora.</p><p><br></p><p>fonte: Dicas narciso salon</p>','txcVwsn20mVxrAxixxV93ZwAL',1,55,'2024-02-05 08:15:00',1,1,1,169),(25,1,'Quem Somos','quem-somos','Lorem ipsão dolor sít amçet, consectetur adipiscing elit. Sed vehicula id odio quis rhoncus. ','<p>TESTELorem ipsão dolor sít amçet, consectetur adipiscing elit. Sed vehicula id odio quis rhoncus. Donec ullamcorper, lectus in dictum porta, urna nisl tincidunt metus, at iaculis nunc sem vitae diam. Etiam quam orci, volutpat a justo non, pretium condimentum felis. Duis id elementum arcu. Mauris pharetra dui molestie tortor imperdiet. </p><p><br></p><p>Duis non laoreet eros. Vestibulum porta neque eleifend erat tempus, vitae sagittis elit sodales. Sed convallis erat quis iaculis vestibulum. Curabitur sit amet purus et tellus consectetur vehicula. Suspendisse condimentum bibendum ante in adipiscing. Aliquam dignissim nisl eget arcu convallis, in viverra risus consequat. Pellentesque dictum gravida lacinia.</p><p><br></p><p>Lorem ipsão dolor sít amçet, consectetur adipiscing elit. Sed vehicula id odio quis rhoncus. Donec ullamcorper, lectus in dictum porta, urna nisl tincidunt metus, at iaculis nunc sem vitae diam. Etiam quam orci, volutpat a justo non, pretium condimentum felis. Duis id elementum arcu. Mauris pharetra dui molestie tortor imperdiet. Duis non laoreet eros. Vestibulum porta neque eleifend erat tempus, vitae sagittis elit sodales. Sed convallis erat quis iaculis vestibulum. </p>','euTrLHwjKYrpgrGNJU6T63wZJ',10,25,'2023-03-13 11:43:00',0,1,1,684),(30,1,'Porque meu cabelo cacheado não define?','porque-meu-cabelo-cacheado-nao-define-','Alguns fatores do nosso dia a dia contribuem para a má formação e falta de definição dos cachos. Isso se dá devido a falta de tratamento adequado ou até mesmo devido aos produtos que utilizamos.\r\n\r\n','<p>Conheça algumas possíveis causas e como solucionar o problema.&nbsp;&nbsp;<br></p><p><br></p><p>Ressecamento excessivo</p><p><br></p><p>O ressecamento dos cabelos cacheados altera o formato da curvatura devido a falta de alinhamento das cutículas. Por isso, os cachos ficam abertos e sem definição.&nbsp;</p><p><br></p><p>Ele pode ser causado por diversos fatores. Os mais comuns são: falta de nutrientes devido a uma alimentação com baixa quantidade de vitaminas e danos naturais causados ás cutículas dos fios que retiram a oleosidade natural.</p><p><br></p><p>Ressecamento em cabelo cacheado causado por deficiências nutricionais</p><p>A deficiência de nutrientes é causada devido à alimentação com baixa ingestão de vitaminas e proteínas essenciais para a nutrição e reparação da fibra capilar.</p><p><br></p><p>Inclua alimentos ricos em proteína como ovos, que contém biotina e ajuda na saúde do couro cabeludo, renova os folículos do cabelo, fecha as cutículas, reduz à quebra, formação de pontas duplas e deixa os cabelos mais brilhosos.&nbsp;</p><p><br></p><p>Brócolis e outros vegetais de cor verde-escuros são ricos em vitamina A que estimula o crescimento e a renovação da fibra capilar.</p><p><br></p><p>Ressecamento em cabelo cacheado causado por danos naturais</p><p><br></p><p>Diariamente os cabelos ficam expostos aos raios solares, á poluição, água do mar, piscina, banhos com água quente, uso de secador e chapinha, entre outros fatores que contribuem para deixar os cabelos mais fracos e sem vida.</p><p><br></p><p>Toda essa exposição retira a hidratação natural deixando os fios com pontas duplas, espigadas e ressecamento. O ideal é utilizar o produto certo para cada situação.</p><p><br></p><p>Utilize produtos com filtro solar e evite o uso execessivo de aparelhos de calor, como secador e chapinha</p><p><br></p><p>Falta de tratamentos para hidratação, nutrição e reconstrução capilar</p><p>A falta de tratamentos adequados pode causar o ressecamento dos fios. Você pode aderir ao cronograma capilar para manter todos os tratamentos necessários em dia e deixar os fios bem cuidados e hidratados.&nbsp;</p><p><br></p><p>Cada tratamento atende a uma necessidade dos cabelos. A hidratação repõe líquidos e deixa os cabelos macios.</p><p><br></p><p>A nutrição, repoõe lipídios e a oleosidade natural dos fios, proporcinando brilho e força aos cabelos. E a reconstrução recompõe a fibra capilar danificada.</p><p><br></p><p>fonte: Manual dos Cachos</p>','Uit1T2mUuPvWrpUCORigfAVfK',1,38,'2023-04-27 04:30:00',1,1,1,491),(32,1,'Design de sobrancelhas? ','design-de-sobrancelhas--','É uma técnica utilizada para desenhar as sobrancelhas e tem como objetivo valorizar o rosto e expressão da cliente. ','<p>Para isso, é levado em consideração a personalidade da mulher, assim como o formato do rosto. Geralmente, o profissional mede as proporções do rosto da cliente antes de definir o desenho que mais irá valorizar seus traços e beleza.&nbsp;<br></p><p><br></p><p>É importante destacar que não é indicado mudar drasticamente o formato natural da sobrancelha, evitando assim um resultado muito artificial.&nbsp;</p><p><br></p><p>Métodos utilizados para o design de sobrancelhas</p><p><br></p><p>A escolha do método de depilação vai influenciar diretamente nos resultados obtidos. Tem opção para quem deseja resultados mais naturais, como a linha e a pinça, e tem também procedimentos para quem busca um design mais marcante e definido, como a henna.&nbsp;</p>','l2A3zlWsVXGrNIsGH8upcXGKl',1,40,'2023-04-29 02:33:00',1,1,1,503),(31,1,'Unhas decoradas','unhas-decoradas','No formato quadrado, redondo, para unha mais larga ou alongada, qualquer que seja vai te deixar mais atraente.','<p>Seja para uma esmaltação simples, para aprender a cuidar das próprias unhas em casa ou para escolher os melhores desenhos e combinações para unhas decoradas, o mundo da beleza também contempla as buscas pelo cuidado com as mãos, com as conhecidas nail arts fazendo cada vez mais sucesso.</p><p><br></p><p>Parece que a tendência da praticidade tem se firmado em todos os setores. Na busca por mais autonomia na hora de se produzir, as pessoas estão procurando por dicas e tutoriais de maquiagens mais simples para o dia a dia.</p><p><br></p><p>Mesmo sem sair de casa, devido ao isolados em decorrência da pandemia, o cuidado com a aparência para as reuniões online ou para reforçar a própria autoestima se manteve em alta, e teve muita gente que aproveitou para aprender truques e técnicas de maquiagem em casa.</p>','DPQgC30K1LyS2KE55mMAwh4Ln',1,39,'2023-04-29 02:22:00',1,1,1,467);

--
-- Table structure for table `noticias_arquivos`
--

CREATE TABLE `noticias_arquivos` (
  `id` int(11) NOT NULL AUTO_INCREMENT,
  `codigo` varchar(25) NOT NULL,
  `path` text NOT NULL,
  `arquivo` text NOT NULL,
  `legenda` text DEFAULT NULL,
  `tipo` varchar(50) DEFAULT NULL,
  PRIMARY KEY (`id`),
  KEY `codigo` (`codigo`)
) ENGINE=MyISAM AUTO_INCREMENT=56 DEFAULT CHARSET=latin1 COLLATE=latin1_swedish_ci;

--
-- Dumping data for table `noticias_arquivos`
--

INSERT INTO `noticias_arquivos` (`id`, `codigo`, `path`, `arquivo`, `legenda`, `tipo`) VALUES (55,'txcVwsn20mVxrAxixxV93ZwAL','zHD/noticias/1/txcVwsn20mVxrAxixxV93ZwAL/imagens/','0975432001707131787.jpg',NULL,'capa'),(25,'euTrLHwjKYrpgrGNJU6T63wZJ','zHD/noticias/1/euTrLHwjKYrpgrGNJU6T63wZJ/imagens/','0417296001707058322.jpg',NULL,'capa'),(49,'euTrLHwjKYrpgrGNJU6T63wZJ','zHD/noticias/1/euTrLHwjKYrpgrGNJU6T63wZJ/imagens/','gal-unhas8 (0585515001682763784).jpg',NULL,'imagem'),(48,'euTrLHwjKYrpgrGNJU6T63wZJ','zHD/noticias/1/euTrLHwjKYrpgrGNJU6T63wZJ/imagens/','gal-unhas7 (0582667001682763784).jpg',NULL,'imagem'),(46,'euTrLHwjKYrpgrGNJU6T63wZJ','zHD/noticias/1/euTrLHwjKYrpgrGNJU6T63wZJ/imagens/','GAL-UNHAS5 (0552149001682763784).jpg',NULL,'imagem'),(47,'euTrLHwjKYrpgrGNJU6T63wZJ','zHD/noticias/1/euTrLHwjKYrpgrGNJU6T63wZJ/imagens/','gal-unhas6 (0574829001682763784).jpg',NULL,'imagem'),(30,'euTrLHwjKYrpgrGNJU6T63wZJ','zHD/noticias/1/euTrLHwjKYrpgrGNJU6T63wZJ/arquivos/','Documento Ilustrativo 1 (0678456001678723319).pdf',NULL,'arquivo'),(31,'euTrLHwjKYrpgrGNJU6T63wZJ','zHD/noticias/1/euTrLHwjKYrpgrGNJU6T63wZJ/arquivos/','Documento Ilustrativo 2 (0973455001678723319).pdf',NULL,'arquivo'),(32,'euTrLHwjKYrpgrGNJU6T63wZJ','zHD/noticias/1/euTrLHwjKYrpgrGNJU6T63wZJ/arquivos/','Documento Ilustrativo 3 (0011427001678723320).pdf',NULL,'arquivo'),(33,'euTrLHwjKYrpgrGNJU6T63wZJ','zHD/noticias/1/euTrLHwjKYrpgrGNJU6T63wZJ/audios/','Música de Natal (0631977001678723409).mp3','Áudio ilustrativo','audio'),(38,'Uit1T2mUuPvWrpUCORigfAVfK','zHD/noticias/1/Uit1T2mUuPvWrpUCORigfAVfK/imagens/','0887718001682580754.jpg',NULL,'capa'),(39,'DPQgC30K1LyS2KE55mMAwh4Ln','zHD/noticias/1/DPQgC30K1LyS2KE55mMAwh4Ln/imagens/','0139330001682746094.jpg',NULL,'capa'),(40,'l2A3zlWsVXGrNIsGH8upcXGKl','zHD/noticias/1/l2A3zlWsVXGrNIsGH8upcXGKl/imagens/','0987078001682747356.jpg',NULL,'capa');

--
-- Table structure for table `noticias_entidades`
--

CREATE TABLE `noticias_entidades` (
  `id` int(11) NOT NULL AUTO_INCREMENT,
  `usuario` int(11) NOT NULL,
  `noticia` int(11) NOT NULL,
  `entidade` int(11) NOT NULL,
  `data` datetime NOT NULL DEFAULT current_timestamp(),
  PRIMARY KEY (`id`),
  KEY `noticia` (`noticia`),
  KEY `entidade` (`entidade`),
  KEY `usuario` (`usuario`)
) ENGINE=MyISAM AUTO_INCREMENT=45 DEFAULT CHARSET=latin1 COLLATE=latin1_swedish_ci;

--
-- Dumping data for table `noticias_entidades`
--


--
-- Table structure for table `noticias_links`
--

CREATE TABLE `noticias_links` (
  `id` int(11) NOT NULL AUTO_INCREMENT,
  `codigo` varchar(25) NOT NULL,
  `titulo` text DEFAULT NULL,
  `link` text NOT NULL,
  PRIMARY KEY (`id`),
  KEY `codigo` (`codigo`)
) ENGINE=MyISAM AUTO_INCREMENT=3 DEFAULT CHARSET=latin1 COLLATE=latin1_swedish_ci ROW_FORMAT=DYNAMIC;

--
-- Dumping data for table `noticias_links`
--

INSERT INTO `noticias_links` (`id`, `codigo`, `titulo`, `link`) VALUES (1,'iTRrNXDP5putbRszWWwFuGScT','TESTE','https://uol.com.br'),(2,'zHy019GRScnaDiGr4tUFTsYNr','JP Web','https://jpweb.com.br');

--
-- Table structure for table `noticias_secoes`
--

CREATE TABLE `noticias_secoes` (
  `id` int(11) NOT NULL AUTO_INCREMENT,
  `entidade` int(11) NOT NULL DEFAULT 0,
  `nome` varchar(250) NOT NULL,
  PRIMARY KEY (`id`),
  KEY `entidade` (`entidade`)
) ENGINE=MyISAM AUTO_INCREMENT=11 DEFAULT CHARSET=latin1 COLLATE=latin1_swedish_ci ROW_FORMAT=DYNAMIC;

--
-- Dumping data for table `noticias_secoes`
--

INSERT INTO `noticias_secoes` (`id`, `entidade`, `nome`) VALUES (1,1,'Publicações'),(10,1,'Quem Somos');

--
-- Table structure for table `noticias_videos`
--

CREATE TABLE `noticias_videos` (
  `id` int(11) NOT NULL AUTO_INCREMENT,
  `codigo` varchar(25) NOT NULL,
  `titulo` text DEFAULT NULL,
  `link` text NOT NULL,
  PRIMARY KEY (`id`),
  KEY `codigo` (`codigo`)
) ENGINE=MyISAM AUTO_INCREMENT=4 DEFAULT CHARSET=latin1 COLLATE=latin1_swedish_ci ROW_FORMAT=DYNAMIC;

--
-- Dumping data for table `noticias_videos`
--

INSERT INTO `noticias_videos` (`id`, `codigo`, `titulo`, `link`) VALUES (1,'iTRrNXDP5putbRszWWwFuGScT','TESTE','lP774Tl8NS0'),(2,'zHy019GRScnaDiGr4tUFTsYNr','Aviões do Forró','L6vLn1yah0A'),(3,'euTrLHwjKYrpgrGNJU6T63wZJ','Vídeo ilustrativo','KuyBKlCBiTM');

--
-- Table structure for table `ouvidoria`
--

CREATE TABLE `ouvidoria` (
  `id` int(11) NOT NULL AUTO_INCREMENT,
  `anonimo` int(11) NOT NULL DEFAULT 0,
  `finalidade` int(11) DEFAULT NULL,
  `status` int(11) NOT NULL DEFAULT 0,
  `pessoa` varchar(20) DEFAULT NULL,
  `nome` varchar(200) DEFAULT NULL,
  `documento` varchar(200) DEFAULT NULL,
  `email` varchar(300) DEFAULT NULL,
  `telefone` varchar(300) DEFAULT NULL,
  `cep` varchar(300) DEFAULT NULL,
  `endereco` varchar(300) DEFAULT NULL,
  `bairro` varchar(300) DEFAULT NULL,
  `complemento` varchar(300) DEFAULT NULL,
  `cidade` varchar(300) DEFAULT NULL,
  `uf` varchar(300) DEFAULT NULL,
  `codigo` varchar(25) DEFAULT NULL,
  `titulo` text DEFAULT NULL,
  `texto` text DEFAULT NULL,
  `protocolo` varchar(8) NOT NULL,
  `data` timestamp NOT NULL DEFAULT current_timestamp(),
  `entidade` int(11) NOT NULL,
  `envio` int(11) NOT NULL DEFAULT 0,
  PRIMARY KEY (`id`),
  KEY `entidade` (`entidade`),
  KEY `protocolo` (`protocolo`),
  KEY `documento` (`documento`)
) ENGINE=MyISAM AUTO_INCREMENT=4 DEFAULT CHARSET=latin1 COLLATE=latin1_swedish_ci ROW_FORMAT=DYNAMIC;

--
-- Dumping data for table `ouvidoria`
--

INSERT INTO `ouvidoria` (`id`, `anonimo`, `finalidade`, `status`, `pessoa`, `nome`, `documento`, `email`, `telefone`, `cep`, `endereco`, `bairro`, `complemento`, `cidade`, `uf`, `codigo`, `titulo`, `texto`, `protocolo`, `data`, `entidade`, `envio`) VALUES (1,0,3,1,'PF','JP Web Teste','11.111.111/1111-11','jpweb@jpweb.com.br','(61) 98251-2032',NULL,'CLSW 302, Bloco F, Sudoeste','Sudoeste',NULL,'Brasília','','OriIQjtERzTzluapH7bVLSBxR','JP WEB TESTE','TESTE','SATFB5JN','2022-04-03 09:15:27',1,1),(2,1,3,1,'PF','','','','',NULL,'','',NULL,'','','WgAYp7yyb5mcOKiSYz0EZmlNQ','JP WEB TESTE','TESTE','0W4PXOKC','2022-04-11 14:28:47',1,0),(3,1,3,1,'PF','','','','',NULL,'','',NULL,'','','BRjvhTLoA2SpWCcdT7tjLXOts','JP WEB TESTE','TESTE','1M0ZSCPA','2022-04-20 01:42:27',1,0);

--
-- Table structure for table `ouvidoria_arquivos`
--

CREATE TABLE `ouvidoria_arquivos` (
  `id` int(11) NOT NULL AUTO_INCREMENT,
  `codigo` varchar(25) NOT NULL,
  `path` text NOT NULL,
  `arquivo` text NOT NULL,
  `legenda` text DEFAULT NULL,
  `tipo` varchar(50) DEFAULT NULL,
  `data` date DEFAULT NULL,
  PRIMARY KEY (`id`),
  KEY `codigo` (`codigo`)
) ENGINE=MyISAM DEFAULT CHARSET=latin1 COLLATE=latin1_swedish_ci ROW_FORMAT=DYNAMIC;

--
-- Dumping data for table `ouvidoria_arquivos`
--


--
-- Table structure for table `ouvidoria_finalidades`
--

CREATE TABLE `ouvidoria_finalidades` (
  `id` int(11) NOT NULL AUTO_INCREMENT,
  `nome` varchar(250) NOT NULL,
  `entidade` int(11) NOT NULL DEFAULT 0,
  PRIMARY KEY (`id`),
  KEY `entidade` (`entidade`)
) ENGINE=MyISAM AUTO_INCREMENT=186 DEFAULT CHARSET=latin1 COLLATE=latin1_swedish_ci ROW_FORMAT=DYNAMIC;

--
-- Dumping data for table `ouvidoria_finalidades`
--

INSERT INTO `ouvidoria_finalidades` (`id`, `nome`, `entidade`) VALUES (1,'Críticas',1),(2,'Denúncias',1),(3,'Elogios',1),(4,'Reclamações',1),(5,'Solicitações',1),(6,'Sugestões',1),(7,'Críticas',1);

--
-- Table structure for table `ouvidoria_respostas`
--

CREATE TABLE `ouvidoria_respostas` (
  `id` int(11) NOT NULL AUTO_INCREMENT,
  `ouvidoria` int(11) NOT NULL DEFAULT 0,
  `usuario` int(11) NOT NULL DEFAULT 0,
  `resposta` text NOT NULL,
  `codigo` varchar(25) NOT NULL,
  `data` timestamp NOT NULL DEFAULT current_timestamp() ON UPDATE current_timestamp(),
  PRIMARY KEY (`id`),
  KEY `data` (`data`),
  KEY `ouvidoria` (`ouvidoria`)
) ENGINE=MyISAM DEFAULT CHARSET=latin1 COLLATE=latin1_swedish_ci ROW_FORMAT=DYNAMIC;

--
-- Dumping data for table `ouvidoria_respostas`
--


--
-- Table structure for table `ouvidoria_status`
--

CREATE TABLE `ouvidoria_status` (
  `id` int(11) NOT NULL AUTO_INCREMENT,
  `nome` varchar(250) NOT NULL,
  `entidade` int(11) NOT NULL DEFAULT 0,
  `padrao` int(11) NOT NULL DEFAULT 0,
  PRIMARY KEY (`id`),
  KEY `entidade` (`entidade`)
) ENGINE=MyISAM AUTO_INCREMENT=4 DEFAULT CHARSET=latin1 COLLATE=latin1_swedish_ci ROW_FORMAT=DYNAMIC;

--
-- Dumping data for table `ouvidoria_status`
--

INSERT INTO `ouvidoria_status` (`id`, `nome`, `entidade`, `padrao`) VALUES (3,'Respondido',1,0),(2,'Finalizado',1,0),(1,'Recebido',1,1);

--
-- Table structure for table `pesquisas`
--

CREATE TABLE `pesquisas` (
  `id` int(11) NOT NULL AUTO_INCREMENT,
  `usuario` int(11) NOT NULL DEFAULT 0,
  `publico` int(11) NOT NULL DEFAULT 0,
  `titulo` text NOT NULL,
  `imagem` text DEFAULT NULL,
  `tag` text NOT NULL,
  `texto` text DEFAULT NULL,
  `secao` int(11) NOT NULL,
  `data` datetime DEFAULT current_timestamp(),
  `ignorar_ip` int(11) DEFAULT 0,
  `entidade` int(11) NOT NULL,
  `status` int(11) DEFAULT 1,
  PRIMARY KEY (`id`),
  KEY `entidade` (`entidade`)
) ENGINE=MyISAM AUTO_INCREMENT=3 DEFAULT CHARSET=latin1 COLLATE=latin1_swedish_ci ROW_FORMAT=DYNAMIC;

--
-- Dumping data for table `pesquisas`
--

INSERT INTO `pesquisas` (`id`, `usuario`, `publico`, `titulo`, `imagem`, `tag`, `texto`, `secao`, `data`, `ignorar_ip`, `entidade`, `status`) VALUES (1,1,1,'Qual sua opinião sobre a volta às aulas?','zHD/pesquisas/1/0131686001610176290.jpg','qualsuaopiniaosobreavoltaasaulas','Lorem ipsão dolor sít amçet, consectetur adipiscing elit. Sed vehicula id odio quis rhoncus. Donec ullamcorper, lectus in dictum porta, urna nisl tincidunt metus, at iaculis nunc sem vitae diam. Etiam quam orci, volutpat a justo non, pretium condimentum felis. Duis id elementum arcu. Mauris pharetra dui molestie tortor imperdiet. ',1,'2021-01-09 00:00:00',0,1,1),(2,1,0,'TESTE',NULL,'teste','TESTE',1,'2023-04-19 00:00:00',0,1,1);

--
-- Table structure for table `pesquisas_opcoes`
--

CREATE TABLE `pesquisas_opcoes` (
  `id` int(11) NOT NULL AUTO_INCREMENT,
  `ordem` int(11) NOT NULL DEFAULT 0,
  `pesquisa` int(11) NOT NULL DEFAULT 0,
  `titulo` text NOT NULL,
  `tipo` varchar(50) NOT NULL,
  `json` text DEFAULT NULL,
  PRIMARY KEY (`id`),
  KEY `enquete` (`pesquisa`)
) ENGINE=MyISAM AUTO_INCREMENT=2 DEFAULT CHARSET=latin1 COLLATE=latin1_swedish_ci ROW_FORMAT=DYNAMIC;

--
-- Dumping data for table `pesquisas_opcoes`
--

INSERT INTO `pesquisas_opcoes` (`id`, `ordem`, `pesquisa`, `titulo`, `tipo`, `json`) VALUES (1,1,1,'As aulas devem ser reiniciadas imediatamente.','opcoes','{\"0\":\"Voltar imediato\",\"1\":\"Ap\\u00f3s vacina\\u00e7\\u00e3o\"}');

--
-- Table structure for table `pesquisas_respostas`
--

CREATE TABLE `pesquisas_respostas` (
  `id` int(11) NOT NULL AUTO_INCREMENT,
  `pesquisa` int(11) NOT NULL DEFAULT 0,
  `formulario` varchar(25) NOT NULL,
  `json` text DEFAULT NULL,
  `ip` varchar(50) NOT NULL,
  `data` timestamp NOT NULL DEFAULT current_timestamp() ON UPDATE current_timestamp(),
  PRIMARY KEY (`id`),
  KEY `enquete` (`pesquisa`),
  KEY `ip` (`ip`),
  KEY `data` (`data`),
  KEY `formulario` (`formulario`)
) ENGINE=MyISAM AUTO_INCREMENT=2 DEFAULT CHARSET=latin1 COLLATE=latin1_swedish_ci ROW_FORMAT=DYNAMIC;

--
-- Dumping data for table `pesquisas_respostas`
--

INSERT INTO `pesquisas_respostas` (`id`, `pesquisa`, `formulario`, `json`, `ip`, `data`) VALUES (1,1,'ayUujML7FojwB8dqW9BemRAMc','{\"1\":\"Voltar imediato\"}','177.235.117.135','2021-01-09 07:13:41');

--
-- Table structure for table `pesquisas_secoes`
--

CREATE TABLE `pesquisas_secoes` (
  `id` int(11) NOT NULL AUTO_INCREMENT,
  `nome` varchar(250) NOT NULL,
  `entidade` int(11) NOT NULL DEFAULT 0,
  PRIMARY KEY (`id`),
  KEY `entidade` (`entidade`)
) ENGINE=MyISAM AUTO_INCREMENT=9 DEFAULT CHARSET=latin1 COLLATE=latin1_swedish_ci ROW_FORMAT=DYNAMIC;

--
-- Dumping data for table `pesquisas_secoes`
--

INSERT INTO `pesquisas_secoes` (`id`, `nome`, `entidade`) VALUES (1,'Pesquisas',1);

--
-- Table structure for table `popup`
--

CREATE TABLE `popup` (
  `id` int(11) NOT NULL AUTO_INCREMENT,
  `usuario` int(11) NOT NULL DEFAULT 0,
  `titulo` text NOT NULL,
  `link` text DEFAULT NULL,
  `tag` text NOT NULL,
  `texto` text DEFAULT NULL,
  `codigo` varchar(25) NOT NULL,
  `secao` int(11) NOT NULL,
  `data` datetime DEFAULT current_timestamp(),
  `entidade` int(11) NOT NULL,
  `imagem` int(11) DEFAULT 0,
  `status` int(11) DEFAULT 1,
  `contador` int(11) DEFAULT 0,
  `app_id` int(11) DEFAULT 0,
  `app_alvo` int(11) DEFAULT 0,
  PRIMARY KEY (`id`),
  KEY `app_alvo` (`app_alvo`),
  KEY `app_id` (`app_id`),
  KEY `contador` (`contador`),
  KEY `entidade` (`entidade`)
) ENGINE=MyISAM AUTO_INCREMENT=2 DEFAULT CHARSET=latin1 COLLATE=latin1_swedish_ci ROW_FORMAT=DYNAMIC;

--
-- Dumping data for table `popup`
--

INSERT INTO `popup` (`id`, `usuario`, `titulo`, `link`, `tag`, `texto`, `codigo`, `secao`, `data`, `entidade`, `imagem`, `status`, `contador`, `app_id`, `app_alvo`) VALUES (1,1,'Institucional',NULL,'institucional',NULL,'K4uZkHbGZiT3PwDn2cdlqMMgg',1,'2023-07-30 00:00:00',1,0,1,54,0,0);

--
-- Table structure for table `popup_arquivos`
--

CREATE TABLE `popup_arquivos` (
  `id` int(11) NOT NULL AUTO_INCREMENT,
  `codigo` varchar(25) NOT NULL,
  `path` text NOT NULL,
  `arquivo` text NOT NULL,
  `legenda` text DEFAULT NULL,
  `tipo` varchar(50) DEFAULT NULL,
  PRIMARY KEY (`id`),
  KEY `codigo` (`codigo`)
) ENGINE=MyISAM AUTO_INCREMENT=4 DEFAULT CHARSET=latin1 COLLATE=latin1_swedish_ci ROW_FORMAT=DYNAMIC;

--
-- Dumping data for table `popup_arquivos`
--

INSERT INTO `popup_arquivos` (`id`, `codigo`, `path`, `arquivo`, `legenda`, `tipo`) VALUES (3,'K4uZkHbGZiT3PwDn2cdlqMMgg','zHD/popup/1/K4uZkHbGZiT3PwDn2cdlqMMgg/','POPUP-GERAL2 (0771274001693633353).jpg',NULL,'imagem');

--
-- Table structure for table `popup_secoes`
--

CREATE TABLE `popup_secoes` (
  `id` int(11) NOT NULL AUTO_INCREMENT,
  `nome` varchar(250) NOT NULL,
  `entidade` int(11) NOT NULL DEFAULT 0,
  PRIMARY KEY (`id`),
  KEY `entidade` (`entidade`)
) ENGINE=MyISAM AUTO_INCREMENT=2 DEFAULT CHARSET=latin1 COLLATE=latin1_swedish_ci ROW_FORMAT=DYNAMIC;

--
-- Dumping data for table `popup_secoes`
--

INSERT INTO `popup_secoes` (`id`, `nome`, `entidade`) VALUES (1,'Home',1);

--
-- Table structure for table `popup_setup`
--

CREATE TABLE `popup_setup` (
  `id` int(11) NOT NULL AUTO_INCREMENT,
  `abertura` int(11) NOT NULL,
  `intervalo` int(11) NOT NULL DEFAULT 0,
  `cache` int(11) NOT NULL DEFAULT 0,
  `entidade` int(11) NOT NULL DEFAULT 0,
  PRIMARY KEY (`id`)
) ENGINE=MyISAM AUTO_INCREMENT=2 DEFAULT CHARSET=latin1 COLLATE=latin1_swedish_ci ROW_FORMAT=DYNAMIC;

--
-- Dumping data for table `popup_setup`
--

INSERT INTO `popup_setup` (`id`, `abertura`, `intervalo`, `cache`, `entidade`) VALUES (1,0,180,0,1);

--
-- Table structure for table `videos`
--

CREATE TABLE `videos` (
  `id` int(11) NOT NULL AUTO_INCREMENT,
  `data` timestamp NOT NULL DEFAULT current_timestamp(),
  `secao` int(11) NOT NULL DEFAULT 0,
  `titulo` text NOT NULL,
  `descricao` text DEFAULT NULL,
  `codigo` varchar(100) NOT NULL,
  `entidade` int(11) NOT NULL DEFAULT 0,
  PRIMARY KEY (`id`),
  KEY `entidade` (`entidade`)
) ENGINE=MyISAM AUTO_INCREMENT=11 DEFAULT CHARSET=latin1 COLLATE=latin1_swedish_ci ROW_FORMAT=DYNAMIC;

--
-- Dumping data for table `videos`
--

INSERT INTO `videos` (`id`, `data`, `secao`, `titulo`, `descricao`, `codigo`, `entidade`) VALUES (6,'2021-08-12 03:00:00',1,'10 cortes de cabelo','','snXlge_oxmE',1),(5,'2021-08-12 03:00:00',1,'Corte de cabelo curto','','UoTnABkoz2c',1),(9,'2022-06-09 03:00:00',1,'Cortes de cabelo em alta em 2023','','kQH2XugphIo',1),(10,'2022-06-09 03:00:00',1,'Corte de cabelo em degradê.','','KuyBKlCBiTM',1);

--
-- Table structure for table `videos_secoes`
--

CREATE TABLE `videos_secoes` (
  `id` int(11) NOT NULL AUTO_INCREMENT,
  `entidade` int(11) NOT NULL DEFAULT 0,
  `nome` varchar(250) NOT NULL,
  PRIMARY KEY (`id`),
  KEY `entidade` (`entidade`)
) ENGINE=MyISAM AUTO_INCREMENT=3 DEFAULT CHARSET=latin1 COLLATE=latin1_swedish_ci ROW_FORMAT=DYNAMIC;

--
-- Dumping data for table `videos_secoes`
--

INSERT INTO `videos_secoes` (`id`, `entidade`, `nome`) VALUES (1,1,'Vídeos');

--
-- Dumping events for database 'jpwnet_beleza'
--

--
-- Dumping routines for database 'jpwnet_beleza'
--


