[BLOB]\" data-filename=\"image.png\" style=\"width: 1224px;\"></h3><p style=\"color: rgb(0, 0, 0);\"><br></p><p style=\"color: rgb(0, 0, 0);\"><br></p><p style=\"color: rgb(0, 0, 0);\"><img src=\"data:image/png;base64,[BLOB]\" data-filename=\"image.png\" style=\"width: 1224px;\"><br></p><h3 class=\"no-margin-top\" style=\"color: rgb(0, 0, 0);\"><br></h3><h3 class=\"no-margin-top\" style=\"color: rgb(0, 0, 0);\"><br></h3><h3 class=\"no-margin-top\" style=\"color: rgb(0, 0, 0);\">Criando nova Notícia<br></h3><p>1 - Clique <b>Cadastrar Cadastrar</b>, ou em <b>Gerenciar > Novo Cadastro</b>.<br>2 - Preencha: <b>data, hora, título, subtítulo, digite uma categoria ou selecione uma existente e texto</b>.<br><span style=\"color: rgb(51, 51, 51); font-size: 14px;\">3 - Clique em Salvar. Você será redirecionado para inserir arquivos.</span><span style=\"color: rgb(51, 51, 51); font-size: 14px;\"><br></span></p><h3 class=\"no-margin-top\" style=\"color: rgb(0, 0, 0);\">Gerenciando conteúdo (Capa, Imagens, Vídeos, Links e Arquivos)</h3><p style=\"color: rgb(0, 0, 0);\"><b>Capa:</b><br>1 - Em Gerenciar, clique Editar na notícia desejada.<br>2 - Clique em Inserir Imagens.<br>3 - Clique em Carregar Imagem ou Trocar Imagem, para inserir uma nova imagem de capa.<br><b>Imagens:</b><br>1 - Em Gerenciar, clique Editar na notícia desejada.<br>2 - Clique em Inserir Imagens.<br>3 - Adicione imagens clicando no \"Clique aqui para carregar seu arquivo\".<br>4 - Passe o mouse sobre a imagem para editar legenda e/ou data ou excluir. Após excluir alguma imagem clique em \"Atualizar\".<br><b>Vídeos:</b><br>1 - Em Gerenciar, clique Editar na notícia desejada.<br>2 - Clique em Inserir Vídeos.<br>3 - Clique em Novo Vídeo, preencha os campo títulos e link (youtube), para adicionar um vídeo.<br>4 - Clique em Excluir, para excluir o vídeo desejado.<br><b>Links:</b><br>1 - Em Gerenciar, clique Editar na notícia desejada.<br>2 - Clique em Inserir Links.<br>3 - Clique em Novo Link, preencha os campos título e link, para adicionar um link.<br>4 - Clique em Excluir, para excluir o link desejado.<br><b>Arquivos:</b><br>1 - Em Gerenciar, clique Editar na notícia desejada.<br>2 - Clique em Inserir arquivos.<br>3 - Adicione arquivos clicando no \"Clique aqui para carregar seu arquivo\".<br>4 - Passe o mouse sobre o ícone para editar legenda e/ou data ou excluir. Após excluir alguma imagem clique em \"Atualizar\".</p><h3 class=\"no-margin-top\" style=\"color: rgb(0, 0, 0);\">Ativar/Desativar</h3><div>1 - Em Gerenciar, clique em Ativa para desativar e Inativa para ativar.</div><div><br></div><h3 class=\"no-margin-top\" style=\"color: rgb(0, 0, 0);\">Editando</h3><h3 class=\"no-margin-top\" style=\"color: rgb(0, 0, 0);\"><p style=\"font-size: 13px;\">1 - Em <b>Gerenciar, </b>Clique em <b>Editar </b>na linha da notícia desejada.</p></h3><h3 class=\"no-margin-top\" style=\"color: rgb(0, 0, 0);\">Excluindo</h3><h3 class=\"no-margin-top\" style=\"color: rgb(0, 0, 0);\"><p style=\"font-size: 13px;\">1 - Em <b>Gerenciar, </b>Clique em <b>Excluir </b>na linha da notícia desejada.<br>2 - Confirme a ação e aguarde confirmação.</p></h3>'),('14','<h3 class=\"no-margin-top\" style=\"color: rgb(0, 0, 0);\">Gerenciando Definições</h3><h3 class=\"no-margin-top\" style=\"color: rgb(0, 0, 0);\"><p style=\"font-size: 13px;\">1 - Clique em configurar > Editar Definições para configurar o comportamento do aplicativo.</p></h3><h3 class=\"no-margin-top\" style=\"color: rgb(0, 0, 0);\">Gerenciando Seções</h3><h3 class=\"no-margin-top\" style=\"color: rgb(0, 0, 0);\"></h3><h5 style=\"font-size: 13px;\">1 - Clique em configurar, crie, edite, ou exclua seções.</h5><h3 class=\"no-margin-top\" style=\"color: rgb(0, 0, 0);\">Criando novo Pop-up</h3><p></p><h5>1 - Clique <b style=\"color: inherit;\">Gerenciar > Novo Cadastro</b><span style=\"color: inherit;\">, ou em </span><b style=\"color: inherit;\">Cadastrar</b><span style=\"color: inherit;\"> no menu superior.</span><br></h5>2 - Preencha: <b>seção, título, link (opcional) e texto (opcional)</b>.<br><span style=\"color: rgb(51, 51, 51); font-size: 14px;\">3 - Clique em Salvar. Você será redirecionado para inserir arquivos.</span><span style=\"color: rgb(51, 51, 51); font-size: 14px;\"><br></span><p></p><h3 class=\"no-margin-top\" style=\"color: rgb(0, 0, 0);\">Gerenciando imagens.<br></h3><p>1 - Em Gerenciar, na linha do pop-up desejado clique em <b>editar.<br></b>2 - Clique em <b>Inserir Imagens.</b><br>3 - Para inserir arquivos, clique na caixa em destaque \"Clique aqui para carregar seu arquivo\" ou solte os arquivos acima dela.<br>4 - Passe o mouse sobre o ícone para editar legenda e/ou data ou excluir o arquivo. Após excluir algum arquivo clique em \"Atualizar\".</p><h3 class=\"no-margin-top\" style=\"color: rgb(0, 0, 0);\">Integrado à Notícias / Enquetes<br></h3><p>1 - Em Gerenciar, na linha do pop-up desejado clique em <b>Integração</b> (ou Enquetes/Notícias)<b>.<br></b>2 - Selecione o Aplicativo desejado.<br>3 - Selecione a Notícia/Pop-up desejado.<br>4 - Clique em Salvar.</p><h3 class=\"no-margin-top\" style=\"color: rgb(0, 0, 0);\">Excluindo</h3><h3 class=\"no-margin-top\" style=\"color: rgb(0, 0, 0);\"><p style=\"font-size: 13px;\">1 - Em <b>Gerenciar, </b>Clique em <b>Excluir </b>na linha no pop-up desejado.<br>2 - Confirme a ação e aguarde confirmação.</p></h3>'),('25','<h4 style=\"color: rgb(0, 0, 0);\">Respondendo ao Recado:<br></h4><div>1 - Em Gerenciar, na linha desejada clique em Responder.<br>2 - Preencha o campo \"Resposta\" e clique em salvar.</div><div><br></div><div><h4 style=\"color: rgb(0, 0, 0);\">Editando uma resposta:<br></h4><div>1 - Em Gerenciar, na linha desejada clique em editar.<br>2 - Edite o campo \"Resposta\" e clique em salvar.</div><div><br></div></div><div><h4 style=\"color: rgb(0, 0, 0);\">Excluindo um Recado:<br></h4></div><div>1 - Em Gerenciar, clique em Excluir na linha desejada.</div><div>2 - Confirme a ação e aguarde confirmação.</div><div><br></div><div><h4 style=\"color: rgb(0, 0, 0);\">Gerenciando Seções:<br></h4><div>1 - Em Configurações, crie, edite ou exclua seções do mural.</div><div><br></div><div><h4 style=\"color: rgb(0, 0, 0);\">Notificar resposta ao Usuário:<br></h4><div>1 - Quando cadastrado corretamente o email do usuário, é possível enviar um email notificando alterações no contato clicando no ícone: <i class=\"fa fa-envelope\"></i>,</div><div>que fica Azul quando disponível e vermelho, quando necessário.</div></div></div>'),('entidades','<div>1. Acessar Entidades.</div><div>2. Em Gerenciar, será exibida a lista de entidades;</div><div>3. Para criar uma nova entidade, vá em <b>Gerenciar > Nova Entidade</b>, preencha os campos corretamente e clique em salvar.</div><div>4. Para <b>Excluir</b>: Clique em Excluir na linha da entidade desejada e confirme a ação. (Esta ação não pode ser desfeita)</div><div><br></div><div>Permitindo e Removendo Permissão em Aplicativos à uma entidade:</div><div>1. Em Gerenciar, clique em <b>Gerenciar</b>, na entidade desejada.</div><div>2. Clique em <b>Aplicativos</b>, Aparecerá a lista de aplicativos instaladas, Clique no Aplicativo desejado para permitir ou remover permissão;</div><div>Obs.: A Entidade recebe permissão de acesso ao aplicativo, todavia falta permitir os usuários que terão acesso a tal aplicativo.</div>');

--
-- Table structure for table `app_aplicativos_grupos`
--

CREATE TABLE `app_aplicativos_grupos` (
  `ID` int(11) NOT NULL AUTO_INCREMENT,
  `nome` varchar(100) NOT NULL,
  `ordem` int(11) NOT NULL DEFAULT 0,
  PRIMARY KEY (`ID`),
  KEY `ordem` (`ordem`)
) ENGINE=MyISAM AUTO_INCREMENT=4 DEFAULT CHARSET=latin1 COLLATE=latin1_swedish_ci ROW_FORMAT=DYNAMIC;

--
-- Dumping data for table `app_aplicativos_grupos`
--

INSERT INTO `app_aplicativos_grupos` (`ID`, `nome`, `ordem`) VALUES (1,'Multimídias',1),(2,'Sistemas',0);

--
-- Table structure for table `app_aplicativos_menus`
--

CREATE TABLE `app_aplicativos_menus` (
  `id` int(11) NOT NULL AUTO_INCREMENT,
  `aplicativo` int(11) NOT NULL DEFAULT 0,
  `nome` varchar(100) DEFAULT '0',
  `tag` varchar(100) DEFAULT '0',
  `pagina` varchar(100) DEFAULT '0',
  `icone` varchar(100) DEFAULT '0',
  `ordem` int(11) DEFAULT 0,
  `acesso` int(11) DEFAULT 0,
  `setup` int(11) DEFAULT 0,
  PRIMARY KEY (`id`),
  KEY `aplicativo` (`aplicativo`),
  KEY `ordem` (`ordem`)
) ENGINE=MyISAM AUTO_INCREMENT=127 DEFAULT CHARSET=latin1 COLLATE=latin1_swedish_ci ROW_FORMAT=DYNAMIC;

--
-- Dumping data for table `app_aplicativos_menus`
--

INSERT INTO `app_aplicativos_menus` (`id`, `aplicativo`, `nome`, `tag`, `pagina`, `icone`, `ordem`, `acesso`, `setup`) VALUES (41,1,'Configurar','setup','setup','fa fa-cogs',2,1,0),(40,1,'Cadastrar','novo','novo','fa fa-plus',1,0,0),(111,2,'Configurar','setup','setup','fa fa-cogs',2,1,0),(112,2,'Cadastrar','novo','novo','fa fa-plus',1,0,0),(9,3,'Cadastrar','nova','nova','fa fa-plus',0,0,0),(115,3,'Configurar','setup','setup','fa fa-cogs',2,1,0),(113,4,'Configurar','setup','setup','fa fa-cogs',2,1,0),(114,4,'Cadastrar','novo','novo','fa fa-plus',1,0,0),(116,5,'Configurar','setup','setup','fa fa-cogs',2,1,0),(117,5,'Cadastrar','novo','novo','fa fa-plus',1,0,0),(118,6,'Configurar','setup','setup','fa fa-cogs',2,1,0),(119,6,'Cadastrar','novo','novo','fa fa-plus',1,0,0),(19,10,'Configurar','setup','setup','fa fa-cogs',2,1,0),(20,10,'Cadastrar','novo','novo','fa fa-plus',1,0,0),(22,11,'Configurar','setup','setup','fa fa-cogs',2,1,0),(23,11,'Cadastrar','novo','novo','fa fa-plus',1,0,0),(25,12,'Configurar','setup','setup','fa fa-cogs',2,1,0),(26,12,'Cadastrar','nova','nova','fa fa-plus',1,0,0),(29,13,'Configurar','setup','setup','fa fa-cogs',2,1,0),(31,14,'Cadastrar','novo','novo','fa fa-plus',1,0,0),(32,14,'Configurar','setup','setup','fa fa-cogs',2,1,2),(83,14,'Seções','setup/secoes','','fa fa-cogs',2,1,1),(84,14,'Definições','setup/definicoes','','fa fa-cogs',1,1,1),(108,16,'Cadastrar','novo','novo','fa fa-plus',1,0,0),(109,16,'Configurar','setup','setup','fa fa-cogs',2,1,0),(35,17,'Configurar','setup','setup','fa fa-cogs',2,1,0),(44,17,'Cadastrar','novo','novo','fa fa-plus',1,0,0),(55,19,'Servidor Envio','setup2','','fa fa-envelope-o',2,1,1),(43,19,'Configurar','setup','setup','fa fa-cogs',2,1,2),(85,19,'Finalidades','setup/finalidades','','fa fa-cogs',1,1,1),(91,19,'Listar Finalizados','arquivo','arquivo','fa fa-search',0,0,0),(86,19,'Status','setup/status','','fa fa-cogs',3,1,1),(47,20,'Configurar','setup','setup','fa fa-cogs',2,1,0),(48,20,'Cadastrar','novo','novo','fa fa-plus',1,0,0),(70,25,'Servidor Envio','setup2','setup2','fa fa-envelope-o',2,1,0),(71,25,'Configurar','setup','setup','fa fa-cogs',1,1,0),(87,26,'Configurar','setup','setup','fa fa-cogs',2,1,0),(94,26,'Cadastrar','novo','novo','fa fa-plus',1,0,0),(92,30,'Configurar','setup','setup','fa fa-cogs',2,1,0),(93,30,'Cadastrar','novo','novo','fa fa-plus',1,0,0),(120,33,'Cadastrar','nova','nova','fa fa-plus',1,0,0),(121,33,'Configurar','setup','setup','fa fa-cogs',2,1,0),(123,34,'Cadastrar','nova','nova','fa fa-plus',0,0,0),(124,35,'Cadastrar','novo','novo','fa fa-plus',1,0,0),(125,35,'Configurar','setup','setup','fa fa-cogs',2,1,0),(126,35,'Sites Externos','setup-externo','setup-externo','fa fa-cogs',2,2,0);

--
-- Table structure for table `app_convites`
--

CREATE TABLE `app_convites` (
  `id` int(11) NOT NULL AUTO_INCREMENT,
  `tipo` int(11) DEFAULT NULL,
  `nome` varchar(100) NOT NULL,
  `email` varchar(100) NOT NULL,
  `codigo` varchar(60) NOT NULL,
  PRIMARY KEY (`id`)
) ENGINE=MyISAM AUTO_INCREMENT=29 DEFAULT CHARSET=latin1 COLLATE=latin1_swedish_ci;

--
-- Dumping data for table `app_convites`
--


--
-- Table structure for table `app_entidades`
--

CREATE TABLE `app_entidades` (
  `id` int(11) NOT NULL AUTO_INCREMENT,
  `nome` text NOT NULL,
  `governo` text DEFAULT NULL,
  `brasao` varchar(255) DEFAULT NULL,
  `municipio` text DEFAULT NULL,
  `cnpj` varchar(50) DEFAULT NULL,
  `razao` varchar(200) DEFAULT NULL,
  `endereco` varchar(200) DEFAULT NULL,
  `cidade` varchar(200) DEFAULT NULL,
  `uf` varchar(50) DEFAULT NULL,
  `site` varchar(400) DEFAULT NULL,
  `matriz` int(11) DEFAULT 0,
  `proprietaria` int(11) DEFAULT 0,
  PRIMARY KEY (`id`)
) ENGINE=MyISAM AUTO_INCREMENT=2 DEFAULT CHARSET=latin1 COLLATE=latin1_swedish_ci;

--
-- Dumping data for table `app_entidades`
--

INSERT INTO `app_entidades` (`id`, `nome`, `governo`, `brasao`, `municipio`, `cnpj`, `razao`, `endereco`, `cidade`, `uf`, `site`, `matriz`, `proprietaria`) VALUES (1,'CTGsCTGs','CTGs','20191027023813brasao-small-entidade.png','CTGs',NULL,NULL,'Brasília','Brasília',NULL,'https://jpw.net.br/ctgs/web1/index.php',1,0);

--
-- Table structure for table `app_entidades_aplicativos`
--

CREATE TABLE `app_entidades_aplicativos` (
  `ID` int(11) NOT NULL AUTO_INCREMENT,
  `entidade` int(11) NOT NULL DEFAULT 0,
  `aplicativo` int(11) NOT NULL DEFAULT 0,
  PRIMARY KEY (`ID`),
  KEY `entidade` (`entidade`),
  KEY `aplicativo` (`aplicativo`)
) ENGINE=MyISAM AUTO_INCREMENT=210 DEFAULT CHARSET=latin1 COLLATE=latin1_swedish_ci ROW_FORMAT=DYNAMIC;

--
-- Dumping data for table `app_entidades_aplicativos`
--

INSERT INTO `app_entidades_aplicativos` (`ID`, `entidade`, `aplicativo`) VALUES (25,1,1),(24,1,2),(28,1,3),(32,1,4),(33,1,5),(34,1,6),(39,1,10),(40,1,11),(41,1,12),(209,1,19),(43,1,14),(59,1,16),(60,1,17),(63,1,20),(64,1,21),(208,1,13),(74,1,26),(157,1,30),(161,1,31),(207,1,36),(200,1,34);

--
-- Table structure for table `app_permissoes`
--

CREATE TABLE `app_permissoes` (
  `ID` int(11) NOT NULL AUTO_INCREMENT,
  `usuario` int(11) NOT NULL DEFAULT 0,
  `aplicativo` int(11) NOT NULL DEFAULT 0,
  `entidade` int(11) NOT NULL DEFAULT 0,
  `acesso` varchar(500) DEFAULT NULL,
  PRIMARY KEY (`ID`),
  KEY `usuario` (`usuario`),
  KEY `aplicativo` (`aplicativo`),
  KEY `entidade` (`entidade`)
) ENGINE=MyISAM AUTO_INCREMENT=514 DEFAULT CHARSET=latin1 COLLATE=latin1_swedish_ci;

--
-- Dumping data for table `app_permissoes`
--

INSERT INTO `app_permissoes` (`ID`, `usuario`, `aplicativo`, `entidade`, `acesso`) VALUES (1,1,6,1,NULL),(2,3,3,1,NULL),(3,1,12,1,NULL),(4,3,2,1,NULL),(5,3,4,1,NULL),(6,3,1,1,NULL),(7,1,16,1,NULL),(8,1,3,1,NULL),(9,3,5,1,NULL),(10,1,17,1,NULL),(11,3,6,1,NULL),(12,1,1,1,NULL),(13,3,10,1,NULL),(14,3,12,1,NULL),(15,3,13,1,NULL),(16,3,14,1,NULL),(17,3,11,1,NULL),(18,13,6,1,NULL),(19,13,5,1,NULL),(20,13,4,1,NULL),(21,13,3,1,NULL),(22,13,2,1,NULL),(23,13,1,1,NULL),(24,13,10,1,NULL),(25,13,11,1,NULL),(26,13,12,1,NULL),(27,13,13,1,NULL),(28,13,14,1,NULL),(29,3,16,1,NULL),(30,3,17,1,NULL),(31,3,20,1,NULL),(32,3,19,1,NULL),(33,1,14,1,NULL),(34,1,19,1,NULL),(35,1,2,1,NULL),(36,1,20,1,NULL),(37,1,5,1,NULL),(38,3,26,1,NULL),(39,1,26,1,NULL),(40,3,21,1,NULL),(41,1,21,1,NULL),(42,1,4,1,NULL),(43,1,10,1,NULL),(44,1,11,1,NULL),(45,1,13,1,NULL),(46,13,16,1,NULL),(47,13,17,1,NULL),(48,13,20,1,NULL),(49,13,19,1,NULL),(50,13,21,1,NULL),(51,3,25,1,NULL),(52,1,25,1,NULL),(53,14,16,1,NULL),(54,14,1,1,NULL),(55,14,17,1,NULL),(56,14,6,1,NULL),(57,14,12,1,NULL),(58,14,26,1,NULL),(59,14,25,1,NULL),(60,14,10,1,NULL),(61,14,20,1,NULL),(62,14,4,1,NULL),(63,14,11,1,NULL),(64,14,13,1,NULL),(65,14,21,1,NULL),(66,14,3,1,NULL),(67,14,5,1,NULL),(68,14,14,1,NULL),(69,14,2,1,NULL),(70,14,19,1,NULL),(71,13,25,1,NULL),(72,1,30,1,NULL),(73,15,1,1,NULL),(74,15,16,1,NULL),(75,15,17,1,NULL),(76,15,6,1,NULL),(77,15,10,1,NULL),(78,15,25,1,NULL),(79,15,12,1,NULL),(80,15,30,1,NULL),(81,15,19,1,NULL),(82,15,14,1,NULL),(83,15,3,1,NULL),(84,15,21,1,NULL),(85,15,5,1,NULL),(86,15,4,1,NULL),(87,15,11,1,NULL),(88,15,13,1,NULL),(89,15,2,1,NULL),(90,15,20,1,NULL),(91,15,26,1,NULL),(92,13,26,1,NULL),(93,13,30,1,NULL),(94,13,31,1,NULL),(95,1,33,1,NULL),(96,1,31,1,NULL),(97,1,34,1,NULL),(98,1,36,1,NULL),(99,17,1,1,NULL),(100,17,16,1,NULL),(101,17,17,1,NULL),(102,17,6,1,NULL),(103,17,34,1,NULL),(104,17,10,1,NULL),(105,17,36,1,NULL),(106,17,19,1,NULL),(107,17,14,1,NULL),(108,17,4,1,NULL),(109,17,26,1,NULL),(110,17,12,1,NULL),(111,17,11,1,NULL),(112,17,30,1,NULL),(113,17,5,1,NULL),(114,17,13,1,NULL),(115,17,20,1,NULL),(116,17,2,1,NULL),(117,17,3,1,NULL),(118,18,1,1,NULL),(119,18,16,1,NULL),(120,18,17,1,NULL),(121,18,6,1,NULL),(122,18,34,1,NULL),(123,18,10,1,NULL),(124,18,26,1,NULL),(125,18,20,1,NULL),(126,18,12,1,NULL),(127,18,2,1,NULL),(128,18,36,1,NULL),(129,18,4,1,NULL),(130,18,19,1,NULL),(131,18,14,1,NULL),(132,18,11,1,NULL),(133,18,30,1,NULL),(134,18,5,1,NULL),(135,18,3,1,NULL),(136,18,13,1,NULL);

--
-- Table structure for table `app_usuarios_sessoes`
--

CREATE TABLE `app_usuarios_sessoes` (
  `ID` int(11) NOT NULL AUTO_INCREMENT,
  `usuario` int(11) DEFAULT NULL,
  `ip` varchar(15) NOT NULL,
  `data` timestamp NOT NULL DEFAULT current_timestamp(),
  `status` int(1) NOT NULL,
  `situacao` int(1) NOT NULL,
  `sessao` varchar(60) DEFAULT NULL,
  `chave` varchar(20) DEFAULT NULL,
  `browser` text DEFAULT NULL,
  `timeout` datetime DEFAULT NULL,
  `entidade` int(1) NOT NULL DEFAULT 0,
  PRIMARY KEY (`ID`),
  KEY `usuario` (`usuario`),
  KEY `ip` (`ip`),
  KEY `data` (`data`),
  KEY `status` (`status`),
  KEY `chave` (`chave`),
  KEY `sessao` (`sessao`),
  KEY `timeout` (`timeout`)
) ENGINE=MyISAM AUTO_INCREMENT=131 DEFAULT CHARSET=latin1 COLLATE=latin1_swedish_ci ROW_FORMAT=DYNAMIC COMMENT='status 0 = Usuário Inválido\r\nstatus 1 = Sessão Iniciada\r\nstatus 2 =  Senha Inválida\r\nstatus 3 = Usuário Bloqueado\r\nsituacao 0/1';

--
-- Dumping data for table `app_usuarios_sessoes`
--

INSERT INTO `app_usuarios_sessoes` (`ID`, `usuario`, `ip`, `data`, `status`, `situacao`, `sessao`, `chave`, `browser`, `timeout`, `entidade`) VALUES (1,1,'177.235.118.144','2021-01-29 11:38:36',1,1,'q5S2lQTUGlIi0FR8WRGwPGMG8Iosc2YSZijn8jlA3JMlnRGwh1wMcgz8gKzU','bojrfJZCzlqEN4QJ4AgF','Mozilla/5.0 (Windows NT 10.0; Win64; x64) AppleWebKit/537.36 (KHTML, like Gecko) Chrome/87.0.4280.141 Safari/537.36','2021-08-19 15:24:53',0),(2,1,'177.235.118.144','2021-01-29 12:23:49',1,1,'B91Oa4kGZeisSrUX0pjmvcJVaul75mYLHnY6wI5CUjva4kxoxMBJ9vzSEn7P','nqY0HN4XpydEsTILwa39','Mozilla/5.0 (Windows NT 10.0; Win64; x64) AppleWebKit/537.36 (KHTML, like Gecko) Chrome/87.0.4280.141 Safari/537.36','2021-08-19 15:24:53',0),(3,1,'177.235.118.144','2021-01-29 19:34:36',1,1,'ZrxSLuBhGqDSWXCgIptfrfXOb9BMFxyWnY5HsjYylDfWjNsIz4YwY28Ml5dI','Gi6Bcl3G1mhdj5FJEVZM','Mozilla/5.0 (Windows NT 10.0; Win64; x64) AppleWebKit/537.36 (KHTML, like Gecko) Chrome/87.0.4280.141 Safari/537.36','2021-08-19 15:24:53',0),(4,1,'177.235.118.144','2021-01-29 21:25:55',1,1,'Guh4jATDQBI9xMNDVwVsuH5dII8LNt0yRA8MsDmNTUZaeCCfKk765tcPZ80G','ltWIj5YrCPPUWGWN80cm','Mozilla/5.0 (Windows NT 10.0; Win64; x64) AppleWebKit/537.36 (KHTML, like Gecko) Chrome/87.0.4280.141 Safari/537.36','2021-08-19 15:24:53',0),(5,1,'177.235.118.144','2021-01-30 17:11:34',1,1,'6DXFa7Bm217icovvO50TRjr4B7grMEZLWU20veusnKkSPZLenkH079xpUgJN','ukwGZS4th9UA8XXItXQL','Mozilla/5.0 (Windows NT 10.0; Win64; x64) AppleWebKit/537.36 (KHTML, like Gecko) Chrome/87.0.4280.141 Safari/537.36','2021-08-19 15:24:53',0),(6,1,'177.106.69.233','2021-02-03 08:54:50',2,0,NULL,NULL,'Mozilla/5.0 (Windows NT 10.0; Win64; x64) AppleWebKit/537.36 (KHTML, like Gecko) Chrome/88.0.4324.104 Safari/537.36',NULL,0),(7,1,'177.106.69.233','2021-02-03 08:54:57',2,0,NULL,NULL,'Mozilla/5.0 (Windows NT 10.0; Win64; x64) AppleWebKit/537.36 (KHTML, like Gecko) Chrome/88.0.4324.104 Safari/537.36',NULL,0),(8,1,'177.106.69.233','2021-02-03 08:54:59',1,1,'ZJClXOmyNVD06h57BOttZPuS8K6FEeuGoSMIJAXysDXtAuGnrxKp3pW8XCi7','jk91BUgVV9pq7HBfPkoC','Mozilla/5.0 (Windows NT 10.0; Win64; x64) AppleWebKit/537.36 (KHTML, like Gecko) Chrome/88.0.4324.104 Safari/537.36','2021-08-19 15:24:53',0),(9,1,'177.235.118.144','2021-02-04 01:34:16',1,1,'TgQ8Jf9TxgBN0OPrlt9aT5zLXAOSBOexlJQMabkzX71Zvl3PDoHTWxdXDbCY','eJyXoBPPWJrL0nS0RPxf','Mozilla/5.0 (Windows NT 10.0; Win64; x64) AppleWebKit/537.36 (KHTML, like Gecko) Chrome/88.0.4324.146 Safari/537.36','2021-08-19 15:24:53',0),(10,1,'177.235.118.144','2021-02-22 16:49:55',1,1,'3i5IXV82YZakZUJMpysAAVuS6ndQiNN8Yc18F7vfgSq97Q48nRvxOHL4xWfn','46p1ZAYPyf2l0kbmqqb6','Mozilla/5.0 (Windows NT 10.0; Win64; x64) AppleWebKit/537.36 (KHTML, like Gecko) Chrome/88.0.4324.182 Safari/537.36','2021-08-19 15:24:53',0),(11,1,'177.235.118.144','2021-03-13 03:43:44',2,0,NULL,NULL,'Mozilla/5.0 (Windows NT 10.0; Win64; x64) AppleWebKit/537.36 (KHTML, like Gecko) Chrome/89.0.4389.82 Safari/537.36',NULL,0),(12,1,'177.235.118.144','2021-03-13 03:43:52',1,1,'7xF7MsnnEPjF1T9QVzKa3rsP3ddiCfGjrK3KuI1Ql4mfvaxNNREh7PtWqeKc','mScccFkobKGN7ekIil46','Mozilla/5.0 (Windows NT 10.0; Win64; x64) AppleWebKit/537.36 (KHTML, like Gecko) Chrome/89.0.4389.82 Safari/537.36','2021-08-19 15:24:53',0),(13,1,'177.191.34.233','2021-07-30 04:07:34',1,1,'Mb4HHRZQuBYNX6ax6qWocwXsLKIW65mozcdBHNr7es6GCSrkTWVYhgyf7kH5','KqoUtFLl7ZZM7mNvvodV','Mozilla/5.0 (Windows NT 10.0; Win64; x64) AppleWebKit/537.36 (KHTML, like Gecko) Chrome/92.0.4515.107 Safari/537.36','2021-08-19 15:24:53',0),(14,1,'177.191.62.103','2021-08-10 18:06:46',1,1,'OhIEuDajJfQeorTQjmuQ4lS4UPkABB2znfNQlTcAJDidjb08ryRvITlxKWxO','stDDIQLzRqskRKUa7KtS','Mozilla/5.0 (Windows NT 10.0; Win64; x64) AppleWebKit/537.36 (KHTML, like Gecko) Chrome/92.0.4515.131 Safari/537.36','2021-08-19 15:24:53',0),(15,1,'177.235.118.144','2021-08-12 13:48:28',1,1,'LwuorPuf8ntkiUJ4JeptjQrSfCFqZE2sIiTEkfW1q3LRjLOpcX53SvyJl47Z','2mtNqqTb2dRAtMcNsdqr','Mozilla/5.0 (Windows NT 10.0; Win64; x64) AppleWebKit/537.36 (KHTML, like Gecko) Chrome/92.0.4515.131 Safari/537.36','2021-08-19 15:24:53',0),(16,1,'177.235.118.144','2021-08-12 19:29:02',1,1,'sGkXJB9jU8PRkdzFIGIJEFFrWfwxoz9CRwNrSV9y6E5nZF4Gr7lMDEF1lynT','e7ux3LQ0QKq9NsqNv0In','Mozilla/5.0 (Windows NT 10.0; Win64; x64) AppleWebKit/537.36 (KHTML, like Gecko) Chrome/92.0.4515.131 Safari/537.36','2021-08-19 15:24:53',0),(17,1,'177.235.118.144','2021-08-18 20:16:55',1,1,'dOG2HzzrwtgAQ7tbTqTaN2b77FnbERDjkVV35aghC4No94ZUmAbkhz6xWSTK','jV6fImxvZbIaHi5CXjIE','Mozilla/5.0 (Windows NT 10.0; Win64; x64) AppleWebKit/537.36 (KHTML, like Gecko) Chrome/92.0.4515.131 Safari/537.36','2021-08-19 15:24:53',0),(18,1,'177.235.118.144','2021-08-19 17:18:25',2,0,NULL,NULL,'Mozilla/5.0 (Windows NT 10.0; Win64; x64) AppleWebKit/537.36 (KHTML, like Gecko) Chrome/92.0.4515.131 Safari/537.36',NULL,0),(19,1,'177.235.118.144','2021-08-19 18:24:04',2,0,NULL,NULL,'Mozilla/5.0 (Windows NT 10.0; Win64; x64) AppleWebKit/537.36 (KHTML, like Gecko) Chrome/92.0.4515.131 Safari/537.36',NULL,0),(20,1,'177.235.118.144','2021-08-19 18:24:16',1,1,'B1NfgQFzgUQWs9hr0wfNFsSSWQ6GkUPmJT7OehtVpASHYyN6z0SNxg93vTNQ','UDn1K6F0AAiK1PBi8t2k','Mozilla/5.0 (Windows NT 10.0; Win64; x64) AppleWebKit/537.36 (KHTML, like Gecko) Chrome/92.0.4515.131 Safari/537.36','2021-08-19 15:24:53',0),(21,1,'177.235.118.144','2021-08-19 18:25:28',1,1,'e7P221s6x26sntpCEExuXZU8JeDslvSU2XGJ7lqsjMbU5K7JlrQYbLudhOM9','r4rlDdxreFtmUGUejObq','Mozilla/5.0 (Windows NT 10.0; Win64; x64) AppleWebKit/537.36 (KHTML, like Gecko) Chrome/92.0.4515.131 Safari/537.36','2021-08-19 15:28:17',0),(22,1,'177.235.118.144','2021-08-19 18:26:58',1,1,'cx37TYghrroOHY8BfKybG6PrT109cegzkDWT0IXoRB6jjQOnsXUnYtgxZAYS','lYvvxIGb3y4PkRfklGhs','Mozilla/5.0 (Windows NT 10.0; Win64; x64) AppleWebKit/537.36 (KHTML, like Gecko) Chrome/92.0.4515.131 Safari/537.36','2021-08-19 15:28:17',0),(23,1,'177.235.118.144','2021-08-19 18:28:34',1,2,'Kfvpg5EVNm2VReoTeLM5wl8RyU9PVrKVvWIbAOQbPQ75Bccgmu0f1wjQQXke','NQRicQLALqfhRNVSHNKb','Mozilla/5.0 (Windows NT 10.0; Win64; x64) AppleWebKit/537.36 (KHTML, like Gecko) Chrome/92.0.4515.131 Safari/537.36','2021-08-19 15:28:45',0),(24,1,'177.235.118.144','2021-08-19 18:28:54',2,0,NULL,NULL,'Mozilla/5.0 (Windows NT 10.0; Win64; x64) AppleWebKit/537.36 (KHTML, like Gecko) Chrome/92.0.4515.131 Safari/537.36',NULL,0),(25,1,'177.235.118.144','2021-08-19 18:29:05',1,2,'qRiiELaIcr8kRV6fzqOMcQxDZqKRQehcp1A3WMzI2LTol65RXHrICWNRHJb7','oIlH6aVfYbW6ZN3JfDS4','Mozilla/5.0 (Windows NT 10.0; Win64; x64) AppleWebKit/537.36 (KHTML, like Gecko) Chrome/92.0.4515.131 Safari/537.36','2021-08-19 15:29:16',0),(26,1,'177.235.118.144','2021-08-19 18:29:21',1,1,'ZcY06lQm0i5fEUyFSC8e5yp6UyZFOuhf61Dcx13tKlrLTHbBM9kUjqwwtGjy','xZn2N7cA5ZOd2PMysyHE','Mozilla/5.0 (Windows NT 10.0; Win64; x64) AppleWebKit/537.36 (KHTML, like Gecko) Chrome/92.0.4515.131 Safari/537.36',NULL,0),(27,1,'177.235.118.50','2021-11-20 19:32:08',1,1,'OtvVgFwFSq84wuUeYr2Knj8ea3kP85zaPRnj5AuTtWx3Rf3Wyo0FeYlFQycl','UEQ1Pnqe5Hi2UeerqOPr','Mozilla/5.0 (Windows NT 10.0; Win64; x64) AppleWebKit/537.36 (KHTML, like Gecko) Chrome/95.0.4638.69 Safari/537.36',NULL,0),(28,1,'177.235.118.50','2021-11-22 18:51:55',1,1,'XO8HLBGZv1gm0BliuMspUtrAOVsJt8w486KcqOKplGSxqOGM1mHVLue1Sb5d','BQrxJS7e9rXeRoQxLWqu','Mozilla/5.0 (Windows NT 10.0; Win64; x64) AppleWebKit/537.36 (KHTML, like Gecko) Chrome/96.0.4664.45 Safari/537.36',NULL,0),(29,1,'177.235.118.50','2021-11-23 19:38:53',1,1,'FxQlVXKceQX40H82UiWRoMCQxd0NDH1Ytz2sgY1Can7YiEOZsh96fGfDl6s7','SpBoXMMvru5WffV4bYKm','Mozilla/5.0 (Windows NT 10.0; Win64; x64) AppleWebKit/537.36 (KHTML, like Gecko) Chrome/96.0.4664.45 Safari/537.36',NULL,0),(30,1,'177.235.119.218','2022-04-01 18:40:01',1,1,'XbjUvAThLL2DgAlJBbaaFW5yyPOeiRcijnLPv4XC7jyOvRdhl0OMAxZK4h0E','wLHrxCEdg4N4WfrKxccQ','Mozilla/5.0 (Windows NT 10.0; Win64; x64) AppleWebKit/537.36 (KHTML, like Gecko) Chrome/99.0.4844.82 Safari/537.36',NULL,0),(31,1,'177.235.119.218','2022-04-03 06:47:52',1,1,'y9cXjgHL7MrpEvwJiv31Gbd9ZoaWwZjuI78V2PegVTDdnwOd9VkB3yFaCWU1','eebpcZVss4zIETsxAqS8','Mozilla/5.0 (Windows NT 10.0; Win64; x64) AppleWebKit/537.36 (KHTML, like Gecko) Chrome/99.0.4844.84 Safari/537.36',NULL,0),(32,1,'177.235.119.218','2022-04-06 10:49:58',1,1,'mAkYKrvXMX9la9FGfLO4L392g9XQIOGR5bTGEv0rBLheqCU0AD6MpQWg7IhW','al0h9FY64SjJeQF4Gs4S','Mozilla/5.0 (Windows NT 10.0; Win64; x64) AppleWebKit/537.36 (KHTML, like Gecko) Chrome/99.0.4844.84 Safari/537.36',NULL,0),(33,1,'177.235.119.218','2022-04-07 04:15:28',1,1,'TP1cs33Fudxuubbe2xSeXepwL3inLa2KIcfLLUnBwvxesEUFJwnE4wKzfiaG','mVCGF86klreIODIP5R16','Mozilla/5.0 (Windows NT 10.0; Win64; x64) AppleWebKit/537.36 (KHTML, like Gecko) Chrome/99.0.4844.84 Safari/537.36',NULL,0),(34,1,'177.235.119.218','2022-04-08 18:45:46',1,1,'55uCYR3rGx7QeLmyI2b3xWuFnYfzngwxbQJ6Pw53tASa9lMixMIp82KgXYOm','OecKYA7Dy8vDvyDXBigH','Mozilla/5.0 (Windows NT 10.0; Win64; x64) AppleWebKit/537.36 (KHTML, like Gecko) Chrome/99.0.4844.84 Safari/537.36',NULL,0),(35,1,'177.235.119.218','2022-04-11 08:49:27',1,1,'BJ09h0pferkjyMgIFnjKsBI32wybSPAicKhG5VYZcA4RSIItEZ0dbkdt0GKU','AZqZHP3bU6OOFm92jt0V','Mozilla/5.0 (Windows NT 10.0; Win64; x64) AppleWebKit/537.36 (KHTML, like Gecko) Chrome/99.0.4844.84 Safari/537.36',NULL,0),(36,1,'177.235.119.218','2022-04-11 12:44:52',1,1,'W8y3o6xUN67rUyvTPO7oKW054kPHJvernZrhiPILVH0kehUYkldNB8NQ8xB1','lO82RXSqNgcEW1OWTgnn','Mozilla/5.0 (Windows NT 10.0; Win64; x64) AppleWebKit/537.36 (KHTML, like Gecko) Chrome/99.0.4844.84 Safari/537.36',NULL,0),(37,1,'177.235.119.218','2022-04-11 12:50:02',1,1,'JmQ599P8C52zkndIZlzKPnikKhoTk9zTY2DQKqZf7UO6jXTNTZ9Nx4DENxIA','Ar2kSOHmkIWf97nuw4Ev','Mozilla/5.0 (Windows NT 10.0; Win64; x64) AppleWebKit/537.36 (KHTML, like Gecko) Chrome/99.0.4844.84 Safari/537.36',NULL,0),(38,1,'177.235.119.218','2022-04-11 13:16:06',1,1,'BeZgxgl77Hj3y8SgrgnYlAD32gOwbn43RlPULBOEf6BSUtbr8YNjsIcPcwIh','17YuofJYgaA6rixNi1a2','Mozilla/5.0 (Windows NT 10.0; Win64; x64) AppleWebKit/537.36 (KHTML, like Gecko) Chrome/99.0.4844.84 Safari/537.36',NULL,0),(39,1,'177.235.119.218','2022-04-11 13:38:51',1,1,'u3YNSZQizvMTzyjWOdolgVW0b7yMQo3GFFAECw2i2YjdkRp4goUY958iohFp','a8FpPnF9WYf8x6PbvBUY','Mozilla/5.0 (Windows NT 10.0; Win64; x64) AppleWebKit/537.36 (KHTML, like Gecko) Chrome/99.0.4844.84 Safari/537.36',NULL,0),(40,1,'177.235.119.218','2022-04-11 13:41:57',1,1,'BRFJald7P1W5Xy8gLYpa9j6p1Nx1dAUzcX2P5K9PhUYbl1EpOjkAsXweLuMA','Sp4zXLbPuPo18sIB2PXD','Mozilla/5.0 (Windows NT 10.0; Win64; x64) AppleWebKit/537.36 (KHTML, like Gecko) Chrome/99.0.4844.84 Safari/537.36',NULL,0),(41,1,'177.235.119.218','2022-04-11 13:46:18',1,1,'1OTAt33tEklC6AhLAnfXGkT9KMsYb6TQV684f5h9FEFvQS0Qq5o4tJaQbLUm','VaEWJTsUznZAngK7AHpo','Mozilla/5.0 (Windows NT 10.0; Win64; x64) AppleWebKit/537.36 (KHTML, like Gecko) Chrome/99.0.4844.84 Safari/537.36',NULL,0),(42,1,'177.235.119.218','2022-04-11 13:48:24',1,1,'hIqLD3SC1RVWgXs0BXWR310dyABZ0pOufvJIj7l929xuYna4eogF6DMHsi7N','mxw48SWwFeAGxXIFT8Vo','Mozilla/5.0 (Windows NT 10.0; Win64; x64) AppleWebKit/537.36 (KHTML, like Gecko) Chrome/99.0.4844.84 Safari/537.36',NULL,0),(43,1,'177.235.119.218','2022-04-11 14:05:34',1,1,'dejanknx8YUw7bBJS8j7dDVXoYDx7m0YcrQFmKkoVWxFWrVjLzNKjyT3Zgtu','4OlMXU2Tig4OOrRGLIXH','Mozilla/5.0 (Windows NT 10.0; Win64; x64) AppleWebKit/537.36 (KHTML, like Gecko) Chrome/99.0.4844.84 Safari/537.36',NULL,0),(44,1,'177.235.119.218','2022-06-02 05:10:46',1,1,'3cW01hBCa2ckAlaPEFjLZwuTOUi2AGxpMpeKVxLhEgJWhHte82fvc3PjNj50','Klm8avvLqPr467TZlJlE','Mozilla/5.0 (Windows NT 10.0; Win64; x64) AppleWebKit/537.36 (KHTML, like Gecko) Chrome/101.0.4951.67 Safari/537.36',NULL,0),(45,1,'177.235.119.218','2022-06-02 19:44:03',1,1,'T13lYsO3ImsWpnQSo3jVzPh0A1t4DW2AXY8YFqsxuRGZ5W0ymBESuC8SD07C','WZd5UmaFOM3ZoztiaOTl','Mozilla/5.0 (Windows NT 10.0; Win64; x64) AppleWebKit/537.36 (KHTML, like Gecko) Chrome/101.0.4951.67 Safari/537.36',NULL,0),(46,1,'177.235.119.218','2022-06-03 06:31:49',1,1,'NIOXu7K4drzrmi5704kFTfVFLIIey1ecHR3B9mLI7gwo5kcWe9DUym8LnUro','eaRyIZ6UR2FQbcNTcSIa','Mozilla/5.0 (Windows NT 10.0; Win64; x64) AppleWebKit/537.36 (KHTML, like Gecko) Chrome/102.0.5005.63 Safari/537.36',NULL,0),(47,1,'177.235.119.218','2022-06-03 07:29:38',1,1,'TjfKZFmNloXQh2pffVg0J1HmfSV6RESpY9luFtnaVp4LPnd7MlyBL6j1cSl2','AbzOAFPH2wrezDBBZsRw','Mozilla/5.0 (Windows NT 10.0; Win64; x64) AppleWebKit/537.36 (KHTML, like Gecko) Chrome/102.0.5005.63 Safari/537.36',NULL,0),(48,1,'177.235.119.218','2022-06-03 07:47:25',1,1,'p7Zqrav4tDDjl4ag3je1wqmWcg3Pzghccbgkc2dOgwu9MxpSHoltam7cAJZi','K14t1RkdXsy2pg9DWkEe','Mozilla/5.0 (Windows NT 10.0; Win64; x64) AppleWebKit/537.36 (KHTML, like Gecko) Chrome/102.0.5005.63 Safari/537.36',NULL,0),(49,1,'177.235.119.218','2022-06-04 07:46:57',1,1,'tYNwU3v7NtqbNgioGN36V98InbRu8o63sKDspMji8IzJOXcQYHt7koFCQRlk','GIarUMnbfsu1d7lCBabh','Mozilla/5.0 (Windows NT 10.0; Win64; x64) AppleWebKit/537.36 (KHTML, like Gecko) Chrome/102.0.5005.63 Safari/537.36',NULL,0),(50,1,'177.235.119.218','2022-06-24 03:45:06',1,1,'pXF2TlanO0tiu3vLGtNJT9PjXgohNIeXmZM8eYfMo1hpltdLA0MNF74EhlI5','wa2sNK3Aj8ztUx4qCl60','Mozilla/5.0 (Windows NT 10.0; Win64; x64) AppleWebKit/537.36 (KHTML, like Gecko) Chrome/103.0.0.0 Safari/537.36',NULL,0),(51,1,'177.235.119.218','2022-06-24 15:28:25',1,1,'VCyYyYgeqEuyv1WwplBaYm2wSh6RiJjjmclGwPBFlFNMZ4FHVxQltFONkqYH','GcraPqlGgSwA4PLjyPse','Mozilla/5.0 (Windows NT 10.0; Win64; x64) AppleWebKit/537.36 (KHTML, like Gecko) Chrome/103.0.0.0 Safari/537.36',NULL,0),(52,1,'177.235.119.218','2022-06-24 17:46:59',1,1,'XNdnuPvWp7HsheVDOi9gsvXrRIzRd37uYUAfUUjIPLLGAbxycpTUQtTHSFjL','FJnoOUnql0nCu2r2rBXW','Mozilla/5.0 (Windows NT 10.0; Win64; x64) AppleWebKit/537.36 (KHTML, like Gecko) Chrome/103.0.0.0 Safari/537.36',NULL,0),(53,1,'177.235.119.218','2022-06-25 20:45:31',1,1,'E4b7lGwjJeADIEB0tDwzdsWsCDqtzUjMzGW5jTYlT9j1wLUpnPkH7F56ZR2F','VgAVoBbHzEDJjIoz6Dpe','Mozilla/5.0 (Windows NT 10.0; Win64; x64) AppleWebKit/537.36 (KHTML, like Gecko) Chrome/103.0.0.0 Safari/537.36',NULL,0),(54,1,'177.235.119.218','2022-07-07 19:35:08',1,1,'TQwLSHtMAsbFG4dDyV7iGpkaLSevlkfw9FRIwMa3wXKPdTOBLMZhqMUcN2l1','VcoKcn4SJWEKO92Wjjye','Mozilla/5.0 (Windows NT 10.0; Win64; x64) AppleWebKit/537.36 (KHTML, like Gecko) Chrome/103.0.0.0 Safari/537.36',NULL,0),(55,1,'177.235.119.218','2022-07-07 22:18:19',1,1,'fiGCyFL0s8jzTGpA35qfWoQTgpdVsjtrtKcDquRAbpIBp3W3pGLvkLbGMFXI','Hr9Zxd9V3LgHvxfplePP','Mozilla/5.0 (Windows NT 10.0; Win64; x64) AppleWebKit/537.36 (KHTML, like Gecko) Chrome/103.0.0.0 Safari/537.36',NULL,0),(56,1,'177.235.119.218','2022-07-08 06:28:20',1,1,'ThbpxPuCGC2mRs91zmidGtsQLl8Z2jOeSZqLb3oXSJ7pYEnaQuI24SWWmaxS','08RpT2qSjZucKoKdPg7v','Mozilla/5.0 (Windows NT 10.0; Win64; x64) AppleWebKit/537.36 (KHTML, like Gecko) Chrome/103.0.0.0 Safari/537.36',NULL,0),(57,NULL,'185.191.171.14','2022-07-20 19:53:06',0,0,NULL,NULL,'Mozilla/5.0 (compatible; SemrushBot/7~bl; +http://www.semrush.com/bot.html)',NULL,0),(58,NULL,'185.191.171.3','2022-08-10 19:20:57',0,0,NULL,NULL,'Mozilla/5.0 (compatible; SemrushBot/7~bl; +http://www.semrush.com/bot.html)',NULL,0),(59,NULL,'185.191.171.37','2022-08-29 21:35:56',0,0,NULL,NULL,'Mozilla/5.0 (compatible; SemrushBot/7~bl; +http://www.semrush.com/bot.html)',NULL,0),(60,NULL,'185.191.171.35','2022-09-22 13:04:20',0,0,NULL,NULL,'Mozilla/5.0 (compatible; SemrushBot/7~bl; +http://www.semrush.com/bot.html)',NULL,0),(61,NULL,'185.191.171.43','2022-09-24 14:37:15',0,0,NULL,NULL,'Mozilla/5.0 (compatible; SemrushBot/7~bl; +http://www.semrush.com/bot.html)',NULL,0),(62,1,'177.235.119.218','2022-10-29 20:07:36',1,1,'TbJ7SuZ3lMjpJJ5Q2XG8418l01ziEJpBksu6xwrjbBDAZ9fNAj19zPhhwKpO','mwdYQHeTRbdvHuCzlzYr','Mozilla/5.0 (Windows NT 10.0; Win64; x64) AppleWebKit/537.36 (KHTML, like Gecko) Chrome/105.0.0.0 Safari/537.36',NULL,0),(63,1,'177.235.119.218','2022-11-04 19:02:47',1,1,'bUHR2vBx0xE65pDR6XeP6QeUr8V30tZQlMRtdLQHRnTL7NP4lEHyHZ25nYxt','uiWVm4C1LUtiUsOPZoaL','Mozilla/5.0 (Windows NT 10.0; Win64; x64) AppleWebKit/537.36 (KHTML, like Gecko) Chrome/105.0.0.0 Safari/537.36',NULL,0),(64,1,'177.235.119.218','2022-11-11 17:44:31',1,1,'aOMmn1WZUHoYJfmHFXsZ4gIvZS1HSVApn90yrBUKrD1N1UnDkz8qqQVPRRL9','KNAitFZmf6vovDNC4uJ4','Mozilla/5.0 (Windows NT 10.0; Win64; x64) AppleWebKit/537.36 (KHTML, like Gecko) Chrome/105.0.0.0 Safari/537.36',NULL,0),(65,NULL,'185.191.171.24','2022-11-12 17:14:19',0,0,NULL,NULL,'Mozilla/5.0 (compatible; SemrushBot/7~bl; +http://www.semrush.com/bot.html)',NULL,0),(66,1,'177.235.119.218','2022-11-12 20:31:38',1,1,'7cwmlsz4baObmAiRtwhtNow6nhA77bRCpud0ksZOCKDntQwehGo3mWxwOmEY','CFhTh7wSR3IgOqwy2v0S','Mozilla/5.0 (Windows NT 10.0; Win64; x64) AppleWebKit/537.36 (KHTML, like Gecko) Chrome/105.0.0.0 Safari/537.36',NULL,0),(67,1,'177.235.119.218','2022-11-19 17:47:59',1,1,'7iBJZDDT13o28A2d96EbENjX5mqUerb3rP8UWxfimJGzfFsvGnIIvucyvlzk','bjm4NHL4tZ8mWpaGEC71','Mozilla/5.0 (Windows NT 10.0; Win64; x64) AppleWebKit/537.36 (KHTML, like Gecko) Chrome/105.0.0.0 Safari/537.36',NULL,0),(68,1,'177.235.119.218','2022-11-20 05:46:01',1,1,'iMCUWb5YrmWDdFYNxoVesazcMNbZbRmr4GaNs1r39wLiIHatfLX90DsK2B78','6ieXWYQispdkAKnHxcqj','Mozilla/5.0 (Windows NT 10.0; Win64; x64) AppleWebKit/537.36 (KHTML, like Gecko) Chrome/105.0.0.0 Safari/537.36',NULL,0),(69,1,'177.235.119.218','2022-11-25 08:08:45',1,1,'KOvdYTaMYiyIf31hcD3QSMudT5OoXyfwz0DWMkTJibzn2L83lkoF6ifY13QB','HguGuCYS6qTrn8fBKomx','Mozilla/5.0 (Windows NT 10.0; Win64; x64) AppleWebKit/537.36 (KHTML, like Gecko) Chrome/105.0.0.0 Safari/537.36',NULL,0),(70,1,'177.235.119.218','2022-12-23 14:28:04',1,1,'YpDbfk4asxyoeAgQXA8rdl4ynOhoCanVw0F6I5iyYl7oWmZDc1QjJ0boXgzb','UlCtN3MluGPbYkRjjuF2','Mozilla/5.0 (Windows NT 10.0; Win64; x64) AppleWebKit/537.36 (KHTML, like Gecko) Chrome/108.0.0.0 Safari/537.36',NULL,0),(71,1,'177.235.119.218','2023-01-12 18:07:20',1,1,'b3ZrSGFiylZPr0NjjIKTFN2J7cf1hZRpfCCCKseIQxMOYiabXinaqut0IrVh','mE2wZ83C3G4vn0XkIRc1','Mozilla/5.0 (Windows NT 10.0; Win64; x64) AppleWebKit/537.36 (KHTML, like Gecko) Chrome/109.0.0.0 Safari/537.36',NULL,0),(72,1,'177.235.119.218','2023-01-13 19:35:51',1,1,'eNXYHidlsS1Ap3OLZTw9Q7p1Vyl3yEacQ002wPdddJvJHHFSASzlrp1ZbUzW','CTwsMTqwCCTUYnqgOtVp','Mozilla/5.0 (Windows NT 10.0; Win64; x64) AppleWebKit/537.36 (KHTML, like Gecko) Chrome/109.0.0.0 Safari/537.36',NULL,0),(73,1,'177.235.119.218','2023-01-13 20:34:40',1,1,'H5jBSvIrbam7zxCfuuCvdttoyNMdVmGxNLcOoGtDAAvshgrw5w4qa8uCPyk5','dbdidfu3QTKIWarzmyRr','Mozilla/5.0 (Windows NT 10.0; Win64; x64) AppleWebKit/537.36 (KHTML, like Gecko) Chrome/109.0.0.0 Safari/537.36',NULL,0),(74,1,'177.235.119.218','2023-01-13 20:35:38',1,1,'9hA70uizDDTtPtNOqb3sdOWs7E694ol51xuccWh7kchUCigcYFOSnReLQHuU','qz7Dv9JYsyer5I2hfJcZ','Mozilla/5.0 (Windows NT 10.0; Win64; x64) AppleWebKit/537.36 (KHTML, like Gecko) Chrome/109.0.0.0 Safari/537.36',NULL,0),(75,1,'177.235.119.218','2023-01-13 20:37:40',1,1,'vwMGrnwVO4dhxjrlxLVpIY2izovMbVvzyZSC8TUeZvg2v9zKKdsNs2JAfTFP','uCxxi0xE3vyGlwbacCHI','Mozilla/5.0 (Windows NT 10.0; Win64; x64) AppleWebKit/537.36 (KHTML, like Gecko) Chrome/109.0.0.0 Safari/537.36',NULL,0),(76,NULL,'185.191.171.16','2023-01-15 15:29:53',0,0,NULL,NULL,'Mozilla/5.0 (compatible; SemrushBot/7~bl; +http://www.semrush.com/bot.html)',NULL,0),(77,NULL,'185.191.171.24','2023-03-15 00:46:36',0,0,NULL,NULL,'Mozilla/5.0 (compatible; SemrushBot/7~bl; +http://www.semrush.com/bot.html)',NULL,0),(78,1,'177.235.119.218','2023-05-14 00:06:04',2,0,NULL,NULL,'Mozilla/5.0 (Windows NT 10.0; Win64; x64) AppleWebKit/537.36 (KHTML, like Gecko) Chrome/113.0.0.0 Safari/537.36',NULL,0),(79,1,'177.235.119.218','2023-05-14 00:07:35',1,1,'Zg67XRcMQOtMc3mF4KVRCafceqTITJpeFkoT8n89Pa7R4khJwym6YaE3fSnB','p6Cx8xLr3t3aumn1cRHD','Mozilla/5.0 (Windows NT 10.0; Win64; x64) AppleWebKit/537.36 (KHTML, like Gecko) Chrome/113.0.0.0 Safari/537.36',NULL,0),(80,NULL,'185.191.171.34','2023-05-14 08:00:53',0,0,NULL,NULL,'Mozilla/5.0 (compatible; SemrushBot/7~bl; +http://www.semrush.com/bot.html)',NULL,0),(81,1,'177.235.119.218','2023-05-14 22:20:04',1,1,'uVflaIp1igkquClBzUz4Rg98KvM21wIyRNPO8bgfOEVMjqrfyraLOshXvOkA','SvGZP9IiUFUaYvI7KnPk','Mozilla/5.0 (Windows NT 10.0; Win64; x64) AppleWebKit/537.36 (KHTML, like Gecko) Chrome/113.0.0.0 Safari/537.36',NULL,0),(82,1,'177.235.119.218','2023-05-16 00:51:44',1,1,'RuTpXdcaajZMTeKJGOHEc1AybdhkQPgGG1NFPOGab38cuFhQCuNXwt48k6kS','xTxeZF5sr54eik96mCoN','Mozilla/5.0 (Windows NT 10.0; Win64; x64) AppleWebKit/537.36 (KHTML, like Gecko) Chrome/113.0.0.0 Safari/537.36',NULL,0),(83,1,'177.235.119.218','2023-06-06 22:49:23',1,1,'qRVwMXq6GVxXqwq7TbKQsnodE5duBoZY7gjWdf1W4U3fmRJ9z1xNyPQvdzRd','LAyHxu4gNnIWWNMCwdGj','Mozilla/5.0 (Windows NT 10.0; Win64; x64) AppleWebKit/537.36 (KHTML, like Gecko) Chrome/113.0.0.0 Safari/537.36',NULL,0),(84,1,'177.235.119.218','2023-06-27 13:43:17',1,1,'kQAF0VJRoIL5pqLoYnLKPFPTjRiCwsoNGK3buhsnP2sO9XLZY1SM2SyZSs1H','K8DnieBaEkA2feK2ppuv','Mozilla/5.0 (Windows NT 10.0; Win64; x64) AppleWebKit/537.36 (KHTML, like Gecko) Chrome/114.0.0.0 Safari/537.36',NULL,0),(85,1,'177.235.119.218','2023-07-15 01:54:07',1,1,'zdC6UNWDBLZGRMN7gsqJszpPEDtFftScOyyhrI8pOHgAx49tkIxBi0vhjSxU','ik2ihr7qMF6n23Rayvfu','Mozilla/5.0 (Windows NT 10.0; Win64; x64) AppleWebKit/537.36 (KHTML, like Gecko) Chrome/114.0.0.0 Safari/537.36',NULL,0),(86,1,'177.235.119.218','2023-08-03 06:00:13',1,1,'hLnBtp4HkRAGIxDhg8ISHhA3WwzKitbuEiVc2cxJXh6nSt8OOtVYv3vbNWZw','wcsYnERrRWDPGQgkEz0F','Mozilla/5.0 (Windows NT 10.0; Win64; x64) AppleWebKit/537.36 (KHTML, like Gecko) Chrome/115.0.0.0 Safari/537.36',NULL,0),(87,1,'177.235.119.218','2023-08-03 07:29:17',1,1,'uiQKyO6uec1Tcb56lipgjHILLMaOQ0cBZrckCW0XmSMggqhTVFOlyGii4M57','TfLfjaAsKb5Pba6UyRtQ','Mozilla/5.0 (Windows NT 10.0; Win64; x64) AppleWebKit/537.36 (KHTML, like Gecko) Chrome/115.0.0.0 Safari/537.36',NULL,0),(88,1,'177.235.119.218','2023-08-14 11:47:51',1,1,'sD6o4ZwovPThojCkcFb6JNZWy5xUQF1650CDO3VlmxFC5Ajk7JJQl3mV5ytt','YDANHUTfwt2V0Sbwj2i5','Mozilla/5.0 (Windows NT 10.0; Win64; x64) AppleWebKit/537.36 (KHTML, like Gecko) Chrome/115.0.0.0 Safari/537.36',NULL,0),(89,1,'177.235.119.218','2023-09-02 05:44:12',1,1,'5iYKxnZ6NT3iaW6kbp7nY17TqvnRRqkfP4nHHJl64Ipeeq1M8rrDY0WzwCiU','zouU4ZXBLY9zTEw8wW1B','Mozilla/5.0 (Windows NT 10.0; Win64; x64) AppleWebKit/537.36 (KHTML, like Gecko) Chrome/116.0.0.0 Safari/537.36',NULL,0),(90,1,'177.235.119.218','2023-09-02 05:46:12',1,1,'WvKniKZ4AOzy9mSysqT147Ire1RQOF4jrGkJGszAB6qFNeA0XlxaSDO5rdc3','Fo75WKmJSjxt5pNB94IZ','Mozilla/5.0 (Windows NT 10.0; Win64; x64) AppleWebKit/537.36 (KHTML, like Gecko) Chrome/116.0.0.0 Safari/537.36',NULL,0),(91,1,'177.235.119.218','2023-09-02 05:48:20',1,1,'mhykFJC1jVZsDUGZJzhELSPRBTXVyikxdltuFi5uFNqFXAIa2QzEB6QFTEuG','fsY2u6b2lbXNOFPDYhPB','Mozilla/5.0 (Windows NT 10.0; Win64; x64) AppleWebKit/537.36 (KHTML, like Gecko) Chrome/116.0.0.0 Safari/537.36',NULL,0),(92,NULL,'85.208.96.200','2023-09-10 07:31:47',0,0,NULL,NULL,'Mozilla/5.0 (compatible; SemrushBot/7~bl; +http://www.semrush.com/bot.html)',NULL,0),(93,1,'177.235.119.218','2023-10-30 12:47:24',1,1,'GlC9f1tQFv0Tg2x2P0VJujkBoLMdh7EETNoDYsGd3a0Vkyuomy1pLHMN2vdg','HGQKMYzbNs2rPkAGqzYE','Mozilla/5.0 (Windows NT 10.0; Win64; x64) AppleWebKit/537.36 (KHTML, like Gecko) Chrome/118.0.0.0 Safari/537.36',NULL,0),(94,NULL,'85.208.96.200','2023-11-11 02:52:57',0,0,NULL,NULL,'Mozilla/5.0 (compatible; SemrushBot/7~bl; +http://www.semrush.com/bot.html)',NULL,0),(95,NULL,'185.191.171.14','2024-01-18 10:05:17',0,0,NULL,NULL,'Mozilla/5.0 (compatible; SemrushBot/7~bl; +http://www.semrush.com/bot.html)',NULL,0),(96,1,'177.235.116.67','2024-01-24 22:54:20',1,1,'ueT0pduE2E3lsKXS4ypHXxeI6QCKKGp598NIjkHrZq03EbY8JmaY2SO28J0P','8Ljg9lMukB7Yw6mUmQXJ','Mozilla/5.0 (Windows NT 10.0; Win64; x64) AppleWebKit/537.36 (KHTML, like Gecko) Chrome/120.0.0.0 Safari/537.36',NULL,0),(97,NULL,'194.5.83.85','2024-01-29 04:54:10',0,0,NULL,NULL,'User-Agent: Mozilla/4.0 (compatible; MSIE 7.0; Windows NT 5.1; 360SE)',NULL,0),(98,NULL,'194.5.83.101','2024-01-29 04:54:10',0,0,NULL,NULL,'User-Agent: Mozilla/4.0 (compatible; MSIE 7.0; Windows NT 5.1; 360SE)',NULL,0),(99,NULL,'194.5.83.101','2024-01-29 04:54:11',0,0,NULL,NULL,'User-Agent: Mozilla/4.0 (compatible; MSIE 7.0; Windows NT 5.1; 360SE)',NULL,0),(100,NULL,'194.5.83.103','2024-01-29 04:54:14',0,0,NULL,NULL,'User-Agent: Mozilla/4.0 (compatible; MSIE 7.0; Windows NT 5.1; 360SE)',NULL,0),(101,NULL,'194.5.83.93','2024-01-29 04:54:15',0,0,NULL,NULL,'User-Agent: Mozilla/4.0 (compatible; MSIE 7.0; Windows NT 5.1; 360SE)',NULL,0),(102,NULL,'194.5.83.103','2024-01-29 04:54:16',0,0,NULL,NULL,'User-Agent: Mozilla/4.0 (compatible; MSIE 7.0; Windows NT 5.1; 360SE)',NULL,0),(103,NULL,'194.5.83.106','2024-01-29 04:54:24',0,0,NULL,NULL,'User-Agent: Mozilla/4.0 (compatible; MSIE 7.0; Windows NT 5.1; 360SE)',NULL,0),(104,NULL,'194.5.83.93','2024-01-29 04:54:24',0,0,NULL,NULL,'User-Agent: Mozilla/4.0 (compatible; MSIE 7.0; Windows NT 5.1; 360SE)',NULL,0),(105,NULL,'194.5.83.93','2024-01-29 04:54:25',0,0,NULL,NULL,'User-Agent: Mozilla/4.0 (compatible; MSIE 7.0; Windows NT 5.1; 360SE)',NULL,0),(106,NULL,'194.5.83.106','2024-01-29 04:54:29',0,0,NULL,NULL,'User-Agent: Mozilla/4.0 (compatible; MSIE 7.0; Windows NT 5.1; 360SE)',NULL,0),(107,NULL,'194.5.83.93','2024-01-29 04:54:29',0,0,NULL,NULL,'User-Agent: Mozilla/4.0 (compatible; MSIE 7.0; Windows NT 5.1; 360SE)',NULL,0),(108,NULL,'194.5.83.93','2024-01-29 04:54:29',0,0,NULL,NULL,'User-Agent: Mozilla/4.0 (compatible; MSIE 7.0; Windows NT 5.1; 360SE)',NULL,0),(109,NULL,'194.5.83.74','2024-01-29 04:54:33',0,0,NULL,NULL,'User-Agent: Mozilla/4.0 (compatible; MSIE 7.0; Windows NT 5.1; 360SE)',NULL,0),(110,NULL,'194.5.83.106','2024-01-29 04:54:33',0,0,NULL,NULL,'User-Agent: Mozilla/4.0 (compatible; MSIE 7.0; Windows NT 5.1; 360SE)',NULL,0),(111,NULL,'194.5.83.93','2024-01-29 04:54:33',0,0,NULL,NULL,'User-Agent: Mozilla/4.0 (compatible; MSIE 7.0; Windows NT 5.1; 360SE)',NULL,0),(112,NULL,'194.5.83.92','2024-01-29 04:54:37',0,0,NULL,NULL,'User-Agent: Mozilla/4.0 (compatible; MSIE 7.0; Windows NT 5.1; 360SE)',NULL,0),(113,NULL,'194.5.83.93','2024-01-29 04:54:37',0,0,NULL,NULL,'User-Agent: Mozilla/4.0 (compatible; MSIE 7.0; Windows NT 5.1; 360SE)',NULL,0),(114,NULL,'194.5.83.106','2024-01-29 04:54:37',0,0,NULL,NULL,'User-Agent: Mozilla/4.0 (compatible; MSIE 7.0; Windows NT 5.1; 360SE)',NULL,0),(115,NULL,'194.5.83.72','2024-01-29 06:03:23',0,0,NULL,NULL,'User-Agent: Mozilla/4.0 (compatible; MSIE 7.0; Windows NT 5.1; 360SE)',NULL,0),(116,NULL,'194.5.83.77','2024-01-29 06:03:25',0,0,NULL,NULL,'User-Agent: Mozilla/4.0 (compatible; MSIE 7.0; Windows NT 5.1; 360SE)',NULL,0),(117,NULL,'194.5.83.55','2024-01-29 06:03:28',0,0,NULL,NULL,'User-Agent: Mozilla/4.0 (compatible; MSIE 7.0; Windows NT 5.1; 360SE)',NULL,0),(118,1,'177.235.116.67','2024-02-19 03:12:48',1,1,'HSNxVgkwVfkWMnBEjdaPwQ5ibQOwoNzlULl5NSnbMDV9dodwPB8I7ixVWlat','m2KWrLfTKpfO9jC8kQQi','Mozilla/5.0 (Windows NT 10.0; Win64; x64) AppleWebKit/537.36 (KHTML, like Gecko) Chrome/121.0.0.0 Safari/537.36',NULL,0),(119,NULL,'85.208.96.209','2024-03-22 16:44:44',0,0,NULL,NULL,'Mozilla/5.0 (compatible; SemrushBot/7~bl; +http://www.semrush.com/bot.html)',NULL,0),(120,NULL,'207.46.13.14','2024-03-24 14:25:41',0,0,NULL,NULL,'Mozilla/5.0 AppleWebKit/537.36 (KHTML, like Gecko; compatible; bingbot/2.0; +http://www.bing.com/bingbot.htm) Chrome/116.0.1938.76 Safari/537.36',NULL,0),(121,1,'177.235.116.67','2024-04-26 04:37:48',1,1,'EVMMjlyOAORFr3SF2mXPssQfC5Zcjdd5b4VisnB44ZXqnYzKHg6GyLt6qkvx','p9c41y8VIzn2lXYXrl2u','Mozilla/5.0 (Windows NT 10.0; Win64; x64) AppleWebKit/537.36 (KHTML, like Gecko) Chrome/124.0.0.0 Safari/537.36',NULL,0),(122,1,'177.235.116.67','2024-05-13 04:04:51',1,1,'0OyMnJOshkBpRj2v7JBQLFgof8wjL7ng0d6lbdOKdAikjdjK23EhhYRzBQUW','fDl0wcmu0zBcyptxa9Z9','Mozilla/5.0 (Windows NT 10.0; Win64; x64) AppleWebKit/537.36 (KHTML, like Gecko) Chrome/124.0.0.0 Safari/537.36',NULL,0),(123,1,'177.235.116.67','2024-05-15 03:56:10',1,1,'RdqY2UuZK3TC4f0fOXjt3HpWeeVE2yalvL6vo6IGAZX9brA6cUc2fH8biuSy','oZfSQByheTRg8Wn5sh7x','Mozilla/5.0 (Windows NT 10.0; Win64; x64) AppleWebKit/537.36 (KHTML, like Gecko) Chrome/124.0.0.0 Safari/537.36',NULL,0),(124,NULL,'185.191.171.8','2024-05-24 07:31:31',0,0,NULL,NULL,'Mozilla/5.0 (compatible; SemrushBot/7~bl; +http://www.semrush.com/bot.html)',NULL,0),(125,NULL,'177.235.116.67','2024-05-29 12:20:15',0,0,NULL,NULL,'Mozilla/5.0 (Windows NT 10.0; Win64; x64) AppleWebKit/537.36 (KHTML, like Gecko) Chrome/124.0.0.0 Safari/537.36',NULL,0),(126,NULL,'177.235.116.67','2024-05-29 12:20:47',0,0,NULL,NULL,'Mozilla/5.0 (Windows NT 10.0; Win64; x64) AppleWebKit/537.36 (KHTML, like Gecko) Chrome/124.0.0.0 Safari/537.36',NULL,0),(127,NULL,'177.235.116.67','2024-05-29 12:41:33',0,0,NULL,NULL,'Mozilla/5.0 (Windows NT 10.0; Win64; x64) AppleWebKit/537.36 (KHTML, like Gecko) Chrome/124.0.0.0 Safari/537.36',NULL,0),(128,1,'177.235.116.67','2024-05-29 13:38:14',1,1,'YJCF00YpEq1JgzaSqh1zq6JUs9PzhO2rx9p8a4v72CPbQmBrIT7x7jSMPd7K','2qN1Wxhk0IQakT6XXY1z','Mozilla/5.0 (Windows NT 10.0; Win64; x64) AppleWebKit/537.36 (KHTML, like Gecko) Chrome/124.0.0.0 Safari/537.36',NULL,0),(129,1,'177.235.116.67','2024-06-07 21:23:07',1,1,'QQuXV4EKrQHrnMNVETpy2l8Bzzz2LTxRXspnRJrqcnyt2ckyc15jPCOgku3i','UQ7GqlZJA1EGL39cm8gr','Mozilla/5.0 (Windows NT 10.0; Win64; x64) AppleWebKit/537.36 (KHTML, like Gecko) Chrome/125.0.0.0 Safari/537.36',NULL,0),(130,1,'177.235.116.67','2024-06-08 21:07:34',1,1,'BTo3zMcNvF3li42XY8Xhj0KBHaF6K1gwdVw0z2S3cDaFISeXawrKw6Ib6SW9','3BLZ9TThojsET8Ii6ns1','Mozilla/5.0 (Windows NT 10.0; Win64; x64) AppleWebKit/537.36 (KHTML, like Gecko) Chrome/125.0.0.0 Safari/537.36',NULL,0);

--
-- Table structure for table `audios`
--

CREATE TABLE `audios` (
  `id` int(11) NOT NULL AUTO_INCREMENT,
  `data` timestamp NOT NULL DEFAULT current_timestamp(),
  `titulo` text DEFAULT NULL,
  `descricao` text DEFAULT NULL,
  `secao` int(11) NOT NULL DEFAULT 0,
  `entidade` int(11) NOT NULL DEFAULT 0,
  PRIMARY KEY (`id`),
  KEY `entidade` (`entidade`),
  KEY `secao` (`secao`)
) ENGINE=MyISAM AUTO_INCREMENT=4 DEFAULT CHARSET=latin1 COLLATE=latin1_swedish_ci ROW_FORMAT=DYNAMIC;

--
-- Dumping data for table `audios`
--

INSERT INTO `audios` (`id`, `data`, `titulo`, `descricao`, `secao`, `entidade`) VALUES (2,'2022-06-02 03:00:00','Músicas Folclóricas do RGS.','Veja um pouco da cultura gaúcha aqui traduzido na música folclórica, praticada em todos os Centros de Tradições Gaúchas espalhados pelo mundo.',1,1),(3,'2022-11-19 03:00:00','Áudios','',9,1);

--
-- Table structure for table `audios_arquivos`
--

CREATE TABLE `audios_arquivos` (
  `id` int(11) NOT NULL AUTO_INCREMENT,
  `audio` int(11) NOT NULL,
  `path` text NOT NULL,
  `arquivo` text NOT NULL,
  `legenda` text DEFAULT NULL,
  `tipo` varchar(50) DEFAULT NULL,
  `data` date DEFAULT NULL,
  PRIMARY KEY (`id`),
  KEY `audio` (`audio`)
) ENGINE=MyISAM AUTO_INCREMENT=19 DEFAULT CHARSET=latin1 COLLATE=latin1_swedish_ci ROW_FORMAT=DYNAMIC;

--
-- Dumping data for table `audios_arquivos`
--

INSERT INTO `audios_arquivos` (`id`, `audio`, `path`, `arquivo`, `legenda`, `tipo`, `data`) VALUES (2,2,'zHD/audios/1/2/','Chula de 8 compassos (0112873001654156677).mp3','Chula de 8 compassos',NULL,'2022-06-02'),(3,2,'zHD/audios/1/2/','Chula 12 Compassos (0861726001654156677).mp3','Chula 12 Compassos',NULL,'2022-06-02'),(4,2,'zHD/audios/1/2/','Anu (0004718001654156678).mp3','Anu',NULL,'2022-06-02'),(5,2,'zHD/audios/1/2/','Hino Riograndense Orquestra Sinfônica (0372772001654156678).mp3','Hino Riograndense Orquestra Sinfônica',NULL,'2022-06-02'),(6,2,'zHD/audios/1/2/','Queromana (0339530001654156679).mp3','Queromana',NULL,'2022-06-02'),(7,2,'zHD/audios/1/2/','Chote Laranjeiras (0710707001654156679).mp3','Chote Laranjeiras',NULL,'2022-06-02'),(8,2,'zHD/audios/1/2/','Rancheira de Carreirinha (0628155001654156680).mp3','Rancheira de Carreirinha',NULL,'2022-06-02'),(9,2,'zHD/audios/1/2/','Dança dos Facões (0146264001654156681).mp3','Dança dos Facões',NULL,'2022-06-02'),(10,2,'zHD/audios/1/2/','Roseira (0954288001654156681).mp3','Roseira',NULL,'2022-06-02'),(11,2,'zHD/audios/1/2/','Tatu com Volta no Meio (0670442001654156682).mp3','Tatu com Volta no Meio',NULL,'2022-06-02'),(12,2,'zHD/audios/1/2/','Tatu (0428511001654156683).mp3','Tatu',NULL,'2022-06-02'),(13,2,'zHD/audios/1/2/','Tirana do Lenço (0467484001654156684).mp3','Tirana do Lenço',NULL,'2022-06-02'),(14,2,'zHD/audios/1/2/','Rilo (0824673001654156684).mp3','Rilo',NULL,'2022-06-02'),(15,2,'zHD/audios/1/2/','Vaneira Marcada (0680972001654156685).mp3','Vaneira Marcada',NULL,'2022-06-02'),(16,2,'zHD/audios/1/2/','Sarrabalho (0245571001654156686).mp3','Sarrabalho',NULL,'2022-06-02'),(17,2,'zHD/audios/1/2/','Polquinha (0668460001654156690).mp3','Polquinha',NULL,'2022-06-02'),(18,3,'zHD/audios/1/3/','Hino Riograndense Orquestra Sinfônica (0265865001668880593).mp3','Hino Riograndense',NULL,'2022-11-19');

--
-- Table structure for table `audios_secoes`
--

CREATE TABLE `audios_secoes` (
  `id` int(11) NOT NULL AUTO_INCREMENT,
  `entidade` int(11) NOT NULL DEFAULT 0,
  `nome` varchar(250) NOT NULL,
  PRIMARY KEY (`id`),
  KEY `entidade` (`entidade`)
) ENGINE=MyISAM AUTO_INCREMENT=10 DEFAULT CHARSET=latin1 COLLATE=latin1_swedish_ci ROW_FORMAT=DYNAMIC;

--
-- Dumping data for table `audios_secoes`
--

INSERT INTO `audios_secoes` (`id`, `entidade`, `nome`) VALUES (1,1,'Músicas Folclóricas'),(9,1,'Áudios');

--
-- Table structure for table `blocos`
--

CREATE TABLE `blocos` (
  `id` int(11) NOT NULL AUTO_INCREMENT,
  `usuario` int(11) NOT NULL DEFAULT 0,
  `secao` int(11) NOT NULL DEFAULT 0,
  `texto` text DEFAULT NULL,
  `entidade` int(11) NOT NULL,
  PRIMARY KEY (`id`),
  KEY `secao` (`secao`),
  KEY `entidade` (`entidade`)
) ENGINE=MyISAM AUTO_INCREMENT=5 DEFAULT CHARSET=latin1 COLLATE=latin1_swedish_ci ROW_FORMAT=DYNAMIC;

--
-- Dumping data for table `blocos`
--

INSERT INTO `blocos` (`id`, `usuario`, `secao`, `texto`, `entidade`) VALUES (2,1,2,'<p>Lorem ipsão dolor sít amçet, consectetur adipiscing elit. Sed vehicula id odio quis rhoncus. Donec ullamcorper, lectus in dictum porta, urna nisl tincidunt metus, at iaculis nunc sem vitae diam. Etiam quam orci, volutpat a justo non.</p><p><br></p><p>Lorem ipsão dolor sít amçet, consectetur adipiscing elit. Sed vehicula id odio quis rhoncus. Donec ullamcorper, lectus in dictum porta, urna nisl tincidunt metus, at iaculis nunc sem vitae diam. Etiam quam orci, volutpat a justo non..</p>',1),(3,1,1,'<p>Lorem ipsão dolor sít amçet, consectetur adipiscing elit. Sed vehicula id odio quis rhoncus. Donec ullamcorper, lectus in dictum porta, urna nisl tincidunt metus, at iaculis nunc sem vitae diam. Etiam quam orci, volutpat a justo non.</p><p><br></p><p>Lorem ipsão dolor sít amçet, consectetur adipiscing elit. Sed vehicula id odio quis rhoncus. Donec ullamcorper, lectus in dictum porta, urna nisl tincidunt metus, at iaculis nunc sem vitae diam. Etiam quam orci, volutpat a justo non.<br></p>',1),(4,1,3,'<h3><b>Contatos e Endereço</b></h3><p><br></p><p>Duis non laoreet eros. Vestibulum porta neque eleifend erat tempus, vitae sagittis elit sodales. Sed convallis erat quis iaculis vestibulum. Curabitur sit amet purus et tellus consectetur vehicula.&nbsp;</p><p><br></p><h3><b>Outras Informações</b></h3><p><br></p><p>Duis non laoreet eros. Vestibulum porta neque eleifend erat tempus, vitae sagittis elit sodales. Sed convallis erat quis iaculis vestibulum. Curabitur sit amet purus et tellus consectetur vehicula.&nbsp;<br></p>',1);

--
-- Table structure for table `blocos_secoes`
--

CREATE TABLE `blocos_secoes` (
  `id` int(11) NOT NULL AUTO_INCREMENT,
  `nome` varchar(250) NOT NULL,
  `entidade` int(11) NOT NULL DEFAULT 0,
  PRIMARY KEY (`id`),
  KEY `entidade` (`entidade`)
) ENGINE=MyISAM AUTO_INCREMENT=4 DEFAULT CHARSET=latin1 COLLATE=latin1_swedish_ci ROW_FORMAT=DYNAMIC;

--
-- Dumping data for table `blocos_secoes`
--

INSERT INTO `blocos_secoes` (`id`, `nome`, `entidade`) VALUES (1,'O CTG',1),(2,'Atividades',1),(3,'Contatos',1);

--
-- Table structure for table `carrossel`
--

CREATE TABLE `carrossel` (
  `id` int(11) NOT NULL AUTO_INCREMENT,
  `data` timestamp NOT NULL DEFAULT current_timestamp(),
  `titulo` text NOT NULL,
  `secao` int(11) NOT NULL DEFAULT 0,
  `status` int(11) NOT NULL DEFAULT 1,
  `entidade` int(11) NOT NULL DEFAULT 0,
  PRIMARY KEY (`id`),
  KEY `secao` (`secao`),
  KEY `entidade` (`entidade`),
  KEY `status` (`status`)
) ENGINE=MyISAM AUTO_INCREMENT=13 DEFAULT CHARSET=latin1 COLLATE=latin1_swedish_ci ROW_FORMAT=DYNAMIC;

--
-- Dumping data for table `carrossel`
--

INSERT INTO `carrossel` (`id`, `data`, `titulo`, `secao`, `status`, `entidade`) VALUES (6,'2023-05-14 00:10:35','Web1',20,1,1),(7,'2023-05-14 01:57:38','Web2',21,1,1),(8,'2023-05-14 01:58:14','Web3',22,1,1),(12,'2023-08-03 06:39:48','Mobile',25,1,1);

--
-- Table structure for table `carrossel_arquivos`
--

CREATE TABLE `carrossel_arquivos` (
  `id` int(11) NOT NULL AUTO_INCREMENT,
  `carrossel` int(11) NOT NULL,
  `path` text NOT NULL,
  `arquivo` text NOT NULL,
  `imagem` text DEFAULT NULL,
  `imagem_status` int(11) NOT NULL DEFAULT 1,
  `titulo` text DEFAULT NULL,
  `subtitulo` text DEFAULT NULL,
  `texto` text DEFAULT NULL,
  `link` text DEFAULT NULL,
  `status` int(11) NOT NULL DEFAULT 1,
  `ordem` int(11) NOT NULL DEFAULT 0,
  PRIMARY KEY (`id`),
  KEY `carrossel` (`carrossel`),
  KEY `ordem` (`ordem`),
  KEY `status` (`status`)
) ENGINE=MyISAM AUTO_INCREMENT=57 DEFAULT CHARSET=latin1 COLLATE=latin1_swedish_ci ROW_FORMAT=DYNAMIC;

--
-- Dumping data for table `carrossel_arquivos`
--

INSERT INTO `carrossel_arquivos` (`id`, `carrossel`, `path`, `arquivo`, `imagem`, `imagem_status`, `titulo`, `subtitulo`, `texto`, `link`, `status`, `ordem`) VALUES (56,12,'zHD/carrossel/1/12/','Carrossel (0539246001708312818).jpg',NULL,1,NULL,NULL,NULL,NULL,1,0),(51,8,'zHD/carrossel/1/8/','Carrossel (0234797001691043755).jpg',NULL,1,'CTGs','Centro de Tradições Gaúchas \"Nome do meu CTG\"','Este é um site/portal ilustrativo para demonstração e vendas. Acima, nas letras maiores, o nome ou uma frase da sua empresa ou negócio. Aqui, em letras menores uma mensagem/informação. É gerenciável e você mesmo altera. Navegue, veja \"Modelos\" e \"Outros Sites\" no menu, e nós configuramos ao seu gosto. É fácil, rápido e econômico. Instalação em até 1 hora. Se quiser comprar ou vender nossos sites, chame no WhatsApp ou vá para nosso site de vendas, ícones abaixo.',NULL,1,0),(6,2,'zHD/carrossel/1/2/','Carrossel (0184683001611957066).jpg',NULL,1,NULL,NULL,NULL,NULL,0,0),(37,6,'zHD/carrossel/1/6/','Carrossel (0484532001684023065).jpg',NULL,1,'SITE DEMO PARA CTGS','Site Demo para CTGs, Centro de Tradições Gaúchas','Este site é ilustrativo, para demonstração e vendas. Navegue, veja \"Modelos\" e \"Outros Sites\" no menu. Rápido e econômico é instalado em até 1 hora. Para comprar ou vender nossos sites, chame no WhatsApp nou vá para nossa página de vendas, ícones abaixo.',NULL,1,0),(42,7,'zHD/carrossel/1/7/','Carrossel (0901670001684029466).jpg',NULL,1,'CTGs','Centro de Tradições Gaúchas \"Nome do meu CTG\"','Este é um site/portal ilustrativo para demonstração e vendas. Acima, nas letras maiores, o nome ou uma frase da sua empresa ou negócio. Aqui, em letras menores uma mensagem/informação. É gerenciável e você mesmo altera. Navegue, veja \"Modelos\" e \"Outros Sites\" no menu, e nós configuramos ao seu gosto. É fácil, rápido e econômico. Instalação em até 1 hora. Se quiser comprar ou vender nossos sites, chame no WhatsApp ou vá para nosso site de vendas, ícones abaixo.',NULL,1,0);

--
-- Table structure for table `carrossel_secoes`
--

CREATE TABLE `carrossel_secoes` (
  `id` int(11) NOT NULL AUTO_INCREMENT,
  `entidade` int(11) NOT NULL DEFAULT 0,
  `nome` varchar(250) NOT NULL,
  PRIMARY KEY (`id`),
  KEY `entidade` (`entidade`)
) ENGINE=MyISAM AUTO_INCREMENT=30 DEFAULT CHARSET=latin1 COLLATE=latin1_swedish_ci ROW_FORMAT=DYNAMIC;

--
-- Dumping data for table `carrossel_secoes`
--

INSERT INTO `carrossel_secoes` (`id`, `entidade`, `nome`) VALUES (20,1,'Web'),(21,1,'Web2'),(22,1,'Web3'),(25,1,'Mobile');

--
-- Table structure for table `classificados`
--

CREATE TABLE `classificados` (
  `id` int(11) NOT NULL AUTO_INCREMENT,
  `usuario` int(11) NOT NULL DEFAULT 0,
  `titulo` text NOT NULL,
  `tag` text NOT NULL,
  `subtitulo` text DEFAULT NULL,
  `texto` longtext DEFAULT NULL,
  `codigo` varchar(25) NOT NULL,
  `secao` text NOT NULL,
  `valor` text DEFAULT NULL,
  `capa` int(11) DEFAULT 0,
  `data` date DEFAULT NULL,
  `destaque` int(11) DEFAULT 0,
  `entidade` int(11) NOT NULL,
  `status` int(11) DEFAULT 1,
  `contador` int(11) DEFAULT 0,
  PRIMARY KEY (`id`)
) ENGINE=MyISAM AUTO_INCREMENT=9 DEFAULT CHARSET=latin1 COLLATE=latin1_swedish_ci ROW_FORMAT=DYNAMIC;

--
-- Dumping data for table `classificados`
--

INSERT INTO `classificados` (`id`, `usuario`, `titulo`, `tag`, `subtitulo`, `texto`, `codigo`, `secao`, `valor`, `capa`, `data`, `destaque`, `entidade`, `status`, `contador`) VALUES (3,1,'Erva Mate Chimarrão Barão Tradicional a Vácuo 1Kg','ervamatechimarraobaraotradicionalavacuo1kg','','<p style=\"font-variant-numeric: normal; font-variant-east-asian: normal; font-stretch: normal; line-height: 18px; margin-bottom: 0px; padding: 0px 0px 10px; border: 0px; vertical-align: baseline;\">Erva Mate Barão Tradicional - Vácuo</p><p style=\"font-variant-numeric: normal; font-variant-east-asian: normal; font-stretch: normal; line-height: 18px; margin-bottom: 0px; padding: 0px 0px 10px; border: 0px; vertical-align: baseline;\"><br></p><p style=\"font-variant-numeric: normal; font-variant-east-asian: normal; font-stretch: normal; line-height: 18px; margin-bottom: 0px; padding: 0px 0px 10px; border: 0px; vertical-align: baseline;\">A Erva-mate Barão Tradicional é produzida com um blend especial que valoriza a qualidade dos ervais cultivados na região de Barão de Cotegipe. Sua secagem é realizada em secador rotativo, que confere a erva-mate uma cor mais intensa, um sabor herbal fresco levemente tostado e defumado. Embalada a vácuo para garantir o frescor do sabor e da cor da erva-mate por até 2 anos.</p><p style=\"font-variant-numeric: normal; font-variant-east-asian: normal; font-stretch: normal; line-height: 18px; margin-bottom: 0px; padding: 0px 0px 10px; border: 0px; vertical-align: baseline;\"><br></p><p style=\"font-variant-numeric: normal; font-variant-east-asian: normal; font-stretch: normal; line-height: 18px; margin-bottom: 0px; padding: 0px 0px 10px; border: 0px; vertical-align: baseline;\">Indicado para quem procura um chimarrão com sabor suave de tradição</p><p style=\"font-variant-numeric: normal; font-variant-east-asian: normal; font-stretch: normal; line-height: 18px; margin-bottom: 0px; padding: 0px 0px 10px; border: 0px; vertical-align: baseline;\"><br></p><p style=\"font-variant-numeric: normal; font-variant-east-asian: normal; font-stretch: normal; line-height: 18px; margin-bottom: 0px; padding: 0px 0px 10px; border: 0px; vertical-align: baseline;\">Embalagem plástica laminada</p><p style=\"font-variant-numeric: normal; font-variant-east-asian: normal; font-stretch: normal; line-height: 18px; margin-bottom: 0px; padding: 0px 0px 10px; border: 0px; vertical-align: baseline;\">Peso: 1kg</p><p style=\"font-variant-numeric: normal; font-variant-east-asian: normal; font-stretch: normal; line-height: 18px; margin-bottom: 0px; padding: 0px 0px 10px; border: 0px; vertical-align: baseline;\"><br></p><p style=\"font-variant-numeric: normal; font-variant-east-asian: normal; font-stretch: normal; line-height: 18px; margin-bottom: 0px; padding: 0px 0px 10px; border: 0px; vertical-align: baseline;\">INFORMAÇÃO NUTRICIONAL: A Resolução RDC nº 360, de 23 de dezembro de 2003, aprova Regulamento Técnico sobre Rotulagem Nutricional de Alimentos Embalados, tornando obrigatória a rotulagem nutricional. No entanto, o presente Regulamento Técnico não se aplica aos produtos café, erva mate, chá e outras ervas sem adição de outros ingredientes. Este produto é isento de registro conforme a RDC nº 23, de 2000 e a RDC nº 27, de 2010.</p><p style=\"font-variant-numeric: normal; font-variant-east-asian: normal; font-stretch: normal; line-height: 18px; margin-bottom: 0px; padding: 0px 0px 10px; border: 0px; vertical-align: baseline;\"><br></p><p style=\"font-variant-numeric: normal; font-variant-east-asian: normal; font-stretch: normal; line-height: 18px; margin-bottom: 0px; padding: 0px 0px 10px; border: 0px; vertical-align: baseline;\">Padrão: Brasileiro</p><p style=\"font-variant-numeric: normal; font-variant-east-asian: normal; font-stretch: normal; line-height: 18px; margin-bottom: 0px; padding: 0px 0px 10px; border: 0px; vertical-align: baseline;\">Variedade: Blend de ervais nativos e cultivados</p><p style=\"font-variant-numeric: normal; font-variant-east-asian: normal; font-stretch: normal; line-height: 18px; margin-bottom: 0px; padding: 0px 0px 10px; border: 0px; vertical-align: baseline;\">Processo:  Secador rotativo e moagem em pilão</p><p style=\"font-variant-numeric: normal; font-variant-east-asian: normal; font-stretch: normal; line-height: 18px; margin-bottom: 0px; padding: 0px 0px 10px; border: 0px; vertical-align: baseline;\"><br></p><p style=\"font-variant-numeric: normal; font-variant-east-asian: normal; font-stretch: normal; line-height: 18px; margin-bottom: 0px; padding: 0px 0px 10px; border: 0px; vertical-align: baseline;\">SEM ADIÇÃO DE AÇÚCAR</p>','XF4smBGTE7fpqpSV7ethbr1fb','Todas categorias','R$ 15,85',14,'2022-04-04',1,1,1,963),(6,1,'Costelão Mensal','costelaomensal','Lorem ipsão dolor sít amçet, consectetur adipiscing elit. Sed vehicula id odio quis rhoncus.','<p>Lorem ipsão dolor sít amçet, consectetur adipiscing elit. Sed vehicula id odio quis rhoncus. Donec ullamcorper, lectus in dictum porta, urna nisl tincidunt metus, at iaculis nunc sem vitae diam. Etiam quam orci, volutpat a justo non, pretium condimentum felis. Duis id elementum arcu. Mauris pharetra dui molestie tortor imperdiet. </p><p><br></p><p>Duis non laoreet eros. Vestibulum porta neque eleifend erat tempus, vitae sagittis elit sodales. Sed convallis erat quis iaculis vestibulum. Curabitur sit amet purus et tellus consectetur vehicula. Suspendisse condimentum bibendum ante in adipiscing. Aliquam dignissim nisl eget arcu convallis, in viverra risus consequat. Pellentesque dictum gravida lacinia.</p><p><br></p><p>Lorem ipsão dolor sít amçet, consectetur adipiscing elit. Sed vehicula id odio quis rhoncus. Donec ullamcorper, lectus in dictum porta, urna nisl tincidunt metus, at iaculis nunc sem vitae diam. Etiam quam orci, volutpat a justo non, pretium condimentum felis. Duis id elementum arcu. Mauris pharetra dui molestie tortor imperdiet. Duis non laoreet eros. Vestibulum porta neque eleifend erat tempus, vitae sagittis elit sodales. Sed convallis erat quis iaculis vestibulum. </p><p><br></p><p>Lorem ipsão dolor sít amçet, consectetur adipiscing elit. Sed vehicula id odio quis rhoncus. Donec ullamcorper, lectus in dictum porta, urna nisl tincidunt metus, at iaculis nunc sem vitae diam. Etiam quam orci, volutpat a justo non, pretium condimentum felis. Duis id elementum arcu. Mauris pharetra dui molestie tortor imperdiet.  Lorem ipsão dolor sít amçet, consectetur adipiscing elit. Sed vehicula id odio quis rhoncus. Donec ullamcorper, lectus in dictum porta, urna nisl tincidunt metus, at iaculis nunc sem vitae diam. </p>','MCJ9zycZxDFvrIj5S0wo7lwr6','Todas categorias','R$ 60,00',25,'2022-06-25',1,1,1,965),(7,1,'Seja sócio do CTG','sejasociodoctg','Lorem ipsão dolor sít amçet, consectetur adipiscing elit. Sed vehicula id odio quis rhoncus. Donec ullamcorper, lectus in dictum','<p>Lorem ipsão dolor sít amçet, consectetur adipiscing elit. Sed vehicula id odio quis rhoncus. Donec ullamcorper, lectus in dictum porta, urna nisl tincidunt metus, at iaculis nunc sem vitae diam. Etiam quam orci, volutpat a justo non, pretium condimentum felis. Duis id elementum arcu. Mauris pharetra dui molestie tortor imperdiet. </p><p><br></p><p>Duis non laoreet eros. Vestibulum porta neque eleifend erat tempus, vitae sagittis elit sodales. Sed convallis erat quis iaculis vestibulum. Curabitur sit amet purus et tellus consectetur vehicula. Suspendisse condimentum bibendum ante in adipiscing. Aliquam dignissim nisl eget arcu convallis, in viverra risus consequat. Pellentesque dictum gravida lacinia.</p><p><br></p><p>Lorem ipsão dolor sít amçet, consectetur adipiscing elit. Sed vehicula id odio quis rhoncus. Donec ullamcorper, lectus in dictum porta, urna nisl tincidunt metus, at iaculis nunc sem vitae diam. Etiam quam orci, volutpat a justo non, pretium condimentum felis. Duis id elementum arcu. Mauris pharetra dui molestie tortor imperdiet. Duis non laoreet eros. Vestibulum porta neque eleifend erat tempus, vitae sagittis elit sodales. Sed convallis erat quis iaculis vestibulum. </p><p><br></p><p>Lorem ipsão dolor sít amçet, consectetur adipiscing elit. Sed vehicula id odio quis rhoncus. Donec ullamcorper, lectus in dictum porta, urna nisl tincidunt metus, at iaculis nunc sem vitae diam. Etiam quam orci, volutpat a justo non, pretium condimentum felis. Duis id elementum arcu. Mauris pharetra dui molestie tortor imperdiet.  Lorem ipsão dolor sít amçet, consectetur adipiscing elit. Sed vehicula id odio quis rhoncus. Donec ullamcorper, lectus in dictum porta, urna nisl tincidunt metus, at iaculis nunc sem vitae diam. </p><p><br></p><p><br></p><p><br></p><p><br></p>','wopgpOtPYp4B5nPSDFn8bWB6v','Todas categorias','R$ 50,00/mês',30,'2022-06-25',1,1,1,952),(8,1,'Chapéus','chapeus','Lorem ipsão dolor sít amçet, consectetur adipiscing elit. Sed vehicula id odio quis rhoncus. Donec ullamcorper, ','<p>Lorem ipsão dolor sít amçet, consectetur adipiscing elit. Sed vehicula id odio quis rhoncus. Donec ullamcorper, lectus in dictum porta, urna nisl tincidunt metus, at iaculis nunc sem vitae diam. Etiam quam orci, volutpat a justo non, pretium condimentum felis. Duis id elementum arcu. Mauris pharetra dui molestie tortor imperdiet. </p><p><br></p><p>Duis non laoreet eros. Vestibulum porta neque eleifend erat tempus, vitae sagittis elit sodales. Sed convallis erat quis iaculis vestibulum. Curabitur sit amet purus et tellus consectetur vehicula. Suspendisse condimentum bibendum ante in adipiscing. Aliquam dignissim nisl eget arcu convallis, in viverra risus consequat. Pellentesque dictum gravida lacinia.</p><p><br></p><p>Lorem ipsão dolor sít amçet, consectetur adipiscing elit. Sed vehicula id odio quis rhoncus. Donec ullamcorper, lectus in dictum porta, urna nisl tincidunt metus, at iaculis nunc sem vitae diam. Etiam quam orci, volutpat a justo non, pretium condimentum felis. Duis id elementum arcu. Mauris pharetra dui molestie tortor imperdiet. Duis non laoreet eros. Vestibulum porta neque eleifend erat tempus, vitae sagittis elit sodales. Sed convallis erat quis iaculis vestibulum. </p><p><br></p><p>Lorem ipsão dolor sít amçet, consectetur adipiscing elit. Sed vehicula id odio quis rhoncus. Donec ullamcorper, lectus in dictum porta, urna nisl tincidunt metus, at iaculis nunc sem vitae diam. Etiam quam orci, volutpat a justo non, pretium condimentum felis. Duis id elementum arcu. Mauris pharetra dui molestie tortor imperdiet.  Lorem ipsão dolor sít amçet, consectetur adipiscing elit. Sed vehicula id odio quis rhoncus. Donec ullamcorper, lectus in dictum porta, urna nisl tincidunt metus, at iaculis nunc sem vitae diam.</p>','3LWpxt6oUTfyUNSHkF0tt8hMR','Todas categorias','R$ 189,00',35,'2022-06-25',1,1,1,1101);

--
-- Table structure for table `classificados_arquivos`
--

CREATE TABLE `classificados_arquivos` (
  `id` int(11) NOT NULL AUTO_INCREMENT,
  `codigo` varchar(25) NOT NULL,
  `path` text NOT NULL,
  `arquivo` text NOT NULL,
  `legenda` text DEFAULT NULL,
  `tipo` varchar(50) DEFAULT NULL,
  PRIMARY KEY (`id`)
) ENGINE=MyISAM AUTO_INCREMENT=40 DEFAULT CHARSET=latin1 COLLATE=latin1_swedish_ci ROW_FORMAT=DYNAMIC;

--
-- Dumping data for table `classificados_arquivos`
--

INSERT INTO `classificados_arquivos` (`id`, `codigo`, `path`, `arquivo`, `legenda`, `tipo`) VALUES (24,'XF4smBGTE7fpqpSV7ethbr1fb','zHD/classificados/1/XF4smBGTE7fpqpSV7ethbr1fb/imagens/','TEMP-CTG-ERVA4 (0733248001656190775).jpg',NULL,'imagem'),(23,'XF4smBGTE7fpqpSV7ethbr1fb','zHD/classificados/1/XF4smBGTE7fpqpSV7ethbr1fb/imagens/','TEMP-CTG-ERVA1 (0621176001656190775).jpg',NULL,'imagem'),(22,'XF4smBGTE7fpqpSV7ethbr1fb','zHD/classificados/1/XF4smBGTE7fpqpSV7ethbr1fb/imagens/','TEMP-CTG-ERVA3 (0621176001656190775).jpg',NULL,'imagem'),(21,'XF4smBGTE7fpqpSV7ethbr1fb','zHD/classificados/1/XF4smBGTE7fpqpSV7ethbr1fb/imagens/','TEMP-CTG-ERVA2 (0589498001656190775).jpg',NULL,'imagem'),(14,'XF4smBGTE7fpqpSV7ethbr1fb','zHD/classificados/1/XF4smBGTE7fpqpSV7ethbr1fb/imagens/','0508956001656190846.jpg',NULL,'capa'),(25,'MCJ9zycZxDFvrIj5S0wo7lwr6','zHD/classificados/1/MCJ9zycZxDFvrIj5S0wo7lwr6/imagens/','0900287001656191083.jpg',NULL,'capa'),(26,'MCJ9zycZxDFvrIj5S0wo7lwr6','zHD/classificados/1/MCJ9zycZxDFvrIj5S0wo7lwr6/imagens/','TEMP-CTG-COSTELAO4 (0538648001656191419).jpg',NULL,'imagem'),(27,'MCJ9zycZxDFvrIj5S0wo7lwr6','zHD/classificados/1/MCJ9zycZxDFvrIj5S0wo7lwr6/imagens/','TEMP-CTG-COSTELAO3 (0703227001656191419).jpg',NULL,'imagem'),(28,'MCJ9zycZxDFvrIj5S0wo7lwr6','zHD/classificados/1/MCJ9zycZxDFvrIj5S0wo7lwr6/imagens/','TEMP-CTG-COSTELAO2 (0815481001656191419).jpg',NULL,'imagem'),(29,'MCJ9zycZxDFvrIj5S0wo7lwr6','zHD/classificados/1/MCJ9zycZxDFvrIj5S0wo7lwr6/imagens/','TEMP-CTG-COSTELAO1 (0859311001656191419).jpg',NULL,'imagem'),(30,'wopgpOtPYp4B5nPSDFn8bWB6v','zHD/classificados/1/wopgpOtPYp4B5nPSDFn8bWB6v/imagens/','0306196001656192265.jpg',NULL,'capa'),(31,'wopgpOtPYp4B5nPSDFn8bWB6v','zHD/classificados/1/wopgpOtPYp4B5nPSDFn8bWB6v/imagens/','TEMP-CTG-SOCIO1 (0880294001656192279).jpg',NULL,'imagem'),(32,'wopgpOtPYp4B5nPSDFn8bWB6v','zHD/classificados/1/wopgpOtPYp4B5nPSDFn8bWB6v/imagens/','TEMP-CTG-SOCIO3 (0890167001656192279).jpg',NULL,'imagem'),(33,'wopgpOtPYp4B5nPSDFn8bWB6v','zHD/classificados/1/wopgpOtPYp4B5nPSDFn8bWB6v/imagens/','TEMP-CTG-SOCIO4 (0917803001656192279).jpg',NULL,'imagem'),(34,'wopgpOtPYp4B5nPSDFn8bWB6v','zHD/classificados/1/wopgpOtPYp4B5nPSDFn8bWB6v/imagens/','TEMP-CTG-SOCIO2 (0003149001656192280).jpg',NULL,'imagem'),(35,'3LWpxt6oUTfyUNSHkF0tt8hMR','zHD/classificados/1/3LWpxt6oUTfyUNSHkF0tt8hMR/imagens/','0380164001656195625.jpg',NULL,'capa'),(36,'3LWpxt6oUTfyUNSHkF0tt8hMR','zHD/classificados/1/3LWpxt6oUTfyUNSHkF0tt8hMR/imagens/','TEMP-CTG-CHAPEU3 (0066370001656195638).jpg',NULL,'imagem'),(37,'3LWpxt6oUTfyUNSHkF0tt8hMR','zHD/classificados/1/3LWpxt6oUTfyUNSHkF0tt8hMR/imagens/','TEMP-CTG-CHAPEU4 (0069173001656195638).jpg',NULL,'imagem'),(38,'3LWpxt6oUTfyUNSHkF0tt8hMR','zHD/classificados/1/3LWpxt6oUTfyUNSHkF0tt8hMR/imagens/','TEMP-CTG-CHAPEU2 (0070205001656195638).jpg',NULL,'imagem'),(39,'3LWpxt6oUTfyUNSHkF0tt8hMR','zHD/classificados/1/3LWpxt6oUTfyUNSHkF0tt8hMR/imagens/','TEMP-CTG-CHAPEU1 (0069981001656195638).jpg',NULL,'imagem');

--
-- Table structure for table `classificados_links`
--

CREATE TABLE `classificados_links` (
  `id` int(11) NOT NULL AUTO_INCREMENT,
  `codigo` varchar(25) NOT NULL,
  `titulo` text DEFAULT NULL,
  `link` text NOT NULL,
  PRIMARY KEY (`id`)
) ENGINE=MyISAM AUTO_INCREMENT=5 DEFAULT CHARSET=latin1 COLLATE=latin1_swedish_ci ROW_FORMAT=DYNAMIC;

--
-- Dumping data for table `classificados_links`
--

INSERT INTO `classificados_links` (`id`, `codigo`, `titulo`, `link`) VALUES (1,'XF4smBGTE7fpqpSV7ethbr1fb','QUERO COMPRAR','https://jpw.net.br/ctgs/web1/index.php'),(2,'MCJ9zycZxDFvrIj5S0wo7lwr6','QUERO COMPRAR','https://jpw.net.br/ctgs/web1/index.php'),(3,'wopgpOtPYp4B5nPSDFn8bWB6v','QUERO ASSOCIAR','https://jpw.net.br/ctgs/web1/index.php'),(4,'3LWpxt6oUTfyUNSHkF0tt8hMR','QUERO COMPRAR','https://jpw.net.br.net.br/ctgs/web1/index.php');

--
-- Table structure for table `classificados_videos`
--

CREATE TABLE `classificados_videos` (
  `id` int(11) NOT NULL AUTO_INCREMENT,
  `codigo` varchar(25) NOT NULL,
  `titulo` text DEFAULT NULL,
  `link` text NOT NULL,
  PRIMARY KEY (`id`)
) ENGINE=MyISAM DEFAULT CHARSET=latin1 COLLATE=latin1_swedish_ci ROW_FORMAT=DYNAMIC;

--
-- Dumping data for table `classificados_videos`
--


--
-- Table structure for table `contatos`
--

CREATE TABLE `contatos` (
  `id` int(11) NOT NULL AUTO_INCREMENT,
  `usuario` int(11) NOT NULL DEFAULT 0,
  `secao` int(11) NOT NULL DEFAULT 0,
  `texto` text DEFAULT NULL,
  `entidade` int(11) NOT NULL,
  PRIMARY KEY (`id`),
  KEY `secao` (`secao`),
  KEY `entidade` (`entidade`)
) ENGINE=MyISAM AUTO_INCREMENT=2 DEFAULT CHARSET=latin1 COLLATE=latin1_swedish_ci ROW_FORMAT=DYNAMIC;

--
-- Dumping data for table `contatos`
--

INSERT INTO `contatos` (`id`, `usuario`, `secao`, `texto`, `entidade`) VALUES (1,1,149,'<h3><b>Contatos e Endereço</b></h3><p><br></p><p>Telefone: (xx) 0000-0000<br>Celular/ WhatsApp: (xx) 0000-0000<br>e-Mail: nome@<br>Endereço:&nbsp;<br>Cidade:<br>Estado:<br><br><h3><b>Outras informações</b></h3></p><p>Lorem ipsão dolor sít amçet, consectetur adipiscing elit. Sed vehicula id odio quis rhoncus. Donec ullamcorper, lectus in dictum porta, urna nisl tincidunt metus, at iaculis nunc sem vitae diam. Etiam quam orci, volutpat a justo non, pretium condimentum felis. Duis id elementum arcu. Mauris pharetra dui molestie tortor imperdiet.&nbsp;<br></p>',1);

--
-- Table structure for table `contatos_secoes`
--

CREATE TABLE `contatos_secoes` (
  `id` int(11) NOT NULL AUTO_INCREMENT,
  `nome` varchar(250) NOT NULL,
  `entidade` int(11) NOT NULL DEFAULT 0,
  PRIMARY KEY (`id`),
  KEY `nome` (`nome`)
) ENGINE=MyISAM AUTO_INCREMENT=169 DEFAULT CHARSET=latin1 COLLATE=latin1_swedish_ci ROW_FORMAT=DYNAMIC;

--
-- Dumping data for table `contatos_secoes`
--

INSERT INTO `contatos_secoes` (`id`, `nome`, `entidade`) VALUES (149,'Contatos',1);

--
-- Table structure for table `downloads`
--

CREATE TABLE `downloads` (
  `id` int(11) NOT NULL AUTO_INCREMENT,
  `usuario` int(11) NOT NULL DEFAULT 0,
  `secao` int(11) NOT NULL DEFAULT 0,
  `titulo` text NOT NULL,
  `texto` text DEFAULT NULL,
  `codigo` varchar(25) NOT NULL,
  `data` date DEFAULT NULL,
  `entidade` int(11) NOT NULL,
  PRIMARY KEY (`id`),
  KEY `secao` (`secao`),
  KEY `entidade` (`entidade`)
) ENGINE=MyISAM AUTO_INCREMENT=4 DEFAULT CHARSET=latin1 COLLATE=latin1_swedish_ci ROW_FORMAT=DYNAMIC;

--
-- Dumping data for table `downloads`
--

INSERT INTO `downloads` (`id`, `usuario`, `secao`, `titulo`, `texto`, `codigo`, `data`, `entidade`) VALUES (1,1,2,'Balanços e Balancetes','Lorem ipsão dolor sít amçet, consectetur adipiscing elit. Sed vehicula id odio quis rhoncus. Donec ullamcorper, lectus in dictum porta, urna nisl tincidunt metus, at iaculis nunc sem vitae diam. Etiam quam orci, volutpat a justo non, pretium condimentum felis. Duis id elementum arcu. Mauris pharetra dui molestie tortor imperdiet. ','yjYOpXucTRNANai6XQ77hDoxk','2021-01-09',1),(2,1,1,'Proposta para Sócios','','ayxtGGOo6wMel1313lTOjLQI0','2022-07-07',1),(3,1,2,'Atas das Assembléias','Lorem ipsão dolor sít amçet, consectetur adipiscing elit. Sed vehicula id odio quis rhoncus. Donec ullamcorper, lectus in dictum porta, urna nisl tincidunt metus, at iaculis nunc sem vitae diam. Etiam quam orci, volutpat a justo non, pretium condimentum felis. Duis id elementum arcu. Mauris pharetra dui molestie tortor imperdiet. ','o45BgW4F449UHfCbCfNT9Rtdx','2022-07-07',1);

--
-- Table structure for table `downloads_arquivos`
--

CREATE TABLE `downloads_arquivos` (
  `id` int(11) NOT NULL AUTO_INCREMENT,
  `codigo` varchar(25) NOT NULL,
  `path` text NOT NULL,
  `arquivo` text NOT NULL,
  `legenda` text DEFAULT NULL,
  `tipo` varchar(50) DEFAULT NULL,
  `data` date DEFAULT NULL,
  `views` int(11) NOT NULL DEFAULT 0,
  PRIMARY KEY (`id`),
  KEY `codigo` (`codigo`)
) ENGINE=MyISAM AUTO_INCREMENT=9 DEFAULT CHARSET=latin1 COLLATE=latin1_swedish_ci ROW_FORMAT=DYNAMIC;

--
-- Dumping data for table `downloads_arquivos`
--

INSERT INTO `downloads_arquivos` (`id`, `codigo`, `path`, `arquivo`, `legenda`, `tipo`, `data`, `views`) VALUES (1,'yjYOpXucTRNANai6XQ77hDoxk','zHD/downloads/1/yjYOpXucTRNANai6XQ77hDoxk/arquivos/','ilustrativo2 (0430012001610175687).pdf','Documento ilustrativo 1','arquivo','2021-01-09',2),(2,'yjYOpXucTRNANai6XQ77hDoxk','zHD/downloads/1/yjYOpXucTRNANai6XQ77hDoxk/arquivos/','ilustrativo1 (0438705001610175687).pdf','Documento ilustrativo 2','arquivo','2021-01-09',0),(3,'yjYOpXucTRNANai6XQ77hDoxk','zHD/downloads/1/yjYOpXucTRNANai6XQ77hDoxk/arquivos/','ilustrativo3 (0464482001610175687).pdf','Documento ilustrativo 3','arquivo','2021-01-09',0),(4,'yjYOpXucTRNANai6XQ77hDoxk','zHD/downloads/1/yjYOpXucTRNANai6XQ77hDoxk/arquivos/','ilustrativo4 (0518915001610175687).pdf','Documento ilustrativo 4','arquivo','2021-01-09',0),(5,'ayxtGGOo6wMel1313lTOjLQI0','zHD/downloads/1/ayxtGGOo6wMel1313lTOjLQI0/arquivos/','Documento Ilustrativo 1 (0769654001657230969).pdf','Proposta para sócios (ilustrativo)','arquivo','2022-07-07',5),(6,'o45BgW4F449UHfCbCfNT9Rtdx','zHD/downloads/1/o45BgW4F449UHfCbCfNT9Rtdx/arquivos/','Documento Ilustrativo 2 (0336302001657231173).pdf','Ata da Assembleia 1 (ilustrativo) ','arquivo','2022-07-07',4),(7,'o45BgW4F449UHfCbCfNT9Rtdx','zHD/downloads/1/o45BgW4F449UHfCbCfNT9Rtdx/arquivos/','Documento Ilustrativo 1 (0340344001657231173).pdf','Ata da Assembleia 2 (ilustrativo) ','arquivo','2022-07-07',0),(8,'o45BgW4F449UHfCbCfNT9Rtdx','zHD/downloads/1/o45BgW4F449UHfCbCfNT9Rtdx/arquivos/','Documento Ilustrativo 3 (0367753001657231173).pdf','Ata da Assembleia 3 (ilustrativo) ','arquivo','2022-07-07',0);

--
-- Table structure for table `downloads_secoes`
--

CREATE TABLE `downloads_secoes` (
  `id` int(11) NOT NULL AUTO_INCREMENT,
  `nome` varchar(250) NOT NULL,
  `entidade` int(11) NOT NULL DEFAULT 0,
  PRIMARY KEY (`id`),
  KEY `entidade` (`entidade`)
) ENGINE=MyISAM AUTO_INCREMENT=3 DEFAULT CHARSET=latin1 COLLATE=latin1_swedish_ci ROW_FORMAT=DYNAMIC;

--
-- Dumping data for table `downloads_secoes`
--

INSERT INTO `downloads_secoes` (`id`, `nome`, `entidade`) VALUES (1,'Documentos Oficiaís',1),(2,'Transparência',1);

--
-- Table structure for table `enquetes`
--

CREATE TABLE `enquetes` (
  `id` int(11) NOT NULL AUTO_INCREMENT,
  `usuario` int(11) NOT NULL DEFAULT 0,
  `titulo` text NOT NULL,
  `tag` text NOT NULL,
  `texto` text DEFAULT NULL,
  `secao` int(11) NOT NULL,
  `data` datetime DEFAULT current_timestamp(),
  `entidade` int(11) NOT NULL,
  `status` int(11) DEFAULT 1,
  PRIMARY KEY (`id`),
  KEY `entidade` (`entidade`)
) ENGINE=MyISAM AUTO_INCREMENT=3 DEFAULT CHARSET=latin1 COLLATE=latin1_swedish_ci ROW_FORMAT=DYNAMIC;

--
-- Dumping data for table `enquetes`
--

INSERT INTO `enquetes` (`id`, `usuario`, `titulo`, `tag`, `texto`, `secao`, `data`, `entidade`, `status`) VALUES (1,1,'Que banda você gostaria de ver na Semana Farroupilha?','quebandavocegostariadevernasemanafarroupilha','Lorem ipsão dolor sít amçet, consectetur adipiscing elit. Sed vehicula id odio quis rhoncus. Donec ullamcorper, lectus in dictum porta, urna nisl tincidunt metus, at iaculis nunc sem vitae diam. Etiam quam orci, volutpat a justo non, pretium condimentum felis. Duis id elementum arcu. Mauris pharetra dui molestie tortor imperdiet. ',156,'2021-01-09 00:00:00',1,1),(2,1,'Qual o melhor gaiteiro do RGS?','qualomelhorgaiteirodorgs','Lorem ipsão dolor sít amçet, consectetur adipiscing elit. Sed vehicula id odio quis rhoncus. Donec ullamcorper, lectus in dictum porta, urna nisl tincidunt metus, at iaculis nunc sem vitae diam. Etiam quam orci, volutpat a justo non, pretium condimentum felis. Duis id elementum arcu. Mauris pharetra dui molestie tortor imperdiet. ',156,'2022-07-07 00:00:00',1,1);

--
-- Table structure for table `enquetes_opcoes`
--

CREATE TABLE `enquetes_opcoes` (
  `id` int(11) NOT NULL AUTO_INCREMENT,
  `enquete` int(11) NOT NULL DEFAULT 0,
  `titulo` text DEFAULT NULL,
  `votos` int(11) NOT NULL DEFAULT 0,
  PRIMARY KEY (`id`),
  KEY `enquete` (`enquete`)
) ENGINE=MyISAM AUTO_INCREMENT=13 DEFAULT CHARSET=latin1 COLLATE=latin1_swedish_ci ROW_FORMAT=DYNAMIC;

--
-- Dumping data for table `enquetes_opcoes`
--

INSERT INTO `enquetes_opcoes` (`id`, `enquete`, `titulo`, `votos`) VALUES (1,1,'Os Serranos',321),(2,1,'Os Monarcas',316),(3,1,'Tchê Guri',281),(4,1,'Garotos de Ouro',251),(5,2,'Adelar Bertussi',120),(6,2,'Albino Manique',108),(7,2,'Beto Caetano',95),(8,2,'Bruno Neher',89),(9,2,'Edson Dutra',123),(10,2,'Gildinho',125),(11,2,'Honeyde Bertussi',78),(12,2,'Luis Caaarlos Borges',99);

--
-- Table structure for table `enquetes_secoes`
--

CREATE TABLE `enquetes_secoes` (
  `id` int(11) NOT NULL AUTO_INCREMENT,
  `nome` varchar(250) NOT NULL,
  `entidade` int(11) NOT NULL DEFAULT 0,
  PRIMARY KEY (`id`),
  KEY `entidade` (`entidade`)
) ENGINE=MyISAM AUTO_INCREMENT=166 DEFAULT CHARSET=latin1 COLLATE=latin1_swedish_ci ROW_FORMAT=DYNAMIC;

--
-- Dumping data for table `enquetes_secoes`
--

INSERT INTO `enquetes_secoes` (`id`, `nome`, `entidade`) VALUES (156,'Enquetes',1);

--
-- Table structure for table `enquetes_votos`
--

CREATE TABLE `enquetes_votos` (
  `id` int(11) NOT NULL AUTO_INCREMENT,
  `enquete` int(11) NOT NULL DEFAULT 0,
  `ip` varchar(50) NOT NULL,
  `data` timestamp NOT NULL DEFAULT current_timestamp() ON UPDATE current_timestamp(),
  PRIMARY KEY (`id`),
  KEY `enquete` (`enquete`),
  KEY `ip` (`ip`),
  KEY `data` (`data`)
) ENGINE=MyISAM AUTO_INCREMENT=3 DEFAULT CHARSET=latin1 COLLATE=latin1_swedish_ci ROW_FORMAT=DYNAMIC;

--
-- Dumping data for table `enquetes_votos`
--

INSERT INTO `enquetes_votos` (`id`, `enquete`, `ip`, `data`) VALUES (1,1,'177.235.117.135','2021-01-14 10:24:39'),(2,1,'177.235.119.218','2022-07-07 22:09:11');

--
-- Table structure for table `faleconosco`
--

CREATE TABLE `faleconosco` (
  `id` int(11) NOT NULL AUTO_INCREMENT,
  `secao` int(11) NOT NULL DEFAULT 0,
  `nome` varchar(200) DEFAULT NULL,
  `email` varchar(300) DEFAULT NULL,
  `telefone` varchar(300) DEFAULT NULL,
  `mensagem` text DEFAULT NULL,
  `resposta` text DEFAULT NULL,
  `usuario` int(11) DEFAULT 0,
  `entidade` int(11) NOT NULL,
  `status` int(11) NOT NULL DEFAULT 0,
  `data_mensagem` timestamp NULL DEFAULT current_timestamp(),
  `data_resposta` datetime DEFAULT NULL,
  `envio` int(11) NOT NULL DEFAULT 0,
  PRIMARY KEY (`id`),
  KEY `secao` (`secao`),
  KEY `entidade` (`entidade`)
) ENGINE=MyISAM AUTO_INCREMENT=16 DEFAULT CHARSET=latin1 COLLATE=latin1_swedish_ci ROW_FORMAT=DYNAMIC;

--
-- Dumping data for table `faleconosco`
--

INSERT INTO `faleconosco` (`id`, `secao`, `nome`, `email`, `telefone`, `mensagem`, `resposta`, `usuario`, `entidade`, `status`, `data_mensagem`, `data_resposta`, `envio`) VALUES (1,156,'Jorge Miguel','jpweb@jpweb.com.br','(55) 61982-5120','teste',NULL,0,1,0,'2021-11-19 20:28:33',NULL,0),(2,156,'Jorge Miguel','jpweb@jpweb.com.br','(55) 61982-5120','TESTE',NULL,0,1,0,'2022-04-01 20:51:36',NULL,0),(3,156,'Jorge Miguel','jpweb@jpweb.com.br','(55) 61982-5120','TESTE',NULL,0,1,0,'2022-04-03 09:11:21',NULL,0),(4,156,'JP Web Teste','jpweb@jpweb.com.br','(61) 98251-2032','TESTE',NULL,0,1,0,'2022-04-11 12:50:24',NULL,0),(5,156,'JP Web Teste','jpweb@jpweb.com.br','(61) 98251-2032','TESTE',NULL,0,1,0,'2022-04-11 13:38:13',NULL,0),(6,156,'JP Web Teste','jpweb@jpweb.com.br','(61) 98251-2032','TESTE',NULL,0,1,0,'2022-04-11 13:40:05',NULL,0),(7,156,'JP Web Teste','jpweb@jpweb.com.br','(61) 98251-2032','TESTE',NULL,0,1,0,'2022-04-11 13:45:52',NULL,0),(8,156,'JP Web Teste','jpweb@jpweb.com.br','(61) 98251-2032','TESTE',NULL,0,1,0,'2022-04-11 13:47:55',NULL,0),(9,156,'JP Web Teste','jpweb@jpweb.com.br','(61) 98251-2032','TESTE',NULL,0,1,0,'2022-04-11 13:59:59',NULL,0),(10,156,'JP Web Teste','jpweb@jpweb.com.br','(61) 98251-2032','TESTE',NULL,0,1,0,'2022-04-11 14:04:12',NULL,0),(11,156,'JP Web Teste','jpweb@jpweb.com.br','(61) 98251-2032','TESTE 10.58',NULL,0,1,0,'2022-04-11 14:05:19',NULL,0),(12,156,'JP Web Teste','jpweb@jpweb.com.br','(61) 98251-2032','TESTE 11.09',NULL,0,1,0,'2022-04-11 14:15:38',NULL,0),(13,156,'JP Web Teste','jpweb@jpweb.com.br','(61) 98251-2032','4.30',NULL,0,1,0,'2022-06-03 07:31:00',NULL,0),(14,156,'JP Web Teste','jpweb@jpweb.com.br','(61) 98251-2032','4.31',NULL,0,1,0,'2022-06-03 07:32:18',NULL,0),(15,156,'JP Web Teste','jpweb@jpweb.com.br','(61) 98251-2032','ERERE',NULL,0,1,0,'2022-06-03 07:35:51',NULL,0);

--
-- Table structure for table `faleconosco_secoes`
--

CREATE TABLE `faleconosco_secoes` (
  `id` int(11) NOT NULL AUTO_INCREMENT,
  `nome` varchar(250) NOT NULL,
  `entidade` int(11) NOT NULL DEFAULT 0,
  PRIMARY KEY (`id`),
  KEY `entidade` (`entidade`)
) ENGINE=MyISAM AUTO_INCREMENT=157 DEFAULT CHARSET=latin1 COLLATE=latin1_swedish_ci ROW_FORMAT=DYNAMIC;

--
-- Dumping data for table `faleconosco_secoes`
--

INSERT INTO `faleconosco_secoes` (`id`, `nome`, `entidade`) VALUES (156,'Fale Conosco',1);

--
-- Table structure for table `faq`
--

CREATE TABLE `faq` (
  `id` int(11) NOT NULL AUTO_INCREMENT,
  `secao` int(11) NOT NULL DEFAULT 0,
  `pergunta` text DEFAULT NULL,
  `resposta` text DEFAULT NULL,
  `entidade` int(11) NOT NULL,
  `status` int(11) NOT NULL DEFAULT 0,
  PRIMARY KEY (`id`),
  KEY `secao` (`secao`),
  KEY `entidade` (`entidade`)
) ENGINE=MyISAM AUTO_INCREMENT=6 DEFAULT CHARSET=latin1 COLLATE=latin1_swedish_ci ROW_FORMAT=DYNAMIC;

--
-- Dumping data for table `faq`
--

INSERT INTO `faq` (`id`, `secao`, `pergunta`, `resposta`, `entidade`, `status`) VALUES (1,158,'O que é CTG e qual a finalidade?','Os Centros de Tradições Gaúchas, ou CTGs, têm a função de propagar os hábitos e crenças tradicionais dos gaúchos e celebrar os costumes por meio de eventos realizados regularmente. Existem festejos de dança, concursos esportivos, cursos sobre cultura, seminários e muita degustação da gastronomia. São um espaço de valorização da cultura gaúcha, independente do Estado onde estejam localizados, tornando-se um espaço de integração e trocas culturais, onde qualquer pessoa pode ter contato com a cultura sul-rio-grandense.',1,1),(2,158,'Como são chamadas as variações de músicas gaúchas que animam as danças de salão?','A música tradicionalista. As músicas gaúchas são variações de músicas que animavam as danças de salão centro-européias no século XIX. A valsa, a polca e a mazurca, foram adaptados para vaneira, vaneirão, chamamé, milonga, rancheira, polonaise e chimarrita (derivada do termo “chimarrão” comentado acima).',1,1),(3,158,'O que é chimarrão?','O chimarrão é a bebida gaúcha mais famosa. Ela faz parte da rotina dos gaúchos, mesmo quando precisam se mudar para outro estado. Feito com erva mate, a bebida é forte e ajuda a esquentar no tempo de frio. É tomado numa cuia com uma bomba.',1,1),(4,158,'Porque o gaúcho fala tu?','Devido à proximidade do espanhol rioplatense, o pronome já circulava na boca do povo da então Província de São Pedro antes das fronteiras do Estado serem como conhecemos hoje. Depois, os italianos que chegaram ao Rio Grande do Sul, por também terem tu em seu idioma materno, incorporaram o “tu” gaúcho com facilidade.',1,1),(5,158,'Por que os gaúchos falam tchê?','Tchê é interjeição muito utilizada no Rio Grande do Sul. Não há dúvida quanto à sua origem. Vem do espanhol “che” falado na Argentina, Uruguai e Paraguai. O tchê, portanto, é uma variação do “che”, oriundo da forma de grafar em português como ele é pronunciado no espanhol, como se tivesse um”t” e com o “e” fechado (ê).',1,1);

--
-- Table structure for table `faq_secoes`
--

CREATE TABLE `faq_secoes` (
  `id` int(11) NOT NULL AUTO_INCREMENT,
  `nome` varchar(250) NOT NULL,
  `entidade` int(11) NOT NULL DEFAULT 0,
  PRIMARY KEY (`id`),
  KEY `entidade` (`entidade`)
) ENGINE=MyISAM AUTO_INCREMENT=159 DEFAULT CHARSET=latin1 COLLATE=latin1_swedish_ci ROW_FORMAT=DYNAMIC;

--
-- Dumping data for table `faq_secoes`
--

INSERT INTO `faq_secoes` (`id`, `nome`, `entidade`) VALUES (158,'FAQ',1);

--
-- Table structure for table `galerias`
--

CREATE TABLE `galerias` (
  `id` int(11) NOT NULL AUTO_INCREMENT,
  `data` timestamp NOT NULL DEFAULT current_timestamp(),
  `titulo` text DEFAULT NULL,
  `descricao` text DEFAULT NULL,
  `capa` int(11) NOT NULL DEFAULT 0,
  `img_capa` int(11) NOT NULL DEFAULT 0,
  `secao` int(11) NOT NULL DEFAULT 0,
  `entidade` int(11) NOT NULL DEFAULT 0,
  PRIMARY KEY (`id`),
  KEY `entidade` (`entidade`)
) ENGINE=MyISAM AUTO_INCREMENT=7 DEFAULT CHARSET=latin1 COLLATE=latin1_swedish_ci ROW_FORMAT=DYNAMIC;

--
-- Dumping data for table `galerias`
--

INSERT INTO `galerias` (`id`, `data`, `titulo`, `descricao`, `capa`, `img_capa`, `secao`, `entidade`) VALUES (1,'2021-01-09 03:00:00','Galeria (ilustrativo)','Lorem ipsão dolor sít amçet, consectetur adipiscing elit.',1,0,1,1),(2,'2021-01-30 03:00:00','Benvindo','',1,13,1,1),(3,'2021-08-12 03:00:00','As maiores geleiras do mundo','',1,19,1,1),(4,'2021-08-12 03:00:00','Golfinhos, os animais mais inteligentes','',1,28,1,1),(5,'2021-08-12 03:00:00','GPS Sofisticado Sistema Global','',1,34,1,1),(6,'2021-08-12 03:00:00','Natureza Exuberante','',1,50,1,1);

--
-- Table structure for table `galerias_arquivos`
--

CREATE TABLE `galerias_arquivos` (
  `id` int(11) NOT NULL AUTO_INCREMENT,
  `galeria` int(11) NOT NULL,
  `capa` int(11) NOT NULL DEFAULT 0,
  `path` text NOT NULL,
  `arquivo` text NOT NULL,
  `legenda` text DEFAULT NULL,
  PRIMARY KEY (`id`),
  KEY `galeria` (`galeria`)
) ENGINE=MyISAM AUTO_INCREMENT=51 DEFAULT CHARSET=latin1 COLLATE=latin1_swedish_ci ROW_FORMAT=DYNAMIC;

--
-- Dumping data for table `galerias_arquivos`
--

INSERT INTO `galerias_arquivos` (`id`, `galeria`, `capa`, `path`, `arquivo`, `legenda`) VALUES (1,1,0,'zHD/galerias/1/1/','tmp02 (0081303001610175955).jpg',NULL),(2,1,0,'zHD/galerias/1/1/','tmp03 (0081071001610175955).jpg',NULL),(3,1,0,'zHD/galerias/1/1/','tmp01 (0099430001610175955).jpg',NULL),(4,1,0,'zHD/galerias/1/1/','tmp04 (0110104001610175955).jpg',NULL),(5,1,0,'zHD/galerias/1/1/','tmp05 (0222754001610175955).jpg',NULL),(6,1,0,'zHD/galerias/1/1/','tmp06 (0596718001610175955).jpg',NULL),(7,1,0,'zHD/galerias/1/1/','tmp07 (0630209001610175955).jpg',NULL),(8,1,0,'zHD/galerias/1/1/','tmp08 (0648278001610175955).jpg',NULL),(9,2,0,'zHD/galerias/1/2/','ap-01 (0385712001612005318).jpg',NULL),(10,2,0,'zHD/galerias/1/2/','ap-03 (0420841001612005318).jpg',NULL),(11,2,0,'zHD/galerias/1/2/','ap-04 (0167843001612005319).jpg',NULL),(12,2,0,'zHD/galerias/1/2/','ap-02 (0085892001612005319).jpg',NULL),(14,3,0,'zHD/galerias/1/3/','img-geleira1 (0373262001628791992).jpg',NULL),(15,3,0,'zHD/galerias/1/3/','img-geleira4 (0789268001628791992).jpg',NULL),(16,3,0,'zHD/galerias/1/3/','img-geleira2 (0657042001628791993).jpg',NULL),(17,3,0,'zHD/galerias/1/3/','img-geleira-capa (0061514001628791994).jpg',NULL),(18,3,0,'zHD/galerias/1/3/','img-geleira3 (0189296001628791995).jpg',NULL),(19,3,1,'zHD/galerias/1/3/','0679394001628792018.jpg',NULL),(20,4,0,'zHD/galerias/1/4/','img-golfinhos01 (0032202001628792165).jpg',NULL),(21,4,0,'zHD/galerias/1/4/','img-golfinhos04 (0062009001628792165).jpg',NULL),(22,4,0,'zHD/galerias/1/4/','img-golfinhos02 (0052861001628792165).jpg',NULL),(23,4,0,'zHD/galerias/1/4/','img-golfinhos05 (0381067001628792165).jpg',NULL),(24,4,0,'zHD/galerias/1/4/','img-golfinhos06 (0402122001628792165).jpg',NULL),(25,4,0,'zHD/galerias/1/4/','img-golfinhos07 (0597465001628792165).jpg',NULL),(26,4,0,'zHD/galerias/1/4/','img-golfinhos08 (0829641001628792166).jpg',NULL),(27,4,0,'zHD/galerias/1/4/','img-golfinhos-capa (0148354001628792167).jpg',NULL),(28,4,1,'zHD/galerias/1/4/','0298733001628792186.jpg',NULL),(29,5,0,'zHD/galerias/1/5/','img-gps2 (0790800001628792240).jpg',NULL),(30,5,0,'zHD/galerias/1/5/','img-gps1 (0720327001628792240).jpg',NULL),(31,5,0,'zHD/galerias/1/5/','img-gps4 (0109624001628792241).jpg',NULL),(32,5,0,'zHD/galerias/1/5/','img-gps-capa (0457277001628792241).jpg',NULL),(33,5,0,'zHD/galerias/1/5/','img-gps3 (0632660001628792241).jpg',NULL),(34,5,1,'zHD/galerias/1/5/','0297231001628792257.jpg',NULL),(35,6,0,'zHD/galerias/1/6/','img-natureza-01 (0784554001628792413).jpg',NULL),(36,6,0,'zHD/galerias/1/6/','img-natureza-03 (0020366001628792414).jpg',NULL),(37,6,0,'zHD/galerias/1/6/','img-natureza-04 (0938286001628792414).jpg',NULL),(38,6,0,'zHD/galerias/1/6/','img-natureza-02 (0093024001628792415).jpg',NULL),(39,6,0,'zHD/galerias/1/6/','img-natureza-06 (0306069001628792415).jpg',NULL),(40,6,0,'zHD/galerias/1/6/','img-natureza-07 (0502209001628792416).jpg',NULL),(41,6,0,'zHD/galerias/1/6/','img-natureza-10 (0954193001628792416).jpg',NULL),(42,6,0,'zHD/galerias/1/6/','img-natureza-08 (0456506001628792417).jpg',NULL),(43,6,0,'zHD/galerias/1/6/','img-natureza-09 (0246599001628792418).jpg',NULL),(44,6,0,'zHD/galerias/1/6/','img-natureza-12 (0736119001628792418).jpg',NULL),(45,6,0,'zHD/galerias/1/6/','img-natureza-13 (0212574001628792419).jpg',NULL),(46,6,0,'zHD/galerias/1/6/','img-natureza-05 (0889054001628792419).jpg',NULL),(47,6,0,'zHD/galerias/1/6/','img-natureza-15 (0659150001628792420).jpg',NULL),(48,6,0,'zHD/galerias/1/6/','img-natureza-14 (0119644001628792421).jpg',NULL),(49,6,0,'zHD/galerias/1/6/','img-natureza-11 (0567408001628792423).jpg',NULL),(50,6,1,'zHD/galerias/1/6/','0353271001628792469.jpg',NULL);

--
-- Table structure for table `galerias_secoes`
--

CREATE TABLE `galerias_secoes` (
  `id` int(11) NOT NULL AUTO_INCREMENT,
  `entidade` int(11) NOT NULL DEFAULT 0,
  `nome` varchar(250) NOT NULL,
  PRIMARY KEY (`id`),
  KEY `entidade` (`entidade`)
) ENGINE=MyISAM AUTO_INCREMENT=10 DEFAULT CHARSET=latin1 COLLATE=latin1_swedish_ci ROW_FORMAT=DYNAMIC;

--
-- Dumping data for table `galerias_secoes`
--

INSERT INTO `galerias_secoes` (`id`, `entidade`, `nome`) VALUES (1,1,'Galerias');

--
-- Table structure for table `governo`
--

CREATE TABLE `governo` (
  `id` int(11) NOT NULL AUTO_INCREMENT,
  `usuario` int(11) NOT NULL DEFAULT 0,
  `titulo` text NOT NULL,
  `tag` varchar(500) NOT NULL DEFAULT '',
  `subtitulo` text DEFAULT NULL,
  `texto` longtext DEFAULT NULL,
  `codigo` varchar(25) NOT NULL,
  `secao` text NOT NULL,
  `contatos` text NOT NULL,
  `capa` int(11) DEFAULT 0,
  `data` datetime DEFAULT current_timestamp(),
  `destaque` int(11) DEFAULT 0,
  `entidade` int(11) NOT NULL,
  `status` int(11) DEFAULT 1,
  `contador` int(11) DEFAULT 0,
  PRIMARY KEY (`id`),
  KEY `tag` (`tag`),
  KEY `capa` (`capa`),
  KEY `entidade` (`entidade`),
  KEY `destaque` (`destaque`),
  KEY `status` (`status`)
) ENGINE=MyISAM AUTO_INCREMENT=474 DEFAULT CHARSET=latin1 COLLATE=latin1_swedish_ci ROW_FORMAT=DYNAMIC;

--
-- Dumping data for table `governo`
--

INSERT INTO `governo` (`id`, `usuario`, `titulo`, `tag`, `subtitulo`, `texto`, `codigo`, `secao`, `contatos`, `capa`, `data`, `destaque`, `entidade`, `status`, `contador`) VALUES (449,1,'Esporte','esporte','Nome do Gestor(a)','<p>Lorem ipsão dolor sít amçet, consectetur adipiscing elit. Sed vehicula id odio quis rhoncus. Donec ullamcorper, lectus in dictum porta, urna nisl tincidunt metus, at iaculis nunc sem vitae diam. Etiam quam orci, volutpat a justo non, pretium condimentum felis. Duis id elementum arcu. Mauris pharetra dui molestie tortor imperdiet. </p><p><br></p><p>Duis non laoreet eros. Vestibulum porta neque eleifend erat tempus, vitae sagittis elit sodales. Sed convallis erat quis iaculis vestibulum. Curabitur sit amet purus et tellus consectetur vehicula. Suspendisse condimentum bibendum ante in adipiscing. Aliquam dignissim nisl eget arcu convallis, in viverra risus consequat. Pellentesque dictum gravida lacinia.</p>','GHgZuNllSO3eNmfAX2Bn6HD7b','181','',436,'2020-09-10 00:00:00',0,1,1,535),(454,1,'Ouvidoria Geral','ouvidoriageral','Nome do Gestor(a)','<p>Lorem ipsão dolor sít amçet, consectetur adipiscing elit. Sed vehicula id odio quis rhoncus. Donec ullamcorper, lectus in dictum porta, urna nisl tincidunt metus, at iaculis nunc sem vitae diam. Etiam quam orci, volutpat a justo non, pretium condimentum felis. Duis id elementum arcu. Mauris pharetra dui molestie tortor imperdiet.&nbsp;</p><p><br></p><p>Duis non laoreet eros. Vestibulum porta neque eleifend erat tempus, vitae sagittis elit sodales. Sed convallis erat quis iaculis vestibulum. Curabitur sit amet purus et tellus consectetur vehicula. Suspendisse condimentum bibendum ante in adipiscing. Aliquam dignissim nisl eget arcu convallis, in viverra risus consequat. Pellentesque dictum gravida lacinia.</p>','DFE9abJzLxKcPuCaj7UqBgKfU','183','Endereço:\r\nTelefone:\r\ne-Mail:\r\nHorário de Expediente:',440,'2020-09-10 00:00:00',0,1,1,557),(447,1,'Vice-Presidente','vice-presidente','Nome do Gestor','<p>Lorem ipsão dolor sít amçet, consectetur adipiscing elit. Sed vehicula id odio quis rhoncus. Donec ullamcorper, lectus in dictum porta, urna nisl tincidunt metus, at iaculis nunc sem vitae diam. Etiam quam orci, volutpat a justo non, pretium condimentum felis. Duis id elementum arcu. Mauris pharetra dui molestie tortor imperdiet. </p><p><br></p><p>Duis non laoreet eros. Vestibulum porta neque eleifend erat tempus, vitae sagittis elit sodales. Sed convallis erat quis iaculis vestibulum. Curabitur sit amet purus et tellus consectetur vehicula. Suspendisse condimentum bibendum ante in adipiscing. Aliquam dignissim nisl eget arcu convallis, in viverra risus consequat. Pellentesque dictum gravida lacinia.</p>','KkqqZamCHJp10NKrmpBzBkjAI','180','Endereço:\r\nTelefone:\r\ne-Mail:\r\nHorário de Expediente:',434,'2022-09-10 00:00:00',0,1,1,779),(445,1,'Presidente','presidente','Nome do Gestor','<p>Lorem ipsão dolor sít amçet, consectetur adipiscing elit. Sed vehicula id odio quis rhoncus. Donec ullamcorper, lectus in dictum porta, urna nisl tincidunt metus, at iaculis nunc sem vitae diam. Etiam quam orci, volutpat a justo non, pretium condimentum felis. Duis id elementum arcu. Mauris pharetra dui molestie tortor imperdiet. </p><p><br></p><p>Duis non laoreet eros. Vestibulum porta neque eleifend erat tempus, vitae sagittis elit sodales. Sed convallis erat quis iaculis vestibulum. Curabitur sit amet purus et tellus consectetur vehicula. Suspendisse condimentum bibendum ante in adipiscing. Aliquam dignissim nisl eget arcu convallis, in viverra risus consequat. Pellentesque dictum gravida lacinia.</p>','4rMelZQVGj3Z9p33Dj1yvsdGG','180','',432,'2022-09-10 00:00:00',0,1,1,914),(463,1,'Professores do Ensino Fundamental I','professoresdoensinofundamentali','Nome do Gestor(a)','<p>Lorem ipsão dolor sít amçet, consectetur adipiscing elit. Sed vehicula id odio quis rhoncus. Donec ullamcorper, lectus in dictum porta, urna nisl tincidunt metus, at iaculis nunc sem vitae diam. Etiam quam orci, volutpat a justo non, pretium condimentum felis. Duis id elementum arcu. Mauris pharetra dui molestie tortor imperdiet. </p><p><br></p><p>Duis non laoreet eros. Vestibulum porta neque eleifend erat tempus, vitae sagittis elit sodales. Sed convallis erat quis iaculis vestibulum. Curabitur sit amet purus et tellus consectetur vehicula. Suspendisse condimentum bibendum ante in adipiscing. Aliquam dignissim nisl eget arcu convallis, in viverra risus consequat. Pellentesque dictum gravida lacinia.</p>','9wEhFxXjHB4904TdaccBVrlDq','182','Endereço:\r\nTelefone:\r\ne-Mail:\r\nHorário de Expediente:',457,'2021-04-04 00:00:00',0,1,1,474),(464,1,'Financeiro','financeiro','Nome do Gestor(a)\r\n','<p>Lorem ipsão dolor sít amçet, consectetur adipiscing elit. Sed vehicula id odio quis rhoncus. Donec ullamcorper, lectus in dictum porta, urna nisl tincidunt metus, at iaculis nunc sem vitae diam. Etiam quam orci, volutpat a justo non, pretium condimentum felis. Duis id elementum arcu. Mauris pharetra dui molestie tortor imperdiet. </p><p><br></p><p>Duis non laoreet eros. Vestibulum porta neque eleifend erat tempus, vitae sagittis elit sodales. Sed convallis erat quis iaculis vestibulum. Curabitur sit amet purus et tellus consectetur vehicula. Suspendisse condimentum bibendum ante in adipiscing. Aliquam dignissim nisl eget arcu convallis, in viverra risus consequat. Pellentesque dictum gravida lacinia.</p>','71nA4JoITe18EDszhS47RA0kc','181','',449,'2021-04-04 00:00:00',0,1,1,465),(465,1,'Ensino Médio','ensinomedio','Nome do Gestor(a)','<p>Lorem ipsão dolor sít amçet, consectetur adipiscing elit. Sed vehicula id odio quis rhoncus. Donec ullamcorper, lectus in dictum porta, urna nisl tincidunt metus, at iaculis nunc sem vitae diam. Etiam quam orci, volutpat a justo non, pretium condimentum felis. Duis id elementum arcu. Mauris pharetra dui molestie tortor imperdiet. </p><p><br></p><p>Duis non laoreet eros. Vestibulum porta neque eleifend erat tempus, vitae sagittis elit sodales. Sed convallis erat quis iaculis vestibulum. Curabitur sit amet purus et tellus consectetur vehicula. Suspendisse condimentum bibendum ante in adipiscing. Aliquam dignissim nisl eget arcu convallis, in viverra risus consequat. Pellentesque dictum gravida lacinia.</p>','NJzHWBf7Mp9nHKI7sVZwyx9Lg','181','',448,'2021-04-04 00:00:00',0,1,1,446),(473,1,'Professores do Ensino Médio','professoresdoensinomedio','Nome do Gestor(a)','<p>Lorem ipsão dolor sít amçet, consectetur adipiscing elit. Sed vehicula id odio quis rhoncus. Donec ullamcorper, lectus in dictum porta, urna nisl tincidunt metus, at iaculis nunc sem vitae diam. Etiam quam orci, volutpat a justo non, pretium condimentum felis. Duis id elementum arcu. Mauris pharetra dui molestie tortor imperdiet. </p><p><br></p><p>Duis non laoreet eros. Vestibulum porta neque eleifend erat tempus, vitae sagittis elit sodales. Sed convallis erat quis iaculis vestibulum. Curabitur sit amet purus et tellus consectetur vehicula. Suspendisse condimentum bibendum ante in adipiscing. Aliquam dignissim nisl eget arcu convallis, in viverra risus consequat. Pellentesque dictum gravida lacinia.</p>','c9UYx3ddZEaVeSiQ1eOP3hBNz','182','Endereço:\r\nTelefone:\r\ne-Mail:\r\nHorário de Expediente:',458,'2021-04-23 00:00:00',0,1,1,482);

--
-- Table structure for table `governo_arquivos`
--

CREATE TABLE `governo_arquivos` (
  `id` int(11) NOT NULL AUTO_INCREMENT,
  `codigo` varchar(25) NOT NULL,
  `path` text NOT NULL,
  `arquivo` text NOT NULL,
  `legenda` text DEFAULT NULL,
  `tipo` varchar(50) DEFAULT NULL,
  PRIMARY KEY (`id`),
  KEY `codigo` (`codigo`)
) ENGINE=MyISAM AUTO_INCREMENT=459 DEFAULT CHARSET=latin1 COLLATE=latin1_swedish_ci ROW_FORMAT=DYNAMIC;

--
-- Dumping data for table `governo_arquivos`
--

INSERT INTO `governo_arquivos` (`id`, `codigo`, `path`, `arquivo`, `legenda`, `tipo`) VALUES (440,'DFE9abJzLxKcPuCaj7UqBgKfU','zHD/governo/1/DFE9abJzLxKcPuCaj7UqBgKfU/imagens/','0803429001677486622.jpg',NULL,'capa'),(457,'9wEhFxXjHB4904TdaccBVrlDq','zHD/governo/1/9wEhFxXjHB4904TdaccBVrlDq/imagens/','0137752001677487057.jpg',NULL,'capa'),(436,'GHgZuNllSO3eNmfAX2Bn6HD7b','zHD/governo/1/GHgZuNllSO3eNmfAX2Bn6HD7b/imagens/','0937609001677487309.jpg',NULL,'capa'),(434,'KkqqZamCHJp10NKrmpBzBkjAI','zHD/governo/1/KkqqZamCHJp10NKrmpBzBkjAI/imagens/','0047902001677486556.jpg',NULL,'capa'),(432,'4rMelZQVGj3Z9p33Dj1yvsdGG','zHD/governo/1/4rMelZQVGj3Z9p33Dj1yvsdGG/imagens/','0383976001681139036.jpg','Foto Ilustrativa','capa'),(393,'2o3Gfbt5OZoh8NnPUZ0Pu2oG1','zHD/governo/16/2o3Gfbt5OZoh8NnPUZ0Pu2oG1/imagens/','escola4 (0402880001541251169).jpg','Escola de Educação Infantil','imagem'),(394,'2o3Gfbt5OZoh8NnPUZ0Pu2oG1','zHD/governo/16/2o3Gfbt5OZoh8NnPUZ0Pu2oG1/imagens/','escola1 (0391770001541251169).jpg','Escola de Educação Infantil','imagem'),(395,'2o3Gfbt5OZoh8NnPUZ0Pu2oG1','zHD/governo/16/2o3Gfbt5OZoh8NnPUZ0Pu2oG1/imagens/','escola3 (0406962001541251169).jpg','Escola de Educação Infantil','imagem'),(396,'2o3Gfbt5OZoh8NnPUZ0Pu2oG1','zHD/governo/16/2o3Gfbt5OZoh8NnPUZ0Pu2oG1/imagens/','escola2 (0586185001541251169).jpg','Escola de Educação Infantil','imagem'),(397,'2o3Gfbt5OZoh8NnPUZ0Pu2oG1','zHD/governo/16/2o3Gfbt5OZoh8NnPUZ0Pu2oG1/arquivos/','ilustrativo2 (0233276001541251338).pdf','Ficha de Matricula (ilustrativo)','arquivo'),(398,'2o3Gfbt5OZoh8NnPUZ0Pu2oG1','zHD/governo/16/2o3Gfbt5OZoh8NnPUZ0Pu2oG1/arquivos/','ilustrativo3 - Copia (0234388001541251338).pdf','Ficha Médica (ilustrativo)','arquivo'),(399,'2o3Gfbt5OZoh8NnPUZ0Pu2oG1','zHD/governo/16/2o3Gfbt5OZoh8NnPUZ0Pu2oG1/arquivos/','ilustrativo4 (0234098001541251338).pdf','Escolas com vagas (ilustrativo)','arquivo'),(400,'2o3Gfbt5OZoh8NnPUZ0Pu2oG1','zHD/governo/16/2o3Gfbt5OZoh8NnPUZ0Pu2oG1/arquivos/','ilustrativo3 (0268170001541251338).pdf','Professores (ilustrativo)','arquivo'),(401,'sgs2tjZkI11wTuMIiPuhLc0MY','zHD/governo/16/sgs2tjZkI11wTuMIiPuhLc0MY/imagens/','0700883001541252417.jpg','Ensino Fundamental','capa'),(402,'sgs2tjZkI11wTuMIiPuhLc0MY','zHD/governo/16/sgs2tjZkI11wTuMIiPuhLc0MY/imagens/','escola3 (0423930001541252445).jpg','Escola Municipal','imagem'),(403,'sgs2tjZkI11wTuMIiPuhLc0MY','zHD/governo/16/sgs2tjZkI11wTuMIiPuhLc0MY/imagens/','escola2 (0467667001541252445).jpg','Escola Municipal','imagem'),(404,'sgs2tjZkI11wTuMIiPuhLc0MY','zHD/governo/16/sgs2tjZkI11wTuMIiPuhLc0MY/imagens/','escola4 (0422915001541252445).jpg','Escola Municipal','imagem'),(405,'sgs2tjZkI11wTuMIiPuhLc0MY','zHD/governo/16/sgs2tjZkI11wTuMIiPuhLc0MY/imagens/','escola1 (0430100001541252445).jpg','Escola Municipal','imagem'),(406,'sgs2tjZkI11wTuMIiPuhLc0MY','zHD/governo/16/sgs2tjZkI11wTuMIiPuhLc0MY/arquivos/','ilustrativo3 - Copia (0292004001541252537).pdf','Ficha de Matricula (ilustrativo)','arquivo'),(407,'sgs2tjZkI11wTuMIiPuhLc0MY','zHD/governo/16/sgs2tjZkI11wTuMIiPuhLc0MY/arquivos/','ilustrativo2 (0497444001541252537).pdf','Ficha Médica (ilustrativo)','arquivo'),(408,'sgs2tjZkI11wTuMIiPuhLc0MY','zHD/governo/16/sgs2tjZkI11wTuMIiPuhLc0MY/arquivos/','ilustrativo3 (0606006001541252537).pdf','Escolas com vagas (ilustrativo)','arquivo'),(409,'vKkPk6aqjR9bmtlsYXDfY3I2C','zHD/governo/16/vKkPk6aqjR9bmtlsYXDfY3I2C/imagens/','0005426001541345364.jpg','A água no mundo','capa'),(426,'vKkPk6aqjR9bmtlsYXDfY3I2C','zHD/governo/16/vKkPk6aqjR9bmtlsYXDfY3I2C/arquivos/','a escasse dagua (0285864001541346256).pdf','A escassez da água na terra','arquivo'),(425,'vKkPk6aqjR9bmtlsYXDfY3I2C','zHD/governo/16/vKkPk6aqjR9bmtlsYXDfY3I2C/imagens/','agua7 (0013744001541346002).jpg','A água na terra','imagem'),(424,'vKkPk6aqjR9bmtlsYXDfY3I2C','zHD/governo/16/vKkPk6aqjR9bmtlsYXDfY3I2C/imagens/','agua6 (0494443001541346000).jpg','A água na terra','imagem'),(423,'vKkPk6aqjR9bmtlsYXDfY3I2C','zHD/governo/16/vKkPk6aqjR9bmtlsYXDfY3I2C/imagens/','agua5 (0481343001541345997).jpg','A água na terra','imagem'),(422,'vKkPk6aqjR9bmtlsYXDfY3I2C','zHD/governo/16/vKkPk6aqjR9bmtlsYXDfY3I2C/imagens/','agua3 (0486082001541345997).jpg','A água na terra','imagem'),(421,'vKkPk6aqjR9bmtlsYXDfY3I2C','zHD/governo/16/vKkPk6aqjR9bmtlsYXDfY3I2C/imagens/','agua1 (0203790001541345997).jpg','A água na terra','imagem'),(420,'vKkPk6aqjR9bmtlsYXDfY3I2C','zHD/governo/16/vKkPk6aqjR9bmtlsYXDfY3I2C/imagens/','agua4 (0887984001541345996).jpg','A água na terra','imagem'),(419,'vKkPk6aqjR9bmtlsYXDfY3I2C','zHD/governo/16/vKkPk6aqjR9bmtlsYXDfY3I2C/imagens/','agua2 (0978565001541345994).jpg','A água na terra','imagem'),(418,'vKkPk6aqjR9bmtlsYXDfY3I2C','zHD/governo/16/vKkPk6aqjR9bmtlsYXDfY3I2C/imagens/','agua8 (0591628001541345983).jpg','A água na terra','imagem'),(430,'l5TnnlilQ893X2r5ERFM0DHAx','zHD/governo/17/l5TnnlilQ893X2r5ERFM0DHAx/imagens/','0242208001592101221.jpg',NULL,'capa'),(431,'lQZ2q3HWKf7ntjdHBLeazNCtL','zHD/governo/17/lQZ2q3HWKf7ntjdHBLeazNCtL/imagens/','0183281001592101364.jpg',NULL,'capa'),(448,'NJzHWBf7Mp9nHKI7sVZwyx9Lg','zHD/governo/1/NJzHWBf7Mp9nHKI7sVZwyx9Lg/imagens/','0570075001677487152.jpg',NULL,'capa'),(449,'71nA4JoITe18EDszhS47RA0kc','zHD/governo/1/71nA4JoITe18EDszhS47RA0kc/imagens/','0524001001677487118.jpg',NULL,'capa'),(458,'c9UYx3ddZEaVeSiQ1eOP3hBNz','zHD/governo/1/c9UYx3ddZEaVeSiQ1eOP3hBNz/imagens/','0761384001677486993.jpg',NULL,'capa');

--
-- Table structure for table `governo_links`
--

CREATE TABLE `governo_links` (
  `id` int(11) NOT NULL AUTO_INCREMENT,
  `codigo` varchar(25) NOT NULL,
  `titulo` text DEFAULT NULL,
  `link` text NOT NULL,
  PRIMARY KEY (`id`),
  KEY `codigo` (`codigo`)
) ENGINE=MyISAM AUTO_INCREMENT=120 DEFAULT CHARSET=latin1 COLLATE=latin1_swedish_ci ROW_FORMAT=DYNAMIC;

--
-- Dumping data for table `governo_links`
--


--
-- Table structure for table `governo_secoes`
--

CREATE TABLE `governo_secoes` (
  `id` int(11) NOT NULL AUTO_INCREMENT,
  `nome` varchar(250) NOT NULL,
  `entidade` int(11) NOT NULL DEFAULT 0,
  PRIMARY KEY (`id`),
  KEY `entidade` (`entidade`)
) ENGINE=MyISAM AUTO_INCREMENT=186 DEFAULT CHARSET=latin1 COLLATE=latin1_swedish_ci ROW_FORMAT=DYNAMIC;

--
-- Dumping data for table `governo_secoes`
--

INSERT INTO `governo_secoes` (`id`, `nome`, `entidade`) VALUES (182,'Professores',1),(181,'Diretorias',1),(180,'Administração',1),(179,'Secretarias Municipais',2),(178,'Gabinete de Governo',2),(177,'Departamentos',2),(176,'Administração',2),(183,'Departamentos',1),(184,'Organograma',1),(185,'Administração',6);

--
-- Table structure for table `governo_videos`
--

CREATE TABLE `governo_videos` (
  `id` int(11) NOT NULL AUTO_INCREMENT,
  `codigo` varchar(25) NOT NULL,
  `titulo` text DEFAULT NULL,
  `link` text NOT NULL,
  PRIMARY KEY (`id`),
  KEY `codigo` (`codigo`)
) ENGINE=MyISAM AUTO_INCREMENT=133 DEFAULT CHARSET=latin1 COLLATE=latin1_swedish_ci ROW_FORMAT=DYNAMIC;

--
-- Dumping data for table `governo_videos`
--


--
-- Table structure for table `imagem`
--

CREATE TABLE `imagem` (
  `id` int(11) NOT NULL AUTO_INCREMENT,
  `usuario` int(11) NOT NULL DEFAULT 0,
  `secao` int(11) NOT NULL DEFAULT 0,
  `path` text DEFAULT NULL,
  `arquivo` text DEFAULT NULL,
  `legenda` text DEFAULT NULL,
  `ordem` int(11) NOT NULL DEFAULT 0,
  `link` text DEFAULT NULL,
  `target` varchar(50) DEFAULT NULL,
  `entidade` int(11) NOT NULL,
  `status` int(11) NOT NULL DEFAULT 1,
  PRIMARY KEY (`id`),
  KEY `entidade` (`entidade`),
  KEY `secao` (`secao`),
  KEY `status` (`status`)
) ENGINE=MyISAM AUTO_INCREMENT=23 DEFAULT CHARSET=latin1 COLLATE=latin1_swedish_ci ROW_FORMAT=DYNAMIC;

--
-- Dumping data for table `imagem`
--

INSERT INTO `imagem` (`id`, `usuario`, `secao`, `path`, `arquivo`, `legenda`, `ordem`, `link`, `target`, `entidade`, `status`) VALUES (18,1,184,'zHD/imagem/1/18/','0779819001673639345.jpg','Costelão',1,'https://jpw.net.br/ctgs/web1/pag.php?pg=public/tagi&tag=costelao-mensal','default',1,1),(4,1,182,'zHD/imagem/1/4/','0357580001668315552.jpg','Costelão',1,'https://jpw.net.br/ctgs/web1/pag.php?pg=public/tagi&tag=costelao-mensal','default',1,1),(5,1,182,'zHD/imagem/1/5/','0554805001668317105.jpg','Semana Farroupilha',4,'https://jpw.net.br/ctgs/web1/pag.php?pg=public/tagi&tag=semana-farroupilha','default',1,1),(20,1,182,'zHD/imagem/1/20/','0827944001668316867.jpg','Baile do Chope',3,'',NULL,1,1),(17,1,184,'zHD/imagem/1/17/','0261988001673640758.jpg','Semana Farroupilha',1,'','default',1,0),(21,1,182,'zHD/imagem/1/21/','0981363001668316608.jpg','Seja Sócio',1,'https://jpw.net.br/ctgs/web1/pag.php?pg=public/tag&tag=seja-socio_1','default',1,1),(22,1,185,'zHD/imagem/1/22/','0144799001673639074.jpg','Capa',1,'',NULL,1,1);

--
-- Table structure for table `imagem_secoes`
--

CREATE TABLE `imagem_secoes` (
  `id` int(11) NOT NULL AUTO_INCREMENT,
  `nome` varchar(250) NOT NULL,
  `entidade` int(11) NOT NULL DEFAULT 0,
  PRIMARY KEY (`id`),
  KEY `entidade` (`entidade`)
) ENGINE=MyISAM AUTO_INCREMENT=186 DEFAULT CHARSET=latin1 COLLATE=latin1_swedish_ci ROW_FORMAT=DYNAMIC;

--
-- Dumping data for table `imagem_secoes`
--

INSERT INTO `imagem_secoes` (`id`, `nome`, `entidade`) VALUES (182,'Menu',1),(183,'Multi',1),(184,'Banner',1),(185,'Capa',1);

--
-- Table structure for table `links`
--

CREATE TABLE `links` (
  `id` int(11) NOT NULL AUTO_INCREMENT,
  `titulo` text NOT NULL,
  `secao` int(11) NOT NULL DEFAULT 0,
  `url` text NOT NULL,
  `entidade` int(11) NOT NULL DEFAULT 0,
  PRIMARY KEY (`id`),
  KEY `entidade` (`entidade`)
) ENGINE=MyISAM AUTO_INCREMENT=2 DEFAULT CHARSET=latin1 COLLATE=latin1_swedish_ci ROW_FORMAT=DYNAMIC;

--
-- Dumping data for table `links`
--

INSERT INTO `links` (`id`, `titulo`, `secao`, `url`, `entidade`) VALUES (1,'Links Úteis',1,'http://google.com.br',1);

--
-- Table structure for table `links_secoes`
--

CREATE TABLE `links_secoes` (
  `id` int(11) NOT NULL AUTO_INCREMENT,
  `entidade` int(11) NOT NULL DEFAULT 0,
  `nome` varchar(250) NOT NULL,
  PRIMARY KEY (`id`),
  KEY `entidade` (`entidade`)
) ENGINE=MyISAM AUTO_INCREMENT=8 DEFAULT CHARSET=latin1 COLLATE=latin1_swedish_ci ROW_FORMAT=DYNAMIC;

--
-- Dumping data for table `links_secoes`
--

INSERT INTO `links_secoes` (`id`, `entidade`, `nome`) VALUES (1,1,'Links Úteis');

--
-- Table structure for table `livros`
--

CREATE TABLE `livros` (
  `id` int(11) NOT NULL AUTO_INCREMENT,
  `usuario` int(11) NOT NULL DEFAULT 0,
  `categoria` int(11) NOT NULL DEFAULT 0,
  `capa` int(11) DEFAULT NULL,
  `titulo` text NOT NULL,
  `autor` text DEFAULT NULL,
  `texto` text DEFAULT NULL,
  `codigo` varchar(25) NOT NULL,
  `ano` year(4) DEFAULT NULL,
  `data` datetime DEFAULT current_timestamp(),
  `entidade` int(11) NOT NULL,
  `local` int(11) NOT NULL DEFAULT 1,
  PRIMARY KEY (`id`) USING BTREE,
  KEY `entidade` (`entidade`) USING BTREE,
  KEY `secao` (`categoria`) USING BTREE,
  KEY `status` (`local`) USING BTREE
) ENGINE=MyISAM DEFAULT CHARSET=latin1 COLLATE=latin1_swedish_ci ROW_FORMAT=DYNAMIC;

--
-- Dumping data for table `livros`
--


--
-- Table structure for table `livros_arquivos`
--

CREATE TABLE `livros_arquivos` (
  `id` int(11) NOT NULL AUTO_INCREMENT,
  `codigo` varchar(25) NOT NULL,
  `path` text NOT NULL,
  `arquivo` text NOT NULL,
  `legenda` text DEFAULT NULL,
  `tipo` varchar(50) DEFAULT NULL,
  `data` date DEFAULT NULL,
  `views` int(11) NOT NULL DEFAULT 0,
  `local` int(11) NOT NULL DEFAULT 1,
  PRIMARY KEY (`id`) USING BTREE,
  KEY `codigo` (`codigo`) USING BTREE,
  KEY `status` (`local`) USING BTREE
) ENGINE=MyISAM DEFAULT CHARSET=latin1 COLLATE=latin1_swedish_ci ROW_FORMAT=DYNAMIC;

--
-- Dumping data for table `livros_arquivos`
--


--
-- Table structure for table `livros_categorias`
--

CREATE TABLE `livros_categorias` (
  `id` int(11) NOT NULL AUTO_INCREMENT,
  `nome` varchar(250) NOT NULL,
  `entidade` int(11) NOT NULL DEFAULT 0,
  `local` int(11) NOT NULL DEFAULT 1,
  PRIMARY KEY (`id`) USING BTREE,
  KEY `entidade` (`entidade`) USING BTREE,
  KEY `status` (`local`) USING BTREE
) ENGINE=MyISAM DEFAULT CHARSET=latin1 COLLATE=latin1_swedish_ci ROW_FORMAT=DYNAMIC;

--
-- Dumping data for table `livros_categorias`
--


--
-- Table structure for table `livros_sites`
--

CREATE TABLE `livros_sites` (
  `id` int(11) NOT NULL AUTO_INCREMENT,
  `site_dominio` varchar(600) NOT NULL,
  `site_entidade` int(11) NOT NULL DEFAULT 0,
  `entidade` int(11) NOT NULL DEFAULT 0,
  `ultima_atualizacao` datetime DEFAULT NULL,
  PRIMARY KEY (`id`) USING BTREE,
  KEY `entidade` (`entidade`) USING BTREE
) ENGINE=MyISAM DEFAULT CHARSET=latin1 COLLATE=latin1_swedish_ci ROW_FORMAT=DYNAMIC;

--
-- Dumping data for table `livros_sites`
--


--
-- Table structure for table `localizacao`
--

CREATE TABLE `localizacao` (
  `id` int(11) NOT NULL AUTO_INCREMENT,
  `usuario` int(11) NOT NULL DEFAULT 0,
  `secao` int(11) NOT NULL DEFAULT 0,
  `codigo` text DEFAULT NULL,
  `entidade` int(11) NOT NULL,
  PRIMARY KEY (`id`),
  KEY `secao` (`secao`),
  KEY `entidade` (`entidade`)
) ENGINE=MyISAM AUTO_INCREMENT=2 DEFAULT CHARSET=latin1 COLLATE=latin1_swedish_ci ROW_FORMAT=DYNAMIC;

--
-- Dumping data for table `localizacao`
--

INSERT INTO `localizacao` (`id`, `usuario`, `secao`, `codigo`, `entidade`) VALUES (1,1,1,'<iframe src=\"https://www.google.com/maps/embed?pb=!1m18!1m12!1m3!1d959.8007994550101!2d-47.91890157079285!3d-15.793236108837403!2m3!1f0!2f0!3f0!3m2!1i1024!2i768!4f13.1!3m3!1m2!1s0x935a3a83ddfbfe5f%3A0x57ce07247b2309cf!2sSt.%20Sudoeste%20Com%C3%A9rcio%20Local%20Sudoeste%20300%20B%20-%20Cruzeiro%20%2F%20Sudoeste%20%2F%20Octogonal%2C%20Bras%C3%ADlia%20-%20DF%2C%2070297-400!5e0!3m2!1spt-BR!2sbr!4v1610176108190!5m2!1spt-BR!2sbr\" width=\"100%\" height=\"450\" frameborder=\"0\" style=\"border:0;\" allowfullscreen=\"\" aria-hidden=\"false\" tabindex=\"0\"></iframe>',1);

--
-- Table structure for table `localizacao_secoes`
--

CREATE TABLE `localizacao_secoes` (
  `id` int(11) NOT NULL AUTO_INCREMENT,
  `nome` varchar(250) NOT NULL,
  `entidade` int(11) NOT NULL DEFAULT 0,
  PRIMARY KEY (`id`),
  KEY `nome` (`nome`)
) ENGINE=MyISAM AUTO_INCREMENT=158 DEFAULT CHARSET=latin1 COLLATE=latin1_swedish_ci ROW_FORMAT=DYNAMIC;

--
-- Dumping data for table `localizacao_secoes`
--

INSERT INTO `localizacao_secoes` (`id`, `nome`, `entidade`) VALUES (1,'Localização',1);

--
-- Table structure for table `mural`
--

CREATE TABLE `mural` (
  `id` int(11) NOT NULL AUTO_INCREMENT,
  `secao` int(11) NOT NULL DEFAULT 0,
  `pergunta` text DEFAULT NULL,
  `data_pergunta` timestamp NULL DEFAULT current_timestamp(),
  `data_resposta` datetime DEFAULT NULL,
  `nome` varchar(200) DEFAULT NULL,
  `email` varchar(300) DEFAULT NULL,
  `resposta` text DEFAULT NULL,
  `usuario` int(11) DEFAULT 0,
  `entidade` int(11) NOT NULL,
  `status` int(11) NOT NULL DEFAULT 0,
  PRIMARY KEY (`id`),
  KEY `secao` (`secao`),
  KEY `status` (`status`),
  KEY `entidade` (`entidade`),
  KEY `data_pergunta` (`data_pergunta`)
) ENGINE=MyISAM DEFAULT CHARSET=latin1 COLLATE=latin1_swedish_ci ROW_FORMAT=DYNAMIC;

--
-- Dumping data for table `mural`
--


--
-- Table structure for table `mural_secoes`
--

CREATE TABLE `mural_secoes` (
  `id` int(11) NOT NULL AUTO_INCREMENT,
  `nome` varchar(250) NOT NULL,
  `entidade` int(11) NOT NULL DEFAULT 0,
  PRIMARY KEY (`id`),
  KEY `nome` (`nome`)
) ENGINE=MyISAM AUTO_INCREMENT=158 DEFAULT CHARSET=latin1 COLLATE=latin1_swedish_ci ROW_FORMAT=DYNAMIC;

--
-- Dumping data for table `mural_secoes`
--

INSERT INTO `mural_secoes` (`id`, `nome`, `entidade`) VALUES (1,'Mural',1);

--
-- Table structure for table `noticias`
--

CREATE TABLE `noticias` (
  `id` int(11) NOT NULL AUTO_INCREMENT,
  `usuario` int(11) NOT NULL DEFAULT 0,
  `titulo` text NOT NULL,
  `tag` varchar(500) NOT NULL DEFAULT '',
  `subtitulo` text DEFAULT NULL,
  `texto` longtext DEFAULT NULL,
  `codigo` varchar(25) NOT NULL,
  `secao` int(11) NOT NULL DEFAULT 0,
  `capa` int(11) DEFAULT 0,
  `data` datetime DEFAULT current_timestamp(),
  `destaque` int(11) DEFAULT 0,
  `entidade` int(11) NOT NULL,
  `status` int(11) DEFAULT 1,
  `contador` int(11) DEFAULT 0,
  PRIMARY KEY (`id`),
  KEY `tag` (`tag`),
  KEY `entidade` (`entidade`),
  KEY `capa` (`capa`),
  KEY `secao` (`secao`),
  KEY `status` (`status`)
) ENGINE=MyISAM AUTO_INCREMENT=41 DEFAULT CHARSET=latin1 COLLATE=latin1_swedish_ci;

--
-- Dumping data for table `noticias`
--

INSERT INTO `noticias` (`id`, `usuario`, `titulo`, `tag`, `subtitulo`, `texto`, `codigo`, `secao`, `capa`, `data`, `destaque`, `entidade`, `status`, `contador`) VALUES (1,1,'Grande Show com Aviões do Forró na Exposição Agrícola','grande-show-com-avioes-do-forro-na-exposicao-agricola','\"Lorem ipsão dolor sít amçet consectetur adipiscing elit Sed vehicula id odio quis rhoncus. Donec ullamcorper, lectus in dictum porta, urna nisl tincidunt metu.\"','<p>Lorem ipsão dolor sít amçet, consectetur adipiscing elit. Sed \r\nvehicula id odio quis rhoncus. Donec ullamcorper, lectus in dictum \r\nporta, urna nisl tincidunt metus, at iaculis nunc sem vitae diam. Etiam \r\nquam orci, volutpat a justo non, pretium condimentum felis. Duis id \r\nelementum arcu. Mauris pharetra dui molestie tortor imperdiet. </p><p><br></p><p>Duis\r\n non laoreet eros. Vestibulum porta neque eleifend erat tempus, vitae \r\nsagittis elit sodales. Sed convallis erat quis iaculis vestibulum. \r\nCurabitur sit amet purus et tellus consectetur vehicula. Suspendisse \r\ncondimentum bibendum ante in adipiscing. Aliquam dignissim nisl eget \r\narcu convallis, in viverra risus consequat. Pellentesque dictum gravida \r\nlacinia.</p><p><br></p><p>Lorem ipsão dolor sít amçet, consectetur \r\nadipiscing elit. Sed vehicula id odio quis rhoncus. Donec ullamcorper, \r\nlectus in dictum porta, urna nisl tincidunt metus, at iaculis nunc sem \r\nvitae diam. Etiam quam orci, volutpat a justo non, pretium condimentum \r\nfelis. Duis id elementum arcu. Mauris pharetra dui molestie tortor \r\nimperdiet. </p><p><br></p><p>Duis non laoreet eros. Vestibulum porta \r\nneque eleifend erat tempus, vitae sagittis elit sodales. Sed convallis \r\nerat quis iaculis vestibulum. Curabitur sit amet purus et tellus \r\nconsectetur vehicula. Suspendisse condimentum bibendum ante in \r\nadipiscing. Aliquam dignissim nisl eget arcu convallis, in viverra risus\r\n consequat. Pellentesque dictum gravida lacinia.</p>','zHy019GRScnaDiGr4tUFTsYNr',1,1,'2021-01-09 01:47:00',0,1,1,674),(4,1,'Dicas úteis para uso racional e economia no trato com a água','dicas-uteis-para-uso-racional-e-economia-no-trato-com-a-agua','Não gaste além do necessário, tenha cuidados com vazamentos, sabendo poupar não vai faltar.','<p>1) A água de qualquer torneira de minha casa é segura para se beber e fazer comida?</p><p>O\r\n SAAE garante a qualidade da água distribuída à população até a entrada \r\ndo imóvel na estrutura do cavalete, onde existe o medidor de consumo \r\n(hidrômetro).A manutenção da qualidade da água nos cômodos internos da \r\nresidência é dever e responsabilidade de cada morador. Por isso, \r\nmantenha suas instalações hidráulicas sempre em bom estado de \r\nconservação e limpe a caixa-d`água pelo menos 2 vezes ao ano. Toda \r\ncaixa-d\'água deverá ficar permanentemente tampada e bem vedada. Quando \r\nas águas das torneiras internas de sua casa apresentarem aspectos \r\ndiferentes do normal (cor, cheiro, gosto, etc), faça inicialmente uma \r\ncomparação com aquela que está chegando no cavalete, antes de acionar o \r\nSAAE.</p><p><br></p><p>2) Minha filha tomou água da torneira e ficou com dor de barriga e diarréia. É mesmo por causa da água?</p><p>Não.\r\n A água que o SAAE entrega pela rede de distribuição tem um contínuo \r\ncontrole de qualidade. É mais provável que outras coisas que ela tenha \r\ncomido possam tê-la deixado doente, ou pode ter adquirido alguma doença \r\ntransmitida pelo ar. Além do mais, os copos e os vasilhames para \r\ndepositar água precisam estar sempre limpos. Hábitos de higiene, como \r\nlavagem das mãos com sabonete antes de desocupar os banheiros, corte e \r\nlimpeza das unhas, evitar levar as mãos sujas à boca, acondicionamento \r\ndo lixo doméstico em recipientes bem vedados são indispensáveis para se \r\nevitar doenças.</p><p><br></p><p>3) As águas de poço e as águas de mina podem ser consideradas potáveis?</p><p>Depende\r\n de suas localizações. Em áreas urbanas, as águas de poço e de mina \r\npodem estar contaminadas por poluentes presentes no solo. Embora possam \r\nter aparência límpida e cristalina, geralmente contêm microorganismos \r\nnão visíveis a olho nu, que podem causar doenças.&nbsp;</p><p><br></p><p>4) Como se pode potabilizar uma água de poço ou de mina?</p><p>Caso\r\n as análises laboratoriais indiquem, nas águas de poço e de mina, \r\npresença de microorganismos, é necessário fervê-las ou desenfeitá-las \r\natravés da cloração caseira. A cloração caseira é feita através da \r\naplicação do hipoclorito de sódio ou de água sanitária (produto \r\ncomercialmente conhecido como Cândida, Qboa, Água de lavadeira). Esta \r\nmedida só é eficiente para pequenas contaminações. No uso do produto \r\ncomercial, vendido na concentração 2%, deve-se pingar 3 gotas em cada \r\nlitro de água e esperar 30 minutos para usá-la. Entretanto, quando os \r\nresultados dos exames laboratoriais da água do poço ou da mina indicarem\r\n uma reprovação quanto aos aspectos físicos e químicos (cor, \r\nconcentração excessiva de substâncias dissolvidas etc.) não há como \r\npotabilizá-la no âmbito doméstico. Essa água não deve ser utilizada para\r\n beber e fazer alimentos.</p><p><br></p><p>5) Por que, às vezes, a água da minha casa sai esbranquiçada da torneira?</p><p>Muita\r\n gente relaciona a coloração esbranquiçada da água com a dosagem \r\nadicional de cloro. A água esbranquiçada é motivada pela presença de \r\nmicrobolhas resultantes da pressão da água na tubulação, no instante da \r\nabertura da torneira. Se você deixar essa água num copo por um ou dois \r\nminutos, ela volta a ficar incolor e transparente.</p><p><br></p><p>6) Por que, às vezes, na minha casa a água chega barrenta ou com coloração amarelada ou marrom?&nbsp;</p><p>Durante\r\n os reparos das redes, a tubulação seca, após a conclusão do reparo, \r\nincrustações na parede da tubulação, desprende-se deixando a água \r\namarelada ou marrom. Em tais situações o SAAE sempre mantém as descargas\r\n de rua abertas acelerando a lavagem das redes, até se constatar a \r\nclarificação da água. De qualquer forma, o cloro presente na água \r\ngarante a desinfecção, sem riscos à saúde da população. Alertamos que \r\nesta ocorrência é puramente de coloração momentânea da agua, não \r\nafetando sua qualidade fisico-quimica e bacteriologica.Perdurando a \r\nsituação, entre em contato com o SAAE pelos telefones 3262 6333 ou 0800 \r\n7702195 (Plantão de Emergência).</p><p><br></p><p>7) O filtro caseiro é necessário?&nbsp;</p><p>O\r\n SAAE sugere que sejam utilizados. Entretanto, primeiramente, deve-se \r\nesclarecer que os filtros caseiros não são suficientes para adequar a \r\nágua aos Padrões de Potabilidade estabelecidos pela legislação. Isto \r\nquer dizer que somente devem ser utilizados para águas já potabilizadas \r\n(já tratadas) pelo SAAE. Também não são totalmente confiáveis na \r\n\"limpeza\" da água quando proveniente de caixas d`água domiciliares mal \r\nconservadas. Quando utilizados, os filtros devem ser mantidos e operados\r\n de acordo com as orientações dos fabricantes. Nos casos das velas, não \r\nutilizar materiais abrasivos (ásperos) e nem mesmo açúcar, que é \r\nusualmente aplicado, nas limpezas periódicas. A utilização destes \r\nmateriais danifica as velas. Recomenda-se a limpeza periódica com água \r\ntratada corrente e a substituição das mesmas com freqüência.</p><p><br></p><p>8) Pode acontecer de faltar água em minha residência?</p><p>Eventualmente.\r\n Constatado falta de água em sua residência. Verifique se o registro de \r\nentrada de sua residência não está fechado. Se não estiver, entre em \r\ncontato com o SAAE pelo telefone 0800 77 02195 (Plantão de Emergência).&nbsp;</p><p>Pode eventualmente ocorrer problemas de manutenção na região de sua residencia, necessitando de interrupção do fornecimento.</p><p><br></p><p>9) Como eu posso verificar sozinho se há algum vazamento de água em minha residência?</p><p>À noite, quando todos forem dormir, o último que usar a água deve aguardar uns 15 minutos para encher a caixa d\'água.&nbsp;</p><p>Em\r\n seguida, vá até o hidrômetro e faça uma leitura anotando os números \r\npretos e vermelhos, deixando o registro do cavalete aberto.&nbsp;</p><p>A partir daí, não abra mais nenhuma torneira e nem puxe a descarga do banheiro.&nbsp;</p><p>De manhã, antes de usar a água, volte novamente ao hidrômetro e faça uma nova leitura.&nbsp;</p><p>As leituras têm de ser exatamente iguais. Caso contrário, são fortes os indícios de que haja vazamento.</p><p>Detectado o vazamento, entre em contato com um encanador de confiança para saná-lo.&nbsp;</p><p>Entre em contato com o SAAE para informar a ocorrência.</p><p>Caso\r\n não haja vazamento, procure fazer uma leitura diária para acompanhar o \r\nseu consumo. Dessa forma é possível comparar diariamente o quanto foi \r\ngasto, analisando os dias de limpeza geral (faxina) ou lavagem de roupas\r\n com os outros dias, fazendo uma estimativa do consumo.&nbsp;</p><p>Se o consumo continuar entre em contato com o SAAE até a data do vencimento da conta.</p>','yGW1ijVx6EGeasgEjdpvglL0Z',1,2,'2021-01-09 01:54:00',0,1,1,739),(5,1,'A água é um bem indispensável porém finito','a-agua-e-um-bem-indispensavel-porem-finito','O Dia Mundial da Água não é só para pensar, mas principalmente para agir usando este recurso natural com sabedoria para que ele nunca acabe.','<p>Devemos analisar, nos conscientizar e realizar medidas práticas, pois\r\n como sabemos, grande parte das fontes de água estão sendo contaminadas,\r\n poluídas e degradadas pela ação predatória do homem. O que mais \r\npreocupa é que o problema poderá acarretar no futuro a falta da água \r\npara o consumo de grande parte da população mundial.<br></p><p><br></p><p>Mas\r\n como devemos comemorar esta importante data? Não só neste dia, mas \r\ntambém nos outros 364 dias do ano, precisamos tomar atitudes em nosso \r\ndia-a-dia que colaborem para a preservação e economia deste bem natural.</p><p><br></p><p>Dicas de uso racional da água</p><p><br></p><p>A água doce é um recurso finito do Planeta Terra, use racionalmente e evite qualquer desperdício:</p><p><br></p><p>Feche bem as torneiras após o uso. A torneira aberta durante 1 minuto gasta 3 litros de água.</p><p>Feche\r\n a torneira enquanto escova os dentes ou faz a barba. Desligue o \r\nchuveiro para se ensaboar e reabra para se enxaguar. Evite banhos \r\ndemorados. O chuveiro aberto durante 15 minutos gasta 60 litros de água.</p><p>Antes de lavar a louça, remova restos de comida dos pratos e das panelas, ensaboe, e só abra a torneira para o enxágüe.</p><p><br></p><p>Evite\r\n lavar as calçadas com mangueira, elas podem ser varridas, evite que as \r\ncrianças brinquem de tomar banho com mangueira, fique atento aos \r\nvazamentos em pias, chuveiros e vasos sanitários e conserte \r\nimediatamente os vazamentos e fugas de água, trocando as partes \r\ndanificadas das canalizações. Não faça remendos provisórios.</p><p><br></p><p>fonte: Bem Estar</p>','kNhMAppdzh1wncywVXuYOak4T',1,3,'2021-01-09 01:56:00',1,1,1,738),(11,1,'Patrimônio da humanidade - Costa Jurássica  – Dorset e East Devon, Reino Unido','patrimonio-da-humanidade---costa-jurassica----dorset-e-east-devon--reino-unido',' magnífico arco Durdle Door na Costa Jurássica','<p>Se quiser ver de perto um cenário dos romances de Jane Austen, as costas de Dorset e East Devon são o lugar perfeito – também conhecida como a Costa Jurássica. A imensa extensão à beira-mar consiste em impressionantes formações rochosas, praias cobertas de fósseis de dinossauros primitivos, baías tranquilas, muito verde e vilarejos românticos.<br></p><p><br></p><p>Uma das atrações naturais mais famosas é o arco de calcário Durdle Door. As camadas das pedras são quase verticais saindo do mar, fazendo dele uma maravilha da geologia.</p><p><br></p><p>E que tal um souvenir único? Saia em uma caça aos fósseis na praia de Charmouth e leve pra casa o pedacinho de história natural que encontrar.</p>','tu1fnc9o9UFWgwGuNJBoDOuz2',1,5,'2021-01-09 03:31:00',0,1,1,707),(10,1,'A adolescência acontece no indivíduo principalmente no terreno da escola.','a-adolescencia-acontece-no-individuo-principalmente-no-terreno-da-escola._1','A escola para o jovem é um território que acolhe tudo e onde eles se sentem à vontade para exercitar suas vivências e convivências. É nesse território em que se dão encontros e relações, que o jovem questiona valores e começa a construir seu projeto de vida.','<p><br></p><p><br></p><p>Quem sou eu? O que eu posso ser? O que fazer \r\npara ser o que eu quero? O que eu quero para o meu futuro? Como posso me\r\n preparar para realizar meu projeto de vida? No ensino médio, é a \r\nescola, quando geradora de questionamentos, pensamentos, sentimentos e \r\nações, que ajuda o adolescente a chegar a essas questões e a buscar suas\r\n próprias respostas.</p><p><br></p><p>Como uma obra em construção, a \r\nadolescência acontece no indivíduo principalmente no terreno da escola, \r\nonde o jovem passa boa parte de seu dia fora de casa. Há quem compare o \r\nprocesso individual àquele que se dá na coletividade contemporânea.</p><p><br></p><p>O\r\n adolescente passa por uma redefinição da imagem corporal assim como são\r\n redefinidas as configurações urbanas e as fronteiras territoriais. Ele \r\nestá se individualizando, rompendo vínculos e buscando autonomia, em um \r\nprocesso similar ao da descolonização, quando uma comunidade rompe com a\r\n metrópole para obter sua independência política e econômica.</p><p><br></p><p>O\r\n adolescente também está na fase de comparar valores para estabelecer \r\nseu próprio código de ética, enquanto a humanidade coloca o foco nos \r\ncódigos internacionais para nortear a vida no planeta e os direitos \r\nindividuais e coletivos.</p><p><br></p><p>Na adolescência, o jovem busca\r\n identificação e segurança em grupos de iguais, assim como fazem os \r\npaíses ao criar blocos regionais no cenário internacional. E os garotos e\r\n garotas criticam as crenças dos pais, enquanto as comunidades modernas \r\nquestionam ideologias e dogmas da velha ordem mundial.</p><p><br></p><p>Partilhando projetos&nbsp;</p><p>Todos\r\n esses movimentos e transformações são vividos pelo filho ou filha \r\nadolescente ao lado dos professores, veículos de novos valores para \r\ncomparar com os trazidos de casa, e dos colegas, que se tornam a \r\nreferência campeã nessa fase da vida.</p><p><br></p><p>Desse universo, o\r\n jovem obtém o conjunto de conhecimentos que interessa: os pedagógicos e\r\n os aprendizados que não estão no currículo - é isso precisamente que a \r\nescola representa para ele, como aponta uma outra pesquisa realizada em \r\n2006, na Universidade Federal do Pará, com 725 estudantes de seis \r\nescolas de ensino médio da rede pública. Para os adolescentes, a escola é\r\n o principal espaço de construção e partilha de conhecimentos sobre a \r\nvida futura.</p><p><br></p><p>Monitoria dos pais&nbsp;</p><p>A família, \r\nclaro, continua eterna referência, mas é o tempo de acompanhar tudo com \r\num novo desafio: de perto, mas dos bastidores. Significa auxiliar o \r\nfilho na compreensão do significado desse novo estágio de vida, dos \r\ndesafios propostos, das alternativas possíveis frente às novas \r\nexigências.</p><p><br></p><p>Não cabe e não é responsabilidade dos pais \r\nfazer pelo filho, mas instigá-lo a enfrentar as situações, a descobrir \r\nsuas potencialidades.</p><p><br></p><p>No início do ensino médio, esse \r\nacompanhamento tende a ser mais próximo, mas no segundo e principalmente\r\n no terceiro ano ele deve funcionar muito mais como uma monitoria, para o\r\n jovem perceber a preocupação da família, a possibilidade de ter a quem \r\nrecorrer caso seja necessário, mas também adquirir confiança e autonomia\r\n para enfrentar a vida adulta.</p><p><br></p><p>Manter essa referência é\r\n importante, pois no estágio posterior, a universidade, não existe ou \r\npouco existe a possibilidade de os pais acompanharem o que acontece. Se o\r\n diálogo, a troca de idéias e projetos, foi construído durante o ensino \r\nmédio, a distância na relação familiar será menor, diminuindo a chance \r\nde conflitos.</p><p><br></p><p>E a Internet, palco global de encontro, \r\nconhecimentos e relações, não esvazia o papel da escola na formação e \r\neducação do adolescente? Não, muito pelo contrário. Com o advento da \r\ncomunicação via MSN, orkut e outras formas virtuais, o papel dessa \r\nreferência se aprofunda. Porque na escola as relações são \"concretas\", \r\nface a face!</p><p><br></p><p>É nesse ambiente que seu filho aprende a \r\nse virar de verdade para resolver problemas com independência, checando e\r\n ampliando o conhecimento, ouvindo, negociando, cedendo, participando, \r\ncooperando, perseverando, respeitando. Aprende a ser solidário e \r\nconsciente de seus direitos, deveres e responsabilidades. Em outras \r\npalavras: ganha a chance de tornar-se um cidadão do futuro.</p><p><br></p><p>Fonte: Patrícia Mortara, psicóloga e professora</p>','ix7YXlLhERcOCwVUbk9kFJptR',1,4,'2021-01-09 03:19:00',0,1,1,712),(12,1,'Patrimônio Histórico Trópicos Úmidos de Queensland, Austrália','patrimonio-historico-tropicos-umidos-de-queensland--australia','Trópicos Úmidos de Queensland, Austrália','<p>Andando de caiaque pelos Trópicos Úmidos de Queensland é uma das mneiras de desbravar a imensa floresta tropical<br></p><p><br></p><p>Ainda que ocupem apenas 1% do território da Austrália, os Trópicos Úmidos de Queensland, com seu terreno irregular, desfiladeiros profundos, rios e cachoeiras, formam uma das florestas tropicais mais espetaculares do mundo.</p><p><br></p><p>Estendendo-se pela costa nordeste da Austrália, a floresta contém inúmeras plantas e espécies de animais raras, que mostram um registro completo da evolução da vida vegetal no planeta. Caminhe pelos Wet Tropics e veja mais de 90 tipos de orquídeas, ouça o som de pássaros encontrados somente lá, como o papagaio-rei australiano, ou mergulhe em uma das tantas piscinas naturais do local.</p>','BXKFLZxTqKeGiX1MlxLJFTTTQ',1,6,'2021-01-09 03:34:00',0,1,1,744),(13,1,'Patrimônio da humanidade Fiordes de Geiranger e Næry, Noruega','patrimonio-da-humanidade-fiordes-de-geiranger-e-naery--noruega','De tão lindo, o fiorde de Næry beira o mágico e irreal','<p>Os fiordes do oeste da Noruega são considerados alguns dos lugares mais únicos do planeta, e quem os visita tem mesmo a visão questionada, de tão surreal que tamanha beleza lhes parece.<br></p><p><br></p><p>A nordeste de Bergen, os fiordes de Geiranger e Nærøy, estão 120km distantes um do do outro, e são dois dos maiores e mais profundos do mundo. O cenário inclui penhascos de meio quilômetro de altura mergulhados diretamente no oceano, cercados de cascastas e com águas de cor azul e esmeralda.</p><p><br></p><p>Faça um passeio de barco ou balsa pelos estreitos corredores e deixe-e encantar pela paisagem de beleza estonteante.</p>','zy9F93t6SIw5d8HdzEnmFruy2',1,7,'2021-01-09 03:38:00',0,1,1,806),(14,1,'Internet, surgida no fim dos anos 60, nos Estados Unidos','internet--surgida-no-fim-dos-anos-60--nos-estados-unidos','Quando computadores foram ligados à linha telefônica, a integração entre as duas tecnologias tinha como objetivo inicial ampliar a comunicação entre instituições de pesquisas, universidades e comandos militares no período da Guerra Fria.','<p>A partir desse período a internet passou por várias etapas de evoluções e aperfeiçoamento que a tornou cada vez mais sofisticada e dinâmica. Com a utilização desse meio de comunicação é possível adquirir informações sobre qualquer país e qualquer assunto.<br></p><p><br></p><p>A internet veio para somar no processo de globalização, esse instrumento parece que diminuiu as dimensões do mundo, tornando-o menor.</p><p><br></p><p>A seguir algumas das utilizações da internet em diferentes seguimentos das sociedades.</p><p><br></p><p>- Possibilita acesso a uma grande quantidade de informações, em diferentes níveis de ensino e conteúdo, através desse mecanismo é possível realizar pesquisas e coletar informações, imagens, dados e muitos outros.</p><p><br></p><p>- Os turistas podem acessar e coletar informações e observar imagens de lugares que poderão ser visitados em qualquer localidade do planeta, sem contar a possibilidade de realizar reservas em hotéis, programação de roteiros etc.</p><p><br></p><p>- Milhões de pessoas se relacionam em salas de bate-papo, esse tipo de relação ocorre em nível regional, nacional e internacional.</p><p><br></p><p>- As empresas colocam na rede uma série de produtos à venda que oferecem facilidades para serem adquiridas, dessa forma, o usuário tem a comodidade de realizar compras sem sair de casa. Através da internet é possível comprar tudo, como por exemplo, CDs, livros, roupas, suprimentos de informática, eletroeletrônicos e muitos outros objetos.</p><p><br></p><p>- Na internet encontra-se também muita diversão e lazer como jogos, músicas, vídeos, jornais e diversas outras opções.</p><p><br></p><p>- O correio eletrônico é outro serviço disponível na internet de grande aceitação, pois possibilita a troca de informações, correspondências por meio de mensagens, essas são usadas por pessoas e empresas.</p><p><br></p><p>- Uma das últimas novidades são as conferências que proporcionam interação entre indivíduos separados a milhares de quilômetros, através de câmeras as imagens simultâneas do evento são difundidas. Já ocorre até cirurgia via internet.</p><p><br></p><p>Essas são algumas das utilizações desse importante instrumento de telecomunicação que revolucionou o seguimento e constantemente tem se expandido.</p><p><br></p><p>fonte: Eduardo de Freitas</p>','Pnj4PATmMc9BYhYBE46dyLTr3',1,8,'2021-01-13 11:25:00',0,1,1,727),(16,1,'A Terra é redonda?','a-terra-e-redonda-','A Terra é realmente redonda? Desde 500 a.C., já existiam explicações sobre o formato esférico do nosso planeta.','<p>No ano 500 a.C., a ideia do formato esférico da Terra já era aceita como verdade pelos filósofos gregos. A proposta de um planeta circular surgiu de simples observações cotidianas.<br></p><p><br></p><p>Os estudiosos da época notaram, por exemplo, que, dependendo da localidade de um indivíduo, ele veria o mesmo grupo de estrelas em posições diferentes. Além disso, ao observarem a aproximação de navios no horizonte, eles perceberam que, primeiro, enxergavam-se os mastros e, depois, via-se a embarcação por completo. A análise de situações como essas permitiu que esses filósofos concluíssem que a Terra deveria ser arredondada.</p><p><br></p><p>Atualmente, mesmo depois das contribuições de físicos brilhantes como Isaac Newton e Johannes Kepler, existem discussões acaloradas a respeito do real formato da Terra. Atuando principalmente nas redes sociais, os chamados terraplanistas difundem a ideia de que nosso planeta seria, na realidade, plano.</p><p><br></p><p>Segundo essa ideia, a Terra possuiria um formato de disco, com a atmosfera formando uma espécie de domo (cúpula). A Lua e o Sol, que não teriam os tamanhos estimados pela Ciência atual, mover-se-iam nesse domo. Ainda conforme esse modelo terraplanista, a Antártica comporia a borda do disco, o que explicaria, segundo eles, essa ser uma região tão protegida no planeta. Observe na imagem abaixo um esquema dessa teoria dos terraplanistas:</p><p><br></p><h3><b>A Terra é redonda!</b></h3><p><br></p><p>Existem inúmeras evidências do formato esférico da Terra. A seguir, descrevemos alguns fatos mais simples que demonstram isso.</p><p><br></p><p>Não pare agora... Tem mais depois da publicidade ;)</p><p><br></p><p>1) As grandes navegações</p><p><br></p><p>No século XVI, Fernão de Magalhães executou a primeira circum-navegação que foi bem-sucedida. Ao seguirem sempre na mesma direção, os navios, após determinado tempo, voltavam ao ponto inicial da viagem, evidenciando o formato circular do planeta.</p><p><br></p><p>2) Os fusos horários</p><p><br></p><p>Em um sistema plano, todos os habitantes do planeta deveriam ser iluminados ao mesmo tempo pelo Sol, mas não é isso o que acontece. Por causa do formato esférico do nosso planeta e do movimento de rotação, a luz do Sol brilha em lugares distintos em horários específicos. Assim, enquanto em uma extremidade da Terra é noite, na outra, é dia, e isso só pode acontecer em um sistema circular.</p><p><br></p><p>3) Explorações do espaço</p><p><br></p><p>O lançamento de satélites, o movimento da Estação Espacial Internacional, as idas do homem ao espaço, iniciadas em 1961 com Yuri Gagarin, e as inúmeras imagens e vídeos, até mesmo em tempo real, apresentam a clara evidência de um planeta em formato de esfera.</p><p><br></p><p>Exige-se, portanto, um esforço muito maior para explicar o formato plano que o arredondado, pois tal afirmação quebraria vários princípios científicos já entendidos e explicados há séculos. As poucas evidências, expostas anteriormente, demonstram a realidade de um planeta em formato esférico, achatado nos polos e que se move ao redor de uma pequena estrela.</p><p><br></p><p>fonte: Joab Silas da Silva Júnior</p><div><br></div>','z00CzcFBysOAfn7uuctzHrHp3',1,9,'2021-01-14 05:38:00',1,1,1,709),(17,1,'GPS (Global Positioning System) é um sofisticado instrumento de posicionamento','gps--global-positioning-system--e-um-sofisticado-instrumento-de-posicionamento','O GPS (Global Positioning System) é um sofisticado instrumento de posicionamento que utiliza a emissão de sinais de rádio codificados por satélites colocados em órbita ao redor da Terra. ','<p>Tal sistema, que custou 10 bilhões de dólares, foi desenvolvido e é controlado até hoje pelo Departamento de Defesa dos Estados Unidos. O sistema do GPS é dotado de 27 satélites (24 em operação e 3 extras, caso haja falha nos outros) dispostos a uma distância de 20.000km de altitude que emitem ondas sonoras duas vezes por dia.<br></p><p><br></p><p>Cada satélite é dotado de relógios atômicos, difundindo de forma precisa, além da localização de algo na superfície terrestre, a hora exata daquele momento. Isso é muito útil para a comunidade científica, pois em algumas experiências, é extremamente necessário um relógio altamente preciso, visto que até mesmo um micro-segundo (0,000001 segundo) pode ser significativo em um contexto específico.</p><p><br></p><p>Para determinar o exato posicionamento de algo, o GPS localiza 4 ou mais satélites e determina a distância entre cada um deles com o ponto a ser localizado, para assim, deduzir a posição correta, informando a latitude, longitude e altitude daquele ponto.</p><p><br></p><p>O GPS é amplamente utilizado na aviação geral e navegação marítima. Também é muito usado por guardas florestais, geólogos, arqueólogos, bombeiros, ou qualquer pessoa que queira saber sua exata localização. Atualmente, com US$ 100 é possível comprar um GPS, além do mais, o serviço em si é gratuito. O sistema também está cada vez mais presente em automóveis.</p><p><br></p><p>fonte: Tiago Dantas</p>','nmU1xBWvEej7PbsSyf23g6jRv',1,10,'2021-01-14 05:41:00',0,1,1,743),(18,1,'Fusos horários!!','fusos-horarios--','Graças ao movimento de rotação e ao formato esférico da Terra, o sol não incide em todos os lados do nosso planeta ao mesmo tempo, de forma que, enquanto de um lado é dia, do outro é noite. Por isso, existem as diferenças das horas. Com o intuito de organizar e padronizar o horário nas diversas partes do globo terrestre, foram criados os fusos horários.','<p>Fusos horários são divisões da Terra elaboradas pelo homem para definir os diferentes horários nas mais diversas partes do mundo. Foram criados em 1884, durante a Conferência de Washington, em uma reunião que reuniu 25 países, dentre eles, o Brasil.<br></p><p><br></p><p>Nessa conferência, ficou definido que o marco inicial da Terra, ou seja, o ponto de partida para a contagem dos fusos horários seria o Meridiano de Greenwich, com 0º graus de longitude. Dessa forma, a 7,5º à esquerda e a 7,5º graus à direita, forma-se o fuso 0 GMT.</p><p><br></p><p>Definiu-se também que os fusos iriam ser contados a cada 15º de longitude, de forma que a Terra seria dividida em 24 fusos diferentes e que cada um deles representaria uma hora.</p><p><br></p><p>Apesar dessa preocupação em organizar os fusos conforme os meridianos, os países teriam a liberdade para adotar e distribuir livremente os fusos pelo seu território. Dessa forma, é possível observar que os fusos horários adotados pelos países obedecem aos limites políticos entre os países ou entre províncias e estados, trata-se da hora legal, que é a hora oficial adotada pelo governo de cada país.</p><p><br></p><p>Alguns países, em virtude de sua longa extensão territorial leste-oeste, apresentam vários fusos, como é o caso da Rússia, que conta com 11 horários diferentes em seu território. O Brasil, por sua vez, apresenta três fusos distintos.</p><p><br></p><p>Outros países resolvem adaptar a sua hora legal de acordo com a dinâmica de sua economia e os seus interesses políticos. Um exemplo é o da Argentina, que contendo a maior parte de seu território no fuso de -4GMT, adota o fuso -3GMT, o mesmo do horário de Brasília.</p><p><br></p><p>A compreensão sobre os fusos horários tornou-se muito importante nos dias atuais, marcados pelo advento da Globalização, da ampliação e melhorias nos sistemas de transporte e comunicação, além da intensificação das interligações e relações de interdependência entre as diversas partes do mundo.</p><p><br></p><p>Por: Rodolfo F. Alves Pena<br></p><div><br></div>','iTRrNXDP5putbRszWWwFuGScT',1,11,'2021-01-14 05:43:00',0,1,1,770),(19,1,'Aspectos culturais da Globalização','aspectos-culturais-da-globalizacao','Os aspectos culturais da Globalização remetem aos efeitos do processo de mundialização do capitalismo no modo de funcionamento das sociedades e suas tradições','<p>O processo de globalização permitiu a rápida conexão entre as diferentes localidades do planeta, mesmo as mais distantes entre si. De certo modo, isso interferiu e dinamizou também a proliferação das tradições e tendências cotidianas dos diferentes lugares, naquilo que ficou conhecido como globalização cultural. Mas, afinal, quais seriam os reais aspectos culturais da globalização?<br></p><p><br></p><p>Ao estudarmos os aspectos culturais da Globalização, observarmos a ampliação das relações entre o local e o global ou entre o regional e o mundial por meio do amplo fluxo de informações. Nesse sentido, é possível perceber, mesmo em nosso cotidiano, o quanto as culturas passaram a se mesclar internacionalmente e, ao mesmo tempo, preservarem-se e reproduzirem-se localmente.</p><p><br></p><p>Um exemplo claro é a assimilação de valores morais e culturais europeus e norte-americanos em nossa sociedade, que nos influenciam desde os tempos coloniais e persistem ainda nos dias atuais por meio dos meios de comunicação. Aspectos culturais de outros países também podem ser vistos de maneira atuante em nossa sociedade, a exemplo dos animes (desenhos japoneses característicos) e outros.</p><p><br></p><p>No entanto, é preciso observar que essa relação não se estabeleceu, ao longo da história, como uma mera interação, o que levanta muitas críticas à construção histórica do sistema capitalista e ao próprio processo de globalização em si. De acordo com diversas análises, o que ocorreu foi um processo de hegemonização ou “colonização do mundo da vida” – como diz Enrique Dussel em sua obra 1492: o Encobrimento do Outro –, no sentido de que os modos culturais eurocêntricos foram definitivamente impostos sobre os demais povos.</p><p><br></p><p>Embora a globalização da cultura tenha contribuído para essa hegemonia, muitos valores regionais mantiveram-se, ao passo que outros se reinventaram. Alguns, mesmo considerados oprimidos ou violentados pelo processo de dominação política, colonial e imperialista, mantiveram-se em um processo de resistência e até conseguiram reproduzir-se em outros territórios. Um exemplo disso é a existência de hábitos, princípios e até padrões culinários e religiosos de origem africana no Brasil, fruto da diáspora dos povos de várias etnias desse continente para o país.</p><p><br></p><p>De todo modo, vivemos em nossa sociedade um produto direto ou indireto do processo de globalização cultural. Podemos consumir produtos de culinária estritamente regionais, por exemplo, ao mesmo tempo em que assistimos a compilações oriundas de outros países e consumimos produtos fabricados por empresas multinacionais. O principal entre os aspectos culturais da globalização é a complexidade entre o local e o global em que se estruturam as diferentes sociedades do planeta.</p><p><br></p><p>fonte: Rodolfo F. Alves Pena</p>','9GgS4y2ySa4cWTE6K4gJnhZy5',1,12,'2021-01-14 05:44:00',0,1,1,888),(20,1,'O que é cultura?','o-que-e-cultura-','Para a antropologia, cultura é uma rede de significados que dá sentido ao mundo que cerca um indivíduo, ou seja, a sociedade.','<p>É comum dizermos que uma pessoa não possui cultura quando ela não tem contato com a leitura, artes, história, música, etc. Se compararmos um professor universitário com um indivíduo que não sabe ler nem escrever, a maior parte das pessoas chegaria à conclusão de que o professor é “cheio de cultura” e o outro, desprovido dela. Mas, afinal, o que é cultura?<br></p><p><br></p><p>Para o senso comum, cultura possui um sentido de erudição, uma instrução vasta e variada adquirida por meio de diversos mecanismos, principalmente o estudo. Quantas vezes já ouvimos os jargões “O povo não tem cultura”, “O povo não sabe o que é boa música”, “O povo não tem educação”, etc.? De fato, esta é uma concepção arbitrária e equivocada a respeito do que realmente significa o termo “cultura”.</p><p><br></p><p>Não podemos dizer que um índio que não tem contato com livros, nem com música clássica, por exemplo, não possui cultura. Onde ficam seus costumes, tradições, sua língua?</p><p><br></p><p>O conceito de cultura é bastante complexo. Em uma visão antropológica, podemos o definir como a rede de significados que dão sentido ao mundo que cerca um indivíduo, ou seja, a sociedade. Essa rede engloba um conjunto de diversos aspectos, como crenças, valores, costumes, leis, moral, línguas, etc.</p><p><br></p><p>Nesse sentido, podemos chegar à conclusão de que é impossível que um indivíduo não tenha cultura, afinal, ninguém nasce e permanece fora de um contexto social, seja ele qual for. Também podemos dizer que considerar uma determinada cultura (a cultura ocidental, por exemplo) como um modelo a ser seguido por todos é uma visão extremamente etnocêntrica.</p><p><br></p><p>fonte: PreParaEnem</p>','TOKJ0nih9tDHEJJFRW0Nv6jQ3',1,15,'2021-01-14 05:46:00',0,1,1,842),(22,1,'Seja sócio','seja-socio_1','Veja abaixo todas as informações para cadastrar-se como sócio, descontos, mensalidades, ficha de cadastro e mais.','<p>Lorem ipsão dolor sít amçet, consectetur adipiscing elit. Sed vehicula id odio quis rhoncus. Donec ullamcorper, lectus in dictum porta, urna nisl tincidunt metus, at iaculis nunc sem vitae diam. Etiam quam orci, volutpat a justo non, pretium condimentum felis. Duis id elementum arcu. Mauris pharetra dui molestie tortor imperdiet. </p><p><br></p><p>Duis non laoreet eros. Vestibulum porta neque eleifend erat tempus, vitae sagittis elit sodales. Sed convallis erat quis iaculis vestibulum. Curabitur sit amet purus et tellus consectetur vehicula. Suspendisse condimentum bibendum ante in adipiscing. Aliquam dignissim nisl eget arcu convallis, in viverra risus consequat. Pellentesque dictum gravida lacinia.</p><p><br></p><p>Lorem ipsão dolor sít amçet, consectetur adipiscing elit. Sed vehicula id odio quis rhoncus. Donec ullamcorper, lectus in dictum porta, urna nisl tincidunt metus, at iaculis nunc sem vitae diam. Etiam quam orci, volutpat a justo non, pretium condimentum felis. Duis id elementum arcu. Mauris pharetra dui molestie tortor imperdiet. Duis non laoreet eros. Vestibulum porta neque eleifend erat tempus, vitae sagittis elit sodales. Sed convallis erat quis iaculis vestibulum. </p><p><br></p><p>Lorem ipsão dolor sít amçet, consectetur adipiscing elit. Sed vehicula id odio quis rhoncus. Donec ullamcorper, lectus in dictum porta, urna nisl tincidunt metus, at iaculis nunc sem vitae diam. Etiam quam orci, volutpat a justo non, pretium condimentum felis. Duis id elementum arcu. Mauris pharetra dui molestie tortor imperdiet.  Lorem ipsão dolor sít amçet, consectetur adipiscing elit. Sed vehicula id odio quis rhoncus. Donec ullamcorper, lectus in dictum porta, urna nisl tincidunt metus, at iaculis nunc sem vitae diam. </p>','c1IdXgF1lUkzfehDwoLUYdB1J',15,13,'2022-04-11 07:08:00',1,1,1,1328),(23,1,'Chimarrão','chimarrao','','<h3><b>Nomes populares</b></h3><p><br></p><p>A erva mate é conhecida popularmente também como mate, chá mate, chá-do-paraguai, chá-dos-jesuítas, chá-das-missões, mate-do-paraguai, chá-argentino, chá-do-brasil, congonha, congonha-das-missões, congonheira, erva, mate legítimo, mate verdadeiro.</p><p><br></p><p>Outras denominações populares de menor disseminação incluem: erva-de-são bartolomeu, orelha-de-burro, chá-do-paraná, congonha-de-mato-grosso, congonha-genuína, congonha mansa, congonha verdadeira, erva senhorita.</p><p> </p><p>As denominações indígenas para a erva mate são caá, caá-caati, caá-emi, caá-ete, caá-meriduvi e caá-ti.</p><p><br></p><h3><b>Chimarrão - Origens</b></h3><p><br></p><p>Lucia Porto<br>\"Cuia de cristal ameaça a tradição\"jornal Zero Hora</p><p><br></p><p>Mate amargo (sem açúcar) que se toma numa cuia de porongo por uma bomba de metal. Atribuem-se ao chimarrão propriedades desintoxicantes, particularmente eficazes numa alimentação rica em carnes.</p><p><br></p><p>A tradição do chimarrão é antiga. Soldados espanhóis aportaram em Cuba, foram ao México \"capturar\" os conhecimentos das civilizações Maia e Azteca, e em 1536 chegaram à foz do Rio Paraguay. No local, impressionados com a fertilidade da terra às margens do rio, fundaram a primeira cidade da América Latina, Assunción del Paraguay.</p><p><br></p><p>Os desbravadores, nômades por natureza, com saudades de casa e longe de suas mulheres, estavam acostumados a grandes \"borracheras\" - porres memoráveis que muitas vezes duravam a noite toda. No dia seguinte, acordavam com uma ressaca proporcional. Os soldados observaram que tomando o estranho chá de ervas utilizado pelos índios Guarany, o dia seguinte ficava bem melhor e a ressaca sumia por completo. Assim, o chimarrão começou a ser transportado pelo Rio Grande na garupa dos soldados espanhóis.</p><p><br></p><p>As margens do Rio Paraguay guardavam uma floresta de taquaras, que eram cortadas pelos soldados na forma de copo. A bomba de chimarrão que se conhece hoje também era feita com um pequeno cano dessas taquaras, com alguns furos na parte inferior e aberta em cima.<br></p><p><br></p><p>O comerciante Rômulo Antônio, dono da Casa do Chimarrão, em Passo Fundo, há mais de 20 anos, explica que os paraguaios tomam chimarrão em qualquer tipo de cuia. \"Até em copo de geléia\", diz. São os únicos que também têm por tradição tomar o chimarrão frio... O \"tererê\" paraguaio pode ser tomado com gelo e limão, ou utilizando suco de laranja e limonada no lugar da água.<br></p><p><br></p><p>Antônio explica outras diferenças. Na Argentina e no Uruguai a erva é triturada, ao contrário do Brasil, onde é socada. Nos países do Prata, a erva é mais forte, amarga, recomendada para quem sofre de problemas no fígado.<br></p><p><br></p><h3><b>Os dez mandamentos do chimarrão</b></h3><p><br></p><p>Segundo PÉRCIO DE MORAES BRANCO, colaborador do “Tchê”, o hábito do chimarrão, para ser apreciado devidamente, requer a obediência a certos princípios.<br></p><p><br></p><p>I. Não peças açúcar no mate</p><p><br></p><p>O gaúcho aprende desde piazito que e por que o chimarrão se chama também mate amargo ou, mais intimamente, amargo apenas. Mas, se tu és dos que vêm de outros pagos, mesmo sabendo, poderás achar que é amargo demais e cometer o maior sacrilégio  que alguém pode imaginar neste pedaço de Brasil: pedir açúcar. Pode-se pôr na água ervas exóticas, cana, frutas, cocaína, feldspato, dólar, etc., mas jamais açúcar.</p><p><br></p><p>O gaúcho pode ter todos os defeitos do mundo, mas não merece ouvir um pedido desses. Portanto, tchê, se o chimarrão te parece amargo demais, não hesites; pede uma Coca-Cola com canudinho. Tu vais te sentir bem melhor.</p><p><br></p><p>II. Não digas que o chimarrão é anti-higiênico</p><p><br></p><p>Tu podes achar que é anti-higiênico pôr a boca onde todo mundo põe. Claro que é. Só que tu não tens o direito de proferir tamanha blasfêmia em se tratando do chimarrão. Repito: pede uma Coca-Cola com canudinho. O canudo é puro como água de sanga (pode haver coliformes fecais e estafilococos dentro da garrafa, não nele).</p><p><br></p><p>III. Não digas que o mate está quente demais<br></p><p><br></p><p>Se todos estão chimarreando sem reclamar da temperatura da água, é porque ela é perfeitamente suportável por pessoas normais. Se tu não és uma pessoa normal, assume e não te fresqueies. Se, porém, te julgas perfeitamente igual às demais, faz o seguinte: vai para o Paraguai. Tu vais adorar o chimarrão de lá.<br></p><p><br></p><p>IV. Não deixes um mate pela metade<br></p><p><br></p><p>Apesar da semelhança que existe entre o chimarrão e o cachimbo da paz, há diferenças fundamentais. Com o cachimbo da paz, cada um dá uma tragada e passa-o adiante. Já o chimarrão não. Tu deves tomar toda a água servida, até ouvir o “ronco” da cuia vazia. A propósito, leia o mandamento seguinte.<br></p><p><br></p><p>V. Não te envergonhes do “ronco” no fim do mate<br></p><p><br></p><p>Se, ao acabar o mate, sem querer fizeres a bomba “roncar”, não te envergonhes. Está tudo bem, ninguém vai te julgar mal-educado. Este negócio de chupar sem fazer barulho vale para Coca-Cola com canudinho, que tu podes até tomar com o dedinho levantado.<br></p><p><br></p><p>VI. Não mexas na bomba<br></p><p><br></p><p>A bomba do chimarrão pode muito bem entupir, seja por culpa dela mesmo, da erva mate ou de quem preparou o mate. Se isso acontecer, tens todo o direito de reclamar. Mas, por favor, não mexas na bomba. Fale com quem te ofereceu o mate ou com quem te passou a cuia. Mas não mexas na bomba, não mexas na bomba e, sobretudo, não mexas na bomba.<br></p><p><br></p><p>VII. Não alteres a ordem em que o mate é servido<br></p><p><br></p><p>Roda de chimarrão funciona como cavalo de leiteiro. A cuia passa de mão em mão sempre na mesma ordem. Para entrar na roda, qualquer hora serve, mas, depois de entrar, espera sempre a tua vez e não queiras favorecer ninguém, mesmo que seja a mais Prendada Prenda do Estado.<br></p><p><br></p><p>VIII. Não “durmas” com a cuia na mão<br></p><p><br></p><p>Tomar mate solito é um excelente meio de meditar sobre as coisas da vida. Tu mateias sem pressa, matutando, recordando... E às vezes, te surpreendes até imaginando que a cuia não é cuia, mas o quente seio daquela chinoca morena faceira que apareceu no baile do Gaudêncio... Agora, tomar chimarrão numa roda é mui diferente. Aí o fundamental não é meditar e sim integrar-se à roda. Numa roda de chimarrão, tu falas, discutes, ris, xingas, enfim, tu participas de uma comunidade em confraternização. Só que esta tua participação não pode ser levada ao extremo de te fazer esquecer da cuia que está em tua mão. Fala quando quiseres, mas não te esqueças de tomar teu mate, que a moçada tá esperando.<br></p><p><br></p><p>IX. Não condenes o dono da casa por tomar o primeiro mate<br></p><p><br></p><p>Se tu julgas o dono da casa um grosso por preparar o chimarrão e tomar ele próprio o primeiro, saibas que o grosso és tu. O pior mate é o primeiro, e quem o toma está te prestando um favor.<br></p><p><br></p><p>X. Não digas que o chimarrão dá câncer na garganta<br></p><p><br></p><p>Pode até dar. Mas não vais ser tu, que pela primeira vez pegas na cuia, que irás dizer, com ar de entendido, que o chimarrão é cancerígeno. Se aceitaste o mate que te ofereceram, toma e esquece o câncer. Se não der para esquecer, faz o seguinte: pede uma Coca-Cola com canudinho que ela... etc., etc.<br></p><p><br></p><h3><b>Como preparar o chimarrão</b></h3><p><br></p><p>        1. Coloque  erva mate verde em 2/3 da cuia.<br></p><p><br></p><p>        2. Tape com a mão ou com papel firme a boca da cuia, inclinando-a para ajeitar a erva, que deve ficar assentada de um lado só, deixando um espaço vazio.<br></p><p><br></p><p>        3.  Bata suavemente, com a ponta dos dedos, na superfície externa da cuia, no lado em que a erva mate está assentada, para que o pó mais fino se desloque para o fundo do porongo.<br></p><p><br></p><p>        4. Coloque novamente a cuia na posição vertical, com suavidade, para que a erva mate não caia para o lado.<br></p><p><br></p><p>        5. Despeje um pouco de água morna ou fria para umedecer e inchar a erva, e aguarde alguns instantes.<br></p><p><br></p><p>        6. Coloque a água quente, tendo o cuidado de não deixá-la ferver. O melhor é respeitar o aviso da chaleira, que começa a chiar aos 80º.<br></p><p><br></p><p>       7. Introduza a bomba no fundo da cuia, apoiada na erva, mantendo o bocal fechado com o dedo polegar, até assentá-la bem.<br></p><p><br></p><p>       8. Quando a infusão acabar, deve-se acrescentar mais água. A operação pode ser repetida até que o chimarrão deixe de espumar, sinal de que a erva já enfraqueceu.<br></p>','CiKVLbMxKI2lqySo5PSo60Ulx',16,16,'2022-06-02 04:33:00',0,1,1,393),(24,1,'Culinária Gaúcha','culinaria-gaucha','','<h3><b>\"Cozinha Gaúcha - uma mistura muito bem feita\"</b></h3><p><br></p><p>É praticamente imediata a associação entre o Rio Grande do Sul e o churrasco, que é consumido quase como em um ritual, sobretudo aos fins de semana em reuniões familiares ou de amigos. Logo veremos, porém, que o gaúcho saboreia muitos outros pratos.</p><p><br></p><p>Na Campanha, a carne de consumo diário é a de ovelha.</p><p><br></p><p>Na região serrana, nas cidades e no resto do Brasil, a carne de ovelha é impropriamente chamada \"carne de carneiro\".</p><p><br></p><p>Carneiro, para o gaúcho, é o macho da ovelha, isto é, um animal destinado à reprodução. Conforme o número de pessoas existentes na fazenda, abate-se um ou mais \"capões\" (macho de ovelha castrado) a cada dois dias aproximadamente. Após courear (extrair o couro), as carnes são preparadas em forma de churrasco, assadas ao calor das brasas em grelha ou espeto.</p><p><br></p><p>O primeiro assado é o sangrador - carne de pescoço onde se cortam as jugulares da ovelha para matá-la. Depois, as carnes são ensopadas, principalmente o espinhaço, na maneira simples da cocção em água fervendo, ou combinadas com outros ingredientes. Dos quartos, mais polpudos, tiram-se os bifes ou prepara-se o charque, que é muito apreciado. A cabeça é assada para os peões e a gurizada que a disputam entre si. Também se faz lingüiça de carne de ovelha misturada à carne de gado.</p><p><br></p><p>Afora as grandes estâncias, podemos dizer que o abate de gado vacum se verifica quinzenal ou mensalmente, conforme o número de pessoas da família e empregados. Em propriedades menores, o dono só determina o abate deste gado para o fim do outono, objetivando, principalmente, a feitura do charque - carne seca ou carne-de-sol, como é chamado em outras regiões do país - para provimento ao longo do inverno.</p><p><br></p><p>Na Campanha, depois de coureada a rés abatida, extrai-se o \"matambre\", carne que fica entre o couro e a \"manta\", cobrindo as costelas. Com o matambre, faz-se o primeiro churrasco. Antes de assar, o gaúcho \"surra\", isto é, bate o matambre sobre a própria rés ou num moirão ou qualquer outra madeira-, bate forte para amaciar. Enquanto assa, segue carneando.</p><p><br></p><p>A parte preferida para o churrasco é o costilhar sem a manta. Partes de peito com granito\", assim como da \"agulha\", são usadas para \"fervidos\". Além destas carnes, vão para a cozinha o \"tatu\", o \"lombo\" (filé curto), o \"filé mignon\", a \"picanha\" e o \"aleatre\". As outras carnes são salgadas. Alguns ossos, principalmente os da perna, providos de \"caracu\" (tutano), os do alcatre e da paleta são aproveitados para fervidos e sopas; o resto vai para a extração da graxa bovina. A \"rabada\" (cauda de boi, coureada e desarticulada), é frita na panela, ensopada simples ou com batatas ou mandioca. Das patas, extraem-se o azeite (óleo) geléia de mocotó. Com ela, faz-se o prato do mesmo nome. Se a rês abatida é fêmea, salga-se o ubre para depois adicioná-lo ao feijão. O ubre também pode ser saboreado assado ou frito. Se a vaca está prenhez adiantada, o gaúcho aproveita o nonato. Cozido e mexido com farinha, o prato é chamado de \"terneiro\" e, na fronteira, \"tapichi\".</p><p><br></p><p>Por alguns dias, há fartura de carne fresca. Além de fervidos e as comem-se bifes, carne frita na caçarola, guisadinhos e os \"\'miúdos\" ou \"fressuras\".</p><p><br></p><p>Depois, volta-se à ovelha, diariamente, e, no inverno, com o gado magro carneia-se também, com mais freqüência, o porco gordo, cevado, carne no verão é muito perecível. Além do porco, nessa época é usada a carne de galinha.</p><p><br></p><p>No período da castração, os testículos de touro são assados direitamente nas brasas. Usa-se também fritá-los, acrescentando-lhes ovos de galinha ou preparálos mexidos com farinha.</p><p><br></p><p>Normalmente quando, numa fazenda, se carneia o gado vacum, já se tem devidamente cevados, um ou mais porcos adultos capados.</p><p><br></p><p>Sangrado o animal, o talho é imediatamente tapado com um sabugo de milho. Depois de pelado, o porco é aberto. Com uma vasilha, colhe-se o sangue retido pelo tampão. E o que vai servir de matéria-prima para o fabrico da \"morcilha\", \"morcilha de sangue\" ou \"morcilha preta\", recebe como invólucro as tripas do animal.</p><p><br></p><p>Do \"buchinho\", parte menor do estômago, sai o invólucro para o \"queijo de porco\" ou a mistura com a carne de vaca, que é a mais comum. Dai carnear-se o bovino e o suíno para aproveitamento associado.</p><p><br></p><p>Da gordura do porco são extraídos o toucinho e a banha. Dos resíduos desta última - alguns com porções de carne meio torrada -, colhe-se o torresmo.</p><p><br></p><p>As carnes não consumadas em pratos especiais são transformadas e embutidas. A cola (cauda), patas, orelha e couro (pele) são salgados para ulterior aproveitamento. As carnes da cabeça são extraídas para a morcilha branca ou o queijo de porco.</p><p><br></p><p>Salvo a zona litorânea e as cidades ribeirinhas, onde a pesca é praticada profissionalmente, de maneira artesanal, o peixe não é frequente à mesa do gaúcho. O gaúcho consome peixe ocasionalmente, em alguma pescaria de fim de semana ou nos feriados de Páscoa.</p><p><br></p><p>De couro e água doce, os peixes mais comuns são o pintado, o jundiá, o pati e o surubi. De escamas, há o dourado, a piava, o grumatã e a traíra. Os peixes de mar mais consumidos são o linguado, a tainha, o miraguaia, o burriquete, o peixe-rei, etc. Outras espécies são consumadas, mas estas são as mais apreciadas.</p><p><br></p><p>Os peixes de couro são preferidos para ensopados, servidos invariavelmente com um pirão feito com farinha de mandioca. Os de escamas são muito apreciados fritos ou ao molho de escabeche. Entretanto, qualquer um desses peixes pode ser preparado frito ou ensopado. Para as fritadas de aperitivo, usam-se peixes miúdos - lambaris (de água doce) e sardinhas (de mar).</p><p><br></p><p>Muito usada é a sopa de cabeça de peixe. O bacalhau da Campanha é o peixe salgado das pescarias: \"charque de peixe\", como dizem na região.</p><p><br></p><p>Registre-se que esses nomes populares de peixes apresentam pequenas variações no Rio Grande do Sul. Em relação ao restante do país, porém, essas diferenças são muito significativas.</p><p><br></p><p>Dos derivados da carne, o charque é o mais comum e o mais saboroso. Pode ser saboreado assado, quando fresco, frito na panela ou guisado. Desta maneira, é feito simples ou cozido com legumes ou verduras picadas ou cereais. É o ingrediente fundamental para o preparo do \"arroz de carreteiro\" e a \"paçoca de charque\" ou \"roupa velha\", muito semelhantes, ambos socados no pilão. Na região serrana, esses pratos são acrescidos do pinhão, que é pilado junto. Como complemento do feijão ou feijoada, é muito usado o \"desfiado de charque.\"</p><p><br></p><p>Do boi, tira-se a \"tripa grossa\", \"tripa gorda\" ou \"tripa cancheira\" nomes dados ao reto dos animais. Sempre precedida de uma demorada fervura para amaciar, a \"tripa\" é servida na grelha ou espeto, frita na panela, simples ou recheada.</p><p><br></p><p>O mondongo (bucho, dobradinha) requer fervura demorada antes de se iniciar seu preparo. Cortado em pequenas tiras, é ensopado simples ou com batata-inglesa. Em guisado, é picado miudinho e mexido com farinha de trigo ou de mandioca. As partes gordas são cortadas em pedaços grandes e fritas na panela.</p><p><br></p><p>A soalheira é salgada e pendurada para ser-vir de \"coalho\" para o leite, Alguns a comem assada ou frita.</p><p><br></p><p>Os rins são assados na grelha ou no espeto. Podem ser servidos como guisado simples, fritos na panela e refogados com farinha de trigo ou mandioca.</p><p><br></p><p>O fígado é servido em bifes simples ou guisadinho mexido com farinha. Também fica muito saboroso assado na grelha ou aferventado com sal para ser consumido frio. O coração é preparado da mesma maneira que o fígado. Os miolos não são aproveitados na Campanha. A cabeça, assim como alguns miúdos e carnes inferiores, é dada aos carneadores - empregados pobres que auxiliam a carnear -, ou então é partida e levada a ferver com outros ossos para extração da graxa.</p><p><br></p><p>A língua deve ser fortemente \"surrada\", batida, antes de ferver, para largar o couro. Come-se recheada, ensopada com batata-inglesa ou ervilhas, em fatias e coberta com ovos (à dorê).</p><p><br></p><p>A \"passarinho\" (baço de rês) é assada na grelha ou no espeto.</p><p><br></p><p>Da ovelha, os miúdos mais comumente usados são os rins, o fígado e o coração. Preparam-se os miúdos de ovelha tal como os de boi. Uma opção é picar tudo junto e fazer guisadinho mexido. Também se come a coalheira frita ou assada. Do sangue, faz-se o sarrabulho.</p><p><br></p><p>Os miúdos de porco são aproveitados parte para a morcilha (morcela) branca, parte para a morcilha preta. Raramente são consumidos em separado. Tripa grossa, bucho, rins, fígado e bofes não são aproveitados. Do sangue, também se faz o sarrabulho.</p><p><br></p><p>As caças são ocasionais, tanto as de pêlo como as de penas e estão subordinadas a épocas, com proibição de algumas espécies.</p><p><br></p><p>Não consideramos essas carnes neste trabalho por fugirem à alimentação cotidiana do gaúcho, quer na Campanha, quer nas cidades.</p><p><br></p><p>Dos cereais, o feijão preto é o mais comum entre os gaúchos. É o ingrediente básico da famosa feijoada, cujas sobras são aproveitadas para preparar o \"feijão mexido\" com farinha de mandioca. O feijão branco é usado \"ao natural\", isto é, cozido simples. Outros tipos são o fradinho, o cavalo, o mourinho, o carioca, todos de presença variável.</p><p><br></p><p>O feijão preto cozido junto com o arroz resulta num prato singelo denominado \"branco e preto\" - O feijão mexido com arroz no mesmo recipiente é chamado \"carijó\".</p><p><br></p><p>O arroz cozido simples é presença diária na mesa do gaúcho. Com o guisado de charque, compõe o tradicional \"arroz de carreteiro\"; com galinha, transforma-se na famosa \"gatinhada\", ou simplesmente \"arroz com galinha\"; com lingüiça cortada ou desmanchada, é o \"arroz com lingüiça\"; com carne fresca, alguns chamam de \"maria-rita\". É preparado também com couve ou repolho, com guisado de mondongo e mais raramente com pêssego. É muito usado no preparo de canjas e sopas.</p><p><br></p><p>A lentilha é preparada de forma bem simples, podendo ser adicionados pedaços de batata-inglesa e alguma carne salgada.</p><p><br></p><p>O milho verde é consumido cozido ou assado nas brasas. As espigas inteiras ou em pedaços completam sopas e fervidos. A canjica (milho seco quebrado) é cozida com charque ou galinha, bem como o trigo.</p><p><br></p><p>Legumes como mandioca ou aipim, batata-doce, batata-inglesa, chuchu e vagem (do feijão-verde), além de constituírem pratos independentes, complementam fervidos, assados e sopas.</p><p><br></p><p>A abóbora-moranga é cozida em pedaços grandes, com casca, e assim servida. Como complemento é descascado e feita em pedaços para acompanhar outros pratos. A abóbora-menina é servida da mesma forna que a abóbora-moranga. É o ingrediente básico para o preparo do quibebe. A abobrinha verde é muito frágil e de rápida cocção. É cozida inteira, com casca. Também complemento outros pratos quando descascado e cortada em pedaços. A abóbora-moranga tem a casca bastante dura e é saborosíssima. E servida cortada em gomos e cozida com a casca.</p><p><br></p><p>As verduras, além de constituírem pratos próprios, acompanham outras iguarias como o arroz, fervidos, guisados, ensopados e sopas.</p><p><br></p><p>A couve é cortada em tiras estreitas, frita na banha e cozida em água dissorada das próprias folhas. Em tiras, complemento guisados ou entra no cozimento do arroz. As folhas inteiras são usadas para fervidos. Alguns põem folhas partidas em pedaços grandes no feijão. O repolho é usado da mesma maneira. A mostarda é aferventada inteira, Fortada e batida com o fio da faca até aproximar-se do estado pastoso. E frita em banha e cozida no próprio caldo.</p><p><br></p><p>Entre as farinhas, a de mandioca constitui o acompanhamento indispensável do churrasco. É muito usada no feijão e em outros pratos, caldeados ou não. É também o ingrediente básico de farofas e pirões. A farinha de milho é usada para fazer angus, salgados ou doces, e cuscuz. Com a farinha de trigo preparam-se massas em geral. Ela é a liga comum para ovos batidos, guisados e bolinhos. É usada para engrossar caldos e, nas frituras, especialmente peixes, é usada como cobertura.</p><p><br></p><p>Os ovos de galinha são usados quase que com exclusividade. São consumidos fritos ou endurecidos na água fervendo. São empregados em ligas, mexidos, coberturas e omeletes.</p><p><br></p><p>As massas mais comuns são o talharim e o espaguete. Ainda há quem as prepare em casa. Cozidas em água e sal, são depois escorridas. Servem-se com molho de carnes menos gordas. E muito comum o consumo de massa com galinha ou com linguiça. Também são usadas em sopas.</p><p><br></p><p>As sobras de alimentos são aproveitadas. Assim temos tradicionalmente: do arroz, bolinhos; do feijão, sopa ou feijão mexido; das carne desfiado, de carne frito e refogado. Quando sobra \"um pouco de tudo\", prepara-se a \"mexidela\", \"mexido\" ou \"revirado\". Basta transformar as carnes em guisadinho, misturar com as outras sobras e refogar na panela ou frigideira.</p><p><br></p><p>De um modo geral, na vida diária, a alimentação do gaúcho consiste numa mescla dos hábitos alimentares dos vários povos que compõem sua cultura</p>','Q6DRtMFpEoIQwm3QFanK7IygL',5,27,'2022-06-02 16:44:00',0,1,1,373),(25,1,'Estatuto do CTG','estatuto-do-ctg','','<p>Lorem ipsão dolor sít amçet, consectetur adipiscing elit. Sed vehicula id odio quis rhoncus. Donec ullamcorper, lectus in dictum porta, urna nisl tincidunt metus, at iaculis nunc sem vitae diam. Etiam quam orci, volutpat a justo non, pretium condimentum felis. Duis id elementum arcu. Mauris pharetra dui molestie tortor imperdiet. </p><p><br></p><p>Duis non laoreet eros. Vestibulum porta neque eleifend erat tempus, vitae sagittis elit sodales. Sed convallis erat quis iaculis vestibulum. Curabitur sit amet purus et tellus consectetur vehicula. Suspendisse condimentum bibendum ante in adipiscing. Aliquam dignissim nisl eget arcu convallis, in viverra risus consequat. Pellentesque dictum gravida lacinia.</p><p><br></p><p>Lorem ipsão dolor sít amçet, consectetur adipiscing elit. Sed vehicula id odio quis rhoncus. Donec ullamcorper, lectus in dictum porta, urna nisl tincidunt metus, at iaculis nunc sem vitae diam. Etiam quam orci, volutpat a justo non, pretium condimentum felis. Duis id elementum arcu. Mauris pharetra dui molestie tortor imperdiet. Duis non laoreet eros. Vestibulum porta neque eleifend erat tempus, vitae sagittis elit sodales. Sed convallis erat quis iaculis vestibulum. </p><p><br></p><p>Lorem ipsão dolor sít amçet, consectetur adipiscing elit. Sed vehicula id odio quis rhoncus. Donec ullamcorper, lectus in dictum porta, urna nisl tincidunt metus, at iaculis nunc sem vitae diam. Etiam quam orci, volutpat a justo non, pretium condimentum felis. Duis id elementum arcu. Mauris pharetra dui molestie tortor imperdiet.  Lorem ipsão dolor sít amçet, consectetur adipiscing elit. Sed vehicula id odio quis rhoncus. Donec ullamcorper, lectus in dictum porta, urna nisl tincidunt metus, at iaculis nunc sem vitae diam. </p>','jwslmRz23EQcpt0sxUCgXEZd7',15,17,'2022-06-02 18:37:00',0,1,1,997),(26,1,'História do CTG','historia-do-ctg','','<p>Lorem ipsão dolor sít amçet, consectetur adipiscing elit. Sed vehicula id odio quis rhoncus. Donec ullamcorper, lectus in dictum porta, urna nisl tincidunt metus, at iaculis nunc sem vitae diam. Etiam quam orci, volutpat a justo non, pretium condimentum felis. Duis id elementum arcu. Mauris pharetra dui molestie tortor imperdiet. </p><p><br></p><p>Duis non laoreet eros. Vestibulum porta neque eleifend erat tempus, vitae sagittis elit sodales. Sed convallis erat quis iaculis vestibulum. Curabitur sit amet purus et tellus consectetur vehicula. Suspendisse condimentum bibendum ante in adipiscing. Aliquam dignissim nisl eget arcu convallis, in viverra risus consequat. Pellentesque dictum gravida lacinia.</p><p><br></p><p>Lorem ipsão dolor sít amçet, consectetur adipiscing elit. Sed vehicula id odio quis rhoncus. Donec ullamcorper, lectus in dictum porta, urna nisl tincidunt metus, at iaculis nunc sem vitae diam. Etiam quam orci, volutpat a justo non, pretium condimentum felis. Duis id elementum arcu. Mauris pharetra dui molestie tortor imperdiet. Duis non laoreet eros. Vestibulum porta neque eleifend erat tempus, vitae sagittis elit sodales. Sed convallis erat quis iaculis vestibulum. </p><p><br></p><p>Lorem ipsão dolor sít amçet, consectetur adipiscing elit. Sed vehicula id odio quis rhoncus. Donec ullamcorper, lectus in dictum porta, urna nisl tincidunt metus, at iaculis nunc sem vitae diam. Etiam quam orci, volutpat a justo non, pretium condimentum felis. Duis id elementum arcu. Mauris pharetra dui molestie tortor imperdiet.  Lorem ipsão dolor sít amçet, consectetur adipiscing elit. Sed vehicula id odio quis rhoncus. Donec ullamcorper, lectus in dictum porta, urna nisl tincidunt metus, at iaculis nunc sem vitae diam. </p>','oggJ9hZ5CMRZYXDuLtSmKX2y7',15,18,'2022-06-02 18:42:00',0,1,1,1000),(27,1,'Patronagem e Conselho Gestão 2021','patronagem-e-conselho-gestao-2021','','<p>Lorem ipsão dolor sít amçet, consectetur adipiscing elit. Sed vehicula id odio quis rhoncus. Donec ullamcorper, lectus in dictum porta, urna nisl tincidunt metus, at iaculis nunc sem vitae diam. Etiam quam orci, volutpat a justo non, pretium condimentum felis. Duis id elementum arcu. Mauris pharetra dui molestie tortor imperdiet.&nbsp; Lorem ipsão dolor sít amçet, consectetur adipiscing elit. Sed vehicula id odio quis rhoncus. Donec ullamcorper, lectus in dictum porta, urna nisl tincidunt metus, at iaculis nunc sem vitae diam.</p><p><br></p><h3>Patronagem</h3><p><b><br></b></p><p>Nome / Descrição</p><p>Nome / Descrição</p><p>Nome / Descrição</p><p>Nome / Descrição</p><p>Nome / Descrição</p><p>Nome / Descrição</p><p>Nome / Descrição</p><p>Nome / Descrição</p><p>Nome / Descrição</p><p>Nome / Descrição</p><p><b><br></b></p><h3>Conselho</h3><p><b><br></b></p><p>Nome / Descrição</p><p>Nome / Descrição</p><p>Nome / Descrição</p><p>Nome / Descrição</p><p>Nome / Descrição</p><p>Nome / Descrição</p><p>Nome / Descrição</p><p>Nome / Descrição</p><p>Nome / Descrição</p><p>Nome / Descrição</p>','xNNIplleEG1o5Oiw9DciqkVzy',8,19,'2021-06-02 18:47:00',0,1,1,1051),(35,1,'Patronagem e Conselho Gestão 2023','patronagem-e-conselho-gestao-2023_1','','<p><b>Lorem ipsão dolor sít amçet, consectetur adipiscing elit. Sed vehicula id odio quis rhoncus. Donec ullamcorper, lectus in dictum porta, urna nisl tincidunt metus, at iaculis nunc sem vitae diam. Etiam quam orci, volutpat a justo non, pretium condimentum felis. Duis id elementum arcu. Mauris pharetra dui molestie tortor imperdiet.&nbsp; Lorem ipsão dolor sít amçet, consectetur adipiscing elit. Sed vehicula id odio quis rhoncus. Donec ullamcorper, lectus in dictum porta, urna nisl tincidunt metus, at iaculis nunc sem vitae diam.</b></p><p><b><br></b><br></p><h3><b>Patronagem</b></h3><p><br></p><p>Nome / Descrição</p><p>Nome / Descrição</p><p>Nome / Descrição</p><p>Nome / Descrição</p><p>Nome / Descrição</p><p>Nome / Descrição</p><p>Nome / Descrição</p><p>Nome / Descrição</p><p>Nome / Descrição</p><p>Nome / Descrição</p><p><br></p><h3><b>Conselho</b></h3><p><br></p><p>Nome / Descrição</p><p>Nome / Descrição</p><p>Nome / Descrição</p><p>Nome / Descrição</p><p>Nome / Descrição</p><p>Nome / Descrição</p><p>Nome / Descrição</p><p>Nome / Descrição</p><p>Nome / Descrição</p><p>Nome / Descrição</p>','Y4iz41kQFwa0Eeae1nNf1M0Q7',8,0,'2024-01-24 20:12:00',0,1,1,12),(36,1,'Patronagem e Conselho Gestão 2022','patronagem-e-conselho-gestao-2022','','<p><b>Lorem ipsão dolor sít amçet, consectetur adipiscing elit. Sed vehicula id odio quis rhoncus. Donec ullamcorper, lectus in dictum porta, urna nisl tincidunt metus, at iaculis nunc sem vitae diam. Etiam quam orci, volutpat a justo non, pretium condimentum felis. Duis id elementum arcu. Mauris pharetra dui molestie tortor imperdiet.  Lorem ipsão dolor sít amçet, consectetur adipiscing elit. Sed vehicula id odio quis rhoncus. Donec ullamcorper, lectus in dictum porta, urna nisl tincidunt metus, at iaculis nunc sem vitae diam.</b><br></p><h3><b><br></b></h3><h3><b>Patronagem</b></h3><p><br></p><p>Nome / Descrição</p><p>Nome / Descrição</p><p>Nome / Descrição</p><p>Nome / Descrição</p><p>Nome / Descrição</p><p>Nome / Descrição</p><p>Nome / Descrição</p><p>Nome / Descrição</p><p>Nome / Descrição</p><p>Nome / Descrição</p><p><br></p><h3><b>Conselho</b></h3><p><br></p><p>Nome / Descrição</p><p>Nome / Descrição</p><p>Nome / Descrição</p><p>Nome / Descrição</p><p>Nome / Descrição</p><p>Nome / Descrição</p><p>Nome / Descrição</p><p>Nome / Descrição</p><p>Nome / Descrição</p><p>Nome / Descrição</p>','B5FqgkW3tTvGFPhD4EjsJ1mOC',8,0,'2023-01-24 20:13:00',0,1,1,13),(28,1,'Invernadas 2021','invernadas-2021','','<p>Lorem ipsão dolor sít amçet, consectetur adipiscing elit. Sed vehicula id odio quis rhoncus. Donec ullamcorper, lectus in dictum porta, urna nisl tincidunt metus, at iaculis nunc sem vitae diam. Etiam quam orci, volutpat a justo non, pretium condimentum felis. Duis id elementum arcu. Mauris pharetra dui molestie tortor imperdiet.  Lorem ipsão dolor sít amçet, consectetur adipiscing elit. Sed vehicula id odio quis rhoncus. Donec ullamcorper, lectus in dictum porta, urna nisl tincidunt metus, at iaculis nunc sem vitae diam.</p><p><br></p><p>Nome / Descrição</p><p>Nome / Descrição</p><p>Nome / Descrição</p><p>Nome / Descrição</p><p>Nome / Descrição</p><p>Nome / Descrição</p><p>Nome / Descrição</p><p>Nome / Descrição</p><p>Nome / Descrição</p><p>Nome / Descrição</p>','NJfjECSP8T7TWjygrUAryZ9HG',9,20,'2021-06-02 19:13:00',0,1,1,1292),(40,1,'Invernadas 2023','invernadas-2023','','<p>Lorem ipsão dolor sít amçet, consectetur adipiscing elit. Sed vehicula id odio quis rhoncus. Donec ullamcorper, lectus in dictum porta, urna nisl tincidunt metus, at iaculis nunc sem vitae diam. Etiam quam orci, volutpat a justo non, pretium condimentum felis. Duis id elementum arcu. Mauris pharetra dui molestie tortor imperdiet.&nbsp; Lorem ipsão dolor sít amçet, consectetur adipiscing elit. Sed vehicula id odio quis rhoncus. Donec ullamcorper, lectus in dictum porta, urna nisl tincidunt metus, at iaculis nunc sem vitae diam.</p><p><br></p><p>Nome / Descrição</p><p>Nome / Descrição</p><p>Nome / Descrição</p><p>Nome / Descrição</p><p>Nome / Descrição</p><p>Nome / Descrição</p><p>Nome / Descrição</p><p>Nome / Descrição</p><p>Nome / Descrição</p><p>Nome / Descrição</p>','iy4fGOPcvLbPfLKz7ZIMLhAvV',9,0,'2024-01-24 20:47:00',0,1,1,12),(29,1,'Prendas e Peões 2021','prendas-e-peoes-2021','','<p>Lorem ipsão dolor sít amçet, consectetur adipiscing elit. Sed vehicula id odio quis rhoncus. Donec ullamcorper, lectus in dictum porta, urna nisl tincidunt metus, at iaculis nunc sem vitae diam. Etiam quam orci, volutpat a justo non, pretium condimentum felis. Duis id elementum arcu. Mauris pharetra dui molestie tortor imperdiet.&nbsp; Lorem ipsão dolor sít amçet, consectetur adipiscing elit. Sed vehicula id odio quis rhoncus. Donec ullamcorper, lectus in dictum porta, urna nisl tincidunt metus, at iaculis nunc sem vitae diam.<br><br>Nome / Descrição<br></p><p>Nome / Descrição</p><p>Nome / Descrição</p><p>Nome / Descrição</p><p>Nome / Descrição</p><p>Nome / Descrição</p><p>Nome / Descrição</p><p>Nome / Descrição</p><p>Nome / Descrição</p><p>Nome / Descrição</p>','bSCvIHHg15HTMp6aP5nZAUL3l',10,21,'2021-06-02 19:14:00',0,1,1,1191),(38,1,'Prendas e Peões 2023','prendas-e-peoes-2023','','<p>Lorem ipsão dolor sít amçet, consectetur adipiscing elit. Sed vehicula id odio quis rhoncus. Donec ullamcorper, lectus in dictum porta, urna nisl tincidunt metus, at iaculis nunc sem vitae diam. Etiam quam orci, volutpat a justo non, pretium condimentum felis. Duis id elementum arcu. Mauris pharetra dui molestie tortor imperdiet.&nbsp; Lorem ipsão dolor sít amçet, consectetur adipiscing elit. Sed vehicula id odio quis rhoncus. Donec ullamcorper, lectus in dictum porta, urna nisl tincidunt metus, at iaculis nunc </p><p><br></p><p>sem vitae diam.</p><p>Nome / Descrição</p><p>Nome / Descrição</p><p>Nome / Descrição</p><p>Nome / Descrição</p><p>Nome / Descrição</p><p>Nome / Descrição</p><p>Nome / Descrição</p><p>Nome / Descrição</p><p>Nome / Descrição</p><p>Nome / Descrição</p>','d9bA54fHezk9s038Hco25224f',10,0,'2024-01-24 20:34:00',0,1,1,12),(30,1,'Programação da Semana Farroupilha','programacao-da-semana-farroupilha','Lorem ipsão dolor sít amçet, consectetur adipiscing elit. Sed vehicula id odio quis rhoncus. Donec ullamcorper','<p>Lorem ipsão dolor sít amçet, consectetur adipiscing elit. Sed vehicula id odio quis rhoncus. Donec ullamcorper, lectus in dictum porta, urna nisl tincidunt metus, at iaculis nunc sem vitae diam. Etiam quam orci, volutpat a justo non, pretium condimentum felis. Duis id elementum arcu. Mauris pharetra dui molestie tortor imperdiet. </p><p><br></p><p>Duis non laoreet eros. Vestibulum porta neque eleifend erat tempus, vitae sagittis elit sodales. Sed convallis erat quis iaculis vestibulum. Curabitur sit amet purus et tellus consectetur vehicula. Suspendisse condimentum bibendum ante in adipiscing. Aliquam dignissim nisl eget arcu convallis, in viverra risus consequat. Pellentesque dictum gravida lacinia.</p><p><br></p><p>Lorem ipsão dolor sít amçet, consectetur adipiscing elit. Sed vehicula id odio quis rhoncus. Donec ullamcorper, lectus in dictum porta, urna nisl tincidunt metus, at iaculis nunc sem vitae diam. Etiam quam orci, volutpat a justo non, pretium condimentum felis. Duis id elementum arcu. Mauris pharetra dui molestie tortor imperdiet. Duis non laoreet eros. Vestibulum porta neque eleifend erat tempus, vitae sagittis elit sodales. Sed convallis erat quis iaculis vestibulum. </p><p><br></p><p>Lorem ipsão dolor sít amçet, consectetur adipiscing elit. Sed vehicula id odio quis rhoncus. Donec ullamcorper, lectus in dictum porta, urna nisl tincidunt metus, at iaculis nunc sem vitae diam. Etiam quam orci, volutpat a justo non, pretium condimentum felis. Duis id elementum arcu. Mauris pharetra dui molestie tortor imperdiet.  Lorem ipsão dolor sít amçet, consectetur adipiscing elit. Sed vehicula id odio quis rhoncus. Donec ullamcorper, lectus in dictum porta, urna nisl tincidunt metus, at iaculis nunc sem vitae diam. </p>','5xlO9hfuXTLqWxmhztZZRIiTT',12,22,'2022-06-02 20:39:00',0,1,1,945),(31,1,'Seja sócio','seja-socio_1','Lorem ipsão dolor sít amçet, consectetur adipiscing elit. Sed vehicula id odio quis rhoncus. Donec ullamcorper, lectus in dictum porta,','<p>Lorem ipsão dolor sít amçet, consectetur adipiscing elit. Sed vehicula id odio quis rhoncus. Donec ullamcorper, lectus in dictum porta, urna nisl tincidunt metus, at iaculis nunc sem vitae diam. Etiam quam orci, volutpat a justo non, pretium condimentum felis. Duis id elementum arcu. Mauris pharetra dui molestie tortor imperdiet. </p><p><br></p><p>Duis non laoreet eros. Vestibulum porta neque eleifend erat tempus, vitae sagittis elit sodales. Sed convallis erat quis iaculis vestibulum. Curabitur sit amet purus et tellus consectetur vehicula. Suspendisse condimentum bibendum ante in adipiscing. Aliquam dignissim nisl eget arcu convallis, in viverra risus consequat. Pellentesque dictum gravida lacinia.</p><p><br></p><p>Lorem ipsão dolor sít amçet, consectetur adipiscing elit. Sed vehicula id odio quis rhoncus. Donec ullamcorper, lectus in dictum porta, urna nisl tincidunt metus, at iaculis nunc sem vitae diam. Etiam quam orci, volutpat a justo non, pretium condimentum felis. Duis id elementum arcu. Mauris pharetra dui molestie tortor imperdiet. Duis non laoreet eros. Vestibulum porta neque eleifend erat tempus, vitae sagittis elit sodales. Sed convallis erat quis iaculis vestibulum. </p><p><br></p><p>Lorem ipsão dolor sít amçet, consectetur adipiscing elit. Sed vehicula id odio quis rhoncus. Donec ullamcorper, lectus in dictum porta, urna nisl tincidunt metus, at iaculis nunc sem vitae diam. Etiam quam orci, volutpat a justo non, pretium condimentum felis. Duis id elementum arcu. Mauris pharetra dui molestie tortor imperdiet.  Lorem ipsão dolor sít amçet, consectetur adipiscing elit. Sed vehicula id odio quis rhoncus. Donec ullamcorper, lectus in dictum porta, urna nisl tincidunt metus, at iaculis nunc sem vitae diam. </p>','uuSsRYIw4v7jw27gvw0S3qoPr',15,23,'2021-01-02 20:45:00',0,1,1,548),(32,1,'Semana Farroupilha','semana-farroupilha','Lorem ipsão dolor sít amçet, consectetur adipiscing elit. Sed vehicula id odio quis rhoncus. Donec ullamcorper, lectus in dictum porta,','<p>Lorem ipsão dolor sít amçet, consectetur adipiscing elit. Sed vehicula id odio quis rhoncus. Donec ullamcorper, lectus in dictum porta, urna nisl tincidunt metus, at iaculis nunc sem vitae diam. Etiam quam orci, volutpat a justo non, pretium condimentum felis. Duis id elementum arcu. Mauris pharetra dui molestie tortor imperdiet. </p><p><br></p><p>Duis non laoreet eros. Vestibulum porta neque eleifend erat tempus, vitae sagittis elit sodales. Sed convallis erat quis iaculis vestibulum. Curabitur sit amet purus et tellus consectetur vehicula. Suspendisse condimentum bibendum ante in adipiscing. Aliquam dignissim nisl eget arcu convallis, in viverra risus consequat. Pellentesque dictum gravida lacinia.</p><p><br></p><p>Lorem ipsão dolor sít amçet, consectetur adipiscing elit. Sed vehicula id odio quis rhoncus. Donec ullamcorper, lectus in dictum porta, urna nisl tincidunt metus, at iaculis nunc sem vitae diam. Etiam quam orci, volutpat a justo non, pretium condimentum felis. Duis id elementum arcu. Mauris pharetra dui molestie tortor imperdiet. Duis non laoreet eros. Vestibulum porta neque eleifend erat tempus, vitae sagittis elit sodales. Sed convallis erat quis iaculis vestibulum. </p><p><br></p><p>Lorem ipsão dolor sít amçet, consectetur adipiscing elit. Sed vehicula id odio quis rhoncus. Donec ullamcorper, lectus in dictum porta, urna nisl tincidunt metus, at iaculis nunc sem vitae diam. Etiam quam orci, volutpat a justo non, pretium condimentum felis. Duis id elementum arcu. Mauris pharetra dui molestie tortor imperdiet.  Lorem ipsão dolor sít amçet, consectetur adipiscing elit. Sed vehicula id odio quis rhoncus. Donec ullamcorper, lectus in dictum porta, urna nisl tincidunt metus, at iaculis nunc sem vitae diam. </p>','PhcGMDE8mByLYiTHdbKBKepWV',15,24,'2022-06-02 20:51:00',0,1,1,1101),(33,1,'Costelão Mensal','costelao-mensal','Lorem ipsão dolor sít amçet, consectetur adipiscing elit. Sed vehicula id odio quis rhoncus. Donec ullamcorper, lectus in dictum porta,','<h3><b>Data /  Preços / Horário</b></h3><p><br>Lorem ipsão dolor sít amçet, consectetur adipiscing elit. Sed vehicula id odio quis rhoncus. Donec ullamcorper, lectus in dictum porta, urna nisl tincidunt metus, at iaculis nunc sem vitae diam. Etiam quam orci, volutpat a justo non, pretium condimentum felis. Duis id elementum arcu. Mauris pharetra dui molestie tortor imperdiet. </p><p><br></p><p>Duis non laoreet eros. Vestibulum porta neque eleifend erat tempus, vitae sagittis elit sodales. Sed convallis erat quis iaculis vestibulum. Curabitur sit amet purus et tellus consectetur vehicula. Suspendisse condimentum bibendum ante in adipiscing. Aliquam dignissim nisl eget arcu convallis, in viverra risus consequat. Pellentesque dictum gravida lacinia.</p><p><br></p><p>Lorem ipsão dolor sít amçet, consectetur adipiscing elit. Sed vehicula id odio quis rhoncus. Donec ullamcorper, lectus in dictum porta, urna nisl tincidunt metus, at iaculis nunc sem vitae diam. Etiam quam orci, volutpat a justo non, pretium condimentum felis. Duis id elementum arcu. Mauris pharetra dui molestie tortor imperdiet. Duis non laoreet eros. Vestibulum porta neque eleifend erat tempus, vitae sagittis elit sodales. Sed convallis erat quis iaculis vestibulum. </p><p><br></p><p>Lorem ipsão dolor sít amçet, consectetur adipiscing elit. Sed vehicula id odio quis rhoncus. Donec ullamcorper, lectus in dictum porta, urna nisl tincidunt metus, at iaculis nunc sem vitae diam. Etiam quam orci, volutpat a justo non, pretium condimentum felis. Duis id elementum arcu. Mauris pharetra dui molestie tortor imperdiet.  Lorem ipsão dolor sít amçet, consectetur adipiscing elit. Sed vehicula id odio quis rhoncus. Donec ullamcorper, lectus in dictum porta, urna nisl tincidunt metus, at iaculis nunc sem vitae diam. </p>','wfNneh4At3WWAE3QViOlaVxqZ',15,25,'2022-06-02 20:55:00',0,1,1,1155),(37,1,'Prendas e Peões 2022','prendas-e-peoes-2022','','<p>Lorem ipsão dolor sít amçet, consectetur adipiscing elit. Sed vehicula id odio quis rhoncus. Donec ullamcorper, lectus in dictum porta, urna nisl tincidunt metus, at iaculis nunc sem vitae diam. Etiam quam orci, volutpat a justo non, pretium condimentum felis. Duis id elementum arcu. Mauris pharetra dui molestie tortor imperdiet.&nbsp; Lorem ipsão dolor sít amçet, consectetur adipiscing elit. Sed vehicula id odio quis rhoncus. Donec ullamcorper, lectus in dictum porta, urna nisl tincidunt metus, at iaculis nunc sem vitae diam.<br></p><p><br></p><p>Nome / Descrição<br></p><p>Nome / Descrição</p><p>Nome / Descrição</p><p>Nome / Descrição</p><p>Nome / Descrição</p><p>Nome / Descrição</p><p>Nome / Descrição</p><p>Nome / Descrição</p><p>Nome / Descrição</p><p>Nome / Descrição</p>','OdS3ofSAzSOxzziOZ9DpuzR3L',10,0,'2024-01-24 20:33:00',0,1,1,12),(39,1,'Invernadas 2022','invernadas-2022','','<p>Lorem ipsão dolor sít amçet, consectetur adipiscing elit. Sed vehicula id odio quis rhoncus. Donec ullamcorper, lectus in dictum porta, urna nisl tincidunt metus, at iaculis nunc sem vitae diam. Etiam quam orci, volutpat a justo non, pretium condimentum felis. Duis id elementum arcu. Mauris pharetra dui molestie tortor imperdiet.&nbsp; Lorem ipsão dolor sít amçet, consectetur adipiscing elit. Sed vehicula id odio quis rhoncus. Donec ullamcorper, lectus in dictum porta, urna nisl tincidunt metus, at iaculis nunc sem vitae diam.</p><p><br></p><p>Nome / Descrição</p><p>Nome / Descrição</p><p>Nome / Descrição</p><p>Nome / Descrição</p><p>Nome / Descrição</p><p>Nome / Descrição</p><p>Nome / Descrição</p><p>Nome / Descrição</p><p>Nome / Descrição</p><p>Nome / Descrição</p>','00GKcH4dDVw3yo3zO2GWgEkPq',9,0,'2024-01-24 20:46:00',0,1,1,12);

--
-- Table structure for table `noticias_arquivos`
--

CREATE TABLE `noticias_arquivos` (
  `id` int(11) NOT NULL AUTO_INCREMENT,
  `codigo` varchar(25) NOT NULL,
  `path` text NOT NULL,
  `arquivo` text NOT NULL,
  `legenda` text DEFAULT NULL,
  `tipo` varchar(50) DEFAULT NULL,
  PRIMARY KEY (`id`),
  KEY `codigo` (`codigo`)
) ENGINE=MyISAM AUTO_INCREMENT=29 DEFAULT CHARSET=latin1 COLLATE=latin1_swedish_ci;

--
-- Dumping data for table `noticias_arquivos`
--

INSERT INTO `noticias_arquivos` (`id`, `codigo`, `path`, `arquivo`, `legenda`, `tipo`) VALUES (1,'zHy019GRScnaDiGr4tUFTsYNr','zHD/noticias/1/zHy019GRScnaDiGr4tUFTsYNr/imagens/','0312862001610167735.jpg',NULL,'capa'),(2,'yGW1ijVx6EGeasgEjdpvglL0Z','zHD/noticias/1/yGW1ijVx6EGeasgEjdpvglL0Z/imagens/','0369886001610168133.jpg',NULL,'capa'),(3,'kNhMAppdzh1wncywVXuYOak4T','zHD/noticias/1/kNhMAppdzh1wncywVXuYOak4T/imagens/','0869345001610168251.jpg',NULL,'capa'),(4,'ix7YXlLhERcOCwVUbk9kFJptR','zHD/noticias/1/ix7YXlLhERcOCwVUbk9kFJptR/imagens/','0503009001610173406.jpg',NULL,'capa'),(5,'tu1fnc9o9UFWgwGuNJBoDOuz2','zHD/noticias/1/tu1fnc9o9UFWgwGuNJBoDOuz2/imagens/','0351862001610173966.jpg',NULL,'capa'),(6,'BXKFLZxTqKeGiX1MlxLJFTTTQ','zHD/noticias/1/BXKFLZxTqKeGiX1MlxLJFTTTQ/imagens/','0313042001610174156.jpg',NULL,'capa'),(7,'zy9F93t6SIw5d8HdzEnmFruy2','zHD/noticias/1/zy9F93t6SIw5d8HdzEnmFruy2/imagens/','0968551001610174321.jpg',NULL,'capa'),(8,'Pnj4PATmMc9BYhYBE46dyLTr3','zHD/noticias/1/Pnj4PATmMc9BYhYBE46dyLTr3/imagens/','0582270001610548100.jpg',NULL,'capa'),(9,'z00CzcFBysOAfn7uuctzHrHp3','zHD/noticias/1/z00CzcFBysOAfn7uuctzHrHp3/imagens/','0709550001610613609.jpg',NULL,'capa'),(10,'nmU1xBWvEej7PbsSyf23g6jRv','zHD/noticias/1/nmU1xBWvEej7PbsSyf23g6jRv/imagens/','0010959001648878129.jpg',NULL,'capa'),(11,'iTRrNXDP5putbRszWWwFuGScT','zHD/noticias/1/iTRrNXDP5putbRszWWwFuGScT/imagens/','0743935001610613857.jpg',NULL,'capa'),(12,'9GgS4y2ySa4cWTE6K4gJnhZy5','zHD/noticias/1/9GgS4y2ySa4cWTE6K4gJnhZy5/imagens/','0239539001610613943.jpg',NULL,'capa'),(13,'c1IdXgF1lUkzfehDwoLUYdB1J','zHD/noticias/1/c1IdXgF1lUkzfehDwoLUYdB1J/imagens/','0453605001649672198.jpg',NULL,'capa'),(14,'c1IdXgF1lUkzfehDwoLUYdB1J','zHD/noticias/1/c1IdXgF1lUkzfehDwoLUYdB1J/arquivos/','Documento Ilustrativo 1 (0963162001649671793).pdf','Formulário de Cadastro (ilustrativo)','arquivo'),(15,'TOKJ0nih9tDHEJJFRW0Nv6jQ3','zHD/noticias/1/TOKJ0nih9tDHEJJFRW0Nv6jQ3/imagens/','0376459001654150092.jpg',NULL,'capa'),(16,'CiKVLbMxKI2lqySo5PSo60Ulx','zHD/noticias/1/CiKVLbMxKI2lqySo5PSo60Ulx/imagens/','0970303001654155597.jpg',NULL,'capa'),(17,'jwslmRz23EQcpt0sxUCgXEZd7','zHD/noticias/1/jwslmRz23EQcpt0sxUCgXEZd7/imagens/','0127216001654205914.jpg',NULL,'capa'),(18,'oggJ9hZ5CMRZYXDuLtSmKX2y7','zHD/noticias/1/oggJ9hZ5CMRZYXDuLtSmKX2y7/imagens/','0055888001654206178.jpg',NULL,'capa'),(19,'xNNIplleEG1o5Oiw9DciqkVzy','zHD/noticias/1/xNNIplleEG1o5Oiw9DciqkVzy/imagens/','0941771001654207405.jpg',NULL,'capa'),(20,'NJfjECSP8T7TWjygrUAryZ9HG','zHD/noticias/1/NJfjECSP8T7TWjygrUAryZ9HG/imagens/','0169829001654208036.jpg',NULL,'capa'),(21,'bSCvIHHg15HTMp6aP5nZAUL3l','zHD/noticias/1/bSCvIHHg15HTMp6aP5nZAUL3l/imagens/','0702772001654208092.jpg',NULL,'capa'),(22,'5xlO9hfuXTLqWxmhztZZRIiTT','zHD/noticias/1/5xlO9hfuXTLqWxmhztZZRIiTT/imagens/','0129817001654213236.jpg',NULL,'capa'),(23,'uuSsRYIw4v7jw27gvw0S3qoPr','zHD/noticias/1/uuSsRYIw4v7jw27gvw0S3qoPr/imagens/','0332130001654213571.jpg',NULL,'capa'),(24,'PhcGMDE8mByLYiTHdbKBKepWV','zHD/noticias/1/PhcGMDE8mByLYiTHdbKBKepWV/imagens/','0685095001654213924.jpg',NULL,'capa'),(25,'wfNneh4At3WWAE3QViOlaVxqZ','zHD/noticias/1/wfNneh4At3WWAE3QViOlaVxqZ/imagens/','0358873001654214215.jpg',NULL,'capa'),(27,'Q6DRtMFpEoIQwm3QFanK7IygL','zHD/noticias/1/Q6DRtMFpEoIQwm3QFanK7IygL/imagens/','0790771001668402179.jpg',NULL,'capa'),(28,'TOKJ0nih9tDHEJJFRW0Nv6jQ3','zHD/noticias/1/TOKJ0nih9tDHEJJFRW0Nv6jQ3/audios/','Hino Nacional com Coral (0233503001687873417).mp3',NULL,'audio');

--
-- Table structure for table `noticias_entidades`
--

CREATE TABLE `noticias_entidades` (
  `id` int(11) NOT NULL AUTO_INCREMENT,
  `usuario` int(11) NOT NULL,
  `noticia` int(11) NOT NULL,
  `entidade` int(11) NOT NULL,
  `data` datetime NOT NULL DEFAULT current_timestamp(),
  PRIMARY KEY (`id`),
  KEY `noticia` (`noticia`),
  KEY `entidade` (`entidade`),
  KEY `usuario` (`usuario`)
) ENGINE=MyISAM AUTO_INCREMENT=45 DEFAULT CHARSET=latin1 COLLATE=latin1_swedish_ci;

--
-- Dumping data for table `noticias_entidades`
--


--
-- Table structure for table `noticias_links`
--

CREATE TABLE `noticias_links` (
  `id` int(11) NOT NULL AUTO_INCREMENT,
  `codigo` varchar(25) NOT NULL,
  `titulo` text DEFAULT NULL,
  `link` text NOT NULL,
  PRIMARY KEY (`id`),
  KEY `codigo` (`codigo`)
) ENGINE=MyISAM DEFAULT CHARSET=latin1 COLLATE=latin1_swedish_ci ROW_FORMAT=DYNAMIC;

--
-- Dumping data for table `noticias_links`
--


--
-- Table structure for table `noticias_secoes`
--

CREATE TABLE `noticias_secoes` (
  `id` int(11) NOT NULL AUTO_INCREMENT,
  `entidade` int(11) NOT NULL DEFAULT 0,
  `nome` varchar(250) NOT NULL,
  PRIMARY KEY (`id`),
  KEY `entidade` (`entidade`)
) ENGINE=MyISAM AUTO_INCREMENT=17 DEFAULT CHARSET=latin1 COLLATE=latin1_swedish_ci ROW_FORMAT=DYNAMIC;

--
-- Dumping data for table `noticias_secoes`
--

INSERT INTO `noticias_secoes` (`id`, `entidade`, `nome`) VALUES (1,1,'Publicações'),(16,1,'Cultura Gaúcha'),(8,1,'Patronagem '),(9,1,'Invernadas'),(10,1,'Prendas e Peões'),(15,1,'Tag');

--
-- Table structure for table `noticias_videos`
--

CREATE TABLE `noticias_videos` (
  `id` int(11) NOT NULL AUTO_INCREMENT,
  `codigo` varchar(25) NOT NULL,
  `titulo` text DEFAULT NULL,
  `link` text NOT NULL,
  PRIMARY KEY (`id`),
  KEY `codigo` (`codigo`)
) ENGINE=MyISAM DEFAULT CHARSET=latin1 COLLATE=latin1_swedish_ci ROW_FORMAT=DYNAMIC;

--
-- Dumping data for table `noticias_videos`
--


--
-- Table structure for table `ouvidoria`
--

CREATE TABLE `ouvidoria` (
  `id` int(11) NOT NULL AUTO_INCREMENT,
  `anonimo` int(11) NOT NULL DEFAULT 0,
  `finalidade` int(11) DEFAULT NULL,
  `status` int(11) NOT NULL DEFAULT 0,
  `pessoa` varchar(20) DEFAULT NULL,
  `nome` varchar(200) DEFAULT NULL,
  `documento` varchar(200) DEFAULT NULL,
  `email` varchar(300) DEFAULT NULL,
  `telefone` varchar(300) DEFAULT NULL,
  `cep` varchar(300) DEFAULT NULL,
  `endereco` varchar(300) DEFAULT NULL,
  `bairro` varchar(300) DEFAULT NULL,
  `complemento` varchar(300) DEFAULT NULL,
  `cidade` varchar(300) DEFAULT NULL,
  `uf` varchar(300) DEFAULT NULL,
  `codigo` varchar(25) DEFAULT NULL,
  `titulo` text DEFAULT NULL,
  `texto` text DEFAULT NULL,
  `protocolo` varchar(8) NOT NULL,
  `data` timestamp NOT NULL DEFAULT current_timestamp(),
  `entidade` int(11) NOT NULL,
  `envio` int(11) NOT NULL DEFAULT 0,
  PRIMARY KEY (`id`),
  KEY `entidade` (`entidade`),
  KEY `protocolo` (`protocolo`),
  KEY `documento` (`documento`)
) ENGINE=MyISAM AUTO_INCREMENT=3 DEFAULT CHARSET=latin1 COLLATE=latin1_swedish_ci ROW_FORMAT=DYNAMIC;

--
-- Dumping data for table `ouvidoria`
--

INSERT INTO `ouvidoria` (`id`, `anonimo`, `finalidade`, `status`, `pessoa`, `nome`, `documento`, `email`, `telefone`, `cep`, `endereco`, `bairro`, `complemento`, `cidade`, `uf`, `codigo`, `titulo`, `texto`, `protocolo`, `data`, `entidade`, `envio`) VALUES (1,0,3,1,'PF','JP Web Teste','11.111.111/1111-11','jpweb@jpweb.com.br','(61) 98251-2032',NULL,'CLSW 302, Bloco F, Sudoeste','Sudoeste',NULL,'Brasília','','OriIQjtERzTzluapH7bVLSBxR','JP WEB TESTE','TESTE','SATFB5JN','2022-04-03 09:15:27',1,1),(2,1,3,1,'PF','','','','',NULL,'','',NULL,'','','8mNSci5P5qIyLEwr0R6PXjUq1','JP WEB TESTE','TESTE 11.11','YNYYANOY','2022-04-11 14:18:45',1,0);

--
-- Table structure for table `ouvidoria_arquivos`
--

CREATE TABLE `ouvidoria_arquivos` (
  `id` int(11) NOT NULL AUTO_INCREMENT,
  `codigo` varchar(25) NOT NULL,
  `path` text NOT NULL,
  `arquivo` text NOT NULL,
  `legenda` text DEFAULT NULL,
  `tipo` varchar(50) DEFAULT NULL,
  `data` date DEFAULT NULL,
  PRIMARY KEY (`id`),
  KEY `codigo` (`codigo`)
) ENGINE=MyISAM DEFAULT CHARSET=latin1 COLLATE=latin1_swedish_ci ROW_FORMAT=DYNAMIC;

--
-- Dumping data for table `ouvidoria_arquivos`
--


--
-- Table structure for table `ouvidoria_finalidades`
--

CREATE TABLE `ouvidoria_finalidades` (
  `id` int(11) NOT NULL AUTO_INCREMENT,
  `nome` varchar(250) NOT NULL,
  `entidade` int(11) NOT NULL DEFAULT 0,
  PRIMARY KEY (`id`),
  KEY `entidade` (`entidade`)
) ENGINE=MyISAM AUTO_INCREMENT=186 DEFAULT CHARSET=latin1 COLLATE=latin1_swedish_ci ROW_FORMAT=DYNAMIC;

--
-- Dumping data for table `ouvidoria_finalidades`
--

INSERT INTO `ouvidoria_finalidades` (`id`, `nome`, `entidade`) VALUES (1,'Críticas',1),(2,'Denúncias',1),(3,'Elogios',1),(4,'Reclamações',1),(5,'Solicitações',1),(6,'Sugestões',1),(7,'Críticas',1);

--
-- Table structure for table `ouvidoria_respostas`
--

CREATE TABLE `ouvidoria_respostas` (
  `id` int(11) NOT NULL AUTO_INCREMENT,
  `ouvidoria` int(11) NOT NULL DEFAULT 0,
  `usuario` int(11) NOT NULL DEFAULT 0,
  `resposta` text NOT NULL,
  `codigo` varchar(25) NOT NULL,
  `data` timestamp NOT NULL DEFAULT current_timestamp() ON UPDATE current_timestamp(),
  PRIMARY KEY (`id`),
  KEY `data` (`data`),
  KEY `ouvidoria` (`ouvidoria`)
) ENGINE=MyISAM DEFAULT CHARSET=latin1 COLLATE=latin1_swedish_ci ROW_FORMAT=DYNAMIC;

--
-- Dumping data for table `ouvidoria_respostas`
--


--
-- Table structure for table `ouvidoria_status`
--

CREATE TABLE `ouvidoria_status` (
  `id` int(11) NOT NULL AUTO_INCREMENT,
  `nome` varchar(250) NOT NULL,
  `entidade` int(11) NOT NULL DEFAULT 0,
  `padrao` int(11) NOT NULL DEFAULT 0,
  PRIMARY KEY (`id`),
  KEY `entidade` (`entidade`)
) ENGINE=MyISAM AUTO_INCREMENT=4 DEFAULT CHARSET=latin1 COLLATE=latin1_swedish_ci ROW_FORMAT=DYNAMIC;

--
-- Dumping data for table `ouvidoria_status`
--

INSERT INTO `ouvidoria_status` (`id`, `nome`, `entidade`, `padrao`) VALUES (3,'Respondido',1,0),(2,'Finalizado',1,0),(1,'Recebido',1,1);

--
-- Table structure for table `pesquisas`
--

CREATE TABLE `pesquisas` (
  `id` int(11) NOT NULL AUTO_INCREMENT,
  `usuario` int(11) NOT NULL DEFAULT 0,
  `publico` int(11) NOT NULL DEFAULT 0,
  `titulo` text NOT NULL,
  `imagem` text DEFAULT NULL,
  `tag` text NOT NULL,
  `texto` text DEFAULT NULL,
  `secao` int(11) NOT NULL,
  `data` datetime DEFAULT current_timestamp(),
  `ignorar_ip` int(11) DEFAULT 0,
  `entidade` int(11) NOT NULL,
  `status` int(11) DEFAULT 1,
  PRIMARY KEY (`id`),
  KEY `entidade` (`entidade`)
) ENGINE=MyISAM AUTO_INCREMENT=2 DEFAULT CHARSET=latin1 COLLATE=latin1_swedish_ci ROW_FORMAT=DYNAMIC;

--
-- Dumping data for table `pesquisas`
--

INSERT INTO `pesquisas` (`id`, `usuario`, `publico`, `titulo`, `imagem`, `tag`, `texto`, `secao`, `data`, `ignorar_ip`, `entidade`, `status`) VALUES (1,1,1,'Qual sua opinião sobre a volta às aulas?','zHD/pesquisas/1/0131686001610176290.jpg','qualsuaopiniaosobreavoltaasaulas','Lorem ipsão dolor sít amçet, consectetur adipiscing elit. Sed vehicula id odio quis rhoncus. Donec ullamcorper, lectus in dictum porta, urna nisl tincidunt metus, at iaculis nunc sem vitae diam. Etiam quam orci, volutpat a justo non, pretium condimentum felis. Duis id elementum arcu. Mauris pharetra dui molestie tortor imperdiet. ',1,'2021-01-09 00:00:00',0,1,1);

--
-- Table structure for table `pesquisas_opcoes`
--

CREATE TABLE `pesquisas_opcoes` (
  `id` int(11) NOT NULL AUTO_INCREMENT,
  `ordem` int(11) NOT NULL DEFAULT 0,
  `pesquisa` int(11) NOT NULL DEFAULT 0,
  `titulo` text NOT NULL,
  `tipo` varchar(50) NOT NULL,
  `json` text DEFAULT NULL,
  PRIMARY KEY (`id`),
  KEY `enquete` (`pesquisa`)
) ENGINE=MyISAM AUTO_INCREMENT=2 DEFAULT CHARSET=latin1 COLLATE=latin1_swedish_ci ROW_FORMAT=DYNAMIC;

--
-- Dumping data for table `pesquisas_opcoes`
--

INSERT INTO `pesquisas_opcoes` (`id`, `ordem`, `pesquisa`, `titulo`, `tipo`, `json`) VALUES (1,1,1,'As aulas devem ser reiniciadas imediatamente.','opcoes','{\"0\":\"Voltar imediato\",\"1\":\"Ap\\u00f3s vacina\\u00e7\\u00e3o\"}');

--
-- Table structure for table `pesquisas_respostas`
--

CREATE TABLE `pesquisas_respostas` (
  `id` int(11) NOT NULL AUTO_INCREMENT,
  `pesquisa` int(11) NOT NULL DEFAULT 0,
  `formulario` varchar(25) NOT NULL,
  `json` text DEFAULT NULL,
  `ip` varchar(50) NOT NULL,
  `data` timestamp NOT NULL DEFAULT current_timestamp() ON UPDATE current_timestamp(),
  PRIMARY KEY (`id`),
  KEY `enquete` (`pesquisa`),
  KEY `ip` (`ip`),
  KEY `data` (`data`),
  KEY `formulario` (`formulario`)
) ENGINE=MyISAM AUTO_INCREMENT=2 DEFAULT CHARSET=latin1 COLLATE=latin1_swedish_ci ROW_FORMAT=DYNAMIC;

--
-- Dumping data for table `pesquisas_respostas`
--

INSERT INTO `pesquisas_respostas` (`id`, `pesquisa`, `formulario`, `json`, `ip`, `data`) VALUES (1,1,'ayUujML7FojwB8dqW9BemRAMc','{\"1\":\"Voltar imediato\"}','177.235.117.135','2021-01-09 07:13:41');

--
-- Table structure for table `pesquisas_secoes`
--

CREATE TABLE `pesquisas_secoes` (
  `id` int(11) NOT NULL AUTO_INCREMENT,
  `nome` varchar(250) NOT NULL,
  `entidade` int(11) NOT NULL DEFAULT 0,
  PRIMARY KEY (`id`),
  KEY `entidade` (`entidade`)
) ENGINE=MyISAM AUTO_INCREMENT=9 DEFAULT CHARSET=latin1 COLLATE=latin1_swedish_ci ROW_FORMAT=DYNAMIC;

--
-- Dumping data for table `pesquisas_secoes`
--

INSERT INTO `pesquisas_secoes` (`id`, `nome`, `entidade`) VALUES (1,'Pesquisas',1);

--
-- Table structure for table `popup`
--

CREATE TABLE `popup` (
  `id` int(11) NOT NULL AUTO_INCREMENT,
  `usuario` int(11) NOT NULL DEFAULT 0,
  `titulo` text NOT NULL,
  `link` text DEFAULT NULL,
  `tag` text NOT NULL,
  `texto` text DEFAULT NULL,
  `codigo` varchar(25) NOT NULL,
  `secao` int(11) NOT NULL,
  `data` datetime DEFAULT current_timestamp(),
  `entidade` int(11) NOT NULL,
  `imagem` int(11) DEFAULT 0,
  `status` int(11) DEFAULT 1,
  `contador` int(11) DEFAULT 0,
  `app_id` int(11) DEFAULT 0,
  `app_alvo` int(11) DEFAULT 0,
  PRIMARY KEY (`id`),
  KEY `app_alvo` (`app_alvo`),
  KEY `app_id` (`app_id`),
  KEY `contador` (`contador`),
  KEY `entidade` (`entidade`)
) ENGINE=MyISAM AUTO_INCREMENT=2 DEFAULT CHARSET=latin1 COLLATE=latin1_swedish_ci ROW_FORMAT=DYNAMIC;

--
-- Dumping data for table `popup`
--

INSERT INTO `popup` (`id`, `usuario`, `titulo`, `link`, `tag`, `texto`, `codigo`, `secao`, `data`, `entidade`, `imagem`, `status`, `contador`, `app_id`, `app_alvo`) VALUES (1,1,'Institucional',NULL,'institucional',NULL,'8lSelF3gbKh0Dqz6HirieAP8D',1,'2023-09-02 00:00:00',1,0,1,214,0,0);

--
-- Table structure for table `popup_arquivos`
--

CREATE TABLE `popup_arquivos` (
  `id` int(11) NOT NULL AUTO_INCREMENT,
  `codigo` varchar(25) NOT NULL,
  `path` text NOT NULL,
  `arquivo` text NOT NULL,
  `legenda` text DEFAULT NULL,
  `tipo` varchar(50) DEFAULT NULL,
  PRIMARY KEY (`id`),
  KEY `codigo` (`codigo`)
) ENGINE=MyISAM AUTO_INCREMENT=2 DEFAULT CHARSET=latin1 COLLATE=latin1_swedish_ci ROW_FORMAT=DYNAMIC;

--
-- Dumping data for table `popup_arquivos`
--

INSERT INTO `popup_arquivos` (`id`, `codigo`, `path`, `arquivo`, `legenda`, `tipo`) VALUES (1,'8lSelF3gbKh0Dqz6HirieAP8D','zHD/popup/1/8lSelF3gbKh0Dqz6HirieAP8D/','POPUP-GERAL2 (0319647001693633619).jpg',NULL,'imagem');

--
-- Table structure for table `popup_secoes`
--

CREATE TABLE `popup_secoes` (
  `id` int(11) NOT NULL AUTO_INCREMENT,
  `nome` varchar(250) NOT NULL,
  `entidade` int(11) NOT NULL DEFAULT 0,
  PRIMARY KEY (`id`),
  KEY `entidade` (`entidade`)
) ENGINE=MyISAM AUTO_INCREMENT=2 DEFAULT CHARSET=latin1 COLLATE=latin1_swedish_ci ROW_FORMAT=DYNAMIC;

--
-- Dumping data for table `popup_secoes`
--

INSERT INTO `popup_secoes` (`id`, `nome`, `entidade`) VALUES (1,'Home',1);

--
-- Table structure for table `popup_setup`
--

CREATE TABLE `popup_setup` (
  `id` int(11) NOT NULL AUTO_INCREMENT,
  `abertura` int(11) NOT NULL,
  `intervalo` int(11) NOT NULL DEFAULT 0,
  `cache` int(11) NOT NULL DEFAULT 0,
  `entidade` int(11) NOT NULL DEFAULT 0,
  PRIMARY KEY (`id`)
) ENGINE=MyISAM AUTO_INCREMENT=2 DEFAULT CHARSET=latin1 COLLATE=latin1_swedish_ci ROW_FORMAT=DYNAMIC;

--
-- Dumping data for table `popup_setup`
--

INSERT INTO `popup_setup` (`id`, `abertura`, `intervalo`, `cache`, `entidade`) VALUES (1,0,600,0,1);

--
-- Table structure for table `videos`
--

CREATE TABLE `videos` (
  `id` int(11) NOT NULL AUTO_INCREMENT,
  `data` timestamp NOT NULL DEFAULT current_timestamp(),
  `secao` int(11) NOT NULL DEFAULT 0,
  `titulo` text NOT NULL,
  `descricao` text DEFAULT NULL,
  `codigo` varchar(100) NOT NULL,
  `entidade` int(11) NOT NULL DEFAULT 0,
  PRIMARY KEY (`id`),
  KEY `entidade` (`entidade`)
) ENGINE=MyISAM AUTO_INCREMENT=14 DEFAULT CHARSET=latin1 COLLATE=latin1_swedish_ci ROW_FORMAT=DYNAMIC;

--
-- Dumping data for table `videos`
--

INSERT INTO `videos` (`id`, `data`, `secao`, `titulo`, `descricao`, `codigo`, `entidade`) VALUES (1,'2021-01-30 03:00:00',1,'Meio Ambiente','','8_JH4oUBnQI',1),(6,'2021-08-12 03:00:00',1,'Passarinhos e Natureza','','_2c8YZwzaMk',1),(5,'2021-08-12 03:00:00',1,'Relaxando com Golfinhos','','8oVL9q8KWjI',1),(7,'2021-08-12 03:00:00',1,'Natureza Relaxante','','2dBGOMkMUgg',1),(8,'2021-08-12 03:00:00',1,'Cachoeiras e Pântanos','','PTLBMhEbTQ4',1),(9,'2022-06-02 03:00:00',1,'Poesia Gaúcha Renato Jaguarão','','OIP0cnBhcqc',1),(10,'2022-06-02 03:00:00',1,'Ultimo Bochincho - Jayme Caetano Braun','','2OVqmgBOhZY',1),(12,'2022-06-02 03:00:00',1,'Por onde andas, meu filho?','','nTnt_VRXPIQ',1),(13,'2022-06-02 03:00:00',1,'Tio Anastácio - Jayme Caetano Braun','','lUkqqGpkvYE',1);

--
-- Table structure for table `videos_secoes`
--

CREATE TABLE `videos_secoes` (
  `id` int(11) NOT NULL AUTO_INCREMENT,
  `entidade` int(11) NOT NULL DEFAULT 0,
  `nome` varchar(250) NOT NULL,
  PRIMARY KEY (`id`),
  KEY `entidade` (`entidade`)
) ENGINE=MyISAM AUTO_INCREMENT=2 DEFAULT CHARSET=latin1 COLLATE=latin1_swedish_ci ROW_FORMAT=DYNAMIC;

--
-- Dumping data for table `videos_secoes`
--

INSERT INTO `videos_secoes` (`id`, `entidade`, `nome`) VALUES (1,1,'Vídeos');

--
-- Dumping events for database 'jpwnet_ctgs'
--

--
-- Dumping routines for database 'jpwnet_ctgs'
--


