[BLOB]\" data-filename=\"image.png\" style=\"width: 344px;\"><br></p></h3>'),('14','<h3 class=\"no-margin-top\" style=\"color: rgb(0, 0, 0);\">Gerenciando Definições</h3><h3 class=\"no-margin-top\" style=\"color: rgb(0, 0, 0);\"><p style=\"font-size: 13px;\">1 - Clique em configurar > Editar Definições para configurar o comportamento do aplicativo.</p></h3><h3 class=\"no-margin-top\" style=\"color: rgb(0, 0, 0);\">Gerenciando Seções</h3><h3 class=\"no-margin-top\" style=\"color: rgb(0, 0, 0);\"></h3><h5 style=\"font-size: 13px;\">1 - Clique em configurar, crie, edite, ou exclua seções.</h5><h3 class=\"no-margin-top\" style=\"color: rgb(0, 0, 0);\">Criando novo Pop-up</h3><p></p><h5>1 - Clique <b style=\"color: inherit;\">Gerenciar > Novo Cadastro</b><span style=\"color: inherit;\">, ou em </span><b style=\"color: inherit;\">Cadastrar</b><span style=\"color: inherit;\"> no menu superior.</span><br></h5>2 - Preencha: <b>seção, título, link (opcional) e texto (opcional)</b>.<br><span style=\"color: rgb(51, 51, 51); font-size: 14px;\">3 - Clique em Salvar. Você será redirecionado para inserir arquivos.</span><span style=\"color: rgb(51, 51, 51); font-size: 14px;\"><br></span><p></p><h3 class=\"no-margin-top\" style=\"color: rgb(0, 0, 0);\">Gerenciando imagens.<br></h3><p>1 - Em Gerenciar, na linha do pop-up desejado clique em <b>editar.<br></b>2 - Clique em <b>Inserir Imagens.</b><br>3 - Para inserir arquivos, clique na caixa em destaque \"Clique aqui para carregar seu arquivo\" ou solte os arquivos acima dela.<br>4 - Passe o mouse sobre o ícone para editar legenda e/ou data ou excluir o arquivo. Após excluir algum arquivo clique em \"Atualizar\".</p><h3 class=\"no-margin-top\" style=\"color: rgb(0, 0, 0);\">Integrado à Notícias / Enquetes<br></h3><p>1 - Em Gerenciar, na linha do pop-up desejado clique em <b>Integração</b> (ou Enquetes/Notícias)<b>.<br></b>2 - Selecione o Aplicativo desejado.<br>3 - Selecione a Notícia/Pop-up desejado.<br>4 - Clique em Salvar.</p><h3 class=\"no-margin-top\" style=\"color: rgb(0, 0, 0);\">Excluindo</h3><h3 class=\"no-margin-top\" style=\"color: rgb(0, 0, 0);\"><p style=\"font-size: 13px;\">1 - Em <b>Gerenciar, </b>Clique em <b>Excluir </b>na linha no pop-up desejado.<br>2 - Confirme a ação e aguarde confirmação.</p></h3>'),('25','<h4 style=\"color: rgb(0, 0, 0);\">Respondendo ao Recado:<br></h4><div>1 - Em Gerenciar, na linha desejada clique em Responder.<br>2 - Preencha o campo \"Resposta\" e clique em salvar.</div><div><br></div><div><h4 style=\"color: rgb(0, 0, 0);\">Editando uma resposta:<br></h4><div>1 - Em Gerenciar, na linha desejada clique em editar.<br>2 - Edite o campo \"Resposta\" e clique em salvar.</div><div><br></div></div><div><h4 style=\"color: rgb(0, 0, 0);\">Excluindo um Recado:<br></h4></div><div>1 - Em Gerenciar, clique em Excluir na linha desejada.</div><div>2 - Confirme a ação e aguarde confirmação.</div><div><br></div><div><h4 style=\"color: rgb(0, 0, 0);\">Gerenciando Seções:<br></h4><div>1 - Em Configurações, crie, edite ou exclua seções do mural.</div><div><br></div><div><h4 style=\"color: rgb(0, 0, 0);\">Notificar resposta ao Usuário:<br></h4><div>1 - Quando cadastrado corretamente o email do usuário, é possível enviar um email notificando alterações no contato clicando no ícone: <i class=\"fa fa-envelope\"></i>,</div><div>que fica Azul quando disponível e vermelho, quando necessário.</div></div></div>'),('22','<h3 class=\"no-margin-top\" style=\"color: rgb(0, 0, 0);\">Criando novo Governo</h3><p style=\"color: rgb(0, 0, 0);\">Criar apenas um cadastro por seção</p><p>1 - Clique <b>Cadastrar</b>, ou em <b>Gerenciar > Novo Cadastro</b>.<br>2 - Preencha: <b>seção, data, título, subtítulo, contatos e texto</b>.<br><span style=\"color: rgb(51, 51, 51); font-size: 14px;\">3 - Clique em Salvar. Você será redirecionado para inserir arquivos.</span><span style=\"color: rgb(51, 51, 51); font-size: 14px;\"><br></span></p><h3 class=\"no-margin-top\" style=\"color: rgb(0, 0, 0);\">Gerenciando conteúdo (Capa, Imagens, Vídeos, Links e Arquivos)</h3><p><b>Capa:</b><br>1 - Em Gerenciar, clique Editar na notícia desejada.<br>2 - Clique em Inserir Imagens.<br>3 - Clique em Carregar Imagem ou Trocar Imagem, para inserir uma nova imagem de capa.<br><br><b>Imagens:</b><br>1 - Em Gerenciar, clique Editar na notícia desejada.<br>2 - Clique em Inserir Imagens.<br>3 - Adicione imagens clicando no \"Clique aqui para carregar seu arquivo\".<br>4 - Passe o mouse sobre a imagem para editar legenda e/ou data ou excluir. Após excluir alguma imagem clique em \"Atualizar\".<br><br><b>Vídeos:</b><br>1 - Em Gerenciar, clique Editar na notícia desejada.<br>2 - Clique em Inserir Vídeos.<br>3 - Clique em Novo Vídeo, preencha os campo títulos e link (youtube), para adicionar um vídeo.<br>4 - Clique em Excluir, para excluir o vídeo desejado.<br><br><b>Links:</b><br>1 - Em Gerenciar, clique Editar na notícia desejada.<br>2 - Clique em Inserir Links.<br>3 - Clique em Novo Link, preencha os campos título e link, para adicionar um link.<br>4 - Clique em Excluir, para excluir o link desejado.<br><br><b>Arquivos:</b><br>1 - Em Gerenciar, clique Editar na notícia desejada.<br>2 - Clique em Inserir arquivos.<br>3 - Adicione arquivos clicando no \"Clique aqui para carregar seu arquivo\".<br>4 - Passe o mouse sobre o ícone para editar legenda e/ou data ou excluir. Após excluir alguma imagem clique em \"Atualizar\".</p><h3 class=\"no-margin-top\" style=\"color: rgb(0, 0, 0);\">Ativar/Desativar</h3><div>1 - Em Gerenciar, clique em Ativa para desativar e Inativa para ativar.</div><div><br></div><h3 class=\"no-margin-top\" style=\"color: rgb(0, 0, 0);\">Editando</h3><h3 class=\"no-margin-top\" style=\"color: rgb(0, 0, 0);\"><p style=\"font-size: 13px;\">1 - Em <b>Gerenciar, </b>Clique em <b>Editar </b>na linha da notícia desejada.</p></h3><h3 class=\"no-margin-top\" style=\"color: rgb(0, 0, 0);\">Excluindo</h3><h3 class=\"no-margin-top\" style=\"color: rgb(0, 0, 0);\"><p style=\"font-size: 13px;\">1 - Em <b>Gerenciar, </b>Clique em <b>Excluir </b>na linha da notícia desejada.<br>2 - Confirme a ação e aguarde confirmação.</p></h3>'),('entidades','<div>1. Acessar Entidades.</div><div>2. Em Gerenciar, será exibida a lista de entidades;</div><div>3. Para criar uma nova entidade, vá em <b>Gerenciar > Nova Entidade</b>, preencha os campos corretamente e clique em salvar.</div><div>4. Para <b>Excluir</b>: Clique em Excluir na linha da entidade desejada e confirme a ação. (Esta ação não pode ser desfeita)</div><div><br></div><div>Permitindo e Removendo Permissão em Aplicativos à uma entidade:</div><div>1. Em Gerenciar, clique em <b>Gerenciar</b>, na entidade desejada.</div><div>2. Clique em <b>Aplicativos</b>, Aparecerá a lista de aplicativos instaladas, Clique no Aplicativo desejado para permitir ou remover permissão;</div><div>Obs.: A Entidade recebe permissão de acesso ao aplicativo, todavia falta permitir os usuários que terão acesso a tal aplicativo.</div>'),('24','<h4>Solicitar Combustível / Nova Requisição<br></h4><p>1. Em Gerenciar, clique em novo pedido.<br>2. Selecione o Departamento solicitante, Tipo do combustível, a litragem desejada, O posto (opcional), Veículo, insira a kilometragem atual do veículo e informações adicionais (se necessário);<br>2. Clique em salvar e aguarde um administrador avaliar sua requisição.</p><div><h4>Avaliando Requisição (Administrador)</h4><div>1 - Em Gerenciar, clique em \"Avaliar\", na linha da requisição desejada.</div><div>2 - Serão exibidos detalhes da requisição.<br>2 - Clique em \"Autorizar\" ou \"Não Autorizar\".</div><div><br></div><div><h4 style=\"color: rgb(0, 0, 0);\">Imprimindo Requisição.</h4><div>1 - Em Gerenciar, clique no ícone <i class=\"fa fa-print\"></i> para imprimir.</div></div></div><div><br></div><div><h4 style=\"color: rgb(0, 0, 0);\">Gerenciando Departamentos / Status / Combustíveis (Administrador)<br></h4></div><div><div>1 - Em Configurar, selecione a opção desejada, crie, edite e gerencie.<br>2 - Departamentos permitem controle de cota por combustível. Para configurar uma cota, clique em <b>Configurar > Departamentos</b>, na coluna \"Cota Mensal\", clique em <b>Gerenciar</b>.</div><div><br></div><div><h4 style=\"color: rgb(0, 0, 0);\">Gerenciando Usuários e Permissões (Administrador)</h4><div>1 - Cliqque em Usuários > \"Editar\" na linha do usuário desejado.<br>2 - Usuários com Nível \"Administrador\" não tem acesso à criação de despachos, mas tem acesso a todos os protocolos existentes.<br>3 - Usuários com Nível \"Departamento\" tem acesso apenas aos protocolos do departamento selecionado.<br></div></div><div><br></div></div><div><h4 style=\"color: rgb(0, 0, 0);\">Excluindo Requisição (Administrador)</h4><div>1 - Em Gerenciar, Clique em Excluir na linha da solicitação desejada.<br><b>    ATENÇÃO: ESTA AÇÃO EXCLUI PERMANENTEMENTE A REQUISIÇÃO.</b><br></div><div>2 - Confirme a ação e aguarde confirmação.</div></div>'),('plataforma',NULL),('29','<p>Configurar:<br>- Tipo de Empreendimentos<br>- Tipos de Licenças<br><br>Cadastrar:<br>- Cadastrar em Cadastrar, preenchendo todos os campos</p>'),('32','<p>IMPORTANTE: Configurações > Status > <b>Liberado</b> ou <b>Embargado</b></p><p>Quando consultado por um CPF/CNPJ com embargo, será emitido a certidão positiva;</p><p>Quando consultado por um CPFCNPJ sem embargo, ou com embargo LIBERADO, será emitida certidão negativa;</p><p>QR Code, com link para abrir ou consultar por código, no formulário;</p><p>Ao chamar um Campo na certidão coloque-o entre %%, exemplo:<br>%processo%<br>%data%<br>%nome%<br>%documento%<br>%propriedade%</p>');

--
-- Table structure for table `app_aplicativos_grupos`
--

CREATE TABLE `app_aplicativos_grupos` (
  `ID` int(11) NOT NULL AUTO_INCREMENT,
  `nome` varchar(100) NOT NULL,
  `ordem` int(11) NOT NULL DEFAULT 0,
  PRIMARY KEY (`ID`),
  KEY `ordem` (`ordem`)
) ENGINE=MyISAM AUTO_INCREMENT=4 DEFAULT CHARSET=latin1 COLLATE=latin1_swedish_ci ROW_FORMAT=DYNAMIC;

--
-- Dumping data for table `app_aplicativos_grupos`
--

INSERT INTO `app_aplicativos_grupos` (`ID`, `nome`, `ordem`) VALUES (1,'Multimídias',1),(2,'Sistemas',0);

--
-- Table structure for table `app_aplicativos_menus`
--

CREATE TABLE `app_aplicativos_menus` (
  `id` int(11) NOT NULL AUTO_INCREMENT,
  `aplicativo` int(11) NOT NULL DEFAULT 0,
  `nome` varchar(100) DEFAULT '0',
  `tag` varchar(100) DEFAULT '0',
  `pagina` varchar(100) DEFAULT '0',
  `icone` varchar(100) DEFAULT '0',
  `ordem` int(11) DEFAULT 0,
  `acesso` int(11) DEFAULT 0,
  `setup` int(11) DEFAULT 0,
  PRIMARY KEY (`id`),
  KEY `aplicativo` (`aplicativo`),
  KEY `ordem` (`ordem`)
) ENGINE=MyISAM AUTO_INCREMENT=143 DEFAULT CHARSET=latin1 COLLATE=latin1_swedish_ci ROW_FORMAT=DYNAMIC;

--
-- Dumping data for table `app_aplicativos_menus`
--

INSERT INTO `app_aplicativos_menus` (`id`, `aplicativo`, `nome`, `tag`, `pagina`, `icone`, `ordem`, `acesso`, `setup`) VALUES (41,1,'Configurar','setup','setup','fa fa-cogs',2,1,0),(40,1,'Cadastrar','novo','novo','fa fa-plus',1,0,0),(111,2,'Configurar','setup','setup','fa fa-cogs',2,1,0),(112,2,'Cadastrar','novo','novo','fa fa-plus',1,0,0),(9,3,'Cadastrar','nova','nova','fa fa-plus',0,0,0),(115,3,'Configurar','setup','setup','fa fa-cogs',2,1,0),(113,4,'Configurar','setup','setup','fa fa-cogs',2,1,0),(114,4,'Cadastrar','novo','novo','fa fa-plus',1,0,0),(116,5,'Configurar','setup','setup','fa fa-cogs',2,1,0),(117,5,'Cadastrar','novo','novo','fa fa-plus',1,0,0),(118,6,'Configurar','setup','setup','fa fa-cogs',2,1,0),(119,6,'Cadastrar','novo','novo','fa fa-plus',1,0,0),(19,10,'Configurar','setup','setup','fa fa-cogs',2,1,0),(20,10,'Cadastrar','novo','novo','fa fa-plus',1,0,0),(22,11,'Configurar','setup','setup','fa fa-cogs',2,1,0),(23,11,'Cadastrar','novo','novo','fa fa-plus',1,0,0),(25,12,'Configurar','setup','setup','fa fa-cogs',2,1,0),(26,12,'Cadastrar','nova','nova','fa fa-plus',1,0,0),(29,13,'Configurar','setup','setup','fa fa-cogs',2,1,0),(31,14,'Cadastrar','novo','novo','fa fa-plus',1,0,0),(32,14,'Configurar','setup','setup','fa fa-cogs',2,1,2),(83,14,'Seções','setup/secoes','','fa fa-cogs',2,1,1),(84,14,'Definições','setup/definicoes','','fa fa-cogs',1,1,1),(108,16,'Cadastrar','novo','novo','fa fa-plus',1,0,0),(109,16,'Configurar','setup','setup','fa fa-cogs',2,1,0),(35,17,'Configurar','setup','setup','fa fa-cogs',2,1,0),(44,17,'Cadastrar','novo','novo','fa fa-plus',1,0,0),(55,19,'Servidor Envio','setup2','','fa fa-envelope-o',2,1,1),(43,19,'Configurar','setup','setup','fa fa-cogs',2,1,2),(85,19,'Finalidades','setup/finalidades','','fa fa-cogs',1,1,1),(91,19,'Listar Finalizados','arquivo','arquivo','fa fa-search',0,0,0),(86,19,'Status','setup/status','','fa fa-cogs',3,1,1),(47,20,'Configurar','setup','setup','fa fa-cogs',2,1,0),(48,20,'Cadastrar','novo','novo','fa fa-plus',1,0,0),(70,25,'Servidor Envio','setup2','setup2','fa fa-envelope-o',2,1,0),(71,25,'Configurar','setup','setup','fa fa-cogs',1,1,0),(87,26,'Configurar','setup','setup','fa fa-cogs',2,1,0),(94,26,'Cadastrar','novo','novo','fa fa-plus',1,0,0),(92,30,'Configurar','setup','setup','fa fa-cogs',2,1,0),(93,30,'Cadastrar','novo','novo','fa fa-plus',1,0,0),(120,33,'Cadastrar','nova','nova','fa fa-plus',1,0,0),(121,33,'Configurar','setup','setup','fa fa-cogs',2,1,0),(123,34,'Cadastrar','nova','nova','fa fa-plus',0,0,0),(124,35,'Cadastrar','novo','novo','fa fa-plus',1,0,0),(125,35,'Configurar','setup','setup','fa fa-cogs',2,1,0),(126,35,'Sites Externos','setup-externo','setup-externo','fa fa-cogs',2,2,0);

--
-- Table structure for table `app_convites`
--

CREATE TABLE `app_convites` (
  `id` int(11) NOT NULL AUTO_INCREMENT,
  `tipo` int(11) DEFAULT NULL,
  `nome` varchar(100) NOT NULL,
  `email` varchar(100) NOT NULL,
  `codigo` varchar(60) NOT NULL,
  PRIMARY KEY (`id`)
) ENGINE=MyISAM AUTO_INCREMENT=29 DEFAULT CHARSET=latin1 COLLATE=latin1_swedish_ci;

--
-- Dumping data for table `app_convites`
--


--
-- Table structure for table `app_entidades`
--

CREATE TABLE `app_entidades` (
  `id` int(11) NOT NULL AUTO_INCREMENT,
  `nome` text NOT NULL,
  `governo` text DEFAULT NULL,
  `brasao` varchar(255) DEFAULT NULL,
  `municipio` text DEFAULT NULL,
  `cnpj` varchar(50) DEFAULT NULL,
  `razao` varchar(200) DEFAULT NULL,
  `endereco` varchar(200) DEFAULT NULL,
  `cidade` varchar(200) DEFAULT NULL,
  `uf` varchar(50) DEFAULT NULL,
  `site` varchar(400) DEFAULT NULL,
  `matriz` int(11) DEFAULT 0,
  `proprietaria` int(11) DEFAULT 0,
  PRIMARY KEY (`id`)
) ENGINE=MyISAM AUTO_INCREMENT=14 DEFAULT CHARSET=latin1 COLLATE=latin1_swedish_ci;

--
-- Dumping data for table `app_entidades`
--

INSERT INTO `app_entidades` (`id`, `nome`, `governo`, `brasao`, `municipio`, `cnpj`, `razao`, `endereco`, `cidade`, `uf`, `site`, `matriz`, `proprietaria`) VALUES (1,'Detetives','Detetives','20191027023813brasao-small-entidade.png','Detetives',NULL,NULL,NULL,NULL,NULL,'https://jpw.net.br/detetives/web1',1,0);

--
-- Table structure for table `app_entidades_aplicativos`
--

CREATE TABLE `app_entidades_aplicativos` (
  `ID` int(11) NOT NULL AUTO_INCREMENT,
  `entidade` int(11) NOT NULL DEFAULT 0,
  `aplicativo` int(11) NOT NULL DEFAULT 0,
  PRIMARY KEY (`ID`),
  KEY `entidade` (`entidade`),
  KEY `aplicativo` (`aplicativo`)
) ENGINE=MyISAM AUTO_INCREMENT=360 DEFAULT CHARSET=latin1 COLLATE=latin1_swedish_ci ROW_FORMAT=DYNAMIC;

--
-- Dumping data for table `app_entidades_aplicativos`
--

INSERT INTO `app_entidades_aplicativos` (`ID`, `entidade`, `aplicativo`) VALUES (16,10,2),(17,11,2),(19,11,1),(15,10,1),(25,1,1),(22,13,1),(24,1,2),(28,1,3),(37,14,8),(32,1,4),(33,1,5),(34,1,6),(325,1,8),(39,1,10),(331,1,20),(330,1,27),(43,1,14),(45,14,5),(46,14,14),(47,14,3),(48,14,13),(49,14,11),(50,14,4),(51,14,2),(52,14,12),(337,1,11),(54,14,10),(55,14,15),(56,14,6),(57,14,1),(58,14,7),(59,1,16),(60,1,17),(334,1,23),(230,3,3),(89,14,19),(68,14,16),(86,1,25),(73,15,8),(74,1,26),(328,1,9),(338,2,7),(212,2,25),(229,3,11),(269,5,1),(270,5,16),(268,5,20),(267,5,32),(265,4,35),(264,4,30),(261,5,25),(260,5,19),(262,2,8),(155,4,25),(224,3,17),(329,1,18),(116,4,1),(117,4,16),(118,4,17),(119,4,6),(222,3,1),(121,4,26),(221,3,8),(123,4,2),(125,4,4),(126,4,3),(127,4,14),(128,4,5),(218,3,20),(273,5,26),(132,23,25),(134,23,20),(135,23,19),(136,23,1),(137,23,16),(138,23,17),(139,23,6),(140,23,10),(141,23,26),(142,23,12),(143,23,2),(144,23,22),(145,23,30),(146,23,29),(147,23,4),(148,23,11),(149,23,13),(150,23,3),(151,23,14),(152,23,5),(326,1,34),(333,1,19),(157,1,30),(275,5,2),(335,1,37),(162,1,33),(263,2,30),(272,5,6),(225,3,6),(223,3,16),(170,4,33),(266,4,11),(228,3,4),(217,3,25),(178,2,16),(179,2,17),(180,2,6),(181,2,10),(182,2,26),(227,3,2),(184,2,2),(226,3,26),(186,2,4),(187,2,3),(188,2,33),(189,2,14),(190,2,5),(231,3,33),(232,3,14),(233,3,5),(234,6,15),(235,6,9),(236,6,18),(237,6,25),(238,6,20),(239,6,7),(240,6,19),(332,1,7),(242,6,1),(243,6,16),(244,6,17),(245,6,6),(246,6,26),(247,6,2),(248,6,22),(249,6,4),(250,6,11),(251,6,3),(252,6,33),(253,6,14),(254,6,5),(271,5,17),(276,5,30),(277,5,29),(278,5,4),(280,5,3),(281,5,33),(282,5,14),(283,5,5),(327,1,15),(286,7,20),(287,7,17),(288,7,6),(289,7,36),(292,7,35),(298,8,17),(299,8,6),(305,8,4),(306,8,3),(308,8,14),(309,8,30),(310,8,5),(336,1,22),(339,5,11),(324,2,1),(340,1,24),(341,1,12),(342,13,34),(343,13,20),(344,13,19),(345,13,16),(346,13,17),(347,13,6),(348,13,26),(349,13,12),(350,13,2),(351,13,22),(352,13,4),(353,13,35),(354,13,11),(355,13,3),(356,13,33),(357,13,14),(358,13,30),(359,13,5);

--
-- Table structure for table `app_permissoes`
--

CREATE TABLE `app_permissoes` (
  `ID` int(11) NOT NULL AUTO_INCREMENT,
  `usuario` int(11) NOT NULL DEFAULT 0,
  `aplicativo` int(11) NOT NULL DEFAULT 0,
  `entidade` int(11) NOT NULL DEFAULT 0,
  `acesso` varchar(500) DEFAULT NULL,
  PRIMARY KEY (`ID`),
  KEY `usuario` (`usuario`),
  KEY `aplicativo` (`aplicativo`),
  KEY `entidade` (`entidade`)
) ENGINE=MyISAM AUTO_INCREMENT=553 DEFAULT CHARSET=latin1 COLLATE=latin1_swedish_ci;

--
-- Dumping data for table `app_permissoes`
--

INSERT INTO `app_permissoes` (`ID`, `usuario`, `aplicativo`, `entidade`, `acesso`) VALUES (1,1,6,1,NULL),(2,3,3,1,NULL),(3,1,12,1,NULL),(4,3,2,1,NULL),(5,3,4,1,NULL),(6,3,1,1,NULL),(7,1,16,1,NULL),(8,1,3,1,NULL),(9,3,5,1,NULL),(10,1,17,1,NULL),(11,3,6,1,NULL),(12,1,1,1,NULL),(13,3,10,1,NULL),(14,3,12,1,NULL),(15,3,13,1,NULL),(16,3,14,1,NULL),(17,3,11,1,NULL),(18,13,6,1,NULL),(19,13,5,1,NULL),(20,13,4,1,NULL),(21,13,3,1,NULL),(22,13,2,1,NULL),(23,13,1,1,NULL),(24,13,10,1,NULL),(25,13,11,1,NULL),(26,13,12,1,NULL),(27,13,13,1,NULL),(28,13,14,1,NULL),(29,3,16,1,NULL),(30,3,17,1,NULL),(31,3,20,1,NULL),(32,3,19,1,NULL),(33,1,14,1,NULL),(34,1,19,1,NULL),(35,1,2,1,NULL),(36,1,20,1,NULL),(37,1,5,1,NULL),(38,3,26,1,NULL),(39,1,26,1,NULL),(40,3,21,1,NULL),(41,1,21,1,NULL),(42,1,4,1,NULL),(43,1,10,1,NULL),(44,1,11,1,NULL),(45,1,13,1,NULL),(46,13,16,1,NULL),(47,13,17,1,NULL),(48,13,20,1,NULL),(49,13,19,1,NULL),(50,13,21,1,NULL),(51,3,25,1,NULL),(52,1,25,1,NULL),(53,14,16,1,NULL),(54,14,1,1,NULL),(55,14,17,1,NULL),(56,14,6,1,NULL),(57,14,12,1,NULL),(58,14,26,1,NULL),(59,14,25,1,NULL),(60,14,10,1,NULL),(61,14,20,1,NULL),(62,14,4,1,NULL),(63,14,11,1,NULL),(64,14,13,1,NULL),(65,14,21,1,NULL),(66,14,3,1,NULL),(67,14,5,1,NULL),(68,14,14,1,NULL),(69,14,2,1,NULL),(70,14,19,1,NULL),(71,13,25,1,NULL),(72,1,30,1,NULL),(73,15,1,1,NULL),(74,15,16,1,NULL),(75,15,17,1,NULL),(76,15,6,1,NULL),(77,15,10,1,NULL),(78,15,25,1,NULL),(79,15,12,1,NULL),(80,15,30,1,NULL),(81,15,19,1,NULL),(82,15,14,1,NULL),(83,15,3,1,NULL),(84,15,21,1,NULL),(85,15,5,1,NULL),(86,15,4,1,NULL),(87,15,11,1,NULL),(88,15,13,1,NULL),(89,15,2,1,NULL),(90,15,20,1,NULL),(91,15,26,1,NULL),(92,13,26,1,NULL),(93,13,30,1,NULL),(94,13,31,1,NULL),(95,1,33,1,NULL),(96,1,31,1,NULL),(97,1,34,1,NULL),(98,1,36,1,NULL),(99,17,1,1,NULL),(100,17,16,1,NULL),(101,17,17,1,NULL),(102,17,6,1,NULL),(103,17,34,1,NULL),(104,17,10,1,NULL),(105,17,36,1,NULL),(106,17,19,1,NULL),(107,17,14,1,NULL),(108,17,4,1,NULL),(109,17,26,1,NULL),(110,17,12,1,NULL),(111,17,11,1,NULL),(112,17,30,1,NULL),(113,17,5,1,NULL),(114,17,13,1,NULL),(115,17,20,1,NULL),(116,17,2,1,NULL),(117,17,3,1,NULL),(118,18,1,1,NULL),(119,18,16,1,NULL),(120,18,17,1,NULL),(121,18,6,1,NULL),(122,18,34,1,NULL),(123,18,10,1,NULL),(124,18,26,1,NULL),(125,18,20,1,NULL),(126,18,12,1,NULL),(127,18,2,1,NULL),(128,18,36,1,NULL),(129,18,4,1,NULL),(130,18,19,1,NULL),(131,18,14,1,NULL),(132,18,11,1,NULL),(133,18,30,1,NULL),(134,18,5,1,NULL),(135,18,3,1,NULL),(136,18,13,1,NULL);

--
-- Table structure for table `app_usuarios_sessoes`
--

CREATE TABLE `app_usuarios_sessoes` (
  `ID` int(11) NOT NULL AUTO_INCREMENT,
  `usuario` int(11) DEFAULT NULL,
  `ip` varchar(15) NOT NULL,
  `data` timestamp NOT NULL DEFAULT current_timestamp(),
  `status` int(1) NOT NULL,
  `situacao` int(1) NOT NULL,
  `sessao` varchar(60) DEFAULT NULL,
  `chave` varchar(20) DEFAULT NULL,
  `browser` text DEFAULT NULL,
  `timeout` datetime DEFAULT NULL,
  `entidade` int(1) NOT NULL DEFAULT 0,
  PRIMARY KEY (`ID`),
  KEY `usuario` (`usuario`),
  KEY `ip` (`ip`),
  KEY `data` (`data`),
  KEY `status` (`status`),
  KEY `chave` (`chave`),
  KEY `sessao` (`sessao`),
  KEY `timeout` (`timeout`)
) ENGINE=MyISAM AUTO_INCREMENT=203 DEFAULT CHARSET=latin1 COLLATE=latin1_swedish_ci ROW_FORMAT=DYNAMIC COMMENT='status 0 = Usuário Inválido\r\nstatus 1 = Sessão Iniciada\r\nstatus 2 =  Senha Inválida\r\nstatus 3 = Usuário Bloqueado\r\nsituacao 0/1';

--
-- Dumping data for table `app_usuarios_sessoes`
--

INSERT INTO `app_usuarios_sessoes` (`ID`, `usuario`, `ip`, `data`, `status`, `situacao`, `sessao`, `chave`, `browser`, `timeout`, `entidade`) VALUES (201,1,'177.235.116.67','2024-06-08 00:02:01',1,1,'UJrElTBFRAsXuGCOe9byISbM2UL1DqOtgEqOnJsvPMHFmqR7dCOvYsuRTu4G','alNFzH5kqNCEIrkwMJ47','Mozilla/5.0 (Windows NT 10.0; Win64; x64) AppleWebKit/537.36 (KHTML, like Gecko) Chrome/125.0.0.0 Safari/537.36',NULL,0),(202,1,'177.235.116.67','2024-06-08 00:07:46',1,1,'VF40EidKp2s7Tc5F4ufZPDu1jnW4kYc6a7oiehoo9aSzFprUET4m5KRJkL0i','vzvbTk7ue16irdYaBYR2','Mozilla/5.0 (Windows NT 10.0; Win64; x64) AppleWebKit/537.36 (KHTML, like Gecko) Chrome/125.0.0.0 Safari/537.36',NULL,0);

--
-- Table structure for table `audios`
--

CREATE TABLE `audios` (
  `id` int(11) NOT NULL AUTO_INCREMENT,
  `data` timestamp NOT NULL DEFAULT current_timestamp(),
  `titulo` text DEFAULT NULL,
  `descricao` text DEFAULT NULL,
  `secao` int(11) NOT NULL DEFAULT 0,
  `entidade` int(11) NOT NULL DEFAULT 0,
  PRIMARY KEY (`id`),
  KEY `entidade` (`entidade`),
  KEY `secao` (`secao`)
) ENGINE=MyISAM AUTO_INCREMENT=69 DEFAULT CHARSET=latin1 COLLATE=latin1_swedish_ci ROW_FORMAT=DYNAMIC;

--
-- Dumping data for table `audios`
--

INSERT INTO `audios` (`id`, `data`, `titulo`, `descricao`, `secao`, `entidade`) VALUES (46,'2017-08-24 03:00:00','Hino Nacional Brasileiro ','Hino Nacional Brasileiro executado pela banda do Exército Nacional.',1,1),(47,'2017-09-09 03:00:00','Título do Áudio','Segunda entidade',2,14),(53,'2019-10-10 03:00:00','Hino Nacional Brasileiro','Executado pela Banda do Exército Nacional Brasileiro',4,5),(54,'2018-10-13 03:00:00','Hino a Proclamação da República com Coral','Hino a Proclamação da República com Coral',3,4),(55,'2018-10-01 03:00:00','Hino Nacional Brasileiro','Lorem ipsão dolor sít amçet, consectetur adipiscing elit. Sed vehicula id odio quis rhoncus. Donec ullamcorper, lectus in dictum porta, urna nisl tincidunt metus, at iaculis nunc sem vitae diam. Etiam quam orci, volutpat a justo non, pretium condimentum felis. Duis id elementum arcu. Mauris pharetra dui molestie tortor imperdiet. ',5,23),(56,'2018-10-01 03:00:00','Ilustrativo','Lorem ipsão dolor sít amçet, consectetur adipiscing elit. Sed vehicula id odio quis rhoncus. Donec ullamcorper, lectus in dictum porta, urna nisl tincidunt metus, at iaculis nunc sem vitae diam. Etiam quam orci, volutpat a justo non, pretium condimentum felis. Duis id elementum arcu. Mauris pharetra dui molestie tortor imperdiet. ',6,23),(58,'2019-10-19 03:00:00','Música Natalina','Música para noite de Natal',4,5),(59,'2019-10-19 03:00:00','Hino Nacional com Coral','Hino Nacional com Coral',3,4),(68,'2023-04-16 03:00:00','Hino Nacional','',8,2),(66,'2021-06-03 03:00:00','Hino da Independência com Coral','Hino da Independência com Coral',3,4),(67,'2021-06-03 03:00:00','Hino a Bandeira com Coral','Hino a Bandeira com Coral',3,4);

--
-- Table structure for table `audios_arquivos`
--

CREATE TABLE `audios_arquivos` (
  `id` int(11) NOT NULL AUTO_INCREMENT,
  `audio` int(11) NOT NULL,
  `path` text NOT NULL,
  `arquivo` text NOT NULL,
  `legenda` text DEFAULT NULL,
  `tipo` varchar(50) DEFAULT NULL,
  `data` date DEFAULT NULL,
  PRIMARY KEY (`id`),
  KEY `audio` (`audio`)
) ENGINE=MyISAM AUTO_INCREMENT=562 DEFAULT CHARSET=latin1 COLLATE=latin1_swedish_ci ROW_FORMAT=DYNAMIC;

--
-- Dumping data for table `audios_arquivos`
--

INSERT INTO `audios_arquivos` (`id`, `audio`, `path`, `arquivo`, `legenda`, `tipo`, `data`) VALUES (538,47,'zHD/audios/14/47/','HAHA (0448691001505007026).mp3',NULL,NULL,'2017-09-09'),(537,46,'zHD/audios/12/46/','mp3-hino-nacional (0515333001503550162).mp3','Hino Nacional Brasileiro',NULL,'2017-08-24'),(541,53,'zHD/audios/17/53/','mp3-hino-nacional (0840059001537588986).mp3','Hino Nacional Brasileiro',NULL,'2018-09-22'),(558,54,'zHD/audios/4/54/','Hino a Proclamação da republica com Coral (0086001001622750021).mp3',NULL,NULL,'2021-06-03'),(545,55,'zHD/audios/23/55/','mp3-hino-nacional (0584249001538391718).mp3','Hino Nacional Brasileiro',NULL,'2018-10-01'),(546,55,'zHD/audios/23/55/','mp3-Natal (0522789001538391730).mp3','Música Natalina',NULL,'2018-10-01'),(547,56,'zHD/audios/23/56/','mp3-Natal (0025876001538391842).mp3','Música Natalina',NULL,'2018-10-01'),(548,58,'zHD/audios/17/58/','mp3-Natal (0133785001571531746).mp3','Música Natalina',NULL,'2019-10-19'),(557,59,'zHD/audios/4/59/','Hino Nacional com Coral (0306510001622749944).mp3',NULL,NULL,'2021-06-03'),(561,68,'zHD/audios/2/68/','Hino Nacional com Coral (0758586001681673726).mp3',NULL,NULL,'2023-04-16'),(559,66,'zHD/audios/4/66/','Hino da Independencia com Coral (0522554001622750101).mp3','Hino da Independência com Coral',NULL,'2021-06-03'),(560,67,'zHD/audios/4/67/','Hino a Bandeira com Coral (0433711001622750213).mp3','Hino a Bandeira com Coral',NULL,'2021-06-03');

--
-- Table structure for table `audios_secoes`
--

CREATE TABLE `audios_secoes` (
  `id` int(11) NOT NULL AUTO_INCREMENT,
  `entidade` int(11) NOT NULL DEFAULT 0,
  `nome` varchar(250) NOT NULL,
  PRIMARY KEY (`id`),
  KEY `entidade` (`entidade`)
) ENGINE=MyISAM AUTO_INCREMENT=9 DEFAULT CHARSET=latin1 COLLATE=latin1_swedish_ci ROW_FORMAT=DYNAMIC;

--
-- Dumping data for table `audios_secoes`
--

INSERT INTO `audios_secoes` (`id`, `entidade`, `nome`) VALUES (1,1,'Áudios'),(2,14,'Áudios'),(3,4,'Áudios'),(4,5,'Áudios'),(5,23,'Áudios'),(6,23,'Institucional'),(8,2,'Áudios');

--
-- Table structure for table `blocos`
--

CREATE TABLE `blocos` (
  `id` int(11) NOT NULL AUTO_INCREMENT,
  `usuario` int(11) NOT NULL DEFAULT 0,
  `secao` int(11) NOT NULL DEFAULT 0,
  `texto` text DEFAULT NULL,
  `entidade` int(11) NOT NULL,
  PRIMARY KEY (`id`),
  KEY `secao` (`secao`),
  KEY `entidade` (`entidade`)
) ENGINE=MyISAM AUTO_INCREMENT=1088 DEFAULT CHARSET=latin1 COLLATE=latin1_swedish_ci ROW_FORMAT=DYNAMIC;

--
-- Dumping data for table `blocos`
--

INSERT INTO `blocos` (`id`, `usuario`, `secao`, `texto`, `entidade`) VALUES (1059,1,1059,'<p>                                                 <p></p><h3><b>Escolas</b></h3><p>Escolas Zona Urbana<br>Escolas Zona Rural</p></p><p><br><p></p><h3><b>Alunos</b></h3><p>Professores<br>Alunos<br></p>                                            </p>',4),(1048,1,1048,'<p>asdsa dsa dsa dsadsa</p>',2),(1004,1,1003,'<p>Através do portal da Prefeitura Municipal você tem acesso a página da Secretaria Municipal de Educação, órgão responsável pelas atividades educacionais exercidas no município pela Rede Municipal de Ensino, incumbindo-lhe desenvolver, estimular e aprimorar o conhecimento humano e a intelectualidade dos alunos.<br></p>',4),(1005,1,1004,'<p>Entidades padrão - Lorem ipsão dolor sít amçet, consectetur adipiscing elit. Sed vehicula id odio quis rhoncus. Donec ullamcorper, lectus in dictum porta, urna nisl tincidunt metus, at iaculis nunc sem vitae diam. Etiam quam orci, volutpat a justo non, pretium condimentum felis. Duis id elementum arcu. Mauris pharetra dui molestie tortor imperdiet.&nbsp;<br></p>',23),(1006,1,1005,'<h3>Objetivo do Canal</h3><p><br></p><p>O objetivo deste formulário é disponibilizar um canal de comunicação com o cidadão para que ele possa enviar informações, sugestões, reclamações, denúncias, críticas ou elogios sobre assuntos que estejam ligados a Entidade.</p><p><br></p><p>Use o canal Ouvidoria para comunicar mau funcionamento ou irregularidades nas atividades e serviços administrativos.</p><p><br></p><h3>Informações fornecidas</h3><p><br></p><p>Em caso de denúncia, é necessário um relato mais detalhado e se possível com datas, locais, nomes, e documentos que comprovem o ato ilícito e possibilitem a apuração dos fatos.&nbsp;</p><p><br></p><h3>Endereço eletrônico</h3><p><br></p><p>Certifique-se que tenha acesso ao e-mail indicado no formulário para recebimento do número do Protocolo e demais informações. O Protocolo permite acesso online no site para acompanhar o andamento.</p>',23),(1007,1,1006,'<p><h3>JP Web Sites e Sistemas Pré-desenvolvidos</h3>Telefone (61) 3536-3196<br>Celular e Whatsapp Corporativo (61) 98251-2032<br>jpweb@jpweb.com.br</p><p><br></p><p><h3>Horário de Expediente</h3>Suporte 24 horas todos os dias da semana.<br>Comercial das 9h às 19h</p><p><br></p><h3 style=\"color: rgb(0, 0, 0);\">Envie uma Mensagem</h3><p>Para mensagens use o formulário ao lado.<br></p>',23),(1008,1,1007,'<p>Lorem ipsão dolor sít amçet, consectetur adipiscing elit. Sed vehicula id odio quis rhoncus. Donec ullamcorper, lectus in dictum porta, urna nisl tincidunt metus, at iaculis nunc sem vitae diam. Etiam quam orci, volutpat a justo non, pretium condimentum felis. Duis id elementum arcu. Mauris pharetra dui molestie tortor imperdiet. </p><p><br></p><p>Duis non laoreet eros. Vestibulum porta neque eleifend erat tempus, vitae sagittis elit sodales. Sed convallis erat quis iaculis vestibulum. Curabitur sit amet purus et tellus consectetur vehicula. Suspendisse condimentum bibendum ante in adipiscing. Aliquam dignissim nisl eget arcu convallis, in viverra risus consequat. Pellentesque dictum gravida lacinia.</p>',4),(1009,1,1008,'<p style=\"margin-bottom: 0px; padding: 0px; border: 0px; outline: 0px; line-height: 20.16px;\">Cultura</p><h3 style=\"margin-bottom: 0px; padding: 0px; border: 0px; outline: 0px; line-height: 20.16px;\"><b>Fale Conosco</b></h3><p style=\"margin-bottom: 0px; padding: 0px; border: 0px; outline: 0px; line-height: 20.16px;\"><br></p><p style=\"margin-bottom: 0px; padding: 0px; border: 0px; outline: 0px; line-height: 20.16px;\">Ouvidor: Nome do Ouvidor</p><p style=\"margin-bottom: 0px; padding: 0px; border: 0px; outline: 0px; line-height: 20.16px;\">Rua, Número, Bairro, Município e UF.</p><p style=\"margin-bottom: 0px; padding: 0px; border: 0px; outline: 0px; line-height: 20.16px;\">e-Mail do Ouvidor:&nbsp; nome@dominio.uf.gov.br</p><p style=\"margin-bottom: 0px; padding: 0px; border: 0px; outline: 0px; line-height: 20.16px;\">Horário de atendimento: Das xxh às xxh</p><p style=\"margin-bottom: 0px; padding: 0px; border: 0px; outline: 0px; line-height: 20.16px;\">Telefones: (xx) 0000-0000 /&nbsp; (xx) 00000-0000</p><p style=\"margin-bottom: 0px; padding: 0px; border: 0px; outline: 0px; line-height: 20.16px;\"><br></p><h3 style=\"margin-bottom: 0px; padding: 0px; border: 0px; outline: 0px; line-height: 20.16px;\"><b>Enviar uma mensagem</b></h3><p style=\"margin-bottom: 0px; padding: 0px; border: 0px; outline: 0px; line-height: 20.16px;\"><br></p><p style=\"margin-bottom: 0px; padding: 0px; border: 0px; outline: 0px; line-height: 20.16px;\">Para enviar clique no botão \"Enviar mensagem\" e aguarde o e-Mail com a resposta assim que analisado. Caso não receber a mensagem recomendamos olhar em sua caixa de span e clicar em \"esta mensagem não é um span\".<br></p>',4),(1010,1,1009,'<p>Selecione a Escola na lista ao lado para ver seu conteúdo.</p>',4),(1032,1,1031,'<p>Meio Ambiente</p><h3><b>Para que serve a Ouvidoria?</b></h3><p><br></p><p>A Lei nº 12.527 da Presidência da República veio com o propósito de regulamentar o direito constitucional de acesso dos cidadãos às informações públicas e seus dispositivos são aplicáveis aos três Poderes da União, Estados, Distrito Federal e Municípios.</p><p><br></p><p>Use o canal Ouvidoria para comunicar mau funcionamento ou irregularidades nas atividades e serviços administrativos, fazer reclamações, sugestões, denúncias, críticas ou elogios.</p><p><br></p><h3><b>Código do Protocolo</b></h3><p><br></p><p>Após enviar sua mensagem você será direcionado a uma página com o \"código de acesso\". Caso tenha enviado a mensagem de forma anônima recomendamos copiar e guardar o código para acompanhar o andamento e despacho(s). Caso tenha feito de forma identificada o código será enviado também ao seu e-mail, bem como as atualizações.&nbsp;</p><p><br></p><h3><b>Informações e Contatos</b></h3><p><br></p><p>Ouvidor: Nome do Ouvidor</p><p>Rua, Número, Bairro, Município e UF.</p><p>e-Mail do Ouvidor:&nbsp; nome@dominio.uf.gov.br</p><p>Horário de atendimento: Das xxh às xxh</p><p>Telefones: (xx) 0000-0000 /&nbsp; (xx) 00000-0000</p>',5),(1040,1,1039,'<p>Meio Ambiente</p><h3><b>Fale Conosco</b></h3><p><br></p><p>Ouvidor: Nome do Ouvidor</p><p>Rua, Número, Bairro, Município e UF.</p><p>e-Mail do Ouvidor:&nbsp; nome@dominio.uf.gov.br</p><p>Horário de atendimento: Das xxh às xxh</p><p>Telefones: (xx) 0000-0000 /&nbsp; (xx) 00000-0000</p><p><br></p><h3><b>Enviar uma mensagem</b></h3><p><br></p><p>Para enviar clique no botão \"Enviar mensagem\" e aguarde o e-Mail com a resposta assim que analisado. Caso não receber a mensagem recomendamos olhar em sua caixa de span e clicar em \"esta mensagem não é um span\".</p>',5),(1042,1,1041,'<p>Coronavírus</p><h3><b>Para que serve a Ouvidoria?</b></h3><p><br></p><p>A Lei nº 12.527 da Presidência da República veio com o propósito de regulamentar o direito constitucional de acesso dos cidadãos às informações públicas e seus dispositivos são aplicáveis aos três Poderes da União, Estados, Distrito Federal e Municípios.</p><p><br></p><p>Use o canal Ouvidoria para comunicar mau funcionamento ou irregularidades nas atividades e serviços administrativos, fazer reclamações, sugestões, denúncias, críticas ou elogios.</p><p><br></p><h3><b>Código do Protocolo</b></h3><p><br></p><p>Após enviar sua mensagem você será direcionado a uma página com o \"código de acesso\". Caso tenha enviado a mensagem de forma anônima recomendamos copiar e guardar o código para acompanhar o andamento e despacho(s). Caso tenha feito de forma identificada o código será enviado também ao seu e-mail, bem como as atualizações.&nbsp;</p><p><br></p><h3><b>Informações e Contatos</b></h3><p><br></p><p>Ouvidor: Nome do Ouvidor</p><p>Rua, Número, Bairro, Município e UF.</p><p>e-Mail do Ouvidor:&nbsp; nome@dominio.uf.gov.br</p><p>Horário de atendimento: Das xxh às xxh</p><p>Telefones: (xx) 0000-0000 /&nbsp; (xx) 00000-0000</p>',2),(1045,1,1044,'<p>Coronavírus</p><h3><b>Fale Conosco</b></h3><p>&nbsp;</p><p>Ouvidor: Nome do Ouvidor</p><p>Rua, Número, Bairro, Município e UF.</p><p>e-Mail do Ouvidor:&nbsp; nome@dominio.uf.gov.br</p><p>Horário de atendimento: Das xxh às xxh</p><p>Telefones: (xx) 0000-0000 /&nbsp; (xx) 00000-0000</p><p><br></p><h3><b>Enviar uma mensagem</b></h3><p><br></p><p>Para enviar clique no botão \"Enviar mensagem\" e aguarde o e-Mail com a resposta assim que analisado. Caso não receber a mensagem recomendamos olhar em sua caixa de span e clicar em \"esta mensagem não é um span\".<br></p>',2),(1052,1,1052,'<p>Cultura</p><h3><b>Para que serve a Ouvidoria?</b></h3><p><br></p><p>A Lei nº 12.527 da Presidência da República veio com o propósito de regulamentar o direito constitucional de acesso dos cidadãos às informações públicas e seus dispositivos são aplicáveis aos três Poderes da União, Estados, Distrito Federal e Municípios.</p><p><br></p><p>Use o canal Ouvidoria para comunicar mau funcionamento ou irregularidades nas atividades e serviços administrativos, fazer reclamações, sugestões, denúncias, críticas ou elogios.</p><p><br></p><h3><b>Código do Protocolo</b></h3><p><br></p><p>Após enviar sua mensagem você será direcionado a uma página com o \"código de acesso\". Caso tenha enviado a mensagem de forma anônima recomendamos copiar e guardar o código para acompanhar o andamento e despacho(s). Caso tenha feito de forma identificada o código será enviado também ao seu e-mail, bem como as atualizações.&nbsp;</p><p><br></p><h3><b>Informações e Contatos</b></h3><p><br></p><p>Ouvidor: Nome do Ouvidor</p><p>Rua, Número, Bairro, Município e UF.</p><p>e-Mail do Ouvidor:&nbsp; nome@dominio.uf.gov.br</p><p>Horário de atendimento: Das xxh às xxh</p><p>Telefones: (xx) 0000-0000 /&nbsp; (xx) 00000-0000</p>',4),(1066,1,1053,'<h3><b>Contatos, Endereço e Horários</b></h3><p><br></p><p>Endereço:</p><p>Nome do Atendente:</p><p>Telefone: (xx) xxxx-xxxx</p><p>e-Mail Ouvidoria:</p><p>Horário de Funcionamento:</p><p>Das xxh às xxh e das xxh às xxh</p><div><br></div>',2),(1067,1,1063,'<h3><b>Contatos, Endereço e Horários</b></h3><p><br></p><p>Endereço:</p><p>Nome do Atendente:</p><p>Telefone: (xx) xxxx-xxxx</p><p>e-Mail Ouvidoria:</p><p>Horário de Funcionamento:</p><p>Das xxh às xxh e das xxh às xxh</p><div><br></div>',4),(1068,1,1064,'<h3><b>Contatos, Endereço e Horários</b></h3><p><br></p><p>Endereço:</p><p>Nome do Atendente:</p><p>Telefone: (xx) xxxx-xxxx</p><p>e-Mail Ouvidoria:</p><p>Horário de Funcionamento:</p><p>Das xxh às xxh e das xxh às xxh</p><div><br></div>',5),(1069,1,1062,'<h3><b>Contatos, Endereço e Horários</b></h3><div><b><br></b></div><div><b>Endereço:</b></div><div><b>Nome do Atendente:</b></div><div><b>Telefone: (xx) xxxx-xxxx</b></div><div><b>e-Mail Ouvidoria:</b></div><div><b>Horário de Funcionamento:</b></div><div><b>Das xxh às xxh e das xxh às xxh</b></div>',8),(1070,1,1066,'<p>Contatos Unidade 1<br></p>',2),(1072,1,1068,'<p>Contatos Unidade 1<br></p>',4),(1087,1,1083,'<p>Amigos, antes de tudo! Responsáveis na relação com nossos clientes e nas atividades que nos são conferidas. Rápidos e hábeis porém pacientes para chegar a bom termo.&nbsp; &nbsp;</p><p><br></p><p>Competente no que fazemos, facilidade de comunicação e poder de persuasão, espírito cooperativo, raiocinio lógico e preciso, honestidade, ética e respeito pela profissão.&nbsp;<br></p>',1),(1086,1,1081,'<p>A profissão de detetive é uma das mais importantes ocupações nos dias de hoje. Auxiliamos em investigações conjugais, pessoais e empresariais.&nbsp;</p><p><br></p><p>Adultério, pessoas desaparecidas, roubo de informações ou um rombo empresarial, crianças desaparecidas pu sofrendo maus tratos e uma gama infinita de outras situações que precisam de um profissional capacitado, ético e com habilidade para tratar com o emocional das pessoas.</p>',1),(1085,1,1082,'<h3><b>Contatos</b></h3><p><br>Duis non laoreet eros. Vestibulum porta neque eleifend erat tempus, vitae sagittis elit sodales. Sed convallis erat quis iaculis vestibulum. Curabitur sit amet purus et tellus consectetur vehicula. Suspendisse condimentum bibendum ante in adipiscing. Aliquam dignissim nisl eget arcu convallis, in viverra risus consequat. Pellentesque dictum gravida lacinia.</p><p><br><h3><b>Outras Informações</b></h3></p><p><br></p><p>Duis non laoreet eros. Vestibulum porta neque eleifend erat tempus, vitae sagittis elit sodales. Sed convallis erat quis iaculis vestibulum. Curabitur sit amet purus et tellus consectetur vehicula. Suspendisse condimentum bibendum ante in adipiscing. Aliquam dignissim nisl eget arcu convallis, in viverra risus consequat. Pellentesque dictum gravida lacinia.</p>',1);

--
-- Table structure for table `blocos_secoes`
--

CREATE TABLE `blocos_secoes` (
  `id` int(11) NOT NULL AUTO_INCREMENT,
  `nome` varchar(250) NOT NULL,
  `entidade` int(11) NOT NULL DEFAULT 0,
  PRIMARY KEY (`id`),
  KEY `entidade` (`entidade`)
) ENGINE=MyISAM AUTO_INCREMENT=1084 DEFAULT CHARSET=latin1 COLLATE=latin1_swedish_ci ROW_FORMAT=DYNAMIC;

--
-- Dumping data for table `blocos_secoes`
--

INSERT INTO `blocos_secoes` (`id`, `nome`, `entidade`) VALUES (1081,'Nossos Serviços',1),(1082,'Contatos',1),(1052,'Ouvidoria',4),(1053,'Sic Físico',2),(1003,'Introdução',4),(1004,'Introdução',23),(1005,'Ouvidoria',23),(1007,'Biblioteca',4),(1008,'Fale Conosco',4),(1009,'Secretaria das Escolas',4),(1031,'Ouvidoria',5),(1039,'Fale Conosco',5),(1041,'Ouvidoria',2),(1044,'Fale Conosco',2),(1048,'Transparência',2),(1059,'Rede de Ensino',4),(1062,'SIC Físico',8),(1063,'SIC Físico',4),(1064,'SIC Físico',5),(1066,'Contatos',2),(1068,'Contatos',4),(1083,'Quem Somos',1);

--
-- Table structure for table `carrossel`
--

CREATE TABLE `carrossel` (
  `id` int(11) NOT NULL AUTO_INCREMENT,
  `data` timestamp NOT NULL DEFAULT current_timestamp(),
  `titulo` text NOT NULL,
  `secao` int(11) NOT NULL DEFAULT 0,
  `status` int(11) NOT NULL DEFAULT 1,
  `entidade` int(11) NOT NULL DEFAULT 0,
  PRIMARY KEY (`id`),
  KEY `secao` (`secao`),
  KEY `entidade` (`entidade`),
  KEY `status` (`status`)
) ENGINE=MyISAM AUTO_INCREMENT=96 DEFAULT CHARSET=latin1 COLLATE=latin1_swedish_ci ROW_FORMAT=DYNAMIC;

--
-- Dumping data for table `carrossel`
--

INSERT INTO `carrossel` (`id`, `data`, `titulo`, `secao`, `status`, `entidade`) VALUES (56,'2018-09-26 22:05:03','Institucional',3,1,4),(55,'2018-09-26 21:55:16','Institucional',12,1,5),(70,'2020-11-15 01:50:08','Institucional',16,1,3),(83,'2023-03-20 04:14:09','Mobile',31,1,4),(71,'2020-12-14 09:04:12','Institucional',17,1,6),(76,'2021-08-22 16:04:02','Home',22,1,8),(74,'2021-05-07 07:00:13','EAD',20,1,7),(87,'2023-03-23 04:46:40','Mobile',35,1,2),(84,'2023-03-20 04:28:35','Mobile',32,1,5),(85,'2023-03-20 04:43:15','Mobile',33,1,8),(88,'2023-03-23 04:47:07','Web',10,1,2),(89,'2023-03-27 08:39:25','web',36,1,13),(90,'2023-05-06 18:05:33','Web1',38,1,1),(91,'2023-05-10 22:30:05','Mobile1',39,1,1);

--
-- Table structure for table `carrossel_arquivos`
--

CREATE TABLE `carrossel_arquivos` (
  `id` int(11) NOT NULL AUTO_INCREMENT,
  `carrossel` int(11) NOT NULL,
  `path` text NOT NULL,
  `arquivo` text NOT NULL,
  `imagem` text DEFAULT NULL,
  `imagem_status` int(11) NOT NULL DEFAULT 1,
  `titulo` text DEFAULT NULL,
  `subtitulo` text DEFAULT NULL,
  `texto` text DEFAULT NULL,
  `link` text DEFAULT NULL,
  `status` int(11) NOT NULL DEFAULT 1,
  `ordem` int(11) NOT NULL DEFAULT 0,
  PRIMARY KEY (`id`),
  KEY `carrossel` (`carrossel`),
  KEY `ordem` (`ordem`),
  KEY `status` (`status`)
) ENGINE=MyISAM AUTO_INCREMENT=613 DEFAULT CHARSET=latin1 COLLATE=latin1_swedish_ci ROW_FORMAT=DYNAMIC;

--
-- Dumping data for table `carrossel_arquivos`
--

INSERT INTO `carrossel_arquivos` (`id`, `carrossel`, `path`, `arquivo`, `imagem`, `imagem_status`, `titulo`, `subtitulo`, `texto`, `link`, `status`, `ordem`) VALUES (561,80,'zHD/carrossel/1/80/','Carrossel (0145160001676157733).jpg','0257105001676157799.png',1,'NOME DO MUNICÍPIO','Mais tecnologia, informação e Transparência.','Tudo que você precisa saber sobre Transparência e atendimento ao cidadão se encontra aqui.',NULL,0,0),(594,88,'zHD/carrossel/2/88/','Carrossel (0385191001681622727).jpg','0405657001681622974.png',1,'UNIDADE 2 - LOCAL XXXX','Colégio de Ensino Integral, Infantil, Fundamental e Médio','Lorem ipsão dolor sít amçet, consectetur adipiscing elit. Sed vehicula id odio quis rhoncus. Donec ullamcorper, lectus in dictum porta, urna nisl tincidunt metus',NULL,0,1),(545,76,'zHD/carrossel/8/76/','Carrossel (0340279001664430605).jpg','0377206001664430868.png',1,'AQUI BREVE TEXTO','Portal do Colégio Nome, Região, Unidade 5','Lorem ipsão dolor sít amçet, consectetur adipiscing elit. Sed vehicula id odio quis rhoncus. Donec ullamcorper, lectus in dictum porta, urna nisl tincidunt metus',NULL,1,0),(560,79,'zHD/carrossel/1/79/','Carrossel (0345156001676149784).jpg','0735854001676149809.png',1,'PREFEITURA MUNICIPAL','NOME DA PREFEITURA, CÂMARA OU RPP','Portal para Prefeituras e Secretarias, Câmaras Municipais e RPPS. Seja 100% em Transparência com nosso portal e tenha seus arquivos e documentos protegidos com o nosso poderoso CLOUD para Órgãos Públicos. Instalação imediata. Atendimento e suporte 24/7.',NULL,0,1),(557,79,'zHD/carrossel/1/79/','Carrossel (0775109001676147963).jpg',NULL,1,NULL,NULL,NULL,NULL,0,0),(559,79,'zHD/carrossel/1/79/','Carrossel (0587650001676149569).jpg','0598113001676149601.png',1,'PREFEITURA MUNICIPAL','NOME DA PREFEITURA, CÂMARA OU RPP','Portal para Prefeituras e Secretarias, Câmaras Municipais e RPPS. Seja 100% em Transparência com nosso portal e tenha seus arquivos e documentos protegidos com o nosso poderoso CLOUD para Órgãos Públicos. Instalação imediata. Atendimento e suporte 24/7.',NULL,0,0),(592,89,'zHD/carrossel/13/89/','Carrossel (0647138001679906371).jpg','0984257001679906414.png',1,'AQUI BREVE TEXTO','Portal do Colégio Nome, Região, Unidade 6','Lorem ipsão dolor sít amçet, consectetur adipiscing elit. Sed vehicula id odio quis rhoncus. Donec ullamcorper, lectus in dictum porta, urna nisl tincidunt metus',NULL,1,0),(591,55,'zHD/carrossel/5/55/','Carrossel (0561749001679905991).jpg','0228947001679906042.png',1,'AQUI BREVE TEXTO','Portal do Colégio Nome, Região, Unidade 4','Lorem ipsão dolor sít amçet, consectetur adipiscing elit. Sed vehicula id odio quis rhoncus. Donec ullamcorper, lectus in dictum porta, urna nisl tincidunt metus',NULL,1,1),(587,85,'zHD/carrossel/8/85/','Carrossel (0579991001679287913).jpg',NULL,1,NULL,NULL,NULL,NULL,1,0),(548,56,'zHD/carrossel/4/56/','Carrossel (0759810001664700197).jpg','0255280001664700324.png',1,'AQUI BREVE TEXTO','Portal do Colégio Nome, Região, Unidade 3','Lorem ipsão dolor sít amçet, consectetur adipiscing elit. Sed vehicula id odio quis rhoncus. Donec ullamcorper, lectus in dictum porta, urna nisl tincidunt metus',NULL,1,1),(588,87,'zHD/carrossel/2/87/','Carrossel (0057012001679546808).jpg',NULL,1,NULL,NULL,NULL,NULL,1,0),(589,88,'zHD/carrossel/2/88/','Carrossel (0122281001679546838).jpg','0684396001681644073.png',1,'UNIDADE 2 - LOCAL XXXX','Colégio de Ensino Integral, Infantil, Fundamental e Médio','Lorem ipsão dolor sít amçet, consectetur adipiscing elit. Sed vehicula id odio quis rhoncus. Donec ullamcorper, lectus in dictum porta, urna nisl tincidunt metus',NULL,1,0),(608,90,'zHD/carrossel/1/90/','Carrossel (0380025001684300021).jpg',NULL,1,'DETETIVE','Serviços de inteligência, escuta e flagrantes com filmagens','Lorem ipsão dolor sít amçet, consectetur adipiscing elit. Sed vehicula id odio quis rhoncus. Donec ullamcorper, lectus in dictum porta, urna nisl tincidunt metus',NULL,0,0),(578,82,'zHD/carrossel/1/82/','Carrossel (0403579001678646663).jpg',NULL,1,NULL,NULL,NULL,NULL,0,0),(579,82,'zHD/carrossel/1/82/','Carrossel (0204755001679284909).jpg',NULL,1,NULL,NULL,NULL,NULL,0,1),(584,84,'zHD/carrossel/5/84/','Carrossel (0418518001679286622).jpg',NULL,1,NULL,NULL,NULL,NULL,1,0),(583,83,'zHD/carrossel/4/83/','Carrossel (0070073001679286415).jpg',NULL,1,NULL,NULL,NULL,NULL,1,0),(610,90,'zHD/carrossel/1/90/','Carrossel (0963287001706517744).jpg',NULL,1,'DETETIVES','Serviços de inteligência, escuta e flagrantes com filmagens','Lorem ipsão dolor sít amçet, consectetur adipiscing elit. Sed vehicula id odio quis rhoncus. Donec ullamcorper, lectus in dictum porta, urna nisl tincidunt metus',NULL,0,1),(611,90,'zHD/carrossel/1/90/','Carrossel (0967459001706518126).jpg',NULL,1,'DETETIVES','Serviços de inteligência, escuta e flagrantes com filmagens.','Lorem ipsão dolor sít amçet, consectetur adipiscing elit. Sed vehicula id odio quis rhoncus. Donec ullamcorper, lectus in dictum porta, urna nisl tincidunt metus',NULL,1,1),(612,91,'zHD/carrossel/1/91/','Carrossel (0189113001708313789).jpg',NULL,1,NULL,NULL,NULL,NULL,1,0);

--
-- Table structure for table `carrossel_secoes`
--

CREATE TABLE `carrossel_secoes` (
  `id` int(11) NOT NULL AUTO_INCREMENT,
  `entidade` int(11) NOT NULL DEFAULT 0,
  `nome` varchar(250) NOT NULL,
  PRIMARY KEY (`id`),
  KEY `entidade` (`entidade`)
) ENGINE=MyISAM AUTO_INCREMENT=48 DEFAULT CHARSET=latin1 COLLATE=latin1_swedish_ci ROW_FORMAT=DYNAMIC;

--
-- Dumping data for table `carrossel_secoes`
--

INSERT INTO `carrossel_secoes` (`id`, `entidade`, `nome`) VALUES (3,4,'Web'),(10,2,'Web'),(12,5,'Web'),(16,3,'Portal do Saae'),(17,6,'Carrossel'),(22,8,'Web'),(20,7,'Institucional'),(35,2,'Mobile'),(32,5,'Mobile'),(31,4,'Mobile'),(33,8,'Mobile'),(36,13,'Web'),(37,13,'Mobile'),(38,1,'Web'),(39,1,'Mobile'),(40,1,'web2'),(45,1,'Web3'),(46,1,'Web4'),(47,1,'Web5');

--
-- Table structure for table `classificados`
--

CREATE TABLE `classificados` (
  `id` int(11) NOT NULL AUTO_INCREMENT,
  `usuario` int(11) NOT NULL DEFAULT 0,
  `titulo` text NOT NULL,
  `tag` text NOT NULL,
  `subtitulo` text DEFAULT NULL,
  `texto` longtext DEFAULT NULL,
  `codigo` varchar(25) NOT NULL,
  `secao` text NOT NULL,
  `valor` text DEFAULT NULL,
  `capa` int(11) DEFAULT 0,
  `data` date DEFAULT NULL,
  `destaque` int(11) DEFAULT 0,
  `entidade` int(11) NOT NULL,
  `status` int(11) DEFAULT 1,
  `contador` int(11) DEFAULT 0,
  PRIMARY KEY (`id`)
) ENGINE=MyISAM AUTO_INCREMENT=408 DEFAULT CHARSET=latin1 COLLATE=latin1_swedish_ci ROW_FORMAT=DYNAMIC;

--
-- Dumping data for table `classificados`
--

INSERT INTO `classificados` (`id`, `usuario`, `titulo`, `tag`, `subtitulo`, `texto`, `codigo`, `secao`, `valor`, `capa`, `data`, `destaque`, `entidade`, `status`, `contador`) VALUES (402,1,'Livros Didáticos','livrosdidaticos','Duis non laoreet eros. Vestibulum porta neque eleifend erat tempus, vitae sagittis elit sodales','<p>Duis non laoreet eros. Vestibulum porta neque eleifend erat tempus, vitae sagittis elit sodales. Sed convallis erat quis iaculis vestibulum. Curabitur sit amet purus et tellus consectetur vehicula. Suspendisse condimentum bibendum ante in adipiscing. Aliquam dignissim nisl eget arcu convallis, in viverra risus consequat. Pellentesque dictum gravida lacinia.</p><p><br></p><p>Lorem ipsão dolor sít amçet, consectetur adipiscing elit. Sed vehicula id odio quis rhoncus. Donec ullamcorper, lectus in dictum porta, urna nisl tincidunt metus, at iaculis nunc sem vitae diam. Etiam quam orci, volutpat a justo non, pretium condimentum felis. Duis id elementum arcu. Mauris pharetra dui molestie tortor imperdiet. Duis non laoreet eros. Vestibulum porta neque eleifend erat tempus, vitae sagittis elit sodales. Sed convallis erat quis iaculis vestibulum.&nbsp;</p><p><br></p><p>Lorem ipsão dolor sít amçet, consectetur adipiscing elit. Sed vehicula id odio quis rhoncus. Donec ullamcorper, lectus in dictum porta, urna nisl tincidunt metus, at iaculis nunc sem vitae diam. Etiam quam orci, volutpat a justo non, pretium condimentum felis. Duis id elementum arcu. Mauris pharetra dui molestie tortor imperdiet.&nbsp; Lorem ipsão dolor sít amçet, consectetur adipiscing elit. Sed vehicula id odio quis rhoncus. Donec ullamcorper, lectus in dictum porta, urna nisl tincidunt metus, at iaculis nunc sem vitae diam.</p><div><br></div>','ZPXEVk0GcR0ziTSyT2UV2omCl','Material Escolar','R$ xx,xx',334,'2020-07-09',1,1,1,580),(406,1,'Mochila','mochila','Lorem ipsão dolor sít amçet, consectetur adipiscing elit. Sed vehicula id odio quis rhoncus. Donec ullamcorper, lectus in dictum porta','<p>Lorem ipsão dolor sít amçet, consectetur adipiscing elit. Sed vehicula id odio quis rhoncus. Donec ullamcorper, lectus in dictum porta, urna nisl tincidunt metus, at iaculis nunc sem vitae diam. Etiam quam orci, volutpat a justo non, pretium condimentum felis. Duis id elementum arcu. Mauris pharetra dui molestie tortor imperdiet. </p><p><br></p><p>Duis non laoreet eros. Vestibulum porta neque eleifend erat tempus, vitae sagittis elit sodales. Sed convallis erat quis iaculis vestibulum. Curabitur sit amet purus et tellus consectetur vehicula. Suspendisse condimentum bibendum ante in adipiscing. Aliquam dignissim nisl eget arcu convallis, in viverra risus consequat. Pellentesque dictum gravida lacinia.</p><p><br></p><p>Entrega à domicílio<br>Telefone (xx) 00000-0000</p>','ugkLWLp9oOBsqWIBgAIIthazd','Material Escolar','R$ xxx,xx',346,'2020-07-13',1,1,1,596),(407,1,'Cadernos','cadernos','Duis non laoreet eros. Vestibulum porta neque eleifend erat tempus, vitae sagittis elit sodales.','<p>Duis non laoreet eros. Vestibulum porta neque eleifend erat tempus, vitae sagittis elit sodales. Sed convallis erat quis iaculis vestibulum. Curabitur sit amet purus et tellus consectetur vehicula. Suspendisse condimentum bibendum ante in adipiscing. Aliquam dignissim nisl eget arcu convallis, in viverra risus consequat. Pellentesque dictum gravida lacinia.</p><p><br></p><p>Lorem ipsão dolor sít amçet, consectetur adipiscing elit. Sed vehicula id odio quis rhoncus. Donec ullamcorper, lectus in dictum porta, urna nisl tincidunt metus, at iaculis nunc sem vitae diam. Etiam quam orci, volutpat a justo non, pretium condimentum felis. Duis id elementum arcu. Mauris pharetra dui molestie tortor imperdiet. Duis non laoreet eros. Vestibulum porta neque eleifend erat tempus, vitae sagittis elit sodales. Sed convallis erat quis iaculis vestibulum. </p><p><br></p><p>Lorem ipsão dolor sít amçet, consectetur adipiscing elit. Sed vehicula id odio quis rhoncus. Donec ullamcorper, lectus in dictum porta, urna nisl tincidunt metus, at iaculis nunc sem vitae diam. Etiam quam orci, volutpat a justo non, pretium condimentum felis. Duis id elementum arcu. Mauris pharetra dui molestie tortor imperdiet.  Lorem ipsão dolor sít amçet, consectetur adipiscing elit. Sed vehicula id odio quis rhoncus. Donec ullamcorper, lectus in dictum porta, urna nisl tincidunt metus, at iaculis nunc sem vitae diam.</p><div><br></div>','HeZiny4okLn5pnjCYStI6TNq1','Material Escolar','R$ xx,xx',351,'2020-07-13',1,1,1,539);

--
-- Table structure for table `classificados_arquivos`
--

CREATE TABLE `classificados_arquivos` (
  `id` int(11) NOT NULL AUTO_INCREMENT,
  `codigo` varchar(25) NOT NULL,
  `path` text NOT NULL,
  `arquivo` text NOT NULL,
  `legenda` text DEFAULT NULL,
  `tipo` varchar(50) DEFAULT NULL,
  PRIMARY KEY (`id`)
) ENGINE=MyISAM AUTO_INCREMENT=375 DEFAULT CHARSET=latin1 COLLATE=latin1_swedish_ci ROW_FORMAT=DYNAMIC;

--
-- Dumping data for table `classificados_arquivos`
--

INSERT INTO `classificados_arquivos` (`id`, `codigo`, `path`, `arquivo`, `legenda`, `tipo`) VALUES (334,'ZPXEVk0GcR0ziTSyT2UV2omCl','zHD/classificados/1/ZPXEVk0GcR0ziTSyT2UV2omCl/imagens/','0383151001683475585.jpg',NULL,'capa'),(374,'ZPXEVk0GcR0ziTSyT2UV2omCl','zHD/classificados/1/ZPXEVk0GcR0ziTSyT2UV2omCl/arquivos/','Documento Ilustrativo 1 (0608957001683475712).pdf',NULL,'arquivo'),(370,'ZPXEVk0GcR0ziTSyT2UV2omCl','zHD/classificados/1/ZPXEVk0GcR0ziTSyT2UV2omCl/imagens/','01-700x525 (0961807001683475618).jpg',NULL,'imagem'),(371,'ZPXEVk0GcR0ziTSyT2UV2omCl','zHD/classificados/1/ZPXEVk0GcR0ziTSyT2UV2omCl/imagens/','02-700x525 (0173347001683475619).jpg',NULL,'imagem'),(372,'ZPXEVk0GcR0ziTSyT2UV2omCl','zHD/classificados/1/ZPXEVk0GcR0ziTSyT2UV2omCl/imagens/','03-700x525 (0233391001683475619).jpg',NULL,'imagem'),(373,'ZPXEVk0GcR0ziTSyT2UV2omCl','zHD/classificados/1/ZPXEVk0GcR0ziTSyT2UV2omCl/imagens/','04-700x525 (0255075001683475619).jpg',NULL,'imagem'),(346,'ugkLWLp9oOBsqWIBgAIIthazd','zHD/classificados/1/ugkLWLp9oOBsqWIBgAIIthazd/imagens/','0786389001683473669.jpg',NULL,'capa'),(362,'ugkLWLp9oOBsqWIBgAIIthazd','zHD/classificados/1/ugkLWLp9oOBsqWIBgAIIthazd/imagens/','03-700x525 (0417566001683473696).jpg',NULL,'imagem'),(361,'ugkLWLp9oOBsqWIBgAIIthazd','zHD/classificados/1/ugkLWLp9oOBsqWIBgAIIthazd/imagens/','04-700x525 (0417083001683473696).jpg',NULL,'imagem'),(360,'ugkLWLp9oOBsqWIBgAIIthazd','zHD/classificados/1/ugkLWLp9oOBsqWIBgAIIthazd/imagens/','02-700x525 (0369931001683473696).jpg',NULL,'imagem'),(359,'ugkLWLp9oOBsqWIBgAIIthazd','zHD/classificados/1/ugkLWLp9oOBsqWIBgAIIthazd/imagens/','01-700x525 (0155700001683473696).jpg',NULL,'imagem'),(351,'HeZiny4okLn5pnjCYStI6TNq1','zHD/classificados/1/HeZiny4okLn5pnjCYStI6TNq1/imagens/','0101215001683475226.jpg',NULL,'capa'),(368,'HeZiny4okLn5pnjCYStI6TNq1','zHD/classificados/1/HeZiny4okLn5pnjCYStI6TNq1/imagens/','04-700x525 (0122957001683475257).jpg',NULL,'imagem'),(367,'HeZiny4okLn5pnjCYStI6TNq1','zHD/classificados/1/HeZiny4okLn5pnjCYStI6TNq1/imagens/','03-700x525 (0069350001683475257).jpg',NULL,'imagem'),(366,'HeZiny4okLn5pnjCYStI6TNq1','zHD/classificados/1/HeZiny4okLn5pnjCYStI6TNq1/imagens/','02-700x525 (0044660001683475257).jpg',NULL,'imagem'),(365,'HeZiny4okLn5pnjCYStI6TNq1','zHD/classificados/1/HeZiny4okLn5pnjCYStI6TNq1/imagens/','01-700x525 (0832278001683475256).jpg',NULL,'imagem'),(363,'ugkLWLp9oOBsqWIBgAIIthazd','zHD/classificados/1/ugkLWLp9oOBsqWIBgAIIthazd/arquivos/','Documento Ilustrativo 1 (0435518001683474929).pdf',NULL,'arquivo'),(364,'ugkLWLp9oOBsqWIBgAIIthazd','zHD/classificados/1/ugkLWLp9oOBsqWIBgAIIthazd/arquivos/','Documento Ilustrativo 2 (0491921001683474929).pdf',NULL,'arquivo'),(369,'HeZiny4okLn5pnjCYStI6TNq1','zHD/classificados/1/HeZiny4okLn5pnjCYStI6TNq1/arquivos/','Documento Ilustrativo 1 (0516235001683475329).pdf',NULL,'arquivo');

--
-- Table structure for table `classificados_links`
--

CREATE TABLE `classificados_links` (
  `id` int(11) NOT NULL AUTO_INCREMENT,
  `codigo` varchar(25) NOT NULL,
  `titulo` text DEFAULT NULL,
  `link` text NOT NULL,
  PRIMARY KEY (`id`)
) ENGINE=MyISAM AUTO_INCREMENT=116 DEFAULT CHARSET=latin1 COLLATE=latin1_swedish_ci ROW_FORMAT=DYNAMIC;

--
-- Dumping data for table `classificados_links`
--

INSERT INTO `classificados_links` (`id`, `codigo`, `titulo`, `link`) VALUES (114,'HeZiny4okLn5pnjCYStI6TNq1','Celular e WhatsApp','https://google.com');

--
-- Table structure for table `classificados_videos`
--

CREATE TABLE `classificados_videos` (
  `id` int(11) NOT NULL AUTO_INCREMENT,
  `codigo` varchar(25) NOT NULL,
  `titulo` text DEFAULT NULL,
  `link` text NOT NULL,
  PRIMARY KEY (`id`)
) ENGINE=MyISAM AUTO_INCREMENT=125 DEFAULT CHARSET=latin1 COLLATE=latin1_swedish_ci ROW_FORMAT=DYNAMIC;

--
-- Dumping data for table `classificados_videos`
--

INSERT INTO `classificados_videos` (`id`, `codigo`, `titulo`, `link`) VALUES (122,'ugkLWLp9oOBsqWIBgAIIthazd','Vídeo Ilustrativo','jPGjeDKiBgY'),(123,'HeZiny4okLn5pnjCYStI6TNq1','Vídeo Ilustrativo','jPGjeDKiBgY'),(124,'ZPXEVk0GcR0ziTSyT2UV2omCl','Vídeo Ilustrativo','jPGjeDKiBgY');

--
-- Table structure for table `contatos`
--

CREATE TABLE `contatos` (
  `id` int(11) NOT NULL AUTO_INCREMENT,
  `usuario` int(11) NOT NULL DEFAULT 0,
  `secao` int(11) NOT NULL DEFAULT 0,
  `texto` text DEFAULT NULL,
  `entidade` int(11) NOT NULL,
  PRIMARY KEY (`id`),
  KEY `secao` (`secao`),
  KEY `entidade` (`entidade`)
) ENGINE=MyISAM AUTO_INCREMENT=472 DEFAULT CHARSET=latin1 COLLATE=latin1_swedish_ci ROW_FORMAT=DYNAMIC;

--
