[BLOB]\" data-filename=\"image.png\" style=\"width: 1224px;\"></h3><p style=\"color: rgb(0, 0, 0);\"><br></p><p style=\"color: rgb(0, 0, 0);\"><br></p><p style=\"color: rgb(0, 0, 0);\"><img src=\"data:image/png;base64,[BLOB]\" data-filename=\"image.png\" style=\"width: 1224px;\"><br></p><h3 class=\"no-margin-top\" style=\"color: rgb(0, 0, 0);\"><br></h3><h3 class=\"no-margin-top\" style=\"color: rgb(0, 0, 0);\"><br></h3><h3 class=\"no-margin-top\" style=\"color: rgb(0, 0, 0);\">Criando nova Notícia<br></h3><p>1 - Clique <b>Cadastrar Cadastrar</b>, ou em <b>Gerenciar > Novo Cadastro</b>.<br>2 - Preencha: <b>data, hora, título, subtítulo, digite uma categoria ou selecione uma existente e texto</b>.<br><span style=\"color: rgb(51, 51, 51); font-size: 14px;\">3 - Clique em Salvar. Você será redirecionado para inserir arquivos.</span><span style=\"color: rgb(51, 51, 51); font-size: 14px;\"><br></span></p><h3 class=\"no-margin-top\" style=\"color: rgb(0, 0, 0);\">Gerenciando conteúdo (Capa, Imagens, Vídeos, Links e Arquivos)</h3><p style=\"color: rgb(0, 0, 0);\"><b>Capa:</b><br>1 - Em Gerenciar, clique Editar na notícia desejada.<br>2 - Clique em Inserir Imagens.<br>3 - Clique em Carregar Imagem ou Trocar Imagem, para inserir uma nova imagem de capa.<br><b>Imagens:</b><br>1 - Em Gerenciar, clique Editar na notícia desejada.<br>2 - Clique em Inserir Imagens.<br>3 - Adicione imagens clicando no \"Clique aqui para carregar seu arquivo\".<br>4 - Passe o mouse sobre a imagem para editar legenda e/ou data ou excluir. Após excluir alguma imagem clique em \"Atualizar\".<br><b>Vídeos:</b><br>1 - Em Gerenciar, clique Editar na notícia desejada.<br>2 - Clique em Inserir Vídeos.<br>3 - Clique em Novo Vídeo, preencha os campo títulos e link (youtube), para adicionar um vídeo.<br>4 - Clique em Excluir, para excluir o vídeo desejado.<br><b>Links:</b><br>1 - Em Gerenciar, clique Editar na notícia desejada.<br>2 - Clique em Inserir Links.<br>3 - Clique em Novo Link, preencha os campos título e link, para adicionar um link.<br>4 - Clique em Excluir, para excluir o link desejado.<br><b>Arquivos:</b><br>1 - Em Gerenciar, clique Editar na notícia desejada.<br>2 - Clique em Inserir arquivos.<br>3 - Adicione arquivos clicando no \"Clique aqui para carregar seu arquivo\".<br>4 - Passe o mouse sobre o ícone para editar legenda e/ou data ou excluir. Após excluir alguma imagem clique em \"Atualizar\".</p><h3 class=\"no-margin-top\" style=\"color: rgb(0, 0, 0);\">Ativar/Desativar</h3><div>1 - Em Gerenciar, clique em Ativa para desativar e Inativa para ativar.</div><div><br></div><h3 class=\"no-margin-top\" style=\"color: rgb(0, 0, 0);\">Editando</h3><h3 class=\"no-margin-top\" style=\"color: rgb(0, 0, 0);\"><p style=\"font-size: 13px;\">1 - Em <b>Gerenciar, </b>Clique em <b>Editar </b>na linha da notícia desejada.</p></h3><h3 class=\"no-margin-top\" style=\"color: rgb(0, 0, 0);\">Excluindo</h3><h3 class=\"no-margin-top\" style=\"color: rgb(0, 0, 0);\"><p style=\"font-size: 13px;\">1 - Em <b>Gerenciar, </b>Clique em <b>Excluir </b>na linha da notícia desejada.<br>2 - Confirme a ação e aguarde confirmação.</p></h3>'),('14','<h3 class=\"no-margin-top\" style=\"color: rgb(0, 0, 0);\">Gerenciando Definições</h3><h3 class=\"no-margin-top\" style=\"color: rgb(0, 0, 0);\"><p style=\"font-size: 13px;\">1 - Clique em configurar > Editar Definições para configurar o comportamento do aplicativo.</p></h3><h3 class=\"no-margin-top\" style=\"color: rgb(0, 0, 0);\">Gerenciando Seções</h3><h3 class=\"no-margin-top\" style=\"color: rgb(0, 0, 0);\"></h3><h5 style=\"font-size: 13px;\">1 - Clique em configurar, crie, edite, ou exclua seções.</h5><h3 class=\"no-margin-top\" style=\"color: rgb(0, 0, 0);\">Criando novo Pop-up</h3><p></p><h5>1 - Clique <b style=\"color: inherit;\">Gerenciar > Novo Cadastro</b><span style=\"color: inherit;\">, ou em </span><b style=\"color: inherit;\">Cadastrar</b><span style=\"color: inherit;\"> no menu superior.</span><br></h5>2 - Preencha: <b>seção, título, link (opcional) e texto (opcional)</b>.<br><span style=\"color: rgb(51, 51, 51); font-size: 14px;\">3 - Clique em Salvar. Você será redirecionado para inserir arquivos.</span><span style=\"color: rgb(51, 51, 51); font-size: 14px;\"><br></span><p></p><h3 class=\"no-margin-top\" style=\"color: rgb(0, 0, 0);\">Gerenciando imagens.<br></h3><p>1 - Em Gerenciar, na linha do pop-up desejado clique em <b>editar.<br></b>2 - Clique em <b>Inserir Imagens.</b><br>3 - Para inserir arquivos, clique na caixa em destaque \"Clique aqui para carregar seu arquivo\" ou solte os arquivos acima dela.<br>4 - Passe o mouse sobre o ícone para editar legenda e/ou data ou excluir o arquivo. Após excluir algum arquivo clique em \"Atualizar\".</p><h3 class=\"no-margin-top\" style=\"color: rgb(0, 0, 0);\">Integrado à Notícias / Enquetes<br></h3><p>1 - Em Gerenciar, na linha do pop-up desejado clique em <b>Integração</b> (ou Enquetes/Notícias)<b>.<br></b>2 - Selecione o Aplicativo desejado.<br>3 - Selecione a Notícia/Pop-up desejado.<br>4 - Clique em Salvar.</p><h3 class=\"no-margin-top\" style=\"color: rgb(0, 0, 0);\">Excluindo</h3><h3 class=\"no-margin-top\" style=\"color: rgb(0, 0, 0);\"><p style=\"font-size: 13px;\">1 - Em <b>Gerenciar, </b>Clique em <b>Excluir </b>na linha no pop-up desejado.<br>2 - Confirme a ação e aguarde confirmação.</p></h3>'),('25','<h4 style=\"color: rgb(0, 0, 0);\">Respondendo ao Recado:<br></h4><div>1 - Em Gerenciar, na linha desejada clique em Responder.<br>2 - Preencha o campo \"Resposta\" e clique em salvar.</div><div><br></div><div><h4 style=\"color: rgb(0, 0, 0);\">Editando uma resposta:<br></h4><div>1 - Em Gerenciar, na linha desejada clique em editar.<br>2 - Edite o campo \"Resposta\" e clique em salvar.</div><div><br></div></div><div><h4 style=\"color: rgb(0, 0, 0);\">Excluindo um Recado:<br></h4></div><div>1 - Em Gerenciar, clique em Excluir na linha desejada.</div><div>2 - Confirme a ação e aguarde confirmação.</div><div><br></div><div><h4 style=\"color: rgb(0, 0, 0);\">Gerenciando Seções:<br></h4><div>1 - Em Configurações, crie, edite ou exclua seções do mural.</div><div><br></div><div><h4 style=\"color: rgb(0, 0, 0);\">Notificar resposta ao Usuário:<br></h4><div>1 - Quando cadastrado corretamente o email do usuário, é possível enviar um email notificando alterações no contato clicando no ícone: <i class=\"fa fa-envelope\"></i>,</div><div>que fica Azul quando disponível e vermelho, quando necessário.</div></div></div>'),('entidades','<div>1. Acessar Entidades.</div><div>2. Em Gerenciar, será exibida a lista de entidades;</div><div>3. Para criar uma nova entidade, vá em <b>Gerenciar > Nova Entidade</b>, preencha os campos corretamente e clique em salvar.</div><div>4. Para <b>Excluir</b>: Clique em Excluir na linha da entidade desejada e confirme a ação. (Esta ação não pode ser desfeita)</div><div><br></div><div>Permitindo e Removendo Permissão em Aplicativos à uma entidade:</div><div>1. Em Gerenciar, clique em <b>Gerenciar</b>, na entidade desejada.</div><div>2. Clique em <b>Aplicativos</b>, Aparecerá a lista de aplicativos instaladas, Clique no Aplicativo desejado para permitir ou remover permissão;</div><div>Obs.: A Entidade recebe permissão de acesso ao aplicativo, todavia falta permitir os usuários que terão acesso a tal aplicativo.</div>');

--
-- Table structure for table `app_aplicativos_grupos`
--

CREATE TABLE `app_aplicativos_grupos` (
  `ID` int(11) NOT NULL AUTO_INCREMENT,
  `nome` varchar(100) NOT NULL,
  `ordem` int(11) NOT NULL DEFAULT 0,
  PRIMARY KEY (`ID`),
  KEY `ordem` (`ordem`)
) ENGINE=MyISAM AUTO_INCREMENT=4 DEFAULT CHARSET=latin1 COLLATE=latin1_swedish_ci ROW_FORMAT=DYNAMIC;

--
-- Dumping data for table `app_aplicativos_grupos`
--

INSERT INTO `app_aplicativos_grupos` (`ID`, `nome`, `ordem`) VALUES (1,'Multimídias',1),(2,'Sistemas',0);

--
-- Table structure for table `app_aplicativos_menus`
--

CREATE TABLE `app_aplicativos_menus` (
  `id` int(11) NOT NULL AUTO_INCREMENT,
  `aplicativo` int(11) NOT NULL DEFAULT 0,
  `nome` varchar(100) DEFAULT '0',
  `tag` varchar(100) DEFAULT '0',
  `pagina` varchar(100) DEFAULT '0',
  `icone` varchar(100) DEFAULT '0',
  `ordem` int(11) DEFAULT 0,
  `acesso` int(11) DEFAULT 0,
  `setup` int(11) DEFAULT 0,
  PRIMARY KEY (`id`),
  KEY `aplicativo` (`aplicativo`),
  KEY `ordem` (`ordem`)
) ENGINE=MyISAM AUTO_INCREMENT=127 DEFAULT CHARSET=latin1 COLLATE=latin1_swedish_ci ROW_FORMAT=DYNAMIC;

--
-- Dumping data for table `app_aplicativos_menus`
--

INSERT INTO `app_aplicativos_menus` (`id`, `aplicativo`, `nome`, `tag`, `pagina`, `icone`, `ordem`, `acesso`, `setup`) VALUES (9,3,'Cadastrar','nova','nova','fa fa-plus',0,0,0),(19,10,'Configurar','setup','setup','fa fa-cogs',2,1,0),(20,10,'Cadastrar','novo','novo','fa fa-plus',1,0,0),(22,11,'Configurar','setup','setup','fa fa-cogs',2,1,0),(23,11,'Cadastrar','novo','novo','fa fa-plus',1,0,0),(25,12,'Configurar','setup','setup','fa fa-cogs',2,1,0),(26,12,'Cadastrar','nova','nova','fa fa-plus',1,0,0),(41,1,'Configurar','setup','setup','fa fa-cogs',2,1,0),(29,13,'Configurar','setup','setup','fa fa-cogs',2,1,0),(40,1,'Cadastrar','novo','novo','fa fa-plus',1,0,0),(31,14,'Cadastrar','novo','novo','fa fa-plus',1,0,0),(32,14,'Configurar','setup','setup','fa fa-cogs',2,1,2),(35,17,'Configurar','setup','setup','fa fa-cogs',2,1,0),(43,19,'Configurar','setup','setup','fa fa-cogs',2,1,2),(44,17,'Cadastrar','novo','novo','fa fa-plus',1,0,0),(47,20,'Configurar','setup','setup','fa fa-cogs',2,1,0),(48,20,'Cadastrar','novo','novo','fa fa-plus',1,0,0),(50,21,'Configurar','setup','setup','fa fa-cogs',3,2,0),(51,21,'Emails','emails','emails','fa fa-envelope',1,0,0),(52,21,'Grupos','grupos','grupos','fa fa-users',2,0,0),(53,21,'Cadastrar Campanha','novo','novo','fa fa-plus',0,0,0),(55,19,'Servidor Envio','setup2','','fa fa-envelope-o',2,1,1),(70,25,'Servidor Envio','setup2','setup2','fa fa-envelope-o',2,1,0),(71,25,'Configurar','setup','setup','fa fa-cogs',1,1,0),(83,14,'Seções','setup/secoes','','fa fa-cogs',2,1,1),(84,14,'Definições','setup/definicoes','','fa fa-cogs',1,1,1),(85,19,'Finalidades','setup/finalidades','','fa fa-cogs',1,1,1),(86,19,'Status','setup/status','','fa fa-cogs',3,1,1),(87,26,'Configurar','setup','setup','fa fa-cogs',2,1,0),(91,19,'Listar Finalizados','arquivo','arquivo','fa fa-search',0,0,0),(92,30,'Configurar','setup','setup','fa fa-cogs',2,1,0),(93,30,'Cadastrar','novo','novo','fa fa-plus',1,0,0),(94,26,'Cadastrar','novo','novo','fa fa-plus',1,0,0),(108,16,'Cadastrar','novo','novo','fa fa-plus',1,0,0),(109,16,'Configurar','setup','setup','fa fa-cogs',2,1,0),(118,6,'Configurar','setup','setup','fa fa-cogs',2,1,0),(111,2,'Configurar','setup','setup','fa fa-cogs',2,1,0),(112,2,'Cadastrar','novo','novo','fa fa-plus',1,0,0),(113,4,'Configurar','setup','setup','fa fa-cogs',2,1,0),(114,4,'Cadastrar','novo','novo','fa fa-plus',1,0,0),(115,3,'Configurar','setup','setup','fa fa-cogs',2,1,0),(116,5,'Configurar','setup','setup','fa fa-cogs',2,1,0),(117,5,'Cadastrar','novo','novo','fa fa-plus',1,0,0),(119,6,'Cadastrar','novo','novo','fa fa-plus',1,0,0),(120,33,'Cadastrar','nova','nova','fa fa-plus',1,0,0),(121,33,'Configurar','setup','setup','fa fa-cogs',2,1,0),(123,34,'Cadastrar','nova','nova','fa fa-plus',0,0,0),(124,35,'Cadastrar','novo','novo','fa fa-plus',1,0,0),(125,35,'Configurar','setup','setup','fa fa-cogs',2,1,0);

--
-- Table structure for table `app_convites`
--

CREATE TABLE `app_convites` (
  `id` int(11) NOT NULL AUTO_INCREMENT,
  `tipo` int(11) DEFAULT NULL,
  `nome` varchar(100) NOT NULL,
  `email` varchar(100) NOT NULL,
  `codigo` varchar(60) NOT NULL,
  PRIMARY KEY (`id`)
) ENGINE=MyISAM AUTO_INCREMENT=29 DEFAULT CHARSET=latin1 COLLATE=latin1_swedish_ci;

--
-- Dumping data for table `app_convites`
--


--
-- Table structure for table `app_entidades`
--

CREATE TABLE `app_entidades` (
  `id` int(11) NOT NULL AUTO_INCREMENT,
  `nome` text NOT NULL,
  `governo` text DEFAULT NULL,
  `brasao` varchar(255) DEFAULT NULL,
  `municipio` text DEFAULT NULL,
  `cnpj` varchar(50) DEFAULT NULL,
  `razao` varchar(200) DEFAULT NULL,
  `endereco` varchar(200) DEFAULT NULL,
  `cidade` varchar(200) DEFAULT NULL,
  `uf` varchar(50) DEFAULT NULL,
  `site` varchar(400) DEFAULT NULL,
  `matriz` int(11) DEFAULT 0,
  `proprietaria` int(11) DEFAULT 0,
  PRIMARY KEY (`id`)
) ENGINE=MyISAM AUTO_INCREMENT=2 DEFAULT CHARSET=latin1 COLLATE=latin1_swedish_ci;

--
-- Dumping data for table `app_entidades`
--

INSERT INTO `app_entidades` (`id`, `nome`, `governo`, `brasao`, `municipio`, `cnpj`, `razao`, `endereco`, `cidade`, `uf`, `site`, `matriz`, `proprietaria`) VALUES (1,'Jhonson & Jhonson','Sites e Sistemas','20191027023813brasao-small-entidade.png','Página padrão',NULL,NULL,'Brasília','Brasília',NULL,'https://jpw.net.br/advogados/web1',1,0);

--
-- Table structure for table `app_entidades_aplicativos`
--

CREATE TABLE `app_entidades_aplicativos` (
  `ID` int(11) NOT NULL AUTO_INCREMENT,
  `entidade` int(11) NOT NULL DEFAULT 0,
  `aplicativo` int(11) NOT NULL DEFAULT 0,
  PRIMARY KEY (`ID`),
  KEY `entidade` (`entidade`),
  KEY `aplicativo` (`aplicativo`)
) ENGINE=MyISAM AUTO_INCREMENT=207 DEFAULT CHARSET=latin1 COLLATE=latin1_swedish_ci ROW_FORMAT=DYNAMIC;

--
-- Dumping data for table `app_entidades_aplicativos`
--

INSERT INTO `app_entidades_aplicativos` (`ID`, `entidade`, `aplicativo`) VALUES (25,1,1),(24,1,2),(28,1,3),(32,1,4),(33,1,5),(34,1,6),(39,1,10),(40,1,11),(41,1,12),(42,1,13),(43,1,14),(59,1,16),(60,1,17),(63,1,20),(64,1,21),(86,1,25),(88,1,19),(74,1,26),(157,1,30),(161,1,31),(162,1,33),(200,1,34);

--
-- Table structure for table `app_permissoes`
--

CREATE TABLE `app_permissoes` (
  `ID` int(11) NOT NULL AUTO_INCREMENT,
  `usuario` int(11) NOT NULL DEFAULT 0,
  `aplicativo` int(11) NOT NULL DEFAULT 0,
  `entidade` int(11) NOT NULL DEFAULT 0,
  `acesso` varchar(500) DEFAULT NULL,
  PRIMARY KEY (`ID`),
  KEY `usuario` (`usuario`),
  KEY `aplicativo` (`aplicativo`),
  KEY `entidade` (`entidade`)
) ENGINE=MyISAM AUTO_INCREMENT=514 DEFAULT CHARSET=latin1 COLLATE=latin1_swedish_ci;

--
-- Dumping data for table `app_permissoes`
--

INSERT INTO `app_permissoes` (`ID`, `usuario`, `aplicativo`, `entidade`, `acesso`) VALUES (216,1,6,1,NULL),(83,3,3,1,NULL),(212,1,12,1,NULL),(152,3,2,1,NULL),(85,3,4,1,NULL),(158,3,1,1,NULL),(213,1,16,1,NULL),(211,1,3,1,NULL),(164,3,5,1,NULL),(215,1,17,1,NULL),(96,3,6,1,NULL),(214,1,1,1,NULL),(102,3,10,1,NULL),(104,3,12,1,NULL),(105,3,13,1,NULL),(106,3,14,1,NULL),(163,3,11,1,NULL),(129,13,6,1,NULL),(128,13,5,1,NULL),(127,13,4,1,NULL),(126,13,3,1,NULL),(125,13,2,1,NULL),(124,13,1,1,NULL),(117,13,10,1,NULL),(118,13,11,1,NULL),(119,13,12,1,NULL),(120,13,13,1,NULL),(121,13,14,1,NULL),(147,3,16,1,NULL),(161,3,17,1,NULL),(155,3,20,1,NULL),(157,3,19,1,NULL),(207,1,14,1,NULL),(208,1,19,1,NULL),(209,1,2,1,NULL),(210,1,20,1,NULL),(205,1,5,1,NULL),(262,3,26,1,NULL),(263,1,26,1,NULL),(199,3,21,1,NULL),(265,1,21,1,NULL),(220,1,4,1,NULL),(221,1,10,1,NULL),(222,1,11,1,NULL),(223,1,13,1,NULL),(250,13,16,1,NULL),(251,13,17,1,NULL),(253,13,20,1,NULL),(256,13,19,1,NULL),(257,13,21,1,NULL),(258,3,25,1,NULL),(259,1,25,1,NULL),(284,14,16,1,NULL),(285,14,1,1,NULL),(286,14,17,1,NULL),(287,14,6,1,NULL),(289,14,12,1,NULL),(291,14,26,1,NULL),(293,14,25,1,NULL),(294,14,10,1,NULL),(295,14,20,1,NULL),(297,14,4,1,NULL),(298,14,11,1,NULL),(299,14,13,1,NULL),(300,14,21,1,NULL),(301,14,3,1,NULL),(302,14,5,1,NULL),(304,14,14,1,NULL),(306,14,2,1,NULL),(309,14,19,1,NULL),(331,13,25,1,NULL),(402,1,30,1,NULL),(403,15,1,1,NULL),(404,15,16,1,NULL),(405,15,17,1,NULL),(406,15,6,1,NULL),(408,15,10,1,NULL),(409,15,25,1,NULL),(410,15,12,1,NULL),(412,15,30,1,NULL),(415,15,19,1,NULL),(416,15,14,1,NULL),(417,15,3,1,NULL),(418,15,21,1,NULL),(420,15,5,1,NULL),(423,15,4,1,NULL),(424,15,11,1,NULL),(425,15,13,1,NULL),(426,15,2,1,NULL),(428,15,20,1,NULL),(429,15,26,1,NULL),(476,13,26,1,NULL),(478,13,30,1,NULL),(480,13,31,1,NULL),(483,1,33,1,NULL),(490,1,31,1,NULL),(513,1,34,1,NULL);

--
-- Table structure for table `app_usuarios_sessoes`
--

CREATE TABLE `app_usuarios_sessoes` (
  `ID` int(11) NOT NULL AUTO_INCREMENT,
  `usuario` int(11) DEFAULT NULL,
  `ip` varchar(15) NOT NULL,
  `data` timestamp NOT NULL DEFAULT current_timestamp(),
  `status` int(1) NOT NULL,
  `situacao` int(1) NOT NULL,
  `sessao` varchar(60) DEFAULT NULL,
  `chave` varchar(20) DEFAULT NULL,
  `browser` text DEFAULT NULL,
  `timeout` datetime DEFAULT NULL,
  `entidade` int(1) NOT NULL DEFAULT 0,
  PRIMARY KEY (`ID`),
  KEY `usuario` (`usuario`),
  KEY `ip` (`ip`),
  KEY `data` (`data`),
  KEY `status` (`status`),
  KEY `chave` (`chave`),
  KEY `sessao` (`sessao`),
  KEY `timeout` (`timeout`)
) ENGINE=MyISAM AUTO_INCREMENT=108 DEFAULT CHARSET=latin1 COLLATE=latin1_swedish_ci ROW_FORMAT=DYNAMIC COMMENT='status 0 = Usuário Inválido\r\nstatus 1 = Sessão Iniciada\r\nstatus 2 =  Senha Inválida\r\nstatus 3 = Usuário Bloqueado\r\nsituacao 0/1';

--
-- Dumping data for table `app_usuarios_sessoes`
--

INSERT INTO `app_usuarios_sessoes` (`ID`, `usuario`, `ip`, `data`, `status`, `situacao`, `sessao`, `chave`, `browser`, `timeout`, `entidade`) VALUES (1,1,'177.235.118.144','2021-01-29 11:38:36',1,1,'q5S2lQTUGlIi0FR8WRGwPGMG8Iosc2YSZijn8jlA3JMlnRGwh1wMcgz8gKzU','bojrfJZCzlqEN4QJ4AgF','Mozilla/5.0 (Windows NT 10.0; Win64; x64) AppleWebKit/537.36 (KHTML, like Gecko) Chrome/87.0.4280.141 Safari/537.36','2021-08-19 15:24:53',0),(2,1,'177.235.118.144','2021-01-29 12:23:49',1,1,'B91Oa4kGZeisSrUX0pjmvcJVaul75mYLHnY6wI5CUjva4kxoxMBJ9vzSEn7P','nqY0HN4XpydEsTILwa39','Mozilla/5.0 (Windows NT 10.0; Win64; x64) AppleWebKit/537.36 (KHTML, like Gecko) Chrome/87.0.4280.141 Safari/537.36','2021-08-19 15:24:53',0),(3,1,'177.235.118.144','2021-01-29 19:34:36',1,1,'ZrxSLuBhGqDSWXCgIptfrfXOb9BMFxyWnY5HsjYylDfWjNsIz4YwY28Ml5dI','Gi6Bcl3G1mhdj5FJEVZM','Mozilla/5.0 (Windows NT 10.0; Win64; x64) AppleWebKit/537.36 (KHTML, like Gecko) Chrome/87.0.4280.141 Safari/537.36','2021-08-19 15:24:53',0),(4,1,'177.235.118.144','2021-01-29 21:25:55',1,1,'Guh4jATDQBI9xMNDVwVsuH5dII8LNt0yRA8MsDmNTUZaeCCfKk765tcPZ80G','ltWIj5YrCPPUWGWN80cm','Mozilla/5.0 (Windows NT 10.0; Win64; x64) AppleWebKit/537.36 (KHTML, like Gecko) Chrome/87.0.4280.141 Safari/537.36','2021-08-19 15:24:53',0),(5,1,'177.235.118.144','2021-01-30 17:11:34',1,1,'6DXFa7Bm217icovvO50TRjr4B7grMEZLWU20veusnKkSPZLenkH079xpUgJN','ukwGZS4th9UA8XXItXQL','Mozilla/5.0 (Windows NT 10.0; Win64; x64) AppleWebKit/537.36 (KHTML, like Gecko) Chrome/87.0.4280.141 Safari/537.36','2021-08-19 15:24:53',0),(6,1,'177.106.69.233','2021-02-03 08:54:50',2,0,NULL,NULL,'Mozilla/5.0 (Windows NT 10.0; Win64; x64) AppleWebKit/537.36 (KHTML, like Gecko) Chrome/88.0.4324.104 Safari/537.36',NULL,0),(7,1,'177.106.69.233','2021-02-03 08:54:57',2,0,NULL,NULL,'Mozilla/5.0 (Windows NT 10.0; Win64; x64) AppleWebKit/537.36 (KHTML, like Gecko) Chrome/88.0.4324.104 Safari/537.36',NULL,0),(8,1,'177.106.69.233','2021-02-03 08:54:59',1,1,'ZJClXOmyNVD06h57BOttZPuS8K6FEeuGoSMIJAXysDXtAuGnrxKp3pW8XCi7','jk91BUgVV9pq7HBfPkoC','Mozilla/5.0 (Windows NT 10.0; Win64; x64) AppleWebKit/537.36 (KHTML, like Gecko) Chrome/88.0.4324.104 Safari/537.36','2021-08-19 15:24:53',0),(9,1,'177.235.118.144','2021-02-04 01:34:16',1,1,'TgQ8Jf9TxgBN0OPrlt9aT5zLXAOSBOexlJQMabkzX71Zvl3PDoHTWxdXDbCY','eJyXoBPPWJrL0nS0RPxf','Mozilla/5.0 (Windows NT 10.0; Win64; x64) AppleWebKit/537.36 (KHTML, like Gecko) Chrome/88.0.4324.146 Safari/537.36','2021-08-19 15:24:53',0),(10,1,'177.235.118.144','2021-02-22 16:49:55',1,1,'3i5IXV82YZakZUJMpysAAVuS6ndQiNN8Yc18F7vfgSq97Q48nRvxOHL4xWfn','46p1ZAYPyf2l0kbmqqb6','Mozilla/5.0 (Windows NT 10.0; Win64; x64) AppleWebKit/537.36 (KHTML, like Gecko) Chrome/88.0.4324.182 Safari/537.36','2021-08-19 15:24:53',0),(11,1,'177.235.118.144','2021-03-13 03:43:44',2,0,NULL,NULL,'Mozilla/5.0 (Windows NT 10.0; Win64; x64) AppleWebKit/537.36 (KHTML, like Gecko) Chrome/89.0.4389.82 Safari/537.36',NULL,0),(12,1,'177.235.118.144','2021-03-13 03:43:52',1,1,'7xF7MsnnEPjF1T9QVzKa3rsP3ddiCfGjrK3KuI1Ql4mfvaxNNREh7PtWqeKc','mScccFkobKGN7ekIil46','Mozilla/5.0 (Windows NT 10.0; Win64; x64) AppleWebKit/537.36 (KHTML, like Gecko) Chrome/89.0.4389.82 Safari/537.36','2021-08-19 15:24:53',0),(13,1,'177.191.34.233','2021-07-30 04:07:34',1,1,'Mb4HHRZQuBYNX6ax6qWocwXsLKIW65mozcdBHNr7es6GCSrkTWVYhgyf7kH5','KqoUtFLl7ZZM7mNvvodV','Mozilla/5.0 (Windows NT 10.0; Win64; x64) AppleWebKit/537.36 (KHTML, like Gecko) Chrome/92.0.4515.107 Safari/537.36','2021-08-19 15:24:53',0),(14,1,'177.191.62.103','2021-08-10 18:06:46',1,1,'OhIEuDajJfQeorTQjmuQ4lS4UPkABB2znfNQlTcAJDidjb08ryRvITlxKWxO','stDDIQLzRqskRKUa7KtS','Mozilla/5.0 (Windows NT 10.0; Win64; x64) AppleWebKit/537.36 (KHTML, like Gecko) Chrome/92.0.4515.131 Safari/537.36','2021-08-19 15:24:53',0),(15,1,'177.235.118.144','2021-08-12 13:48:28',1,1,'LwuorPuf8ntkiUJ4JeptjQrSfCFqZE2sIiTEkfW1q3LRjLOpcX53SvyJl47Z','2mtNqqTb2dRAtMcNsdqr','Mozilla/5.0 (Windows NT 10.0; Win64; x64) AppleWebKit/537.36 (KHTML, like Gecko) Chrome/92.0.4515.131 Safari/537.36','2021-08-19 15:24:53',0),(16,1,'177.235.118.144','2021-08-12 19:29:02',1,1,'sGkXJB9jU8PRkdzFIGIJEFFrWfwxoz9CRwNrSV9y6E5nZF4Gr7lMDEF1lynT','e7ux3LQ0QKq9NsqNv0In','Mozilla/5.0 (Windows NT 10.0; Win64; x64) AppleWebKit/537.36 (KHTML, like Gecko) Chrome/92.0.4515.131 Safari/537.36','2021-08-19 15:24:53',0),(17,1,'177.235.118.144','2021-08-18 20:16:55',1,1,'dOG2HzzrwtgAQ7tbTqTaN2b77FnbERDjkVV35aghC4No94ZUmAbkhz6xWSTK','jV6fImxvZbIaHi5CXjIE','Mozilla/5.0 (Windows NT 10.0; Win64; x64) AppleWebKit/537.36 (KHTML, like Gecko) Chrome/92.0.4515.131 Safari/537.36','2021-08-19 15:24:53',0),(18,1,'177.235.118.144','2021-08-19 17:18:25',2,0,NULL,NULL,'Mozilla/5.0 (Windows NT 10.0; Win64; x64) AppleWebKit/537.36 (KHTML, like Gecko) Chrome/92.0.4515.131 Safari/537.36',NULL,0),(19,1,'177.235.118.144','2021-08-19 18:24:04',2,0,NULL,NULL,'Mozilla/5.0 (Windows NT 10.0; Win64; x64) AppleWebKit/537.36 (KHTML, like Gecko) Chrome/92.0.4515.131 Safari/537.36',NULL,0),(20,1,'177.235.118.144','2021-08-19 18:24:16',1,1,'B1NfgQFzgUQWs9hr0wfNFsSSWQ6GkUPmJT7OehtVpASHYyN6z0SNxg93vTNQ','UDn1K6F0AAiK1PBi8t2k','Mozilla/5.0 (Windows NT 10.0; Win64; x64) AppleWebKit/537.36 (KHTML, like Gecko) Chrome/92.0.4515.131 Safari/537.36','2021-08-19 15:24:53',0),(21,1,'177.235.118.144','2021-08-19 18:25:28',1,1,'e7P221s6x26sntpCEExuXZU8JeDslvSU2XGJ7lqsjMbU5K7JlrQYbLudhOM9','r4rlDdxreFtmUGUejObq','Mozilla/5.0 (Windows NT 10.0; Win64; x64) AppleWebKit/537.36 (KHTML, like Gecko) Chrome/92.0.4515.131 Safari/537.36','2021-08-19 15:28:17',0),(22,1,'177.235.118.144','2021-08-19 18:26:58',1,1,'cx37TYghrroOHY8BfKybG6PrT109cegzkDWT0IXoRB6jjQOnsXUnYtgxZAYS','lYvvxIGb3y4PkRfklGhs','Mozilla/5.0 (Windows NT 10.0; Win64; x64) AppleWebKit/537.36 (KHTML, like Gecko) Chrome/92.0.4515.131 Safari/537.36','2021-08-19 15:28:17',0),(23,1,'177.235.118.144','2021-08-19 18:28:34',1,2,'Kfvpg5EVNm2VReoTeLM5wl8RyU9PVrKVvWIbAOQbPQ75Bccgmu0f1wjQQXke','NQRicQLALqfhRNVSHNKb','Mozilla/5.0 (Windows NT 10.0; Win64; x64) AppleWebKit/537.36 (KHTML, like Gecko) Chrome/92.0.4515.131 Safari/537.36','2021-08-19 15:28:45',0),(24,1,'177.235.118.144','2021-08-19 18:28:54',2,0,NULL,NULL,'Mozilla/5.0 (Windows NT 10.0; Win64; x64) AppleWebKit/537.36 (KHTML, like Gecko) Chrome/92.0.4515.131 Safari/537.36',NULL,0),(25,1,'177.235.118.144','2021-08-19 18:29:05',1,2,'qRiiELaIcr8kRV6fzqOMcQxDZqKRQehcp1A3WMzI2LTol65RXHrICWNRHJb7','oIlH6aVfYbW6ZN3JfDS4','Mozilla/5.0 (Windows NT 10.0; Win64; x64) AppleWebKit/537.36 (KHTML, like Gecko) Chrome/92.0.4515.131 Safari/537.36','2021-08-19 15:29:16',0),(26,1,'177.235.118.144','2021-08-19 18:29:21',1,1,'ZcY06lQm0i5fEUyFSC8e5yp6UyZFOuhf61Dcx13tKlrLTHbBM9kUjqwwtGjy','xZn2N7cA5ZOd2PMysyHE','Mozilla/5.0 (Windows NT 10.0; Win64; x64) AppleWebKit/537.36 (KHTML, like Gecko) Chrome/92.0.4515.131 Safari/537.36',NULL,0),(27,1,'177.235.118.50','2021-11-20 19:32:08',1,1,'OtvVgFwFSq84wuUeYr2Knj8ea3kP85zaPRnj5AuTtWx3Rf3Wyo0FeYlFQycl','UEQ1Pnqe5Hi2UeerqOPr','Mozilla/5.0 (Windows NT 10.0; Win64; x64) AppleWebKit/537.36 (KHTML, like Gecko) Chrome/95.0.4638.69 Safari/537.36',NULL,0),(28,1,'177.235.118.50','2021-11-22 18:51:55',1,1,'XO8HLBGZv1gm0BliuMspUtrAOVsJt8w486KcqOKplGSxqOGM1mHVLue1Sb5d','BQrxJS7e9rXeRoQxLWqu','Mozilla/5.0 (Windows NT 10.0; Win64; x64) AppleWebKit/537.36 (KHTML, like Gecko) Chrome/96.0.4664.45 Safari/537.36',NULL,0),(29,1,'177.235.118.50','2021-11-23 19:38:53',1,1,'FxQlVXKceQX40H82UiWRoMCQxd0NDH1Ytz2sgY1Can7YiEOZsh96fGfDl6s7','SpBoXMMvru5WffV4bYKm','Mozilla/5.0 (Windows NT 10.0; Win64; x64) AppleWebKit/537.36 (KHTML, like Gecko) Chrome/96.0.4664.45 Safari/537.36',NULL,0),(30,1,'177.235.119.218','2022-04-01 18:40:01',1,1,'XbjUvAThLL2DgAlJBbaaFW5yyPOeiRcijnLPv4XC7jyOvRdhl0OMAxZK4h0E','wLHrxCEdg4N4WfrKxccQ','Mozilla/5.0 (Windows NT 10.0; Win64; x64) AppleWebKit/537.36 (KHTML, like Gecko) Chrome/99.0.4844.82 Safari/537.36',NULL,0),(31,1,'177.235.119.218','2022-04-03 06:47:52',1,1,'y9cXjgHL7MrpEvwJiv31Gbd9ZoaWwZjuI78V2PegVTDdnwOd9VkB3yFaCWU1','eebpcZVss4zIETsxAqS8','Mozilla/5.0 (Windows NT 10.0; Win64; x64) AppleWebKit/537.36 (KHTML, like Gecko) Chrome/99.0.4844.84 Safari/537.36',NULL,0),(32,1,'177.235.119.218','2022-04-06 11:01:45',1,1,'nJ1G7TNNprh2fQGVqGN1erDqq3U81JqeycS2ApdEGo9jVo1MCymexbmA6EQT','PpcQpzLqqd9yDdogsqrO','Mozilla/5.0 (Windows NT 10.0; Win64; x64) AppleWebKit/537.36 (KHTML, like Gecko) Chrome/99.0.4844.84 Safari/537.36',NULL,0),(33,1,'177.75.224.78','2022-04-06 14:25:24',2,0,NULL,NULL,'Mozilla/5.0 (Windows NT 10.0; WOW64) AppleWebKit/537.36 (KHTML, like Gecko) Chrome/99.0.4844.74 Safari/537.36',NULL,0),(34,1,'177.75.224.78','2022-04-06 14:29:01',1,1,'kdgP4s8bHUSumtvVREQCxeUWlrY2iO2j8kXeW8tcPaGxlV2YeQwz9CHQ9HGO','miekaX6eVOSRngbbguPh','Mozilla/5.0 (Windows NT 10.0; WOW64) AppleWebKit/537.36 (KHTML, like Gecko) Chrome/99.0.4844.74 Safari/537.36',NULL,0),(35,1,'177.235.119.218','2022-04-07 03:51:53',1,1,'QWuHwrf0qbGZokfr85LqCy0wboRiIDTpTAIgzPnJ2mtxokTEWfCy2n5LLDku','CUGSr1H7GFfBkqLJaPjc','Mozilla/5.0 (Windows NT 10.0; Win64; x64) AppleWebKit/537.36 (KHTML, like Gecko) Chrome/99.0.4844.84 Safari/537.36',NULL,0),(36,1,'177.235.119.218','2022-04-09 20:19:27',1,1,'rZXe5QkLRF5boma8kuTY8LENrlapZWkMmzTscEcctYshREayF9uTHJTzwwRh','dtg3FRHepZUyDPHoUPw1','Mozilla/5.0 (Windows NT 10.0; Win64; x64) AppleWebKit/537.36 (KHTML, like Gecko) Chrome/99.0.4844.84 Safari/537.36',NULL,0),(37,1,'177.235.119.218','2022-04-11 12:48:42',1,1,'hAyf5zHcALv1SnAIJ411C9hrnje8UfchKTXjYmze9cDi3g6NZ1tHnwTAbZPg','1RWceG1F1K7RUDPAaLZe','Mozilla/5.0 (Windows NT 10.0; Win64; x64) AppleWebKit/537.36 (KHTML, like Gecko) Chrome/99.0.4844.84 Safari/537.36',NULL,0),(38,1,'177.235.119.218','2022-04-11 13:41:43',1,1,'cTPxrA1u3eoqEJxFcEbSRVc47odRMxx8ZoefSZsqpjwwGU3DDUCjBi0LYw6E','0gNzW9jOK4got15dWPaP','Mozilla/5.0 (Windows NT 10.0; Win64; x64) AppleWebKit/537.36 (KHTML, like Gecko) Chrome/99.0.4844.84 Safari/537.36',NULL,0),(39,NULL,'177.235.119.218','2022-04-11 14:16:51',0,0,NULL,NULL,'Mozilla/5.0 (Windows NT 10.0; Win64; x64) AppleWebKit/537.36 (KHTML, like Gecko) Chrome/99.0.4844.84 Safari/537.36',NULL,0),(40,1,'177.235.119.218','2022-04-11 14:17:05',2,0,NULL,NULL,'Mozilla/5.0 (Windows NT 10.0; Win64; x64) AppleWebKit/537.36 (KHTML, like Gecko) Chrome/99.0.4844.84 Safari/537.36',NULL,0),(41,1,'177.235.119.218','2022-04-11 14:17:13',1,1,'Vl8i2qZj5GnZM6i64K0txOwVbbFCegcF9n0XHOj8QtLVprEpqUbK4btIPqaj','UNqEzjKeeYMV0BMLEzji','Mozilla/5.0 (Windows NT 10.0; Win64; x64) AppleWebKit/537.36 (KHTML, like Gecko) Chrome/99.0.4844.84 Safari/537.36',NULL,0),(42,1,'177.235.119.218','2022-04-12 09:39:54',1,1,'B8xFwEmFjAHOo5jmLktIpE2YkeqnWhIqAmzRnWMv6gmrom2Psdm50phg6a4g','XA66l9hXd8v2sxxHfZnr','Mozilla/5.0 (Windows NT 10.0; Win64; x64) AppleWebKit/537.36 (KHTML, like Gecko) Chrome/99.0.4844.84 Safari/537.36',NULL,0),(43,1,'177.235.119.218','2022-04-13 19:13:51',1,1,'uGcmLvDSndEbi5GA6oFnPtXYbwVWuQzpADTTq9GqHZ3Gi8dY337fi5CKPEcJ','vkH5VxKMXPc1Ke03wOGJ','Mozilla/5.0 (Windows NT 10.0; Win64; x64) AppleWebKit/537.36 (KHTML, like Gecko) Chrome/100.0.4896.75 Safari/537.36',NULL,0),(44,1,'177.235.119.218','2022-04-16 18:03:15',1,1,'kXtjywq2VtoxGmDACN2ALIY06llNemqcIEPRdoSv6aDEcfwFXpQpK85c5sjs','n9y365aso7QHcGsbnity','Mozilla/5.0 (Windows NT 10.0; Win64; x64) AppleWebKit/537.36 (KHTML, like Gecko) Chrome/100.0.4896.127 Safari/537.36',NULL,0),(45,1,'177.235.119.218','2022-04-18 00:25:27',1,1,'WCAwRiWAH3j2NVbCXdqT8sFXQftg6YAw30QJ8HAuP0YvejdxXIJyZ5AuVMt9','ILAW2PlejS39YYRjeCpO','Mozilla/5.0 (Windows NT 10.0; Win64; x64) AppleWebKit/537.36 (KHTML, like Gecko) Chrome/100.0.4896.127 Safari/537.36',NULL,0),(46,1,'177.235.119.218','2022-04-19 17:36:06',2,0,NULL,NULL,'Mozilla/5.0 (Windows NT 10.0; Win64; x64) AppleWebKit/537.36 (KHTML, like Gecko) Chrome/100.0.4896.127 Safari/537.36',NULL,0),(47,1,'177.235.119.218','2022-04-19 17:36:15',1,1,'sRxDSfsKtl0E7e4ieXbaSaNTQIXw7y38kiOFDvkdG1jaikuqZuR7KIXpGI31','ATf54SmlEWgGy8R0yKPy','Mozilla/5.0 (Windows NT 10.0; Win64; x64) AppleWebKit/537.36 (KHTML, like Gecko) Chrome/100.0.4896.127 Safari/537.36',NULL,0),(48,1,'177.235.119.218','2022-04-23 02:16:53',1,1,'KDmtvoVWJUPrkR8q7sZnMkvvTNRuzDc6QLxtdJmMsGXc27WGBpnmZsqowkbq','Ajlk5hVVOU4f7FHqhO5N','Mozilla/5.0 (Windows NT 10.0; Win64; x64) AppleWebKit/537.36 (KHTML, like Gecko) Chrome/100.0.4896.127 Safari/537.36',NULL,0),(49,1,'177.235.119.218','2022-04-26 06:51:48',1,1,'ZUuOBI5Zjl1D9CD0jtHwH0T1A1aVoGzUGHMWIZVYt433emMKjijVO6uGZMaO','LOxu9imdF7kMeMiggTxt','Mozilla/5.0 (Windows NT 10.0; Win64; x64) AppleWebKit/537.36 (KHTML, like Gecko) Chrome/100.0.4896.127 Safari/537.36',NULL,0),(50,1,'177.235.119.218','2022-04-26 07:02:12',1,1,'hIhuZNxR8bYdH713vuZ5uffpvLYOuORMGwrmaviosvBoN9cAegQYdIVg3lVB','OVumPPaHnEkISM4lQAyy','Mozilla/5.0 (Windows NT 10.0; Win64; x64) AppleWebKit/537.36 (KHTML, like Gecko) Chrome/100.0.4896.127 Safari/537.36',NULL,0),(51,1,'177.235.119.218','2022-04-28 05:45:28',1,1,'akQDSOGkOHbSKKhcjKuRuvfhHLncX5Nl9OERxYkbtcvyRUlTnQXMrQgsiqZG','5FN2lSB7Y0piClz81F0q','Mozilla/5.0 (Windows NT 10.0; Win64; x64) AppleWebKit/537.36 (KHTML, like Gecko) Chrome/100.0.4896.127 Safari/537.36',NULL,0),(52,1,'177.235.119.218','2022-04-29 23:49:15',1,1,'NBxhl3vccxhN6vtGR561qqaiAWVrm2NnQaYG59MF2OXLPXZC9nyMbOOSP0ZT','bTOa1sz8EpUGmG1SFohA','Mozilla/5.0 (Windows NT 10.0; Win64; x64) AppleWebKit/537.36 (KHTML, like Gecko) Chrome/100.0.4896.127 Safari/537.36',NULL,0),(53,1,'177.235.119.218','2022-05-17 15:12:22',1,1,'KadXhePbMCtMHcxHzwYIzxUAjL7HYDzHl93msbB20ye3WYMwSBiTpoVKmfZO','nZlyAnJWmjcybDdDuKXm','Mozilla/5.0 (Windows NT 10.0; Win64; x64) AppleWebKit/537.36 (KHTML, like Gecko) Chrome/101.0.4951.67 Safari/537.36',NULL,0),(54,1,'177.235.119.218','2022-05-21 17:10:05',2,0,NULL,NULL,'Mozilla/5.0 (Windows NT 10.0; Win64; x64) AppleWebKit/537.36 (KHTML, like Gecko) Chrome/101.0.4951.67 Safari/537.36',NULL,0),(55,1,'177.235.119.218','2022-05-21 17:10:23',2,0,NULL,NULL,'Mozilla/5.0 (Windows NT 10.0; Win64; x64) AppleWebKit/537.36 (KHTML, like Gecko) Chrome/101.0.4951.67 Safari/537.36',NULL,0),(56,1,'177.235.119.218','2022-05-21 17:10:47',2,0,NULL,NULL,'Mozilla/5.0 (Windows NT 10.0; Win64; x64) AppleWebKit/537.36 (KHTML, like Gecko) Chrome/101.0.4951.67 Safari/537.36',NULL,0),(57,1,'177.235.119.218','2022-05-21 17:11:21',1,1,'DkVjb45YeG1CkB3Dp7nVpOldv9GHYvCXy5HY2lKIVCJzrguwxPhIb8dE613X','WzTPLzTXEXaYe88i1OJO','Mozilla/5.0 (Windows NT 10.0; Win64; x64) AppleWebKit/537.36 (KHTML, like Gecko) Chrome/101.0.4951.67 Safari/537.36',NULL,0),(58,1,'177.235.119.218','2022-06-01 22:03:11',1,1,'v8MrFyKSefL3246O5gxnx0BIW4mSDoKZJADOkFtJqG4RaQcBXFHOXIlkNFUz','Vk6UxoLkiS8b75lWUigh','Mozilla/5.0 (Windows NT 10.0; Win64; x64) AppleWebKit/537.36 (KHTML, like Gecko) Chrome/101.0.4951.67 Safari/537.36',NULL,0),(59,1,'177.235.119.218','2022-06-02 19:00:51',1,1,'cKnIQFD7KZENJF9JDFUaVLLIDXTfCpTKpLun2GxqPCzoFz3LAGLjaXqcJHsd','CkYKRw24jSlHIunnzojt','Mozilla/5.0 (Windows NT 10.0; Win64; x64) AppleWebKit/537.36 (KHTML, like Gecko) Chrome/101.0.4951.67 Safari/537.36',NULL,0),(60,1,'177.235.119.218','2022-06-03 07:33:07',1,1,'vkA8RLGPNLFAFmGGuV0Wh3BRaFY9GC5lZ17aAC9WRyHkwxhXF0PIlfk4Io46','9pPFGzdI7nomTInGPMWe','Mozilla/5.0 (Windows NT 10.0; Win64; x64) AppleWebKit/537.36 (KHTML, like Gecko) Chrome/102.0.5005.63 Safari/537.36',NULL,0),(61,1,'177.235.119.218','2022-06-03 10:25:19',1,1,'XraU39MBVgGM8qlCQNKmMLBMuhRUFvgNgjcPT8G4CqLxqUTsfEywqr0LHy1W','ceufjuaHGX4jGVljW5ym','Mozilla/5.0 (Windows NT 10.0; Win64; x64) AppleWebKit/537.36 (KHTML, like Gecko) Chrome/102.0.5005.63 Safari/537.36',NULL,0),(62,1,'177.235.119.218','2022-06-05 03:00:03',1,1,'8kDQS2cTvk2xoMm7sKkrW1Fzs9KQDpMkDOC9Cpt6T1NW2y28mRaG5wRaw0mP','K3ti6SOdgC6rCXBueerh','Mozilla/5.0 (Windows NT 10.0; Win64; x64) AppleWebKit/537.36 (KHTML, like Gecko) Chrome/102.0.5005.63 Safari/537.36',NULL,0),(63,1,'177.235.119.218','2022-06-07 12:03:35',1,1,'owcxbclA0wFuISkKsjCrpYfQBEOkdiDaiGdqDMZfrr8dz3MfwCIlZPpukQdj','dNbLyELejZyHG4M3TKfh','Mozilla/5.0 (Windows NT 10.0; Win64; x64) AppleWebKit/537.36 (KHTML, like Gecko) Chrome/102.0.5005.63 Safari/537.36',NULL,0),(64,1,'177.235.119.218','2022-06-09 09:35:46',1,1,'pamgJnNXFNgQWYbKfjTX6A67eIbS12a96jFIDTYaNMbHJsY5aKBdjhtc8iHR','fhaBnSveuhcMGBvrlghv','Mozilla/5.0 (Windows NT 10.0; Win64; x64) AppleWebKit/537.36 (KHTML, like Gecko) Chrome/102.0.5005.63 Safari/537.36',NULL,0),(65,1,'177.235.119.218','2022-06-10 05:43:02',1,1,'4BUEfI0TuznNGHEEeMQtI23941mQo61JHaP2j4xyFZqAIY1V5GPUFH3OfChw','KD6Z4hEioruzREBjzVRH','Mozilla/5.0 (Windows NT 10.0; Win64; x64) AppleWebKit/537.36 (KHTML, like Gecko) Chrome/102.0.5005.63 Safari/537.36',NULL,0),(66,1,'177.235.119.218','2022-06-10 08:19:40',1,1,'B6Sk34LgsseQslfY6yEw12izrsn4sg5lTNzpkGIa0UzCOKCHyrO9WTMeSW1s','VnAfIjDcCuOMkB4Z3MK4','Mozilla/5.0 (Windows NT 10.0; Win64; x64) AppleWebKit/537.36 (KHTML, like Gecko) Chrome/102.0.5005.63 Safari/537.36',NULL,0),(67,1,'177.235.119.218','2022-06-10 13:13:10',1,1,'EwUz2us0pgsRnheKpGEZSakQTxLv9WgnNr3u8q4WftysxP7iDsWMp8gQf8uR','qKVVnfMFNQMqAf4jON04','Mozilla/5.0 (Windows NT 10.0; Win64; x64) AppleWebKit/537.36 (KHTML, like Gecko) Chrome/102.0.5005.63 Safari/537.36',NULL,0),(68,1,'177.235.119.218','2022-06-10 16:47:56',1,1,'ZtsfityixpJBv8s7dAVEw91zAPegjfkJRvMHXK12TGbbz7ZhR76OmaxPVdT5','yXOpD8XrM9fcAwCp1ITu','Mozilla/5.0 (Windows NT 10.0; Win64; x64) AppleWebKit/537.36 (KHTML, like Gecko) Chrome/102.0.5005.63 Safari/537.36',NULL,0),(69,1,'177.235.119.218','2022-06-13 10:23:30',1,1,'P8usWpqzHNXiYqVPeZv6OMkAY4n6r5EumZ7wao5vMcHauBRJoDirOXO5faJJ','f6xoub5AS11HgtqyqmDu','Mozilla/5.0 (Windows NT 10.0; Win64; x64) AppleWebKit/537.36 (KHTML, like Gecko) Chrome/102.0.5005.63 Safari/537.36',NULL,0),(70,1,'177.235.119.218','2022-06-14 11:29:53',1,1,'hebfu74GZ518mQBw0uBbZZMmvNDHRIW5ARSdJhrft5FueSvSVLy94OWxpL2y','hxdRWshv0AJYUsGejfFj','Mozilla/5.0 (Windows NT 10.0; Win64; x64) AppleWebKit/537.36 (KHTML, like Gecko) Chrome/102.0.0.0 Safari/537.36',NULL,0),(71,1,'177.235.119.218','2022-06-14 11:31:54',1,1,'Za0W6eF9OQSQCLPITALquLsrZhyIXrTN1u9x4Tv2jBkj3xRYrL8sUYuKY5Wt','Yyv7LSzoC9ti92pntnoZ','Mozilla/5.0 (Windows NT 10.0; Win64; x64) AppleWebKit/537.36 (KHTML, like Gecko) Chrome/102.0.0.0 Safari/537.36',NULL,0),(72,1,'177.235.119.218','2022-06-14 11:36:58',1,1,'1zcI1TbZOoNl4YO1yz2hDEitq8OhZNRPWmDI2dGZEzzU1iRW8FUdZHGHOf5Z','FTwywuhS2Ht7G2PCEObP','Mozilla/5.0 (Windows NT 10.0; Win64; x64) AppleWebKit/537.36 (KHTML, like Gecko) Chrome/102.0.0.0 Safari/537.36',NULL,0),(73,1,'177.235.119.218','2022-06-14 12:22:56',1,1,'WGTSW4yqmOYyhTOp6ljIKkgk8AnKpZQhrzY4SXipnppwQNHXgSkZi2mQRjTU','EPzJS0lH21Pq1COl5Bdu','Mozilla/5.0 (Windows NT 10.0; Win64; x64) AppleWebKit/537.36 (KHTML, like Gecko) Chrome/102.0.0.0 Safari/537.36',NULL,0),(74,1,'177.235.119.218','2022-06-14 12:32:52',1,1,'SiJmmOobtpc3sKVWJZ0ZiPs6GQvdcXQnGwjmsmTHoi7KwyDAC7JWeKQnThdU','s82QvKG9zwUWTYDWwYjk','Mozilla/5.0 (Windows NT 10.0; Win64; x64) AppleWebKit/537.36 (KHTML, like Gecko) Chrome/102.0.0.0 Safari/537.36',NULL,0),(75,1,'177.235.119.218','2022-06-14 18:42:39',1,1,'ZHdMcW0WkyrzthkpKyV4D8ObMVLTMakEGh6O4vVIjFZqLnV7W1hsetg7j4zP','jLVDGOTu8IpR49KW6Iy7','Mozilla/5.0 (Windows NT 10.0; Win64; x64) AppleWebKit/537.36 (KHTML, like Gecko) Chrome/102.0.0.0 Safari/537.36',NULL,0),(76,1,'177.235.119.218','2022-06-15 11:12:11',1,1,'YmXji4xGSVb9fH0lfWIcKETXn0dG0sT82E4IfZj4Zk0QRd62WOSYZpI4HCz3','Q7i0e6PqWWe29MjT7J0k','Mozilla/5.0 (Windows NT 10.0; Win64; x64) AppleWebKit/537.36 (KHTML, like Gecko) Chrome/102.0.0.0 Safari/537.36',NULL,0),(77,1,'177.235.119.218','2022-06-17 18:35:38',1,1,'Dewo5VcpUXR8yspYNgjZTjIJR7LqOHxeDOWAQfvLXJOid3KAXV7nnu5W8nSM','Tj3QGTo5oqxTVk0qcG5p','Mozilla/5.0 (Windows NT 10.0; Win64; x64) AppleWebKit/537.36 (KHTML, like Gecko) Chrome/102.0.0.0 Safari/537.36',NULL,0),(78,1,'177.235.119.218','2022-06-18 11:51:45',1,1,'soWnmLZrH8ilLXUj5dk3ZR5upFcbCj6j7vdMGuIgbQN5vXZdEF9hxQJRFFbo','vzJQkoyOdVxKkYwIMSNO','Mozilla/5.0 (Windows NT 10.0; Win64; x64) AppleWebKit/537.36 (KHTML, like Gecko) Chrome/102.0.0.0 Safari/537.36',NULL,0),(79,1,'177.235.119.218','2022-06-18 19:57:24',1,1,'CG66bf4Q63VTZ2vRrCJuOFt2t0PXU8spgHnxM4TySQySlvqkt3fzROtTJoQW','RhnWNClk19j1B09Gl1SX','Mozilla/5.0 (Windows NT 10.0; Win64; x64) AppleWebKit/537.36 (KHTML, like Gecko) Chrome/102.0.0.0 Safari/537.36',NULL,0),(80,1,'177.235.119.218','2022-06-19 22:16:09',1,1,'ws5MJRsg477isyYWYBIf9MJ8xdVMsH2L1Z7GKYqQsFaJyHkGswhJoYrMHQFb','iEueKhVCbMM0I4RiEEEv','Mozilla/5.0 (Windows NT 10.0; Win64; x64) AppleWebKit/537.36 (KHTML, like Gecko) Chrome/102.0.0.0 Safari/537.36',NULL,0),(81,1,'177.235.119.218','2022-06-30 08:30:17',1,1,'MmxEOb3qKuqOYCve85oEYKHNadbhVdtWTpHRTKZs9vhglIrePmnFheiU8Mlg','JEAe1PYrxkoZO14ryezK','Mozilla/5.0 (Windows NT 10.0; Win64; x64) AppleWebKit/537.36 (KHTML, like Gecko) Chrome/103.0.0.0 Safari/537.36',NULL,0),(82,1,'177.235.119.218','2022-07-05 11:46:16',1,1,'rDrjXWygoVLv4U7cPhxaLSfpOdU7BcPTBfHQizsv0vv6Zz7lLuH8XnbCNyVE','XagpbmYbtDpuDCsv6imn','Mozilla/5.0 (Windows NT 10.0; Win64; x64) AppleWebKit/537.36 (KHTML, like Gecko) Chrome/103.0.0.0 Safari/537.36',NULL,0),(83,1,'177.235.119.218','2022-07-05 19:30:14',1,1,'49Bky1XWeOZPCMBRblG9v6GdJgfxNtJFlCdhmAWScW7qdnWfO5U0HJCfT7rQ','JOmuPaAmPk95qeVwt4FB','Mozilla/5.0 (Windows NT 10.0; Win64; x64) AppleWebKit/537.36 (KHTML, like Gecko) Chrome/103.0.0.0 Safari/537.36',NULL,0),(84,1,'177.235.119.218','2022-07-08 07:57:09',1,1,'CQekszd5cSuIguJhhltGUlEhAB5MR1mKql9eDtU3wtEwyZp9penERArXvutj','1iNJYnUvp8PYox6o5rbJ','Mozilla/5.0 (Windows NT 10.0; Win64; x64) AppleWebKit/537.36 (KHTML, like Gecko) Chrome/103.0.0.0 Safari/537.36',NULL,0),(85,1,'177.235.119.218','2022-07-09 13:59:14',1,1,'sner5n8eYpOxK7wQxFj76dHVrLChevX8jr8ctqjhSZ0uiaC7PEM4mQdVwNy1','suG053dkaeQeIAp8tk8K','Mozilla/5.0 (Windows NT 10.0; Win64; x64) AppleWebKit/537.36 (KHTML, like Gecko) Chrome/103.0.0.0 Safari/537.36',NULL,0),(86,1,'177.235.119.218','2022-07-11 06:01:03',1,1,'OKKzk904QyqYeEreX7J5IymDWwVGE7UhHAFB4QmiNmM1wbZk87kDplzkVHBv','NqdJGrCy86dSj2LnGFVa','Mozilla/5.0 (Windows NT 10.0; Win64; x64) AppleWebKit/537.36 (KHTML, like Gecko) Chrome/103.0.0.0 Safari/537.36',NULL,0),(87,1,'177.235.119.218','2022-07-16 05:53:29',1,1,'sEG08KPhb9g1jnjoPQi4kD0Q3yQenk6KNhTU9WzspaXPjAtrNtuf4fKClcln','C215CT96CVF3GI0bccmj','Mozilla/5.0 (Windows NT 10.0; Win64; x64) AppleWebKit/537.36 (KHTML, like Gecko) Chrome/103.0.0.0 Safari/537.36',NULL,0),(88,1,'177.235.119.218','2022-07-17 01:45:18',1,1,'TXKyoEvBPYtqHMZ2NaqGg3RjWGl1qLvHWQCm5eKgZyETwJ73SZhe7OYzhotD','PYmE3Qw2dPuQcgznZ3S0','Mozilla/5.0 (Windows NT 10.0; Win64; x64) AppleWebKit/537.36 (KHTML, like Gecko) Chrome/103.0.0.0 Safari/537.36',NULL,0),(89,NULL,'185.191.171.4','2022-07-27 15:55:12',0,0,NULL,NULL,'Mozilla/5.0 (compatible; SemrushBot/7~bl; +http://www.semrush.com/bot.html)',NULL,0),(90,NULL,'185.191.171.10','2022-08-22 14:13:15',0,0,NULL,NULL,'Mozilla/5.0 (compatible; SemrushBot/7~bl; +http://www.semrush.com/bot.html)',NULL,0),(91,1,'177.235.119.218','2022-08-23 18:56:20',1,1,'lghj0L4btX6u65DFrbgCA0UWKiLOPJQRL8lHVcObNivOBUTIXtgkFlii9Bp7','oJmUETATxu3Q3pfyXwRp','Mozilla/5.0 (Windows NT 10.0; Win64; x64) AppleWebKit/537.36 (KHTML, like Gecko) Chrome/104.0.0.0 Safari/537.36',NULL,0),(92,NULL,'185.191.171.15','2022-08-24 23:46:19',0,0,NULL,NULL,'Mozilla/5.0 (compatible; SemrushBot/7~bl; +http://www.semrush.com/bot.html)',NULL,0),(93,1,'177.235.119.218','2022-09-13 20:17:15',1,1,'jEqT0DeOVaqsvfPf5L8o1t6S4O8fZ6jCrzajkaSbQnwEEYXj2Zc8mnm1etH6','n1wAl63BsaFiX7ABW4zF','Mozilla/5.0 (Windows NT 10.0; Win64; x64) AppleWebKit/537.36 (KHTML, like Gecko) Chrome/105.0.0.0 Safari/537.36',NULL,0),(94,1,'177.235.119.218','2022-09-14 17:32:56',1,1,'3AZaSG0dYHW244Hml3O7JSYHvBYrwRJSorSDjUqyzsc8UXsxs7x2Sg5nRCfw','Yh3qoagiByRXGYHMd91n','Mozilla/5.0 (Windows NT 10.0; Win64; x64) AppleWebKit/537.36 (KHTML, like Gecko) Chrome/105.0.0.0 Safari/537.36',NULL,0),(95,1,'177.235.119.218','2022-09-15 18:36:30',1,1,'YeF7lpTfTHIeWDVc5FEKgRIzNadrNETSkCUwPONmkfHAr9jcsoep3AVz5WyQ','k7HofpS4ydPS4CRzBLLf','Mozilla/5.0 (Windows NT 10.0; Win64; x64) AppleWebKit/537.36 (KHTML, like Gecko) Chrome/105.0.0.0 Safari/537.36',NULL,0),(96,NULL,'185.191.171.5','2022-09-16 04:04:29',0,0,NULL,NULL,'Mozilla/5.0 (compatible; SemrushBot/7~bl; +http://www.semrush.com/bot.html)',NULL,0),(97,1,'177.235.119.218','2022-09-17 19:25:20',1,1,'5Teo1zGEEfIJi9KN23jGv6DcsGzS4KmZpCF0X5C8FqqqEZcitG2HlOXodaQi','PkEpx50N2cj9ZsSmQ9sC','Mozilla/5.0 (Windows NT 10.0; Win64; x64) AppleWebKit/537.36 (KHTML, like Gecko) Chrome/105.0.0.0 Safari/537.36',NULL,0),(98,NULL,'185.191.171.16','2022-09-18 05:29:27',0,0,NULL,NULL,'Mozilla/5.0 (compatible; SemrushBot/7~bl; +http://www.semrush.com/bot.html)',NULL,0),(99,NULL,'185.191.171.17','2022-09-20 07:44:26',0,0,NULL,NULL,'Mozilla/5.0 (compatible; SemrushBot/7~bl; +http://www.semrush.com/bot.html)',NULL,0),(100,1,'177.235.119.218','2022-09-24 19:21:58',1,1,'ncwtPdH6AYqhX5JLhFiQa35Yn2zZ9G5PBLZ2mNGOu9yGdYCsFZ4nBlMSb6ox','P0Kyf53KkCyDGI5oW98i','Mozilla/5.0 (Windows NT 10.0; Win64; x64) AppleWebKit/537.36 (KHTML, like Gecko) Chrome/105.0.0.0 Safari/537.36',NULL,0),(101,1,'177.235.119.218','2022-10-18 14:54:45',1,1,'BBwuF5jI5CVpVmtmxM73L2JxfPkbGnRTdZFTDV8F2DfOwitUmwXIDUxEmnRr','xAU441wQ8yMdSZ4cwsDZ','Mozilla/5.0 (Windows NT 10.0; Win64; x64) AppleWebKit/537.36 (KHTML, like Gecko) Chrome/105.0.0.0 Safari/537.36',NULL,0),(102,NULL,'159.138.34.56','2023-04-15 01:17:30',0,0,NULL,NULL,'Mozilla/5.0 (Windows NT 10.0; Win64; x64) AppleWebKit/537.36 (KHTML, like Gecko) Chrome/111.0.0.0 Safari/537.36',NULL,0),(103,1,'159.138.34.56','2023-04-15 01:17:51',2,0,NULL,NULL,'Mozilla/5.0 (Windows NT 10.0; Win64; x64) AppleWebKit/537.36 (KHTML, like Gecko) Chrome/111.0.0.0 Safari/537.36',NULL,0),(104,NULL,'85.208.96.195','2023-10-22 21:51:22',0,0,NULL,NULL,'Mozilla/5.0 (compatible; SemrushBot/7~bl; +http://www.semrush.com/bot.html)',NULL,0),(105,NULL,'185.191.171.6','2024-02-07 23:11:53',0,0,NULL,NULL,'Mozilla/5.0 (compatible; SemrushBot/7~bl; +http://www.semrush.com/bot.html)',NULL,0),(106,NULL,'85.208.96.197','2024-04-12 10:43:09',0,0,NULL,NULL,'Mozilla/5.0 (compatible; SemrushBot/7~bl; +http://www.semrush.com/bot.html)',NULL,0),(107,NULL,'40.77.167.3','2024-05-31 08:58:25',0,0,NULL,NULL,'Mozilla/5.0 AppleWebKit/537.36 (KHTML, like Gecko; compatible; bingbot/2.0; +http://www.bing.com/bingbot.htm) Chrome/116.0.1938.76 Safari/537.36',NULL,0);

--
-- Table structure for table `audios`
--

CREATE TABLE `audios` (
  `id` int(11) NOT NULL AUTO_INCREMENT,
  `data` timestamp NOT NULL DEFAULT current_timestamp(),
  `titulo` text DEFAULT NULL,
  `descricao` text DEFAULT NULL,
  `secao` int(11) NOT NULL DEFAULT 0,
  `entidade` int(11) NOT NULL DEFAULT 0,
  PRIMARY KEY (`id`),
  KEY `entidade` (`entidade`),
  KEY `secao` (`secao`)
) ENGINE=MyISAM AUTO_INCREMENT=2 DEFAULT CHARSET=latin1 COLLATE=latin1_swedish_ci ROW_FORMAT=DYNAMIC;

--
-- Dumping data for table `audios`
--

INSERT INTO `audios` (`id`, `data`, `titulo`, `descricao`, `secao`, `entidade`) VALUES (1,'2021-01-09 03:00:00','Áudios (ilustrativo)','Lorem ipsão dolor sít amçet, consectetur adipiscing elit.',1,1);

--
-- Table structure for table `audios_arquivos`
--

CREATE TABLE `audios_arquivos` (
  `id` int(11) NOT NULL AUTO_INCREMENT,
  `audio` int(11) NOT NULL,
  `path` text NOT NULL,
  `arquivo` text NOT NULL,
  `legenda` text DEFAULT NULL,
  `tipo` varchar(50) DEFAULT NULL,
  `data` date DEFAULT NULL,
  PRIMARY KEY (`id`),
  KEY `audio` (`audio`)
) ENGINE=MyISAM AUTO_INCREMENT=2 DEFAULT CHARSET=latin1 COLLATE=latin1_swedish_ci ROW_FORMAT=DYNAMIC;

--
-- Dumping data for table `audios_arquivos`
--

INSERT INTO `audios_arquivos` (`id`, `audio`, `path`, `arquivo`, `legenda`, `tipo`, `data`) VALUES (1,1,'zHD/audios/1/1/','mp3-hino-nacional (0375801001610175602).mp3',NULL,NULL,'2021-01-09');

--
-- Table structure for table `audios_secoes`
--

CREATE TABLE `audios_secoes` (
  `id` int(11) NOT NULL AUTO_INCREMENT,
  `entidade` int(11) NOT NULL DEFAULT 0,
  `nome` varchar(250) NOT NULL,
  PRIMARY KEY (`id`),
  KEY `entidade` (`entidade`)
) ENGINE=MyISAM AUTO_INCREMENT=9 DEFAULT CHARSET=latin1 COLLATE=latin1_swedish_ci ROW_FORMAT=DYNAMIC;

--
-- Dumping data for table `audios_secoes`
--

INSERT INTO `audios_secoes` (`id`, `entidade`, `nome`) VALUES (1,1,'Áudios');

--
-- Table structure for table `blocos`
--

CREATE TABLE `blocos` (
  `id` int(11) NOT NULL AUTO_INCREMENT,
  `usuario` int(11) NOT NULL DEFAULT 0,
  `secao` int(11) NOT NULL DEFAULT 0,
  `texto` text DEFAULT NULL,
  `entidade` int(11) NOT NULL,
  PRIMARY KEY (`id`),
  KEY `secao` (`secao`),
  KEY `entidade` (`entidade`)
) ENGINE=MyISAM AUTO_INCREMENT=32 DEFAULT CHARSET=latin1 COLLATE=latin1_swedish_ci ROW_FORMAT=DYNAMIC;

--
-- Dumping data for table `blocos`
--

INSERT INTO `blocos` (`id`, `usuario`, `secao`, `texto`, `entidade`) VALUES (24,1,23,'<h3><b>Endereço:</b></h3><p><br></p><p>Lorem ipsão dolor sít amçet, consectetur adipiscing elit. Sed vehicula id odio quis rhoncus. Donec ullamcorper, lectus in dictum porta, urna nisl tincidunt metus, at iaculis nunc sem vitae diam. Etiam quam orci, volutpat a justo non, pretium condimentum felis. Duis id elementum arcu. Mauris pharetra dui molestie tortor imperdiet.&nbsp;</p><p><br></p><h3><b>Contatos:</b></h3><p><br></p><p>Lorem ipsão dolor sít amçet, consectetur adipiscing elit. Sed vehicula id odio quis rhoncus. Donec ullamcorper, lectus in dictum porta, urna nisl tincidunt metus, at iaculis nunc sem vitae diam. Etiam quam orci, volutpat a justo non, pretium condimentum felis. Duis id elementum arcu. Mauris pharetra dui molestie tortor imperdiet.&nbsp;<br></p><p><br></p><h3><b>Horários:</b></h3><p><br></p><p>Lorem ipsão dolor sít amçet, consectetur adipiscing elit. Sed vehicula id odio quis rhoncus. Donec ullamcorper, lectus in dictum porta, urna nisl tincidunt metus, at iaculis nunc sem vitae diam. Etiam quam orci, volutpat a justo non, pretium condimentum felis. Duis id elementum arcu. Mauris pharetra dui molestie tortor imperdiet.&nbsp;<br></p>',1),(23,1,22,'<h3><b>Para&nbsp; comprar este&nbsp; site entre em contato</b></h3><p>Telefone: (61) 3536-3196, WhatsApp: (61) 98251-2032</p><p>e-Mail: jpweb@jperb.com.br</p><p><br></p><h3><b>Serão necessárias as seguintes informações:</b></h3><p>a) Pessoa Jurídica: Razão Social, CNPJ, endereço, nome do titular e CPF.</p><p>b) Pessoa Física, nome, CPF e endereço.</p><p>d) Telefone, whatsApps e e-Mail.</p><p>f) Logomarca e slogan da empresa ou do profissional, se houver.</p><p>g) Nome do domínio se houver.</p><p>h) Identificar site escolhido.</p><p><br></p><h3><b>Instalação:</b></h3><p>Em até uma hora pós envio dos dados e comprovante de pagamento ou de acordo com o agendamento.</p><p><br></p><h3><b>Serviços CLOUD:</b></h3><p>Veja também nosso serviço de CLOUD, arquivamento na nuvem para Profissionais Liberais, Empresas e Órgãos Públicos.</p><p>Será um prazer tê-lo como nosso cliente!</p>',1),(18,1,17,'<p>&nbsp;Lorem ipsão dolor sít amçet, consectetur adipiscing elit. Sed vehicula id odio quis rhoncus. Donec ullamcorper, lectus in dictum porta, urna nisl tincidunt metus, at iaculis nunc sem vitae diam. Etiam quam orci, volutpat a justo non, pretium condimentum felis. Duis id elementum arcu. Mauris pharetra dui molestie tortor imperdiet.&nbsp;<br></p>',1),(19,1,19,'<p>Lorem ipsão dolor sít amçet, consectetur adipiscing elit. Sed vehicula id odio quis rhoncus. Donec ullamcorper, lectus in dictum porta, urna nisl tincidunt metus, at iaculis nunc sem vitae diam. Etiam quam orci, volutpat a justo non, pretium condimentum felis. Duis id elementum arcu. Mauris pharetra dui molestie tortor imperdiet&nbsp;</p>',1),(25,1,25,'<p>Lorem ipsão dolor sít amçet, consectetur adipiscing elit. Sed vehicula id odio quis rhoncus. Donec ullamcorper, lectus in dictum porta, urna nisl tincidunt metus, at iaculis nunc sem vitae diam. Etiam quam orci, volutpat a justo non, pretium condimentum felis. Duis id elementum arcu. Mauris pharetra dui molestie tortor imperdiet.&nbsp;</p><p><br></p><p>Duis non laoreet eros. Vestibulum porta neque eleifend erat tempus, vitae sagittis elit sodales. Sed convallis erat quis iaculis vestibulum. Curabitur sit amet purus et tellus consectetur vehicula. Suspendisse condimentum bibendum ante in adipiscing. Aliquam dignissim nisl eget arcu convallis, in viverra risus consequat. Pellentesque dictum gravida lacinia.</p>',1),(26,1,24,'<p>O Hotel</p>',1),(22,1,21,'<p>Para abrir uma ocorrência ao nosso SAC clique no botão abaixo.<br>Se sua ocorrência for Anônima anote o número do protocolo que aparecerá na tela após o envio da mensagem e anote-o pois só com ele você poderá acompanhar os despachos.<br>Se sua ocorrência for Identificada também receberá o protocolo e notificações no e-mail.<br></p>',1),(28,1,27,'<h1>O Hotel / Pousada</h1><p><br></p><p>Lorem ipsão dolor sít amçet, consectetur adipiscing elit. Sed vehicula id odio quis rhoncus. Donec ullamcorper, lectus in dictum porta, urna nisl tincidunt metus, at iaculis nunc sem vitae diam. Etiam quam orci, volutpat a justo non, pretium condimentum felis. Duis id elementum arcu. Mauris pharetra dui molestie tortor imperdiet.&nbsp;</p><p><br></p><p>Duis non laoreet eros. Vestibulum porta neque eleifend erat tempus, vitae sagittis elit sodales. Sed convallis erat quis iaculis vestibulum. Curabitur sit amet purus et tellus consectetur vehicula. Suspendisse condimentum bibendum ante in adipiscing. Aliquam dignissim nisl eget arcu convallis, in viverra risus consequat. Pellentesque dictum gravida lacinia.</p>',1),(27,1,26,'<p>Lorem ipsão dolor sít amçet, consectetur adipiscing elit. Sed vehicula id odio quis rhoncus. Donec ullamcorper, lectus in dictum porta, urna nisl tincidunt metus, at iaculis nunc sem vitae diam. Etiam quam orci, volutpat a justo non, pretium condimentum felis. Duis id elementum arcu. Mauris pharetra dui molestie tortor imperdiet.&nbsp;</p><p><br></p><p>Duis non laoreet eros. Vestibulum porta neque eleifend erat tempus, vitae sagittis elit sodales. Sed convallis erat quis iaculis vestibulum. Curabitur sit amet purus et tellus consectetur vehicula. Suspendisse condimentum bibendum ante in adipiscing. Aliquam dignissim nisl eget arcu convallis, in viverra risus consequat. Pellentesque dictum gravida lacinia.</p>',1),(29,1,28,'<h1>Acomodações</h1><p><br></p><p>Lorem ipsão dolor sít amçet, consectetur adipiscing elit. Sed vehicula id odio quis rhoncus. Donec ullamcorper, lectus in dictum porta, urna nisl tincidunt metus, at iaculis nunc sem vitae diam. Etiam quam orci, volutpat a justo non, pretium condimentum felis. Duis id elementum arcu. Mauris pharetra dui molestie tortor imperdiet.&nbsp;</p><p><br></p><p>Duis non laoreet eros. Vestibulum porta neque eleifend erat tempus, vitae sagittis elit sodales. Sed convallis erat quis iaculis vestibulum. Curabitur sit amet purus et tellus consectetur vehicula. Suspendisse condimentum bibendum ante in adipiscing. Aliquam dignissim nisl eget arcu convallis, in viverra risus consequat. Pellentesque dictum gravida lacinia.</p>',1),(30,1,29,'<h1>Café da Manhã / Refeições</h1><p><br></p><p>Lorem ipsão dolor sít amçet, consectetur adipiscing elit. Sed vehicula id odio quis rhoncus. Donec ullamcorper, lectus in dictum porta, urna nisl tincidunt metus, at iaculis nunc sem vitae diam. Etiam quam orci, volutpat a justo non, pretium condimentum felis. Duis id elementum arcu. Mauris pharetra dui molestie tortor imperdiet.&nbsp;</p><p><br></p><p>Duis non laoreet eros. Vestibulum porta neque eleifend erat tempus, vitae sagittis elit sodales. Sed convallis erat quis iaculis vestibulum. Curabitur sit amet purus et tellus consectetur vehicula. Suspendisse condimentum bibendum ante in adipiscing. Aliquam dignissim nisl eget arcu convallis, in viverra risus consequat. Pellentesque dictum gravida lacinia.</p>',1),(31,1,30,'<h1>Estrutura</h1><p><br></p><p>Lorem ipsão dolor sít amçet, consectetur adipiscing elit. Sed vehicula id odio quis rhoncus. Donec ullamcorper, lectus in dictum porta, urna nisl tincidunt metus, at iaculis nunc sem vitae diam. Etiam quam orci, volutpat a justo non, pretium condimentum felis. Duis id elementum arcu. Mauris pharetra dui molestie tortor imperdiet.&nbsp;</p><p><br></p><p>Duis non laoreet eros. Vestibulum porta neque eleifend erat tempus, vitae sagittis elit sodales. Sed convallis erat quis iaculis vestibulum. Curabitur sit amet purus et tellus consectetur vehicula. Suspendisse condimentum bibendum ante in adipiscing. Aliquam dignissim nisl eget arcu convallis, in viverra risus consequat. Pellentesque dictum gravida lacinia.</p>',1);

--
-- Table structure for table `blocos_secoes`
--

CREATE TABLE `blocos_secoes` (
  `id` int(11) NOT NULL AUTO_INCREMENT,
  `nome` varchar(250) NOT NULL,
  `entidade` int(11) NOT NULL DEFAULT 0,
  PRIMARY KEY (`id`),
  KEY `entidade` (`entidade`)
) ENGINE=MyISAM AUTO_INCREMENT=31 DEFAULT CHARSET=latin1 COLLATE=latin1_swedish_ci ROW_FORMAT=DYNAMIC;

--
-- Dumping data for table `blocos_secoes`
--

INSERT INTO `blocos_secoes` (`id`, `nome`, `entidade`) VALUES (22,'Comprar',1),(17,'Serviços',1),(24,'Apresentação Título',1),(19,'O Escritório',1),(23,'Contatos',1),(21,'SAC',1),(25,'Apresentação Texto',1),(26,'Fotos Hotel',1),(27,'Hotel',1),(28,'Acomodações',1),(29,'Gastronomia',1),(30,'Estrutura',1);

--
-- Table structure for table `carrossel`
--

CREATE TABLE `carrossel` (
  `id` int(11) NOT NULL AUTO_INCREMENT,
  `data` timestamp NOT NULL DEFAULT current_timestamp(),
  `titulo` text NOT NULL,
  `secao` int(11) NOT NULL DEFAULT 0,
  `status` int(11) NOT NULL DEFAULT 1,
  `entidade` int(11) NOT NULL DEFAULT 0,
  PRIMARY KEY (`id`),
  KEY `secao` (`secao`),
  KEY `entidade` (`entidade`),
  KEY `status` (`status`)
) ENGINE=MyISAM AUTO_INCREMENT=12 DEFAULT CHARSET=latin1 COLLATE=latin1_swedish_ci ROW_FORMAT=DYNAMIC;

--
-- Dumping data for table `carrossel`
--

INSERT INTO `carrossel` (`id`, `data`, `titulo`, `secao`, `status`, `entidade`) VALUES (7,'2022-06-14 18:47:03','Web 1',21,1,1);

--
-- Table structure for table `carrossel_arquivos`
--

CREATE TABLE `carrossel_arquivos` (
  `id` int(11) NOT NULL AUTO_INCREMENT,
  `carrossel` int(11) NOT NULL,
  `path` text NOT NULL,
  `arquivo` text NOT NULL,
  `imagem` text DEFAULT NULL,
  `imagem_status` int(11) NOT NULL DEFAULT 1,
  `titulo` text DEFAULT NULL,
  `subtitulo` text DEFAULT NULL,
  `texto` text DEFAULT NULL,
  `link` text DEFAULT NULL,
  `status` int(11) NOT NULL DEFAULT 1,
  `ordem` int(11) NOT NULL DEFAULT 0,
  PRIMARY KEY (`id`),
  KEY `carrossel` (`carrossel`),
  KEY `ordem` (`ordem`),
  KEY `status` (`status`)
) ENGINE=MyISAM AUTO_INCREMENT=78 DEFAULT CHARSET=latin1 COLLATE=latin1_swedish_ci ROW_FORMAT=DYNAMIC;

--
-- Dumping data for table `carrossel_arquivos`
--

INSERT INTO `carrossel_arquivos` (`id`, `carrossel`, `path`, `arquivo`, `imagem`, `imagem_status`, `titulo`, `subtitulo`, `texto`, `link`, `status`, `ordem`) VALUES (77,7,'zHD/carrossel/1/7/','Carrossel (0531112001666123075).jpg',NULL,1,'HOTÉIS E POUSADAS','Portal Demo para Hotéis e Pousadas','Lorem ipsão dolor sít amçet, consectetur adipiscing elit. Sed vehicula id odio quis rhoncus. Donec ullamcorper, lectus in dictum porta, urna nisl tincidunt metus, at iaculis nunc sem vitae diam.',NULL,1,1);

--
-- Table structure for table `carrossel_secoes`
--

CREATE TABLE `carrossel_secoes` (
  `id` int(11) NOT NULL AUTO_INCREMENT,
  `entidade` int(11) NOT NULL DEFAULT 0,
  `nome` varchar(250) NOT NULL,
  PRIMARY KEY (`id`),
  KEY `entidade` (`entidade`)
) ENGINE=MyISAM AUTO_INCREMENT=24 DEFAULT CHARSET=latin1 COLLATE=latin1_swedish_ci ROW_FORMAT=DYNAMIC;

--
-- Dumping data for table `carrossel_secoes`
--

INSERT INTO `carrossel_secoes` (`id`, `entidade`, `nome`) VALUES (21,1,'Web');

--
-- Table structure for table `classificados`
--

CREATE TABLE `classificados` (
  `id` int(11) NOT NULL AUTO_INCREMENT,
  `usuario` int(11) NOT NULL DEFAULT 0,
  `titulo` text NOT NULL,
  `tag` text NOT NULL,
  `subtitulo` text DEFAULT NULL,
  `texto` longtext DEFAULT NULL,
  `codigo` varchar(25) NOT NULL,
  `secao` text NOT NULL,
  `valor` text DEFAULT NULL,
  `capa` int(11) DEFAULT 0,
  `data` date DEFAULT NULL,
  `destaque` int(11) DEFAULT 0,
  `entidade` int(11) NOT NULL,
  `status` int(11) DEFAULT 1,
  `contador` int(11) DEFAULT 0,
  PRIMARY KEY (`id`)
) ENGINE=MyISAM AUTO_INCREMENT=6 DEFAULT CHARSET=latin1 COLLATE=latin1_swedish_ci ROW_FORMAT=DYNAMIC;

--
-- Dumping data for table `classificados`
--

INSERT INTO `classificados` (`id`, `usuario`, `titulo`, `tag`, `subtitulo`, `texto`, `codigo`, `secao`, `valor`, `capa`, `data`, `destaque`, `entidade`, `status`, `contador`) VALUES (1,1,'Mansão 6 suítes','mansao6suites','Lorem ipsão dolor sít amçet, consectetur adipiscing elit. Sed vehicula id odio quis rhoncus. Donec ullamcorper, lectus in dictum porta, urna nisl tincidunt metus, at iaculis nunc sem vitae diam. Etiam quam orci, volutpat a justo non, pretium condimentum felis. Duis id elementum arcu. Mauris pharetra dui molestie tortor imperdiet. ','<p>Lorem ipsão dolor sít amçet, consectetur adipiscing elit. Sed vehicula id odio quis rhoncus. Donec ullamcorper, lectus in dictum porta, urna nisl tincidunt metus, at iaculis nunc sem vitae diam. Etiam quam orci, volutpat a justo non, pretium condimentum felis. Duis id elementum arcu. Mauris pharetra dui molestie tortor imperdiet. </p><p><br></p><p>Lorem ipsão dolor sít amçet, consectetur adipiscing elit. Sed vehicula id odio quis rhoncus. Donec ullamcorper, lectus in dictum porta, urna nisl tincidunt metus, at iaculis nunc sem vitae diam. Etiam quam orci, volutpat a justo non, pretium condimentum felis. Duis id elementum arcu. Mauris pharetra dui molestie tortor imperdiet. </p><p><br></p><p>Lorem ipsão dolor sít amçet, consectetur adipiscing elit. Sed vehicula id odio quis rhoncus. Donec ullamcorper, lectus in dictum porta, urna nisl tincidunt metus, at iaculis nunc sem vitae diam. Etiam quam orci, volutpat a justo non, pretium condimentum felis. Duis id elementum arcu. Mauris pharetra dui molestie tortor imperdiet. <br></p>','AzPlHUGniGJW9SizGxyU1tFIZ','Venda','R$ 3.480.000,00',1,'2022-04-03',1,1,1,32),(3,1,'Linda Mansão','lindamansao','Lorem ipsão dolor sít amçet, consectetur adipiscing elit. Sed vehicula id odio quis rhoncus. Donec ullamcorper, lectus in dictum porta, urna nisl tincidunt metus, at iaculis nunc sem vitae diam. Etiam quam orci, volutpat a justo non, pretium condimentum felis. Duis id elementum arcu. Mauris pharetra dui molestie tortor imperdiet. ','<p>Lorem ipsão dolor sít amçet, consectetur adipiscing elit. Sed vehicula id odio quis rhoncus. Donec ullamcorper, lectus in dictum porta, urna nisl tincidunt metus, at iaculis nunc sem vitae diam. Etiam quam orci, volutpat a justo non, pretium condimentum felis. Duis id elementum arcu. Mauris pharetra dui molestie tortor imperdiet. </p><p><br></p><p>Lorem ipsão dolor sít amçet, consectetur adipiscing elit. Sed vehicula id odio quis rhoncus. Donec ullamcorper, lectus in dictum porta, urna nisl tincidunt metus, at iaculis nunc sem vitae diam. Etiam quam orci, volutpat a justo non, pretium condimentum felis. Duis id elementum arcu. Mauris pharetra dui molestie tortor imperdiet. </p><p><br></p><p>Lorem ipsão dolor sít amçet, consectetur adipiscing elit. Sed vehicula id odio quis rhoncus. Donec ullamcorper, lectus in dictum porta, urna nisl tincidunt metus, at iaculis nunc sem vitae diam. Etiam quam orci, volutpat a justo non, pretium condimentum felis. Duis id elementum arcu. Mauris pharetra dui molestie tortor imperdiet. <br></p>','XF4smBGTE7fpqpSV7ethbr1fb','Venda','R$ 6.800.000,00',14,'2022-04-04',1,1,1,35),(4,1,'Casa 5 suítes','casa5suites','Lorem ipsão dolor sít amçet, consectetur adipiscing elit. Sed vehicula id odio quis rhoncus. Donec ullamcorper, lectus in dictum porta, urna nisl tincidunt metus, at iaculis nunc sem vitae diam. Etiam quam orci, volutpat a justo non, pretium condimentum felis. Duis id elementum arcu. Mauris pharetra dui molestie tortor imperdiet. ','<p>Lorem ipsão dolor sít amçet, consectetur adipiscing elit. Sed vehicula id odio quis rhoncus. Donec ullamcorper, lectus in dictum porta, urna nisl tincidunt metus, at iaculis nunc sem vitae diam. Etiam quam orci, volutpat a justo non, pretium condimentum felis. Duis id elementum arcu. Mauris pharetra dui molestie tortor imperdiet.&nbsp;</p><p><br></p><p>Duis non laoreet eros. Vestibulum porta neque eleifend erat tempus, vitae sagittis elit sodales. Sed convallis erat quis iaculis vestibulum. Curabitur sit amet purus et tellus consectetur vehicula. Suspendisse condimentum bibendum ante in adipiscing. Aliquam dignissim nisl eget arcu convallis, in viverra risus consequat. Pellentesque dictum gravida lacinia.</p><p><br></p><p>Lorem ipsão dolor sít amçet, consectetur adipiscing elit. Sed vehicula id odio quis rhoncus. Donec ullamcorper, lectus in dictum porta, urna nisl tincidunt metus, at iaculis nunc sem vitae diam. Etiam quam orci, volutpat a justo non, pretium condimentum felis. Duis id elementum arcu. Mauris pharetra dui molestie tortor imperdiet. Duis non laoreet eros. Vestibulum porta neque eleifend erat tempus, vitae sagittis elit sodales. Sed convallis erat quis iaculis vestibulum.&nbsp;</p><p><br></p><p>Lorem ipsão dolor sít amçet, consectetur adipiscing elit. Sed vehicula id odio quis rhoncus. Donec ullamcorper, lectus in dictum porta, urna nisl tincidunt metus, at iaculis nunc sem vitae diam. Etiam quam orci, volutpat a justo non, pretium condimentum felis. Duis id elementum arcu. Mauris pharetra dui molestie tortor imperdiet.&nbsp; Lorem ipsão dolor sít amçet, consectetur adipiscing elit. Sed vehicula id odio quis rhoncus. Donec ullamcorper, lectus in dictum porta, urna nisl tincidunt metus, at iaculis nunc sem vitae diam.</p>','l4SorQzp6Pu4mYwyW1Oz1YCP0','Aluguel','R$ 4.500,00',19,'2022-04-04',1,1,1,3),(5,1,'Casa 3 suítes','casa3suites','Lorem ipsão dolor sít amçet, consectetur adipiscing elit. Sed vehicula id odio quis rhoncus. Donec ullamcorper, lectus in dictum porta, urna nisl tincidunt metus, at iaculis nunc sem vitae diam. Etiam quam orci, volutpat a justo non, pretium condimentum felis. Duis id elementum arcu. Mauris pharetra dui molestie tortor imperdiet. ','<p>Lorem ipsão dolor sít amçet, consectetur adipiscing elit. Sed vehicula id odio quis rhoncus. Donec ullamcorper, lectus in dictum porta, urna nisl tincidunt metus, at iaculis nunc sem vitae diam. Etiam quam orci, volutpat a justo non, pretium condimentum felis. Duis id elementum arcu. Mauris pharetra dui molestie tortor imperdiet. </p><p><br></p><p>Lorem ipsão dolor sít amçet, consectetur adipiscing elit. Sed vehicula id odio quis rhoncus. Donec ullamcorper, lectus in dictum porta, urna nisl tincidunt metus, at iaculis nunc sem vitae diam. Etiam quam orci, volutpat a justo non, pretium condimentum felis. Duis id elementum arcu. Mauris pharetra dui molestie tortor imperdiet. </p><p><br></p><p>Lorem ipsão dolor sít amçet, consectetur adipiscing elit. Sed vehicula id odio quis rhoncus. Donec ullamcorper, lectus in dictum porta, urna nisl tincidunt metus, at iaculis nunc sem vitae diam. Etiam quam orci, volutpat a justo non, pretium condimentum felis. Duis id elementum arcu. Mauris pharetra dui molestie tortor imperdiet. <br></p>','NBled7LZvIhTO2xmO7sIhXdTJ','Aluguel','R$ 3.200,00',20,'2022-04-04',1,1,1,5);

--
-- Table structure for table `classificados_arquivos`
--

CREATE TABLE `classificados_arquivos` (
  `id` int(11) NOT NULL AUTO_INCREMENT,
  `codigo` varchar(25) NOT NULL,
  `path` text NOT NULL,
  `arquivo` text NOT NULL,
  `legenda` text DEFAULT NULL,
  `tipo` varchar(50) DEFAULT NULL,
  PRIMARY KEY (`id`)
) ENGINE=MyISAM AUTO_INCREMENT=23 DEFAULT CHARSET=latin1 COLLATE=latin1_swedish_ci ROW_FORMAT=DYNAMIC;

--
-- Dumping data for table `classificados_arquivos`
--

INSERT INTO `classificados_arquivos` (`id`, `codigo`, `path`, `arquivo`, `legenda`, `tipo`) VALUES (1,'AzPlHUGniGJW9SizGxyU1tFIZ','zHD/classificados/1/AzPlHUGniGJW9SizGxyU1tFIZ/imagens/','0810348001658042392.jpg',NULL,'capa'),(7,'AzPlHUGniGJW9SizGxyU1tFIZ','zHD/classificados/1/AzPlHUGniGJW9SizGxyU1tFIZ/imagens/','ferrari-04 (0545919001649031560).jpg',NULL,'imagem'),(6,'AzPlHUGniGJW9SizGxyU1tFIZ','zHD/classificados/1/AzPlHUGniGJW9SizGxyU1tFIZ/imagens/','ferrari-03 (0531548001649031560).jpg',NULL,'imagem'),(5,'AzPlHUGniGJW9SizGxyU1tFIZ','zHD/classificados/1/AzPlHUGniGJW9SizGxyU1tFIZ/imagens/','ferrari-02 (0384099001649031560).jpg',NULL,'imagem'),(8,'AzPlHUGniGJW9SizGxyU1tFIZ','zHD/classificados/1/AzPlHUGniGJW9SizGxyU1tFIZ/imagens/','ferrari-05 (0608994001649031560).jpg',NULL,'imagem'),(18,'XF4smBGTE7fpqpSV7ethbr1fb','zHD/classificados/1/XF4smBGTE7fpqpSV7ethbr1fb/imagens/','mansao-2 (0539215001649056681).jpg',NULL,'imagem'),(17,'XF4smBGTE7fpqpSV7ethbr1fb','zHD/classificados/1/XF4smBGTE7fpqpSV7ethbr1fb/imagens/','mansao-5 (0445355001649056681).jpg',NULL,'imagem'),(16,'XF4smBGTE7fpqpSV7ethbr1fb','zHD/classificados/1/XF4smBGTE7fpqpSV7ethbr1fb/imagens/','mansao-4 (0445458001649056681).jpg',NULL,'imagem'),(15,'XF4smBGTE7fpqpSV7ethbr1fb','zHD/classificados/1/XF4smBGTE7fpqpSV7ethbr1fb/imagens/','mansao-3 (0445604001649056681).jpg',NULL,'imagem'),(14,'XF4smBGTE7fpqpSV7ethbr1fb','zHD/classificados/1/XF4smBGTE7fpqpSV7ethbr1fb/imagens/','0562956001658042067.jpg',NULL,'capa'),(19,'l4SorQzp6Pu4mYwyW1Oz1YCP0','zHD/classificados/1/l4SorQzp6Pu4mYwyW1Oz1YCP0/imagens/','0252750001658042179.jpg',NULL,'capa'),(20,'NBled7LZvIhTO2xmO7sIhXdTJ','zHD/classificados/1/NBled7LZvIhTO2xmO7sIhXdTJ/imagens/','0577369001658042315.jpg',NULL,'capa'),(21,'AzPlHUGniGJW9SizGxyU1tFIZ','zHD/classificados/1/AzPlHUGniGJW9SizGxyU1tFIZ/arquivos/','Hino Nacional com Coral (0885471001653158976).mp3',NULL,'arquivo'),(22,'AzPlHUGniGJW9SizGxyU1tFIZ','zHD/classificados/1/AzPlHUGniGJW9SizGxyU1tFIZ/arquivos/','Documento Ilustrativo 1 (0565492001653159037).pdf',NULL,'arquivo');

--
-- Table structure for table `classificados_links`
--

CREATE TABLE `classificados_links` (
  `id` int(11) NOT NULL AUTO_INCREMENT,
  `codigo` varchar(25) NOT NULL,
  `titulo` text DEFAULT NULL,
  `link` text NOT NULL,
  PRIMARY KEY (`id`)
) ENGINE=MyISAM AUTO_INCREMENT=2 DEFAULT CHARSET=latin1 COLLATE=latin1_swedish_ci ROW_FORMAT=DYNAMIC;

--
-- Dumping data for table `classificados_links`
--

INSERT INTO `classificados_links` (`id`, `codigo`, `titulo`, `link`) VALUES (1,'AzPlHUGniGJW9SizGxyU1tFIZ','JP Web','https://jpweb.com.br');

--
-- Table structure for table `classificados_videos`
--

CREATE TABLE `classificados_videos` (
  `id` int(11) NOT NULL AUTO_INCREMENT,
  `codigo` varchar(25) NOT NULL,
  `titulo` text DEFAULT NULL,
  `link` text NOT NULL,
  PRIMARY KEY (`id`)
) ENGINE=MyISAM AUTO_INCREMENT=2 DEFAULT CHARSET=latin1 COLLATE=latin1_swedish_ci ROW_FORMAT=DYNAMIC;

--
-- Dumping data for table `classificados_videos`
--

INSERT INTO `classificados_videos` (`id`, `codigo`, `titulo`, `link`) VALUES (1,'AzPlHUGniGJW9SizGxyU1tFIZ','Ferrari','ZGvqa4UNGyA');

--
-- Table structure for table `contatos`
--

CREATE TABLE `contatos` (
  `id` int(11) NOT NULL AUTO_INCREMENT,
  `usuario` int(11) NOT NULL DEFAULT 0,
  `secao` int(11) NOT NULL DEFAULT 0,
  `texto` text DEFAULT NULL,
  `entidade` int(11) NOT NULL,
  PRIMARY KEY (`id`),
  KEY `secao` (`secao`),
  KEY `entidade` (`entidade`)
) ENGINE=MyISAM DEFAULT CHARSET=latin1 COLLATE=latin1_swedish_ci ROW_FORMAT=DYNAMIC;

--
-- Dumping data for table `contatos`
--


--
-- Table structure for table `contatos_secoes`
--

CREATE TABLE `contatos_secoes` (
  `id` int(11) NOT NULL AUTO_INCREMENT,
  `nome` varchar(250) NOT NULL,
  `entidade` int(11) NOT NULL DEFAULT 0,
  PRIMARY KEY (`id`),
  KEY `nome` (`nome`)
) ENGINE=MyISAM AUTO_INCREMENT=169 DEFAULT CHARSET=latin1 COLLATE=latin1_swedish_ci ROW_FORMAT=DYNAMIC;

--
-- Dumping data for table `contatos_secoes`
--

INSERT INTO `contatos_secoes` (`id`, `nome`, `entidade`) VALUES (149,'Contato',1),(148,'Home',1);

--
-- Table structure for table `downloads`
--

CREATE TABLE `downloads` (
  `id` int(11) NOT NULL AUTO_INCREMENT,
  `usuario` int(11) NOT NULL DEFAULT 0,
  `secao` int(11) NOT NULL DEFAULT 0,
  `titulo` text NOT NULL,
  `texto` text DEFAULT NULL,
  `codigo` varchar(25) NOT NULL,
  `data` date DEFAULT NULL,
  `entidade` int(11) NOT NULL,
  PRIMARY KEY (`id`),
  KEY `secao` (`secao`),
  KEY `entidade` (`entidade`)
) ENGINE=MyISAM AUTO_INCREMENT=2 DEFAULT CHARSET=latin1 COLLATE=latin1_swedish_ci ROW_FORMAT=DYNAMIC;

--
-- Dumping data for table `downloads`
--

INSERT INTO `downloads` (`id`, `usuario`, `secao`, `titulo`, `texto`, `codigo`, `data`, `entidade`) VALUES (1,1,2,'Documentos (ilustrativo)','Lorem ipsão dolor sít amçet, consectetur adipiscing elit.','yjYOpXucTRNANai6XQ77hDoxk','2021-01-09',1);

--
-- Table structure for table `downloads_arquivos`
--

CREATE TABLE `downloads_arquivos` (
  `id` int(11) NOT NULL AUTO_INCREMENT,
  `codigo` varchar(25) NOT NULL,
  `path` text NOT NULL,
  `arquivo` text NOT NULL,
  `legenda` text DEFAULT NULL,
  `tipo` varchar(50) DEFAULT NULL,
  `data` date DEFAULT NULL,
  `views` int(11) NOT NULL DEFAULT 0,
  PRIMARY KEY (`id`),
  KEY `codigo` (`codigo`)
) ENGINE=MyISAM AUTO_INCREMENT=5 DEFAULT CHARSET=latin1 COLLATE=latin1_swedish_ci ROW_FORMAT=DYNAMIC;

--
-- Dumping data for table `downloads_arquivos`
--

INSERT INTO `downloads_arquivos` (`id`, `codigo`, `path`, `arquivo`, `legenda`, `tipo`, `data`, `views`) VALUES (1,'yjYOpXucTRNANai6XQ77hDoxk','zHD/downloads/1/yjYOpXucTRNANai6XQ77hDoxk/arquivos/','ilustrativo2 (0430012001610175687).pdf',NULL,'arquivo','2021-01-09',3),(2,'yjYOpXucTRNANai6XQ77hDoxk','zHD/downloads/1/yjYOpXucTRNANai6XQ77hDoxk/arquivos/','ilustrativo1 (0438705001610175687).pdf',NULL,'arquivo','2021-01-09',0),(3,'yjYOpXucTRNANai6XQ77hDoxk','zHD/downloads/1/yjYOpXucTRNANai6XQ77hDoxk/arquivos/','ilustrativo3 (0464482001610175687).pdf',NULL,'arquivo','2021-01-09',0),(4,'yjYOpXucTRNANai6XQ77hDoxk','zHD/downloads/1/yjYOpXucTRNANai6XQ77hDoxk/arquivos/','ilustrativo4 (0518915001610175687).pdf',NULL,'arquivo','2021-01-09',0);

--
-- Table structure for table `downloads_secoes`
--

CREATE TABLE `downloads_secoes` (
  `id` int(11) NOT NULL AUTO_INCREMENT,
  `nome` varchar(250) NOT NULL,
  `entidade` int(11) NOT NULL DEFAULT 0,
  PRIMARY KEY (`id`),
  KEY `entidade` (`entidade`)
) ENGINE=MyISAM AUTO_INCREMENT=3 DEFAULT CHARSET=latin1 COLLATE=latin1_swedish_ci ROW_FORMAT=DYNAMIC;

--
-- Dumping data for table `downloads_secoes`
--

INSERT INTO `downloads_secoes` (`id`, `nome`, `entidade`) VALUES (1,'Downloads',1),(2,'Documentos',1);

--
-- Table structure for table `enquetes`
--

CREATE TABLE `enquetes` (
  `id` int(11) NOT NULL AUTO_INCREMENT,
  `usuario` int(11) NOT NULL DEFAULT 0,
  `titulo` text NOT NULL,
  `tag` text NOT NULL,
  `texto` text DEFAULT NULL,
  `secao` int(11) NOT NULL,
  `data` datetime DEFAULT current_timestamp(),
  `entidade` int(11) NOT NULL,
  `status` int(11) DEFAULT 1,
  PRIMARY KEY (`id`),
  KEY `entidade` (`entidade`)
) ENGINE=MyISAM AUTO_INCREMENT=2 DEFAULT CHARSET=latin1 COLLATE=latin1_swedish_ci ROW_FORMAT=DYNAMIC;

--
-- Dumping data for table `enquetes`
--

INSERT INTO `enquetes` (`id`, `usuario`, `titulo`, `tag`, `texto`, `secao`, `data`, `entidade`, `status`) VALUES (1,1,'Qual o melhor time da atualidade?','qualomelhortimedaatualidade','Lorem ipsão dolor sít amçet, consectetur adipiscing elit. Sed vehicula id odio quis rhoncus. Donec ullamcorper, lectus in dictum porta, urna nisl tincidunt metus, at iaculis nunc sem vitae diam. Etiam quam orci, volutpat a justo non, pretium condimentum felis. Duis id elementum arcu. Mauris pharetra dui molestie tortor imperdiet. ',156,'2021-01-09 00:00:00',1,1);

--
-- Table structure for table `enquetes_opcoes`
--

CREATE TABLE `enquetes_opcoes` (
  `id` int(11) NOT NULL AUTO_INCREMENT,
  `enquete` int(11) NOT NULL DEFAULT 0,
  `titulo` text DEFAULT NULL,
  `votos` int(11) NOT NULL DEFAULT 0,
  PRIMARY KEY (`id`),
  KEY `enquete` (`enquete`)
) ENGINE=MyISAM AUTO_INCREMENT=5 DEFAULT CHARSET=latin1 COLLATE=latin1_swedish_ci ROW_FORMAT=DYNAMIC;

--
-- Dumping data for table `enquetes_opcoes`
--

INSERT INTO `enquetes_opcoes` (`id`, `enquete`, `titulo`, `votos`) VALUES (1,1,'Internacional',1),(2,1,'Flamengo',0),(3,1,'São Paulo',0),(4,1,'Corinthians',0);

--
-- Table structure for table `enquetes_secoes`
--

CREATE TABLE `enquetes_secoes` (
  `id` int(11) NOT NULL AUTO_INCREMENT,
  `nome` varchar(250) NOT NULL,
  `entidade` int(11) NOT NULL DEFAULT 0,
  PRIMARY KEY (`id`),
  KEY `entidade` (`entidade`)
) ENGINE=MyISAM AUTO_INCREMENT=166 DEFAULT CHARSET=latin1 COLLATE=latin1_swedish_ci ROW_FORMAT=DYNAMIC;

--
-- Dumping data for table `enquetes_secoes`
--

INSERT INTO `enquetes_secoes` (`id`, `nome`, `entidade`) VALUES (156,'Enquetes',1);

--
-- Table structure for table `enquetes_votos`
--

CREATE TABLE `enquetes_votos` (
  `id` int(11) NOT NULL AUTO_INCREMENT,
  `enquete` int(11) NOT NULL DEFAULT 0,
  `ip` varchar(50) NOT NULL,
  `data` timestamp NOT NULL DEFAULT current_timestamp() ON UPDATE current_timestamp(),
  PRIMARY KEY (`id`),
  KEY `enquete` (`enquete`),
  KEY `ip` (`ip`),
  KEY `data` (`data`)
) ENGINE=MyISAM AUTO_INCREMENT=2 DEFAULT CHARSET=latin1 COLLATE=latin1_swedish_ci ROW_FORMAT=DYNAMIC;

--
-- Dumping data for table `enquetes_votos`
--

INSERT INTO `enquetes_votos` (`id`, `enquete`, `ip`, `data`) VALUES (1,1,'177.235.117.135','2021-01-14 10:24:39');

--
-- Table structure for table `faleconosco`
--

CREATE TABLE `faleconosco` (
  `id` int(11) NOT NULL AUTO_INCREMENT,
  `secao` int(11) NOT NULL DEFAULT 0,
  `nome` varchar(200) DEFAULT NULL,
  `email` varchar(300) DEFAULT NULL,
  `telefone` varchar(300) DEFAULT NULL,
  `mensagem` text DEFAULT NULL,
  `resposta` text DEFAULT NULL,
  `usuario` int(11) DEFAULT 0,
  `entidade` int(11) NOT NULL,
  `status` int(11) NOT NULL DEFAULT 0,
  `data_mensagem` timestamp NULL DEFAULT current_timestamp(),
  `data_resposta` datetime DEFAULT NULL,
  `envio` int(11) NOT NULL DEFAULT 0,
  PRIMARY KEY (`id`),
  KEY `secao` (`secao`),
  KEY `entidade` (`entidade`)
) ENGINE=MyISAM AUTO_INCREMENT=23 DEFAULT CHARSET=latin1 COLLATE=latin1_swedish_ci ROW_FORMAT=DYNAMIC;

--
-- Dumping data for table `faleconosco`
--

INSERT INTO `faleconosco` (`id`, `secao`, `nome`, `email`, `telefone`, `mensagem`, `resposta`, `usuario`, `entidade`, `status`, `data_mensagem`, `data_resposta`, `envio`) VALUES (21,156,'JP Web Teste','jmhpretto@gmail.com','(61) 98251-2032','TESTE 09.12',NULL,0,1,0,'2022-06-17 12:12:43',NULL,0),(22,156,'Jorge Miguel','jpweb@jpweb.com.br','(55) 61982-5120','teste',NULL,0,1,0,'2022-10-15 19:04:16',NULL,0);

--
-- Table structure for table `faleconosco_secoes`
--

CREATE TABLE `faleconosco_secoes` (
  `id` int(11) NOT NULL AUTO_INCREMENT,
  `nome` varchar(250) NOT NULL,
  `entidade` int(11) NOT NULL DEFAULT 0,
  PRIMARY KEY (`id`),
  KEY `entidade` (`entidade`)
) ENGINE=MyISAM AUTO_INCREMENT=157 DEFAULT CHARSET=latin1 COLLATE=latin1_swedish_ci ROW_FORMAT=DYNAMIC;

--
-- Dumping data for table `faleconosco_secoes`
--

INSERT INTO `faleconosco_secoes` (`id`, `nome`, `entidade`) VALUES (156,'Fale Conosco',1);

--
-- Table structure for table `faq`
--

CREATE TABLE `faq` (
  `id` int(11) NOT NULL AUTO_INCREMENT,
  `secao` int(11) NOT NULL DEFAULT 0,
  `pergunta` text DEFAULT NULL,
  `resposta` text DEFAULT NULL,
  `entidade` int(11) NOT NULL,
  `status` int(11) NOT NULL DEFAULT 0,
  PRIMARY KEY (`id`),
  KEY `secao` (`secao`),
  KEY `entidade` (`entidade`)
) ENGINE=MyISAM AUTO_INCREMENT=8 DEFAULT CHARSET=latin1 COLLATE=latin1_swedish_ci ROW_FORMAT=DYNAMIC;

--
-- Dumping data for table `faq`
--

INSERT INTO `faq` (`id`, `secao`, `pergunta`, `resposta`, `entidade`, `status`) VALUES (1,158,'Os termos \"assalto\" e \"roubo\" são a mesma coisa?','Sim. Quando subtraído algo de alguém por meio de violência ou grave ameaça, chama-se roubo. Quando algo é tomado de outra pessoa \"escondido\", chama-se furto. Assalto é um termo não utilizado juridicamente, mas cujo significado, na linguagem popular, é o mesmo que o do crime de roubo na linguagem jurídica.',1,1),(2,158,'Conversa de whatsapp serve como prova em processo judicial?','Sim... Cuidado com suas conversas rs. Porém, para que haja mais credibilidade, é interessante fazer uma ata notarial no cartório de registros.',1,1),(3,158,'Gravar uma ligação e usá-la como prova criminal é ilegal?','Não. Se você é um dos interlocutores da conversa, não há qualquer irregularidade. O que você não pode é gravar conversa alheia sem o conhecimento e o consentimento dos interlocutores.',1,1),(4,158,'Existe uma lei chamada \"Lei do Silêncio\"?','Não. A conhecida \"Lei do Silêncio\" não se trata de uma lei específica que rege os possíveis conflitos decorrentes dos sons emitidos pelos condôminos e pessoas em geral; mas sim, trata-se de um conjunto de leis, das mais diversas naturezas e temas, que contém artigos específicos capazes de disciplinar o direito ao sossego. Assim, a Lei de Contravencoes Penais, o Código Civil, a Constituição Federal e as leis municipais que disciplinam o tema e englobam a suposta \"Lei do Silêncio\".',1,1),(5,158,'Meu filho completou 18 anos, posso parar de pagar a pensão alimentícia automaticamente?','Não. Será sempre necessário o processo judicial, devidamente sentenciado por Juiz, para que se dê fim à obrigação de prestar alimentos. Ainda que as partes tenham realizado um acordo verbal acerca da exoneração dos alimentos, devem formalizar o acordo perante o Judiciário, para que se regularize a situação no âmbito jurídico.',1,1),(6,158,'É possível alterar o valor da pensão alimentícia determinada pelo Juiz?','Sim. Isso acontecerá por meio de um processo chamado “Revisional de pensão alimentícia”, no qual se poderá discutir sobre o valor que está sendo pago, tanto para o seu aumento quanto para a sua diminuição.',1,1),(7,158,'Tenho mais de 18 anos, mas não consigo me sustentar sozinho. Posso pedir pensão alimentícia para os meus pais?','Sim. A pensão alimentícia tem o objetivo de prestar alimentos à pessoa que não tem condições de prover seu próprio sustento. A simples maioridade (18 anos) não gera a presunção de que a pessoa já consegue se sustentar sozinha e, desde que ela demonstre a sua necessidade (por exemplo, por estar cursando universidade), poderá ser fixada uma pensão alimentícia.',1,1);

--
-- Table structure for table `faq_secoes`
--

CREATE TABLE `faq_secoes` (
  `id` int(11) NOT NULL AUTO_INCREMENT,
  `nome` varchar(250) NOT NULL,
  `entidade` int(11) NOT NULL DEFAULT 0,
  PRIMARY KEY (`id`),
  KEY `entidade` (`entidade`)
) ENGINE=MyISAM AUTO_INCREMENT=159 DEFAULT CHARSET=latin1 COLLATE=latin1_swedish_ci ROW_FORMAT=DYNAMIC;

--
-- Dumping data for table `faq_secoes`
--

INSERT INTO `faq_secoes` (`id`, `nome`, `entidade`) VALUES (158,'FAQ',1);

--
-- Table structure for table `galerias`
--

CREATE TABLE `galerias` (
  `id` int(11) NOT NULL AUTO_INCREMENT,
  `data` timestamp NOT NULL DEFAULT current_timestamp(),
  `titulo` text DEFAULT NULL,
  `descricao` text DEFAULT NULL,
  `capa` int(11) NOT NULL DEFAULT 0,
  `img_capa` int(11) NOT NULL DEFAULT 0,
  `secao` int(11) NOT NULL DEFAULT 0,
  `entidade` int(11) NOT NULL DEFAULT 0,
  PRIMARY KEY (`id`),
  KEY `entidade` (`entidade`)
) ENGINE=MyISAM AUTO_INCREMENT=7 DEFAULT CHARSET=latin1 COLLATE=latin1_swedish_ci ROW_FORMAT=DYNAMIC;

--
-- Dumping data for table `galerias`
--

INSERT INTO `galerias` (`id`, `data`, `titulo`, `descricao`, `capa`, `img_capa`, `secao`, `entidade`) VALUES (1,'2021-01-09 03:00:00','Galeria (ilustrativo)','Lorem ipsão dolor sít amçet, consectetur adipiscing elit.',1,0,1,1),(2,'2021-01-30 03:00:00','Benvindo','',1,13,1,1),(3,'2021-08-12 03:00:00','O HOTEL','',1,19,1,1),(4,'2021-08-12 03:00:00','ACOMODAÇÕES','',1,28,1,1),(5,'2021-08-12 03:00:00','PISCINA','',1,34,1,1),(6,'2021-08-12 03:00:00','A CIDADE','',1,50,1,1);

--
-- Table structure for table `galerias_arquivos`
--

CREATE TABLE `galerias_arquivos` (
  `id` int(11) NOT NULL AUTO_INCREMENT,
  `galeria` int(11) NOT NULL,
  `capa` int(11) NOT NULL DEFAULT 0,
  `path` text NOT NULL,
  `arquivo` text NOT NULL,
  `legenda` text DEFAULT NULL,
  PRIMARY KEY (`id`),
  KEY `galeria` (`galeria`)
) ENGINE=MyISAM AUTO_INCREMENT=51 DEFAULT CHARSET=latin1 COLLATE=latin1_swedish_ci ROW_FORMAT=DYNAMIC;

--
-- Dumping data for table `galerias_arquivos`
--

INSERT INTO `galerias_arquivos` (`id`, `galeria`, `capa`, `path`, `arquivo`, `legenda`) VALUES (1,1,0,'zHD/galerias/1/1/','tmp02 (0081303001610175955).jpg',NULL),(2,1,0,'zHD/galerias/1/1/','tmp03 (0081071001610175955).jpg',NULL),(3,1,0,'zHD/galerias/1/1/','tmp01 (0099430001610175955).jpg',NULL),(4,1,0,'zHD/galerias/1/1/','tmp04 (0110104001610175955).jpg',NULL),(5,1,0,'zHD/galerias/1/1/','tmp05 (0222754001610175955).jpg',NULL),(6,1,0,'zHD/galerias/1/1/','tmp06 (0596718001610175955).jpg',NULL),(7,1,0,'zHD/galerias/1/1/','tmp07 (0630209001610175955).jpg',NULL),(8,1,0,'zHD/galerias/1/1/','tmp08 (0648278001610175955).jpg',NULL),(9,2,0,'zHD/galerias/1/2/','ap-01 (0385712001612005318).jpg',NULL),(10,2,0,'zHD/galerias/1/2/','ap-03 (0420841001612005318).jpg',NULL),(11,2,0,'zHD/galerias/1/2/','ap-04 (0167843001612005319).jpg',NULL),(12,2,0,'zHD/galerias/1/2/','ap-02 (0085892001612005319).jpg',NULL),(14,3,0,'zHD/galerias/1/3/','img-geleira1 (0373262001628791992).jpg',NULL),(15,3,0,'zHD/galerias/1/3/','img-geleira4 (0789268001628791992).jpg',NULL),(16,3,0,'zHD/galerias/1/3/','img-geleira2 (0657042001628791993).jpg',NULL),(17,3,0,'zHD/galerias/1/3/','img-geleira-capa (0061514001628791994).jpg',NULL),(18,3,0,'zHD/galerias/1/3/','img-geleira3 (0189296001628791995).jpg',NULL),(19,3,1,'zHD/galerias/1/3/','0679394001628792018.jpg',NULL),(20,4,0,'zHD/galerias/1/4/','img-golfinhos01 (0032202001628792165).jpg',NULL),(21,4,0,'zHD/galerias/1/4/','img-golfinhos04 (0062009001628792165).jpg',NULL),(22,4,0,'zHD/galerias/1/4/','img-golfinhos02 (0052861001628792165).jpg',NULL),(23,4,0,'zHD/galerias/1/4/','img-golfinhos05 (0381067001628792165).jpg',NULL),(24,4,0,'zHD/galerias/1/4/','img-golfinhos06 (0402122001628792165).jpg',NULL),(25,4,0,'zHD/galerias/1/4/','img-golfinhos07 (0597465001628792165).jpg',NULL),(26,4,0,'zHD/galerias/1/4/','img-golfinhos08 (0829641001628792166).jpg',NULL),(27,4,0,'zHD/galerias/1/4/','img-golfinhos-capa (0148354001628792167).jpg',NULL),(28,4,1,'zHD/galerias/1/4/','0298733001628792186.jpg',NULL),(29,5,0,'zHD/galerias/1/5/','img-gps2 (0790800001628792240).jpg',NULL),(30,5,0,'zHD/galerias/1/5/','img-gps1 (0720327001628792240).jpg',NULL),(31,5,0,'zHD/galerias/1/5/','img-gps4 (0109624001628792241).jpg',NULL),(32,5,0,'zHD/galerias/1/5/','img-gps-capa (0457277001628792241).jpg',NULL),(33,5,0,'zHD/galerias/1/5/','img-gps3 (0632660001628792241).jpg',NULL),(34,5,1,'zHD/galerias/1/5/','0297231001628792257.jpg',NULL),(35,6,0,'zHD/galerias/1/6/','img-natureza-01 (0784554001628792413).jpg',NULL),(36,6,0,'zHD/galerias/1/6/','img-natureza-03 (0020366001628792414).jpg',NULL),(37,6,0,'zHD/galerias/1/6/','img-natureza-04 (0938286001628792414).jpg',NULL),(38,6,0,'zHD/galerias/1/6/','img-natureza-02 (0093024001628792415).jpg',NULL),(39,6,0,'zHD/galerias/1/6/','img-natureza-06 (0306069001628792415).jpg',NULL),(40,6,0,'zHD/galerias/1/6/','img-natureza-07 (0502209001628792416).jpg',NULL),(41,6,0,'zHD/galerias/1/6/','img-natureza-10 (0954193001628792416).jpg',NULL),(42,6,0,'zHD/galerias/1/6/','img-natureza-08 (0456506001628792417).jpg',NULL),(43,6,0,'zHD/galerias/1/6/','img-natureza-09 (0246599001628792418).jpg',NULL),(44,6,0,'zHD/galerias/1/6/','img-natureza-12 (0736119001628792418).jpg',NULL),(45,6,0,'zHD/galerias/1/6/','img-natureza-13 (0212574001628792419).jpg',NULL),(46,6,0,'zHD/galerias/1/6/','img-natureza-05 (0889054001628792419).jpg',NULL),(47,6,0,'zHD/galerias/1/6/','img-natureza-15 (0659150001628792420).jpg',NULL),(48,6,0,'zHD/galerias/1/6/','img-natureza-14 (0119644001628792421).jpg',NULL),(49,6,0,'zHD/galerias/1/6/','img-natureza-11 (0567408001628792423).jpg',NULL),(50,6,1,'zHD/galerias/1/6/','0353271001628792469.jpg',NULL);

--
-- Table structure for table `galerias_secoes`
--

CREATE TABLE `galerias_secoes` (
  `id` int(11) NOT NULL AUTO_INCREMENT,
  `entidade` int(11) NOT NULL DEFAULT 0,
  `nome` varchar(250) NOT NULL,
  PRIMARY KEY (`id`),
  KEY `entidade` (`entidade`)
) ENGINE=MyISAM AUTO_INCREMENT=10 DEFAULT CHARSET=latin1 COLLATE=latin1_swedish_ci ROW_FORMAT=DYNAMIC;

--
-- Dumping data for table `galerias_secoes`
--

INSERT INTO `galerias_secoes` (`id`, `entidade`, `nome`) VALUES (1,1,'Galerias');

--
-- Table structure for table `imagem`
--

CREATE TABLE `imagem` (
  `id` int(11) NOT NULL AUTO_INCREMENT,
  `usuario` int(11) NOT NULL DEFAULT 0,
  `secao` int(11) NOT NULL DEFAULT 0,
  `path` text DEFAULT NULL,
  `arquivo` text DEFAULT NULL,
  `legenda` text DEFAULT NULL,
  `ordem` int(11) NOT NULL DEFAULT 0,
  `link` text DEFAULT NULL,
  `target` varchar(50) DEFAULT NULL,
  `entidade` int(11) NOT NULL,
  `status` int(11) NOT NULL DEFAULT 1,
  PRIMARY KEY (`id`),
  KEY `entidade` (`entidade`),
  KEY `secao` (`secao`),
  KEY `status` (`status`)
) ENGINE=MyISAM AUTO_INCREMENT=17 DEFAULT CHARSET=latin1 COLLATE=latin1_swedish_ci ROW_FORMAT=DYNAMIC;

--
-- Dumping data for table `imagem`
--

INSERT INTO `imagem` (`id`, `usuario`, `secao`, `path`, `arquivo`, `legenda`, `ordem`, `link`, `target`, `entidade`, `status`) VALUES (16,1,183,'zHD/imagem/1/16/','0292213001666123752.jpg','Evento ou Promoção 1',1,'','default',1,1),(5,1,183,'zHD/imagem/1/5/','0957318001663177175.jpg','Evento ou Promoção 3',4,'','default',1,0),(13,1,183,'zHD/imagem/1/13/','0734805001666123658.jpg','Evento ou Promoção 2',1,'','default',1,1);

--
-- Table structure for table `imagem_secoes`
--

CREATE TABLE `imagem_secoes` (
  `id` int(11) NOT NULL AUTO_INCREMENT,
  `nome` varchar(250) NOT NULL,
  `entidade` int(11) NOT NULL DEFAULT 0,
  PRIMARY KEY (`id`),
  KEY `entidade` (`entidade`)
) ENGINE=MyISAM AUTO_INCREMENT=184 DEFAULT CHARSET=latin1 COLLATE=latin1_swedish_ci ROW_FORMAT=DYNAMIC;

--
-- Dumping data for table `imagem_secoes`
--

INSERT INTO `imagem_secoes` (`id`, `nome`, `entidade`) VALUES (182,'Publicidade Vertical',1),(183,'Publicidade Horizontal',1);

--
-- Table structure for table `links`
--

CREATE TABLE `links` (
  `id` int(11) NOT NULL AUTO_INCREMENT,
  `titulo` text NOT NULL,
  `secao` int(11) NOT NULL DEFAULT 0,
  `url` text NOT NULL,
  `entidade` int(11) NOT NULL DEFAULT 0,
  PRIMARY KEY (`id`),
  KEY `entidade` (`entidade`)
) ENGINE=MyISAM AUTO_INCREMENT=2 DEFAULT CHARSET=latin1 COLLATE=latin1_swedish_ci ROW_FORMAT=DYNAMIC;

--
-- Dumping data for table `links`
--

INSERT INTO `links` (`id`, `titulo`, `secao`, `url`, `entidade`) VALUES (1,'Links Úteis',1,'http://google.com.br',1);

--
-- Table structure for table `links_secoes`
--

CREATE TABLE `links_secoes` (
  `id` int(11) NOT NULL AUTO_INCREMENT,
  `entidade` int(11) NOT NULL DEFAULT 0,
  `nome` varchar(250) NOT NULL,
  PRIMARY KEY (`id`),
  KEY `entidade` (`entidade`)
) ENGINE=MyISAM AUTO_INCREMENT=8 DEFAULT CHARSET=latin1 COLLATE=latin1_swedish_ci ROW_FORMAT=DYNAMIC;

--
-- Dumping data for table `links_secoes`
--

INSERT INTO `links_secoes` (`id`, `entidade`, `nome`) VALUES (1,1,'Links Úteis');

--
-- Table structure for table `localizacao`
--

CREATE TABLE `localizacao` (
  `id` int(11) NOT NULL AUTO_INCREMENT,
  `usuario` int(11) NOT NULL DEFAULT 0,
  `secao` int(11) NOT NULL DEFAULT 0,
  `codigo` text DEFAULT NULL,
  `entidade` int(11) NOT NULL,
  PRIMARY KEY (`id`),
  KEY `secao` (`secao`),
  KEY `entidade` (`entidade`)
) ENGINE=MyISAM AUTO_INCREMENT=2 DEFAULT CHARSET=latin1 COLLATE=latin1_swedish_ci ROW_FORMAT=DYNAMIC;

--
-- Dumping data for table `localizacao`
--

INSERT INTO `localizacao` (`id`, `usuario`, `secao`, `codigo`, `entidade`) VALUES (1,1,1,'<iframe src=\"https://www.google.com/maps/embed?pb=!1m18!1m12!1m3!1d959.8007994550101!2d-47.91890157079285!3d-15.793236108837403!2m3!1f0!2f0!3f0!3m2!1i1024!2i768!4f13.1!3m3!1m2!1s0x935a3a83ddfbfe5f%3A0x57ce07247b2309cf!2sSt.%20Sudoeste%20Com%C3%A9rcio%20Local%20Sudoeste%20300%20B%20-%20Cruzeiro%20%2F%20Sudoeste%20%2F%20Octogonal%2C%20Bras%C3%ADlia%20-%20DF%2C%2070297-400!5e0!3m2!1spt-BR!2sbr!4v1610176108190!5m2!1spt-BR!2sbr\" width=\"100%\" height=\"450\" frameborder=\"0\" style=\"border:0;\" allowfullscreen=\"\" aria-hidden=\"false\" tabindex=\"0\"></iframe>',1);

--
-- Table structure for table `localizacao_secoes`
--

CREATE TABLE `localizacao_secoes` (
  `id` int(11) NOT NULL AUTO_INCREMENT,
  `nome` varchar(250) NOT NULL,
  `entidade` int(11) NOT NULL DEFAULT 0,
  PRIMARY KEY (`id`),
  KEY `nome` (`nome`)
) ENGINE=MyISAM AUTO_INCREMENT=158 DEFAULT CHARSET=latin1 COLLATE=latin1_swedish_ci ROW_FORMAT=DYNAMIC;

--
-- Dumping data for table `localizacao_secoes`
--

INSERT INTO `localizacao_secoes` (`id`, `nome`, `entidade`) VALUES (1,'Localização',1);

--
-- Table structure for table `mural`
--

CREATE TABLE `mural` (
  `id` int(11) NOT NULL AUTO_INCREMENT,
  `secao` int(11) NOT NULL DEFAULT 0,
  `pergunta` text DEFAULT NULL,
  `data_pergunta` timestamp NULL DEFAULT current_timestamp(),
  `data_resposta` datetime DEFAULT NULL,
  `nome` varchar(200) DEFAULT NULL,
  `email` varchar(300) DEFAULT NULL,
  `resposta` text DEFAULT NULL,
  `usuario` int(11) DEFAULT 0,
  `entidade` int(11) NOT NULL,
  `status` int(11) NOT NULL DEFAULT 0,
  PRIMARY KEY (`id`),
  KEY `secao` (`secao`),
  KEY `status` (`status`),
  KEY `entidade` (`entidade`),
  KEY `data_pergunta` (`data_pergunta`)
) ENGINE=MyISAM DEFAULT CHARSET=latin1 COLLATE=latin1_swedish_ci ROW_FORMAT=DYNAMIC;

--
-- Dumping data for table `mural`
--


--
-- Table structure for table `mural_secoes`
--

CREATE TABLE `mural_secoes` (
  `id` int(11) NOT NULL AUTO_INCREMENT,
  `nome` varchar(250) NOT NULL,
  `entidade` int(11) NOT NULL DEFAULT 0,
  PRIMARY KEY (`id`),
  KEY `nome` (`nome`)
) ENGINE=MyISAM AUTO_INCREMENT=158 DEFAULT CHARSET=latin1 COLLATE=latin1_swedish_ci ROW_FORMAT=DYNAMIC;

--
-- Dumping data for table `mural_secoes`
--

INSERT INTO `mural_secoes` (`id`, `nome`, `entidade`) VALUES (1,'Mural',1);

--
-- Table structure for table `noticias`
--

CREATE TABLE `noticias` (
  `id` int(11) NOT NULL AUTO_INCREMENT,
  `usuario` int(11) NOT NULL DEFAULT 0,
  `titulo` text NOT NULL,
  `tag` varchar(500) NOT NULL DEFAULT '',
  `subtitulo` text DEFAULT NULL,
  `texto` longtext DEFAULT NULL,
  `codigo` varchar(25) NOT NULL,
  `secao` int(11) NOT NULL DEFAULT 0,
  `capa` int(11) DEFAULT 0,
  `data` datetime DEFAULT current_timestamp(),
  `destaque` int(11) DEFAULT 0,
  `entidade` int(11) NOT NULL,
  `status` int(11) DEFAULT 1,
  `contador` int(11) DEFAULT 0,
  PRIMARY KEY (`id`),
  KEY `tag` (`tag`),
  KEY `entidade` (`entidade`),
  KEY `capa` (`capa`),
  KEY `secao` (`secao`),
  KEY `status` (`status`)
) ENGINE=MyISAM AUTO_INCREMENT=40 DEFAULT CHARSET=latin1 COLLATE=latin1_swedish_ci;

--
-- Dumping data for table `noticias`
--

INSERT INTO `noticias` (`id`, `usuario`, `titulo`, `tag`, `subtitulo`, `texto`, `codigo`, `secao`, `capa`, `data`, `destaque`, `entidade`, `status`, `contador`) VALUES (38,1,'Nome do evento (1)','nome-do-evento--1-','','<p><img src=\"data:image/png;base64,[BLOB]