
--
-- Table structure for table `app_aplicativos_grupos`
--

CREATE TABLE `app_aplicativos_grupos` (
  `ID` int(11) NOT NULL AUTO_INCREMENT,
  `nome` varchar(100) NOT NULL,
  `ordem` int(11) NOT NULL DEFAULT 0,
  PRIMARY KEY (`ID`),
  KEY `ordem` (`ordem`)
) ENGINE=MyISAM AUTO_INCREMENT=4 DEFAULT CHARSET=latin1 COLLATE=latin1_swedish_ci ROW_FORMAT=DYNAMIC;

--
-- Dumping data for table `app_aplicativos_grupos`
--

INSERT INTO `app_aplicativos_grupos` (`ID`, `nome`, `ordem`) VALUES (1,'Multimídias',1),(2,'Sistemas',0);

--
-- Table structure for table `app_aplicativos_menus`
--

CREATE TABLE `app_aplicativos_menus` (
  `id` int(11) NOT NULL AUTO_INCREMENT,
  `aplicativo` int(11) NOT NULL DEFAULT 0,
  `nome` varchar(100) DEFAULT '0',
  `tag` varchar(100) DEFAULT '0',
  `pagina` varchar(100) DEFAULT '0',
  `icone` varchar(100) DEFAULT '0',
  `ordem` int(11) DEFAULT 0,
  `acesso` int(11) DEFAULT 0,
  `setup` int(11) DEFAULT 0,
  PRIMARY KEY (`id`),
  KEY `aplicativo` (`aplicativo`),
  KEY `ordem` (`ordem`)
) ENGINE=MyISAM AUTO_INCREMENT=143 DEFAULT CHARSET=latin1 COLLATE=latin1_swedish_ci ROW_FORMAT=DYNAMIC;

--
-- Dumping data for table `app_aplicativos_menus`
--

INSERT INTO `app_aplicativos_menus` (`id`, `aplicativo`, `nome`, `tag`, `pagina`, `icone`, `ordem`, `acesso`, `setup`) VALUES (9,3,'Cadastrar','nova','nova','fa fa-plus',0,0,0),(16,9,'Configurar','setup','setup','fa fa-cogs',2,1,0),(17,9,'Cadastrar','novo','novo','fa fa-plus',1,0,0),(19,10,'Configurar','setup','setup','fa fa-cogs',2,1,0),(20,10,'Cadastrar','novo','novo','fa fa-plus',1,0,0),(22,11,'Configurar','setup','setup','fa fa-cogs',2,1,0),(23,11,'Cadastrar','novo','novo','fa fa-plus',1,0,0),(25,12,'Configurar','setup','setup','fa fa-cogs',2,1,0),(26,12,'Cadastrar','nova','nova','fa fa-plus',1,0,0),(41,1,'Configurar','setup','setup','fa fa-cogs',2,1,0),(29,13,'Configurar','setup','setup','fa fa-cogs',2,1,0),(40,1,'Cadastrar','novo','novo','fa fa-plus',1,0,0),(31,14,'Cadastrar','novo','novo','fa fa-plus',1,0,0),(32,14,'Configurar','setup','setup','fa fa-cogs',2,1,2),(35,17,'Configurar','setup','setup','fa fa-cogs',2,1,0),(43,19,'Configurar','setup','setup','fa fa-cogs',2,1,2),(44,17,'Cadastrar','novo','novo','fa fa-plus',1,0,0),(47,20,'Configurar','setup','setup','fa fa-cogs',2,1,0),(48,20,'Cadastrar','novo','novo','fa fa-plus',1,0,0),(55,19,'Servidor Envio','setup2','','fa fa-envelope-o',2,1,1),(59,22,'Cadastrar','novo','novo','fa fa-plus',0,0,0),(60,22,'Configurar','setup','setup','fa fa-cogs',1,1,0),(70,25,'Servidor Envio','setup2','setup2','fa fa-envelope-o',2,1,0),(71,25,'Configurar','setup','setup','fa fa-cogs',1,1,0),(83,14,'Seções','setup/secoes','','fa fa-cogs',2,1,1),(84,14,'Definições','setup/definicoes','','fa fa-cogs',1,1,1),(85,19,'Finalidades','setup/finalidades','','fa fa-cogs',1,1,1),(86,19,'Status','setup/status','','fa fa-cogs',3,1,1),(87,26,'Configurar','setup','setup','fa fa-cogs',2,1,0),(91,19,'Listar Finalizados','arquivo','arquivo','fa fa-search',0,0,0),(92,30,'Configurar','setup','setup','fa fa-cogs',2,1,0),(93,30,'Cadastrar','novo','novo','fa fa-plus',1,0,0),(94,26,'Cadastrar','novo','novo','fa fa-plus',1,0,0),(108,16,'Cadastrar','novo','novo','fa fa-plus',1,0,0),(109,16,'Configurar','setup','setup','fa fa-cogs',2,1,0),(118,6,'Configurar','setup','setup','fa fa-cogs',2,1,0),(111,2,'Configurar','setup','setup','fa fa-cogs',2,1,0),(112,2,'Cadastrar','novo','novo','fa fa-plus',1,0,0),(113,4,'Configurar','setup','setup','fa fa-cogs',2,1,0),(114,4,'Cadastrar','novo','novo','fa fa-plus',1,0,0),(115,3,'Configurar','setup','setup','fa fa-cogs',2,1,0),(116,5,'Configurar','setup','setup','fa fa-cogs',2,1,0),(117,5,'Cadastrar','novo','novo','fa fa-plus',1,0,0),(119,6,'Cadastrar','novo','novo','fa fa-plus',1,0,0),(120,33,'Cadastrar','nova','nova','fa fa-plus',1,0,0),(121,33,'Configurar','setup','setup','fa fa-cogs',2,1,0),(123,34,'Cadastrar','nova','nova','fa fa-plus',0,0,0),(124,35,'Cadastrar','novo','novo','fa fa-plus',1,0,0),(125,35,'Configurar','setup','setup','fa fa-cogs',2,1,0),(126,35,'Sites Externos','setup-externo','setup-externo','fa fa-cogs',2,2,0);

--
-- Table structure for table `app_convites`
--

CREATE TABLE `app_convites` (
  `id` int(11) NOT NULL AUTO_INCREMENT,
  `tipo` int(11) DEFAULT NULL,
  `nome` varchar(100) NOT NULL,
  `email` varchar(100) NOT NULL,
  `codigo` varchar(60) NOT NULL,
  PRIMARY KEY (`id`)
) ENGINE=MyISAM AUTO_INCREMENT=29 DEFAULT CHARSET=latin1 COLLATE=latin1_swedish_ci;

--
-- Dumping data for table `app_convites`
--


--
-- Table structure for table `app_entidades`
--

CREATE TABLE `app_entidades` (
  `id` int(11) NOT NULL AUTO_INCREMENT,
  `nome` text NOT NULL,
  `governo` text DEFAULT NULL,
  `brasao` varchar(255) DEFAULT NULL,
  `municipio` text DEFAULT NULL,
  `cnpj` varchar(50) DEFAULT NULL,
  `razao` varchar(200) DEFAULT NULL,
  `endereco` varchar(200) DEFAULT NULL,
  `cidade` varchar(200) DEFAULT NULL,
  `uf` varchar(50) DEFAULT NULL,
  `site` varchar(400) DEFAULT NULL,
  `matriz` int(11) DEFAULT 0,
  `proprietaria` int(11) DEFAULT 0,
  PRIMARY KEY (`id`)
) ENGINE=MyISAM AUTO_INCREMENT=14 DEFAULT CHARSET=latin1 COLLATE=latin1_swedish_ci;

--
-- Dumping data for table `app_entidades`
--

INSERT INTO `app_entidades` (`id`, `nome`, `governo`, `brasao`, `municipio`, `cnpj`, `razao`, `endereco`, `cidade`, `uf`, `site`, `matriz`, `proprietaria`) VALUES (1,'JP  Web Colégios','JP  Web Colégios','20191027023813brasao-small-entidade.png','JP  Web Colégios',NULL,NULL,NULL,NULL,NULL,'https://jpw.net.br/imoveis/web1',1,0);

--
-- Table structure for table `app_entidades_aplicativos`
--

CREATE TABLE `app_entidades_aplicativos` (
  `ID` int(11) NOT NULL AUTO_INCREMENT,
  `entidade` int(11) NOT NULL DEFAULT 0,
  `aplicativo` int(11) NOT NULL DEFAULT 0,
  PRIMARY KEY (`ID`),
  KEY `entidade` (`entidade`),
  KEY `aplicativo` (`aplicativo`)
) ENGINE=MyISAM AUTO_INCREMENT=362 DEFAULT CHARSET=latin1 COLLATE=latin1_swedish_ci ROW_FORMAT=DYNAMIC;

--
-- Dumping data for table `app_entidades_aplicativos`
--

INSERT INTO `app_entidades_aplicativos` (`ID`, `entidade`, `aplicativo`) VALUES (25,1,1),(22,13,1),(24,1,2),(28,1,3),(32,1,4),(33,1,5),(34,1,6),(331,1,20),(43,1,14),(337,1,11),(59,1,16),(60,1,17),(74,1,26),(326,1,34),(157,1,30),(361,1,10);

--
-- Table structure for table `app_permissoes`
--

CREATE TABLE `app_permissoes` (
  `ID` int(11) NOT NULL AUTO_INCREMENT,
  `usuario` int(11) NOT NULL DEFAULT 0,
  `aplicativo` int(11) NOT NULL DEFAULT 0,
  `entidade` int(11) NOT NULL DEFAULT 0,
  `acesso` varchar(500) DEFAULT NULL,
  PRIMARY KEY (`ID`),
  KEY `usuario` (`usuario`),
  KEY `aplicativo` (`aplicativo`),
  KEY `entidade` (`entidade`)
) ENGINE=MyISAM AUTO_INCREMENT=43 DEFAULT CHARSET=latin1 COLLATE=latin1_swedish_ci;

--
-- Dumping data for table `app_permissoes`
--

INSERT INTO `app_permissoes` (`ID`, `usuario`, `aplicativo`, `entidade`, `acesso`) VALUES (1,1,1,1,NULL),(2,1,16,1,NULL),(3,1,17,1,NULL),(4,1,6,1,NULL),(5,1,34,1,NULL),(6,1,26,1,NULL),(7,1,20,1,NULL),(8,1,2,1,NULL),(9,1,4,1,NULL),(10,1,11,1,NULL),(11,1,3,1,NULL),(12,1,14,1,NULL),(13,1,30,1,NULL),(14,1,5,1,NULL),(15,17,1,1,NULL),(16,17,26,1,NULL),(17,17,3,1,NULL),(18,17,16,1,NULL),(19,17,20,1,NULL),(20,17,14,1,NULL),(21,17,30,1,NULL),(22,17,2,1,NULL),(23,17,17,1,NULL),(24,17,6,1,NULL),(25,17,4,1,NULL),(26,17,5,1,NULL),(27,17,11,1,NULL),(28,17,34,1,NULL),(29,18,1,1,NULL),(30,18,16,1,NULL),(31,18,26,1,NULL),(32,18,20,1,NULL),(33,18,3,1,NULL),(34,18,14,1,NULL),(35,18,30,1,NULL),(36,18,17,1,NULL),(37,18,2,1,NULL),(38,18,6,1,NULL),(39,18,4,1,NULL),(40,18,5,1,NULL),(41,18,11,1,NULL),(42,18,34,1,NULL);

--
-- Table structure for table `app_usuarios_sessoes`
--

CREATE TABLE `app_usuarios_sessoes` (
  `ID` int(11) NOT NULL AUTO_INCREMENT,
  `usuario` int(11) DEFAULT NULL,
  `ip` varchar(15) NOT NULL,
  `data` timestamp NOT NULL DEFAULT current_timestamp(),
  `status` int(1) NOT NULL,
  `situacao` int(1) NOT NULL,
  `sessao` varchar(60) DEFAULT NULL,
  `chave` varchar(20) DEFAULT NULL,
  `browser` text DEFAULT NULL,
  `timeout` datetime DEFAULT NULL,
  `entidade` int(1) NOT NULL DEFAULT 0,
  PRIMARY KEY (`ID`),
  KEY `usuario` (`usuario`),
  KEY `ip` (`ip`),
  KEY `data` (`data`),
  KEY `status` (`status`),
  KEY `chave` (`chave`),
  KEY `sessao` (`sessao`),
  KEY `timeout` (`timeout`)
) ENGINE=MyISAM AUTO_INCREMENT=10 DEFAULT CHARSET=latin1 COLLATE=latin1_swedish_ci ROW_FORMAT=DYNAMIC COMMENT='status 0 = Usuário Inválido\r\nstatus 1 = Sessão Iniciada\r\nstatus 2 =  Senha Inválida\r\nstatus 3 = Usuário Bloqueado\r\nsituacao 0/1';

--
-- Dumping data for table `app_usuarios_sessoes`
--

INSERT INTO `app_usuarios_sessoes` (`ID`, `usuario`, `ip`, `data`, `status`, `situacao`, `sessao`, `chave`, `browser`, `timeout`, `entidade`) VALUES (1,1,'177.235.116.67','2024-06-03 17:22:55',1,1,'JWJakoX0D5bAMwehLI2XYKq3eWFuA9DsQaLEqKMFLnnqHaxAcRqhcUSCefMq','56IBZmS5bOYOJQULeugo','Mozilla/5.0 (Windows NT 10.0; Win64; x64) AppleWebKit/537.36 (KHTML, like Gecko) Chrome/124.0.0.0 Safari/537.36',NULL,0),(2,1,'177.235.116.67','2024-06-03 18:40:25',1,1,'xAjXQV6Sj3KKVrY1fg1EsIGcw2yRgUBNoeJwKbB534Rf3Q7CLSPkkzj4kL8X','vNlPlWkymTrWperFd03S','Mozilla/5.0 (Windows NT 10.0; Win64; x64) AppleWebKit/537.36 (KHTML, like Gecko) Chrome/124.0.0.0 Safari/537.36',NULL,0),(3,1,'177.235.116.67','2024-06-03 20:25:10',1,1,'8GZxLyCZEkBMFFSfRYlItwTeGtnKqKGEWK35lXltUpqBV1lAkOi7zyzNwQJj','zi9iZA2KnpUlqA0Q4lOB','Mozilla/5.0 (Windows NT 10.0; Win64; x64) AppleWebKit/537.36 (KHTML, like Gecko) Chrome/124.0.0.0 Safari/537.36',NULL,0),(4,1,'177.235.116.67','2024-06-04 17:02:36',1,1,'kcvyXXAZc6T24n2rWdMqKawBukjcYGJwB6eUcNRW5CS03RUMRRpkHBSLEQyd','qTgxuvCGfDdArAyD2gLF','Mozilla/5.0 (Windows NT 10.0; Win64; x64) AppleWebKit/537.36 (KHTML, like Gecko) Chrome/124.0.0.0 Safari/537.36',NULL,0),(5,1,'177.235.116.67','2024-06-04 17:28:44',1,1,'YU56zBeILaHQExFXvLNrjC6mWLC3N3OE6bodJU1HYKNscD9myUdgBvDdwkXB','lI4TJ7uLCrrgZykLZ0gg','Mozilla/5.0 (Windows NT 10.0; Win64; x64) AppleWebKit/537.36 (KHTML, like Gecko) Chrome/124.0.0.0 Safari/537.36',NULL,0),(6,1,'177.235.116.67','2024-06-04 17:35:08',1,1,'XwWdJjJvo7x9euI3iIYg66yMonyzZ4TJjm7LoYu0p8WYgE9qdu0kLa3IROcd','xs80UosKF6PwAAtSgHyw','Mozilla/5.0 (Windows NT 10.0; Win64; x64) AppleWebKit/537.36 (KHTML, like Gecko) Chrome/124.0.0.0 Safari/537.36',NULL,0),(7,1,'177.235.116.67','2024-06-04 20:03:30',1,1,'igm0zxRpH24VzL9rYQ1v9oQHfsMFhOUxY2lN0ft9NM9vhGWo0ekrxjuNKKOn','A9w0McenRw7fyRqGSzgU','Mozilla/5.0 (Windows NT 10.0; Win64; x64) AppleWebKit/537.36 (KHTML, like Gecko) Chrome/124.0.0.0 Safari/537.36',NULL,0),(8,1,'177.235.116.67','2024-06-04 20:05:32',1,1,'82yfBiC8BuNpyA9cWGyaJW8r25boTgxIrGAbVia4r7k7AeZWpRBOdx3aNU4R','uwluAYgPZFw27gYy8CnP','Mozilla/5.0 (Windows NT 10.0; Win64; x64) AppleWebKit/537.36 (KHTML, like Gecko) Chrome/124.0.0.0 Safari/537.36',NULL,0),(9,1,'177.235.116.67','2024-06-04 20:36:15',1,1,'kSOgTftn0j9lAj9QwEhSxxaGuSmQqrfvPoR0PgzReIqk9MtCrgt1qSbiEPXc','T1PeL1WpwM944eekhzxf','Mozilla/5.0 (Windows NT 10.0; Win64; x64) AppleWebKit/537.36 (KHTML, like Gecko) Chrome/124.0.0.0 Safari/537.36',NULL,0);

--
-- Table structure for table `audios`
--

CREATE TABLE `audios` (
  `id` int(11) NOT NULL AUTO_INCREMENT,
  `data` timestamp NOT NULL DEFAULT current_timestamp(),
  `titulo` text DEFAULT NULL,
  `descricao` text DEFAULT NULL,
  `secao` int(11) NOT NULL DEFAULT 0,
  `entidade` int(11) NOT NULL DEFAULT 0,
  PRIMARY KEY (`id`),
  KEY `entidade` (`entidade`),
  KEY `secao` (`secao`)
) ENGINE=MyISAM AUTO_INCREMENT=69 DEFAULT CHARSET=latin1 COLLATE=latin1_swedish_ci ROW_FORMAT=DYNAMIC;

--
-- Dumping data for table `audios`
--

INSERT INTO `audios` (`id`, `data`, `titulo`, `descricao`, `secao`, `entidade`) VALUES (67,'2021-06-03 03:00:00','Hino a Bandeira com Coral','Hino a Bandeira com Coral',3,4);

--
-- Table structure for table `audios_arquivos`
--

CREATE TABLE `audios_arquivos` (
  `id` int(11) NOT NULL AUTO_INCREMENT,
  `audio` int(11) NOT NULL,
  `path` text NOT NULL,
  `arquivo` text NOT NULL,
  `legenda` text DEFAULT NULL,
  `tipo` varchar(50) DEFAULT NULL,
  `data` date DEFAULT NULL,
  PRIMARY KEY (`id`),
  KEY `audio` (`audio`)
) ENGINE=MyISAM AUTO_INCREMENT=562 DEFAULT CHARSET=latin1 COLLATE=latin1_swedish_ci ROW_FORMAT=DYNAMIC;

--
-- Dumping data for table `audios_arquivos`
--

INSERT INTO `audios_arquivos` (`id`, `audio`, `path`, `arquivo`, `legenda`, `tipo`, `data`) VALUES (560,67,'zHD/audios/4/67/','Hino a Bandeira com Coral (0433711001622750213).mp3','Hino a Bandeira com Coral',NULL,'2021-06-03');

--
-- Table structure for table `audios_secoes`
--

CREATE TABLE `audios_secoes` (
  `id` int(11) NOT NULL AUTO_INCREMENT,
  `entidade` int(11) NOT NULL DEFAULT 0,
  `nome` varchar(250) NOT NULL,
  PRIMARY KEY (`id`),
  KEY `entidade` (`entidade`)
) ENGINE=MyISAM AUTO_INCREMENT=9 DEFAULT CHARSET=latin1 COLLATE=latin1_swedish_ci ROW_FORMAT=DYNAMIC;

--
-- Dumping data for table `audios_secoes`
--

INSERT INTO `audios_secoes` (`id`, `entidade`, `nome`) VALUES (1,1,'Áudios');

--
-- Table structure for table `blocos`
--

CREATE TABLE `blocos` (
  `id` int(11) NOT NULL AUTO_INCREMENT,
  `usuario` int(11) NOT NULL DEFAULT 0,
  `secao` int(11) NOT NULL DEFAULT 0,
  `texto` text DEFAULT NULL,
  `entidade` int(11) NOT NULL,
  PRIMARY KEY (`id`),
  KEY `secao` (`secao`),
  KEY `entidade` (`entidade`)
) ENGINE=MyISAM AUTO_INCREMENT=1085 DEFAULT CHARSET=latin1 COLLATE=latin1_swedish_ci ROW_FORMAT=DYNAMIC;

--
-- Dumping data for table `blocos`
--

INSERT INTO `blocos` (`id`, `usuario`, `secao`, `texto`, `entidade`) VALUES (1079,1,1075,'<h3><b>Endereço</b></h3><p>Duis non laoreet eros. Vestibulum porta neque eleifend erat tempus, vitae sagittis elit sodales. Sed convallis erat quis iaculis vestibulum. Curabitur sit amet purus et tellus consectetur vehicula.</p><p><br></p><h3><b>Contatos</b></h3><p>Duis non laoreet eros. Vestibulum porta neque eleifend erat tempus, vitae sagittis elit sodales. Sed convallis erat quis iaculis vestibulum. Curabitur sit amet purus et tellus consectetur vehicula.</p><p><br></p><h3><b>Expediente</b></h3><p>Duis non laoreet eros. Vestibulum porta neque eleifend erat tempus, vitae sagittis elit sodales. Sed convallis erat quis iaculis vestibulum. Curabitur sit amet purus et tellus consectetur vehicula.</p>',1),(1069,1,1062,'<h3><b>Contatos, Endereço e Horários</b></h3><div><b><br></b></div><div><b>Endereço:</b></div><div><b>Nome do Atendente:</b></div><div><b>Telefone: (xx) xxxx-xxxx</b></div><div><b>e-Mail Ouvidoria:</b></div><div><b>Horário de Funcionamento:</b></div><div><b>Das xxh às xxh e das xxh às xxh</b></div>',8);

--
-- Table structure for table `blocos_secoes`
--

CREATE TABLE `blocos_secoes` (
  `id` int(11) NOT NULL AUTO_INCREMENT,
  `nome` varchar(250) NOT NULL,
  `entidade` int(11) NOT NULL DEFAULT 0,
  PRIMARY KEY (`id`),
  KEY `entidade` (`entidade`)
) ENGINE=MyISAM AUTO_INCREMENT=1081 DEFAULT CHARSET=latin1 COLLATE=latin1_swedish_ci ROW_FORMAT=DYNAMIC;

--
-- Dumping data for table `blocos_secoes`
--

INSERT INTO `blocos_secoes` (`id`, `nome`, `entidade`) VALUES (1075,'Contatos',1);

--
-- Table structure for table `carrossel`
--

CREATE TABLE `carrossel` (
  `id` int(11) NOT NULL AUTO_INCREMENT,
  `data` timestamp NOT NULL DEFAULT current_timestamp(),
  `titulo` text NOT NULL,
  `secao` int(11) NOT NULL DEFAULT 0,
  `status` int(11) NOT NULL DEFAULT 1,
  `entidade` int(11) NOT NULL DEFAULT 0,
  PRIMARY KEY (`id`),
  KEY `secao` (`secao`),
  KEY `entidade` (`entidade`),
  KEY `status` (`status`)
) ENGINE=MyISAM AUTO_INCREMENT=102 DEFAULT CHARSET=latin1 COLLATE=latin1_swedish_ci ROW_FORMAT=DYNAMIC;

--
-- Dumping data for table `carrossel`
--

INSERT INTO `carrossel` (`id`, `data`, `titulo`, `secao`, `status`, `entidade`) VALUES (101,'2024-06-02 16:50:25','Web',49,1,1);

--
-- Table structure for table `carrossel_arquivos`
--

CREATE TABLE `carrossel_arquivos` (
  `id` int(11) NOT NULL AUTO_INCREMENT,
  `carrossel` int(11) NOT NULL,
  `path` text NOT NULL,
  `arquivo` text NOT NULL,
  `imagem` text DEFAULT NULL,
  `imagem_status` int(11) NOT NULL DEFAULT 1,
  `titulo` text DEFAULT NULL,
  `subtitulo` text DEFAULT NULL,
  `texto` text DEFAULT NULL,
  `link` text DEFAULT NULL,
  `status` int(11) NOT NULL DEFAULT 1,
  `ordem` int(11) NOT NULL DEFAULT 0,
  PRIMARY KEY (`id`),
  KEY `carrossel` (`carrossel`),
  KEY `ordem` (`ordem`),
  KEY `status` (`status`)
) ENGINE=MyISAM AUTO_INCREMENT=632 DEFAULT CHARSET=latin1 COLLATE=latin1_swedish_ci ROW_FORMAT=DYNAMIC;

--
-- Dumping data for table `carrossel_arquivos`
--

INSERT INTO `carrossel_arquivos` (`id`, `carrossel`, `path`, `arquivo`, `imagem`, `imagem_status`, `titulo`, `subtitulo`, `texto`, `link`, `status`, `ordem`) VALUES (630,101,'zHD/carrossel/1/101/','Carrossel (0252883001717347073).jpg','0357160001717520625.png',1,'SITE PARA CORRETORES DE IMÓVEIS','Site demo para corretores e imobiliárias.','Site ilustrativo e demonstrativo. Navegue e veja os \"Modelos\". Rápido, econômico é instalado em até 1 hora. Para comprar ou vender nossos sites, chame no WhatsApp.',NULL,1,0),(631,101,'zHD/carrossel/1/101/','Carrossel (0232173001717533807).jpg','0414687001717534024.png',1,'SITE PARA CORRETORES DE IMÓVEIS','Imóveis que se encaixam no seu orçamento e estilo de vida.','Site ilustrativo e demonstrativo. Navegue e veja os \"Modelos\". Rápido, econômico é instalado em até 1 hora. Para comprar ou vender nossos sites, chame no WhatsApp.',NULL,1,1);

--
-- Table structure for table `carrossel_secoes`
--

CREATE TABLE `carrossel_secoes` (
  `id` int(11) NOT NULL AUTO_INCREMENT,
  `entidade` int(11) NOT NULL DEFAULT 0,
  `nome` varchar(250) NOT NULL,
  PRIMARY KEY (`id`),
  KEY `entidade` (`entidade`)
) ENGINE=MyISAM AUTO_INCREMENT=50 DEFAULT CHARSET=latin1 COLLATE=latin1_swedish_ci ROW_FORMAT=DYNAMIC;

--
-- Dumping data for table `carrossel_secoes`
--

INSERT INTO `carrossel_secoes` (`id`, `entidade`, `nome`) VALUES (49,1,'Web'),(48,1,'Mobile');

--
-- Table structure for table `classificados`
--

CREATE TABLE `classificados` (
  `id` int(11) NOT NULL AUTO_INCREMENT,
  `usuario` int(11) NOT NULL DEFAULT 0,
  `titulo` text NOT NULL,
  `tag` text NOT NULL,
  `subtitulo` text DEFAULT NULL,
  `texto` longtext DEFAULT NULL,
  `codigo` varchar(25) NOT NULL,
  `secao` text NOT NULL,
  `valor` text DEFAULT NULL,
  `capa` int(11) DEFAULT 0,
  `data` date DEFAULT NULL,
  `destaque` int(11) DEFAULT 0,
  `entidade` int(11) NOT NULL,
  `status` int(11) DEFAULT 1,
  `contador` int(11) DEFAULT 0,
  PRIMARY KEY (`id`)
) ENGINE=MyISAM AUTO_INCREMENT=417 DEFAULT CHARSET=latin1 COLLATE=latin1_swedish_ci ROW_FORMAT=DYNAMIC;

--
-- Dumping data for table `classificados`
--

INSERT INTO `classificados` (`id`, `usuario`, `titulo`, `tag`, `subtitulo`, `texto`, `codigo`, `secao`, `valor`, `capa`, `data`, `destaque`, `entidade`, `status`, `contador`) VALUES (402,1,'Venda de Casa com 3 suítes (Ilustrativo)','vendadecasacom3suitesilustrativo','Duis non laoreet eros. Vestibulum porta neque eleifend erat tempus, vitae sagittis elit sodales','<p>Duis non laoreet eros. Vestibulum porta neque eleifend erat tempus, vitae sagittis elit sodales. Sed convallis erat quis iaculis vestibulum. Curabitur sit amet purus et tellus consectetur vehicula. Suspendisse condimentum bibendum ante in adipiscing. Aliquam dignissim nisl eget arcu convallis, in viverra risus consequat. Pellentesque dictum gravida lacinia.</p><p><br></p><p>Lorem ipsão dolor sít amçet, consectetur adipiscing elit. Sed vehicula id odio quis rhoncus. Donec ullamcorper, lectus in dictum porta, urna nisl tincidunt metus, at iaculis nunc sem vitae diam. Etiam quam orci, volutpat a justo non, pretium condimentum felis. Duis id elementum arcu. Mauris pharetra dui molestie tortor imperdiet. Duis non laoreet eros. Vestibulum porta neque eleifend erat tempus, vitae sagittis elit sodales. Sed convallis erat quis iaculis vestibulum. </p><p><br></p><p>Lorem ipsão dolor sít amçet, consectetur adipiscing elit. Sed vehicula id odio quis rhoncus. Donec ullamcorper, lectus in dictum porta, urna nisl tincidunt metus, at iaculis nunc sem vitae diam. Etiam quam orci, volutpat a justo non, pretium condimentum felis. Duis id elementum arcu. Mauris pharetra dui molestie tortor imperdiet.  Lorem ipsão dolor sít amçet, consectetur adipiscing elit. Sed vehicula id odio quis rhoncus. Donec ullamcorper, lectus in dictum porta, urna nisl tincidunt metus, at iaculis nunc sem vitae diam.</p><div><br></div>','ZPXEVk0GcR0ziTSyT2UV2omCl','Vendas','R$ x.xxx.xxx,00',334,'2020-07-09',1,1,1,796),(406,1,'Casa com 6 quartos (Ilustrativo)','casacom6quartosilustrativo','Casa comLorem ipsão dolor sít amçet, consectetur adipiscing elit. Sed vehicula id odio quis rhoncus. 6 quartos (Ilustrativo)','<p>Duis non laoreet eros. Vestibulum porta neque eleifend erat tempus, vitae sagittis elit sodales. Sed convallis erat quis iaculis vestibulum. Curabitur sit amet purus et tellus consectetur vehicula. Suspendisse condimentum bibendum ante in adipiscing. Aliquam dignissim nisl eget arcu convallis, in viverra risus consequat. Pellentesque dictum gravida lacinia.</p><p><br></p><p>Lorem ipsão dolor sít amçet, consectetur adipiscing elit. Sed vehicula id odio quis rhoncus. Donec ullamcorper, lectus in dictum porta, urna nisl tincidunt metus, at iaculis nunc sem vitae diam. Etiam quam orci, volutpat a justo non, pretium condimentum felis. Duis id elementum arcu. Mauris pharetra dui molestie tortor imperdiet. Duis non laoreet eros. Vestibulum porta neque eleifend erat tempus, vitae sagittis elit sodales. Sed convallis erat quis iaculis vestibulum. </p><p><br></p><p>Lorem ipsão dolor sít amçet, consectetur adipiscing elit. Sed vehicula id odio quis rhoncus. Donec ullamcorper, lectus in dictum porta, urna nisl tincidunt metus, at iaculis nunc sem vitae diam. Etiam quam orci, volutpat a justo non, pretium condimentum felis. Duis id elementum arcu. Mauris pharetra dui molestie tortor imperdiet.  Lorem ipsão dolor sít amçet, consectetur adipiscing elit. Sed vehicula id odio quis rhoncus. Donec ullamcorper, lectus in dictum porta, urna nisl tincidunt metus, at iaculis nunc sem vitae diam.</p>','ugkLWLp9oOBsqWIBgAIIthazd','Aluguel','R$ xx.xxx,xx',346,'2020-07-13',1,1,1,817),(407,1,'Casa com 3 suites e 2 quartos (Içostrativo)','casacom3suitese2quartosicostrativo','Duis non laoreet eros. Vestibulum porta neque eleifend erat tempus, vitae sagittis elit sodales.','<p>Duis non laoreet eros. Vestibulum porta neque eleifend erat tempus, vitae sagittis elit sodales. Sed convallis erat quis iaculis vestibulum. Curabitur sit amet purus et tellus consectetur vehicula. Suspendisse condimentum bibendum ante in adipiscing. Aliquam dignissim nisl eget arcu convallis, in viverra risus consequat. Pellentesque dictum gravida lacinia.</p><p><br></p><p>Lorem ipsão dolor sít amçet, consectetur adipiscing elit. Sed vehicula id odio quis rhoncus. Donec ullamcorper, lectus in dictum porta, urna nisl tincidunt metus, at iaculis nunc sem vitae diam. Etiam quam orci, volutpat a justo non, pretium condimentum felis. Duis id elementum arcu. Mauris pharetra dui molestie tortor imperdiet. Duis non laoreet eros. Vestibulum porta neque eleifend erat tempus, vitae sagittis elit sodales. Sed convallis erat quis iaculis vestibulum. </p><p><br></p><p>Lorem ipsão dolor sít amçet, consectetur adipiscing elit. Sed vehicula id odio quis rhoncus. Donec ullamcorper, lectus in dictum porta, urna nisl tincidunt metus, at iaculis nunc sem vitae diam. Etiam quam orci, volutpat a justo non, pretium condimentum felis. Duis id elementum arcu. Mauris pharetra dui molestie tortor imperdiet.  Lorem ipsão dolor sít amçet, consectetur adipiscing elit. Sed vehicula id odio quis rhoncus. Donec ullamcorper, lectus in dictum porta, urna nisl tincidunt metus, at iaculis nunc sem vitae diam.</p><div><br></div>','HeZiny4okLn5pnjCYStI6TNq1','Vendas','R$ x.xxx.xxx,xx',351,'2020-07-13',1,1,1,782),(408,1,'Venda casa 5 quartos e 1 suíte.','vendacasa5quartose1suite','Duis non laoreet eros. Vestibulum porta neque eleifend erat tempus, vitae sagittis elit sodales. ','<p>Duis non laoreet eros. Vestibulum porta neque eleifend erat tempus, vitae sagittis elit sodales. Sed convallis erat quis iaculis vestibulum. Curabitur sit amet purus et tellus consectetur vehicula. Suspendisse condimentum bibendum ante in adipiscing. Aliquam dignissim nisl eget arcu convallis, in viverra risus consequat. Pellentesque dictum gravida lacinia.</p><p><br></p><p>Lorem ipsão dolor sít amçet, consectetur adipiscing elit. Sed vehicula id odio quis rhoncus. Donec ullamcorper, lectus in dictum porta, urna nisl tincidunt metus, at iaculis nunc sem vitae diam. Etiam quam orci, volutpat a justo non, pretium condimentum felis. Duis id elementum arcu. Mauris pharetra dui molestie tortor imperdiet. Duis non laoreet eros. Vestibulum porta neque eleifend erat tempus, vitae sagittis elit sodales. Sed convallis erat quis iaculis vestibulum. </p><p><br></p><p>Lorem ipsão dolor sít amçet, consectetur adipiscing elit. Sed vehicula id odio quis rhoncus. Donec ullamcorper, lectus in dictum porta, urna nisl tincidunt metus, at iaculis nunc sem vitae diam. Etiam quam orci, volutpat a justo non, pretium condimentum felis. Duis id elementum arcu. Mauris pharetra dui molestie tortor imperdiet.  Lorem ipsão dolor sít amçet, consectetur adipiscing elit. Sed vehicula id odio quis rhoncus. Donec ullamcorper, lectus in dictum porta, urna nisl tincidunt metus, at iaculis nunc sem vitae diam.</p>','44MZiaAir3jPM7zZ3Af63PEhj','Vendas','R$ x.xxx.xxx,xx',391,'2023-05-12',1,1,1,347),(409,1,'Aluguel linda casa com 4 suítes (Ilustrativo)','aluguellindacasacom4suitesilustrativo','Duis non laoreet eros. Vestibulum porta neque eleifend erat tempus, vitae sagittis elit sodales. ','<p>Duis non laoreet eros. Vestibulum porta neque eleifend erat tempus, vitae sagittis elit sodales. Sed convallis erat quis iaculis vestibulum. Curabitur sit amet purus et tellus consectetur vehicula. Suspendisse condimentum bibendum ante in adipiscing. Aliquam dignissim nisl eget arcu convallis, in viverra risus consequat. Pellentesque dictum gravida lacinia.</p><p><br></p><p>Lorem ipsão dolor sít amçet, consectetur adipiscing elit. Sed vehicula id odio quis rhoncus. Donec ullamcorper, lectus in dictum porta, urna nisl tincidunt metus, at iaculis nunc sem vitae diam. Etiam quam orci, volutpat a justo non, pretium condimentum felis. Duis id elementum arcu. Mauris pharetra dui molestie tortor imperdiet. Duis non laoreet eros. Vestibulum porta neque eleifend erat tempus, vitae sagittis elit sodales. Sed convallis erat quis iaculis vestibulum. </p><p><br></p><p>Lorem ipsão dolor sít amçet, consectetur adipiscing elit. Sed vehicula id odio quis rhoncus. Donec ullamcorper, lectus in dictum porta, urna nisl tincidunt metus, at iaculis nunc sem vitae diam. Etiam quam orci, volutpat a justo non, pretium condimentum felis. Duis id elementum arcu. Mauris pharetra dui molestie tortor imperdiet.  Lorem ipsão dolor sít amçet, consectetur adipiscing elit. Sed vehicula id odio quis rhoncus. Donec ullamcorper, lectus in dictum porta, urna nisl tincidunt metus, at iaculis nunc sem vitae diam.</p>','xGqCfIe9PExRUUMt14gelinrC','Aluguel','R$ x.xxx.xxx,xx',396,'2023-05-12',1,1,1,308),(410,1,'Aluguel casa com 3 quartos (Ilustrativo)','aluguelcasacom3quartosilustrativo','Duis non laoreet eros. Vestibulum porta neque eleifend erat tempus, vitae sagittis elit sodales.','<p>Duis non laoreet eros. Vestibulum porta neque eleifend erat tempus, vitae sagittis elit sodales. Sed convallis erat quis iaculis vestibulum. Curabitur sit amet purus et tellus consectetur vehicula. Suspendisse condimentum bibendum ante in adipiscing. Aliquam dignissim nisl eget arcu convallis, in viverra risus consequat. Pellentesque dictum gravida lacinia.</p><p><br></p><p>Lorem ipsão dolor sít amçet, consectetur adipiscing elit. Sed vehicula id odio quis rhoncus. Donec ullamcorper, lectus in dictum porta, urna nisl tincidunt metus, at iaculis nunc sem vitae diam. Etiam quam orci, volutpat a justo non, pretium condimentum felis. Duis id elementum arcu. Mauris pharetra dui molestie tortor imperdiet. Duis non laoreet eros. Vestibulum porta neque eleifend erat tempus, vitae sagittis elit sodales. Sed convallis erat quis iaculis vestibulum. </p><p><br></p><p>Lorem ipsão dolor sít amçet, consectetur adipiscing elit. Sed vehicula id odio quis rhoncus. Donec ullamcorper, lectus in dictum porta, urna nisl tincidunt metus, at iaculis nunc sem vitae diam. Etiam quam orci, volutpat a justo non, pretium condimentum felis. Duis id elementum arcu. Mauris pharetra dui molestie tortor imperdiet.  Lorem ipsão dolor sít amçet, consectetur adipiscing elit. Sed vehicula id odio quis rhoncus. Donec ullamcorper, lectus in dictum porta, urna nisl tincidunt metus, at iaculis nunc sem vitae diam.</p>','xBhzYa5YiyoSl37jy2zKQdJ7w','Aluguel','',401,'2023-05-12',1,1,1,314),(411,1,'Lançamento 1 )Ilustrativo_','lancamento1ilustrativo_','Duis non laoreet eros. Vestibulum porta neque eleifend erat tempus, vitae sagittis elit sodales.','<p>Duis non laoreet eros. Vestibulum porta neque eleifend erat tempus, vitae sagittis elit sodales. Sed convallis erat quis iaculis vestibulum. Curabitur sit amet purus et tellus consectetur vehicula. Suspendisse condimentum bibendum ante in adipiscing. Aliquam dignissim nisl eget arcu convallis, in viverra risus consequat. Pellentesque dictum gravida lacinia.</p><p><br></p><p>Lorem ipsão dolor sít amçet, consectetur adipiscing elit. Sed vehicula id odio quis rhoncus. Donec ullamcorper, lectus in dictum porta, urna nisl tincidunt metus, at iaculis nunc sem vitae diam. Etiam quam orci, volutpat a justo non, pretium condimentum felis. Duis id elementum arcu. Mauris pharetra dui molestie tortor imperdiet. Duis non laoreet eros. Vestibulum porta neque eleifend erat tempus, vitae sagittis elit sodales. Sed convallis erat quis iaculis vestibulum.&nbsp;</p><p><br></p><p>Lorem ipsão dolor sít amçet, consectetur adipiscing elit. Sed vehicula id odio quis rhoncus. Donec ullamcorper, lectus in dictum porta, urna nisl tincidunt metus, at iaculis nunc sem vitae diam. Etiam quam orci, volutpat a justo non, pretium condimentum felis. Duis id elementum arcu. Mauris pharetra dui molestie tortor imperdiet.&nbsp; Lorem ipsão dolor sít amçet, consectetur adipiscing elit. Sed vehicula id odio quis rhoncus. Donec ullamcorper, lectus in dictum porta, urna nisl tincidunt metus, at iaculis nunc sem vitae diam.</p>','91YbSd4QHSrsSTdImlxVPUV5W','Lançamentos','R$ xxx.xxx,xx',406,'2023-05-12',1,1,1,229),(412,1,'Lançamento 2 (Ilustrativo)','lancamento2ilustrativo','Duis non laoreet eros. Vestibulum porta neque eleifend erat tempus, vitae sagittis elit sodales. ','<p>Duis non laoreet eros. Vestibulum porta neque eleifend erat tempus, vitae sagittis elit sodales. Sed convallis erat quis iaculis vestibulum. Curabitur sit amet purus et tellus consectetur vehicula. Suspendisse condimentum bibendum ante in adipiscing. Aliquam dignissim nisl eget arcu convallis, in viverra risus consequat. Pellentesque dictum gravida lacinia.</p><p><br></p><p>Lorem ipsão dolor sít amçet, consectetur adipiscing elit. Sed vehicula id odio quis rhoncus. Donec ullamcorper, lectus in dictum porta, urna nisl tincidunt metus, at iaculis nunc sem vitae diam. Etiam quam orci, volutpat a justo non, pretium condimentum felis. Duis id elementum arcu. Mauris pharetra dui molestie tortor imperdiet. Duis non laoreet eros. Vestibulum porta neque eleifend erat tempus, vitae sagittis elit sodales. Sed convallis erat quis iaculis vestibulum.&nbsp;</p><p><br></p><p>Lorem ipsão dolor sít amçet, consectetur adipiscing elit. Sed vehicula id odio quis rhoncus. Donec ullamcorper, lectus in dictum porta, urna nisl tincidunt metus, at iaculis nunc sem vitae diam. Etiam quam orci, volutpat a justo non, pretium condimentum felis. Duis id elementum arcu. Mauris pharetra dui molestie tortor imperdiet.&nbsp; Lorem ipsão dolor sít amçet, consectetur adipiscing elit. Sed vehicula id odio quis rhoncus. Donec ullamcorper, lectus in dictum porta, urna nisl tincidunt metus, at iaculis nunc sem vitae diam.</p>','KJuz0rgtJZqYzVwAKn5AYa8gl','Lançamentos','R$ xxx.xxx,xx',407,'2023-05-12',1,1,1,216),(413,1,'Lançamento 3 (Ilustrativo)','lancamento3ilustrativo','Duis non laoreet eros. Vestibulum porta neque eleifend erat tempus, vitae sagittis elit sodales.','<p>Duis non laoreet eros. Vestibulum porta neque eleifend erat tempus, vitae sagittis elit sodales. Sed convallis erat quis iaculis vestibulum. Curabitur sit amet purus et tellus consectetur vehicula. Suspendisse condimentum bibendum ante in adipiscing. Aliquam dignissim nisl eget arcu convallis, in viverra risus consequat. Pellentesque dictum gravida lacinia.</p><p><br></p><p>Lorem ipsão dolor sít amçet, consectetur adipiscing elit. Sed vehicula id odio quis rhoncus. Donec ullamcorper, lectus in dictum porta, urna nisl tincidunt metus, at iaculis nunc sem vitae diam. Etiam quam orci, volutpat a justo non, pretium condimentum felis. Duis id elementum arcu. Mauris pharetra dui molestie tortor imperdiet. Duis non laoreet eros. Vestibulum porta neque eleifend erat tempus, vitae sagittis elit sodales. Sed convallis erat quis iaculis vestibulum.&nbsp;</p><p><br></p><p>Lorem ipsão dolor sít amçet, consectetur adipiscing elit. Sed vehicula id odio quis rhoncus. Donec ullamcorper, lectus in dictum porta, urna nisl tincidunt metus, at iaculis nunc sem vitae diam. Etiam quam orci, volutpat a justo non, pretium condimentum felis. Duis id elementum arcu. Mauris pharetra dui molestie tortor imperdiet.&nbsp; Lorem ipsão dolor sít amçet, consectetur adipiscing elit. Sed vehicula id odio quis rhoncus. Donec ullamcorper, lectus in dictum porta, urna nisl tincidunt metus, at iaculis nunc sem vitae diam.</p>','Phoel1dObMWhV3zsL4c9SfaoA','Lançamentos','R$ xxx.xxx,xx',408,'2023-05-12',0,1,1,208),(414,1,'Aluguel para temporada 1 (Ilustrativo)','aluguelparatemporada1ilustrativo','Duis non laoreet eros. Vestibulum porta neque eleifend erat tempus, vitae sagittis elit sodales.','<p>Duis non laoreet eros. Vestibulum porta neque eleifend erat tempus, vitae sagittis elit sodales. Sed convallis erat quis iaculis vestibulum. Curabitur sit amet purus et tellus consectetur vehicula. Suspendisse condimentum bibendum ante in adipiscing. Aliquam dignissim nisl eget arcu convallis, in viverra risus consequat. Pellentesque dictum gravida lacinia.</p><p><br></p><p>Lorem ipsão dolor sít amçet, consectetur adipiscing elit. Sed vehicula id odio quis rhoncus. Donec ullamcorper, lectus in dictum porta, urna nisl tincidunt metus, at iaculis nunc sem vitae diam. Etiam quam orci, volutpat a justo non, pretium condimentum felis. Duis id elementum arcu. Mauris pharetra dui molestie tortor imperdiet. Duis non laoreet eros. Vestibulum porta neque eleifend erat tempus, vitae sagittis elit sodales. Sed convallis erat quis iaculis vestibulum.&nbsp;</p><p><br></p><p>Lorem ipsão dolor sít amçet, consectetur adipiscing elit. Sed vehicula id odio quis rhoncus. Donec ullamcorper, lectus in dictum porta, urna nisl tincidunt metus, at iaculis nunc sem vitae diam. Etiam quam orci, volutpat a justo non, pretium condimentum felis. Duis id elementum arcu. Mauris pharetra dui molestie tortor imperdiet.&nbsp; Lorem ipsão dolor sít amçet, consectetur adipiscing elit. Sed vehicula id odio quis rhoncus. Donec ullamcorper, lectus in dictum porta, urna nisl tincidunt metus, at iaculis nunc sem vitae diam.</p>','Ke1XRwCH1DOIVzRGNiMFxflSh','Temporada','R$ xxx,xx',409,'2023-05-12',0,1,1,210),(415,1,'Aluguel para temporada 2 (Ilustrativo)','aluguelparatemporada2ilustrativo','Duis non laoreet eros. Vestibulum porta neque eleifend erat tempus, vitae sagittis elit sodales. ','<p>Duis non laoreet eros. Vestibulum porta neque eleifend erat tempus, vitae sagittis elit sodales. Sed convallis erat quis iaculis vestibulum. Curabitur sit amet purus et tellus consectetur vehicula. Suspendisse condimentum bibendum ante in adipiscing. Aliquam dignissim nisl eget arcu convallis, in viverra risus consequat. Pellentesque dictum gravida lacinia.</p><p><br></p><p>Lorem ipsão dolor sít amçet, consectetur adipiscing elit. Sed vehicula id odio quis rhoncus. Donec ullamcorper, lectus in dictum porta, urna nisl tincidunt metus, at iaculis nunc sem vitae diam. Etiam quam orci, volutpat a justo non, pretium condimentum felis. Duis id elementum arcu. Mauris pharetra dui molestie tortor imperdiet. Duis non laoreet eros. Vestibulum porta neque eleifend erat tempus, vitae sagittis elit sodales. Sed convallis erat quis iaculis vestibulum.&nbsp;</p><p><br></p><p>Lorem ipsão dolor sít amçet, consectetur adipiscing elit. Sed vehicula id odio quis rhoncus. Donec ullamcorper, lectus in dictum porta, urna nisl tincidunt metus, at iaculis nunc sem vitae diam. Etiam quam orci, volutpat a justo non, pretium condimentum felis. Duis id elementum arcu. Mauris pharetra dui molestie tortor imperdiet.&nbsp; Lorem ipsão dolor sít amçet, consectetur adipiscing elit. Sed vehicula id odio quis rhoncus. Donec ullamcorper, lectus in dictum porta, urna nisl tincidunt metus, at iaculis nunc sem vitae diam.</p>','CEVV5Kiqnev7jE7wBT5pJPLBS','Temporada','R$ xxx,xx',410,'2023-05-12',0,1,1,201),(416,1,'Aluguel para temporada 3 (Ilustrativo)','aluguelparatemporada3ilustrativo','Duis non laoreet eros. Vestibulum porta neque eleifend erat tempus, vitae sagittis elit sodales. ','<p>Duis non laoreet eros. Vestibulum porta neque eleifend erat tempus, vitae sagittis elit sodales. Sed convallis erat quis iaculis vestibulum. Curabitur sit amet purus et tellus consectetur vehicula. Suspendisse condimentum bibendum ante in adipiscing. Aliquam dignissim nisl eget arcu convallis, in viverra risus consequat. Pellentesque dictum gravida lacinia.</p><p><br></p><p>Lorem ipsão dolor sít amçet, consectetur adipiscing elit. Sed vehicula id odio quis rhoncus. Donec ullamcorper, lectus in dictum porta, urna nisl tincidunt metus, at iaculis nunc sem vitae diam. Etiam quam orci, volutpat a justo non, pretium condimentum felis. Duis id elementum arcu. Mauris pharetra dui molestie tortor imperdiet. Duis non laoreet eros. Vestibulum porta neque eleifend erat tempus, vitae sagittis elit sodales. Sed convallis erat quis iaculis vestibulum.&nbsp;</p><p><br></p><p>Lorem ipsão dolor sít amçet, consectetur adipiscing elit. Sed vehicula id odio quis rhoncus. Donec ullamcorper, lectus in dictum porta, urna nisl tincidunt metus, at iaculis nunc sem vitae diam. Etiam quam orci, volutpat a justo non, pretium condimentum felis. Duis id elementum arcu. Mauris pharetra dui molestie tortor imperdiet.&nbsp; Lorem ipsão dolor sít amçet, consectetur adipiscing elit. Sed vehicula id odio quis rhoncus. Donec ullamcorper, lectus in dictum porta, urna nisl tincidunt metus, at iaculis nunc sem vitae diam.</p>','SQ6kcybJlClE9yxtuYtup3Bjr','Temporada','R$ x.xxx,xx',411,'2023-05-12',0,1,1,205);

--
-- Table structure for table `classificados_arquivos`
--

CREATE TABLE `classificados_arquivos` (
  `id` int(11) NOT NULL AUTO_INCREMENT,
  `codigo` varchar(25) NOT NULL,
  `path` text NOT NULL,
  `arquivo` text NOT NULL,
  `legenda` text DEFAULT NULL,
  `tipo` varchar(50) DEFAULT NULL,
  PRIMARY KEY (`id`)
) ENGINE=MyISAM AUTO_INCREMENT=412 DEFAULT CHARSET=latin1 COLLATE=latin1_swedish_ci ROW_FORMAT=DYNAMIC;

--
-- Dumping data for table `classificados_arquivos`
--

INSERT INTO `classificados_arquivos` (`id`, `codigo`, `path`, `arquivo`, `legenda`, `tipo`) VALUES (334,'ZPXEVk0GcR0ziTSyT2UV2omCl','zHD/classificados/1/ZPXEVk0GcR0ziTSyT2UV2omCl/imagens/','0510117001683938431.jpg',NULL,'capa'),(374,'ZPXEVk0GcR0ziTSyT2UV2omCl','zHD/classificados/1/ZPXEVk0GcR0ziTSyT2UV2omCl/arquivos/','Documento Ilustrativo 1 (0608957001683475712).pdf',NULL,'arquivo'),(390,'ZPXEVk0GcR0ziTSyT2UV2omCl','zHD/classificados/1/ZPXEVk0GcR0ziTSyT2UV2omCl/imagens/','img-03 (0404414001683938442).jpg',NULL,'imagem'),(389,'ZPXEVk0GcR0ziTSyT2UV2omCl','zHD/classificados/1/ZPXEVk0GcR0ziTSyT2UV2omCl/imagens/','img-04 (0398321001683938442).jpg',NULL,'imagem'),(388,'ZPXEVk0GcR0ziTSyT2UV2omCl','zHD/classificados/1/ZPXEVk0GcR0ziTSyT2UV2omCl/imagens/','img-01 (0388009001683938442).jpg',NULL,'imagem'),(387,'ZPXEVk0GcR0ziTSyT2UV2omCl','zHD/classificados/1/ZPXEVk0GcR0ziTSyT2UV2omCl/imagens/','img-02 (0260065001683938442).jpg',NULL,'imagem'),(346,'ugkLWLp9oOBsqWIBgAIIthazd','zHD/classificados/1/ugkLWLp9oOBsqWIBgAIIthazd/imagens/','0869987001683929304.jpg',NULL,'capa'),(378,'ugkLWLp9oOBsqWIBgAIIthazd','zHD/classificados/1/ugkLWLp9oOBsqWIBgAIIthazd/imagens/','img-05 (0757633001683931207).jpg',NULL,'imagem'),(377,'ugkLWLp9oOBsqWIBgAIIthazd','zHD/classificados/1/ugkLWLp9oOBsqWIBgAIIthazd/imagens/','img-03 (0773686001683931207).jpg',NULL,'imagem'),(376,'ugkLWLp9oOBsqWIBgAIIthazd','zHD/classificados/1/ugkLWLp9oOBsqWIBgAIIthazd/imagens/','img-02 (0748156001683931207).jpg',NULL,'imagem'),(375,'ugkLWLp9oOBsqWIBgAIIthazd','zHD/classificados/1/ugkLWLp9oOBsqWIBgAIIthazd/imagens/','img-01 (0460172001683931207).jpg',NULL,'imagem'),(351,'HeZiny4okLn5pnjCYStI6TNq1','zHD/classificados/1/HeZiny4okLn5pnjCYStI6TNq1/imagens/','0484936001683930443.jpg',NULL,'capa'),(382,'ugkLWLp9oOBsqWIBgAIIthazd','zHD/classificados/1/ugkLWLp9oOBsqWIBgAIIthazd/imagens/','img-08 (0190961001683931208).jpg',NULL,'imagem'),(381,'ugkLWLp9oOBsqWIBgAIIthazd','zHD/classificados/1/ugkLWLp9oOBsqWIBgAIIthazd/imagens/','img-07 (0165326001683931208).jpg',NULL,'imagem'),(380,'ugkLWLp9oOBsqWIBgAIIthazd','zHD/classificados/1/ugkLWLp9oOBsqWIBgAIIthazd/imagens/','img-04 (0944464001683931207).jpg',NULL,'imagem'),(379,'ugkLWLp9oOBsqWIBgAIIthazd','zHD/classificados/1/ugkLWLp9oOBsqWIBgAIIthazd/imagens/','img-06 (0947407001683931207).jpg',NULL,'imagem'),(363,'ugkLWLp9oOBsqWIBgAIIthazd','zHD/classificados/1/ugkLWLp9oOBsqWIBgAIIthazd/arquivos/','Documento Ilustrativo 1 (0435518001683474929).pdf',NULL,'arquivo'),(364,'ugkLWLp9oOBsqWIBgAIIthazd','zHD/classificados/1/ugkLWLp9oOBsqWIBgAIIthazd/arquivos/','Documento Ilustrativo 2 (0491921001683474929).pdf',NULL,'arquivo'),(391,'44MZiaAir3jPM7zZ3Af63PEhj','zHD/classificados/1/44MZiaAir3jPM7zZ3Af63PEhj/imagens/','0983437001683938656.jpg',NULL,'capa'),(383,'HeZiny4okLn5pnjCYStI6TNq1','zHD/classificados/1/HeZiny4okLn5pnjCYStI6TNq1/imagens/','img-01 (0353053001683931503).jpg',NULL,'imagem'),(384,'HeZiny4okLn5pnjCYStI6TNq1','zHD/classificados/1/HeZiny4okLn5pnjCYStI6TNq1/imagens/','img-02 (0565645001683931503).jpg',NULL,'imagem'),(385,'HeZiny4okLn5pnjCYStI6TNq1','zHD/classificados/1/HeZiny4okLn5pnjCYStI6TNq1/imagens/','img-03 (0616826001683931503).jpg',NULL,'imagem'),(386,'HeZiny4okLn5pnjCYStI6TNq1','zHD/classificados/1/HeZiny4okLn5pnjCYStI6TNq1/imagens/','img-04 (0618898001683931503).jpg',NULL,'imagem'),(392,'44MZiaAir3jPM7zZ3Af63PEhj','zHD/classificados/1/44MZiaAir3jPM7zZ3Af63PEhj/imagens/','img-05 (0397581001683938691).jpg',NULL,'imagem'),(393,'44MZiaAir3jPM7zZ3Af63PEhj','zHD/classificados/1/44MZiaAir3jPM7zZ3Af63PEhj/imagens/','img-08 (0398511001683938691).jpg',NULL,'imagem'),(394,'44MZiaAir3jPM7zZ3Af63PEhj','zHD/classificados/1/44MZiaAir3jPM7zZ3Af63PEhj/imagens/','img-07 (0399393001683938691).jpg',NULL,'imagem'),(395,'44MZiaAir3jPM7zZ3Af63PEhj','zHD/classificados/1/44MZiaAir3jPM7zZ3Af63PEhj/imagens/','img-06 (0403097001683938691).jpg',NULL,'imagem'),(396,'xGqCfIe9PExRUUMt14gelinrC','zHD/classificados/1/xGqCfIe9PExRUUMt14gelinrC/imagens/','0119857001683938814.jpg',NULL,'capa'),(397,'xGqCfIe9PExRUUMt14gelinrC','zHD/classificados/1/xGqCfIe9PExRUUMt14gelinrC/imagens/','img-05 (0104713001683938824).jpg',NULL,'imagem'),(398,'xGqCfIe9PExRUUMt14gelinrC','zHD/classificados/1/xGqCfIe9PExRUUMt14gelinrC/imagens/','img-07 (0109094001683938824).jpg',NULL,'imagem'),(399,'xGqCfIe9PExRUUMt14gelinrC','zHD/classificados/1/xGqCfIe9PExRUUMt14gelinrC/imagens/','img-06 (0108739001683938824).jpg',NULL,'imagem'),(400,'xGqCfIe9PExRUUMt14gelinrC','zHD/classificados/1/xGqCfIe9PExRUUMt14gelinrC/imagens/','img-08 (0116035001683938824).jpg',NULL,'imagem'),(401,'xBhzYa5YiyoSl37jy2zKQdJ7w','zHD/classificados/1/xBhzYa5YiyoSl37jy2zKQdJ7w/imagens/','0309922001683938914.jpg',NULL,'capa'),(402,'xBhzYa5YiyoSl37jy2zKQdJ7w','zHD/classificados/1/xBhzYa5YiyoSl37jy2zKQdJ7w/imagens/','img-07 (0223416001683938927).jpg',NULL,'imagem'),(403,'xBhzYa5YiyoSl37jy2zKQdJ7w','zHD/classificados/1/xBhzYa5YiyoSl37jy2zKQdJ7w/imagens/','img-06 (0223612001683938927).jpg',NULL,'imagem'),(404,'xBhzYa5YiyoSl37jy2zKQdJ7w','zHD/classificados/1/xBhzYa5YiyoSl37jy2zKQdJ7w/imagens/','img-05 (0223359001683938927).jpg',NULL,'imagem'),(405,'xBhzYa5YiyoSl37jy2zKQdJ7w','zHD/classificados/1/xBhzYa5YiyoSl37jy2zKQdJ7w/imagens/','img-08 (0283341001683938927).jpg',NULL,'imagem'),(406,'91YbSd4QHSrsSTdImlxVPUV5W','zHD/classificados/1/91YbSd4QHSrsSTdImlxVPUV5W/imagens/','0569079001683945797.jpg',NULL,'capa'),(407,'KJuz0rgtJZqYzVwAKn5AYa8gl','zHD/classificados/1/KJuz0rgtJZqYzVwAKn5AYa8gl/imagens/','0739612001683945851.jpg',NULL,'capa'),(408,'Phoel1dObMWhV3zsL4c9SfaoA','zHD/classificados/1/Phoel1dObMWhV3zsL4c9SfaoA/imagens/','0675706001683945904.jpg',NULL,'capa'),(409,'Ke1XRwCH1DOIVzRGNiMFxflSh','zHD/classificados/1/Ke1XRwCH1DOIVzRGNiMFxflSh/imagens/','0073591001683946277.jpg',NULL,'capa'),(410,'CEVV5Kiqnev7jE7wBT5pJPLBS','zHD/classificados/1/CEVV5Kiqnev7jE7wBT5pJPLBS/imagens/','0479023001683946451.jpg',NULL,'capa'),(411,'SQ6kcybJlClE9yxtuYtup3Bjr','zHD/classificados/1/SQ6kcybJlClE9yxtuYtup3Bjr/imagens/','0850975001683946511.jpg',NULL,'capa');

--
-- Table structure for table `classificados_links`
--

CREATE TABLE `classificados_links` (
  `id` int(11) NOT NULL AUTO_INCREMENT,
  `codigo` varchar(25) NOT NULL,
  `titulo` text DEFAULT NULL,
  `link` text NOT NULL,
  PRIMARY KEY (`id`)
) ENGINE=MyISAM AUTO_INCREMENT=124 DEFAULT CHARSET=latin1 COLLATE=latin1_swedish_ci ROW_FORMAT=DYNAMIC;

--
-- Dumping data for table `classificados_links`
--

INSERT INTO `classificados_links` (`id`, `codigo`, `titulo`, `link`) VALUES (116,'44MZiaAir3jPM7zZ3Af63PEhj','Localização (Ilustrativo)','https://www.google.com/maps?q=-15.797482717656338,-47.8790088065686'),(117,'xGqCfIe9PExRUUMt14gelinrC','Localização (ilustrativo)','https://www.google.com/maps?q=-15.797482717656338,-47.8790088065686'),(118,'xBhzYa5YiyoSl37jy2zKQdJ7w','Localização (ilustsrativo)','https://www.google.com/maps?q=-15.797482717656338,-47.8790088065686'),(119,'91YbSd4QHSrsSTdImlxVPUV5W','Localização (ilustrativo)','https://www.google.com/maps?q=-15.797482717656338,-47.8790088065686'),(120,'KJuz0rgtJZqYzVwAKn5AYa8gl','Localização (ilustrativo)','https://www.google.com/maps?q=-15.797482717656338,-47.8790088065686'),(121,'ugkLWLp9oOBsqWIBgAIIthazd','Localização (ilustrativo)','https://www.google.com/maps?q=-15.797482717656338,-47.8790088065686'),(122,'HeZiny4okLn5pnjCYStI6TNq1','Localização (ilustrativo)','https://www.google.com/maps?q=-15.797482717656338,-47.8790088065686'),(123,'ZPXEVk0GcR0ziTSyT2UV2omCl','Localização (ilustrativo)','https://www.google.com/maps?q=-15.797482717656338,-47.8790088065686');

--
-- Table structure for table `classificados_videos`
--

CREATE TABLE `classificados_videos` (
  `id` int(11) NOT NULL AUTO_INCREMENT,
  `codigo` varchar(25) NOT NULL,
  `titulo` text DEFAULT NULL,
  `link` text NOT NULL,
  PRIMARY KEY (`id`)
) ENGINE=MyISAM AUTO_INCREMENT=125 DEFAULT CHARSET=latin1 COLLATE=latin1_swedish_ci ROW_FORMAT=DYNAMIC;

--
-- Dumping data for table `classificados_videos`
--

INSERT INTO `classificados_videos` (`id`, `codigo`, `titulo`, `link`) VALUES (122,'ugkLWLp9oOBsqWIBgAIIthazd','Vídeo Ilustrativo','F9ORxPkaXs0'),(124,'ZPXEVk0GcR0ziTSyT2UV2omCl','Vídeo Ilustrativo','F9ORxPkaXs0');

--
-- Table structure for table `contatos`
--

CREATE TABLE `contatos` (
  `id` int(11) NOT NULL AUTO_INCREMENT,
  `usuario` int(11) NOT NULL DEFAULT 0,
  `secao` int(11) NOT NULL DEFAULT 0,
  `texto` text DEFAULT NULL,
  `entidade` int(11) NOT NULL,
  PRIMARY KEY (`id`),
  KEY `secao` (`secao`),
  KEY `entidade` (`entidade`)
) ENGINE=MyISAM AUTO_INCREMENT=472 DEFAULT CHARSET=latin1 COLLATE=latin1_swedish_ci ROW_FORMAT=DYNAMIC;

--
-- Dumping data for table `contatos`
--

INSERT INTO `contatos` (`id`, `usuario`, `secao`, `texto`, `entidade`) VALUES (471,1,168,'<p>Suporte 24/7, via telefone, whatsapp ou e-mail. Vídeos pedagógicos para uso dos aplicativos e treinamento. Site seguro, com Certificado SSL, (https), mais segurança na validação de dados. O atendimento é feito com extrema rapidez para a solução das suas demandas.&nbsp;<br></p>',1);

--
-- Table structure for table `contatos_secoes`
--

CREATE TABLE `contatos_secoes` (
  `id` int(11) NOT NULL AUTO_INCREMENT,
  `nome` varchar(250) NOT NULL,
  `entidade` int(11) NOT NULL DEFAULT 0,
  PRIMARY KEY (`id`),
  KEY `nome` (`nome`)
) ENGINE=MyISAM AUTO_INCREMENT=169 DEFAULT CHARSET=latin1 COLLATE=latin1_swedish_ci ROW_FORMAT=DYNAMIC;

--
-- Dumping data for table `contatos_secoes`
--

INSERT INTO `contatos_secoes` (`id`, `nome`, `entidade`) VALUES (162,'Contatos',1);

--
-- Table structure for table `downloads`
--

CREATE TABLE `downloads` (
  `id` int(11) NOT NULL AUTO_INCREMENT,
  `usuario` int(11) NOT NULL DEFAULT 0,
  `secao` int(11) NOT NULL DEFAULT 0,
  `titulo` text NOT NULL,
  `texto` text DEFAULT NULL,
  `codigo` varchar(25) NOT NULL,
  `data` date DEFAULT NULL,
  `entidade` int(11) NOT NULL,
  PRIMARY KEY (`id`)
) ENGINE=MyISAM AUTO_INCREMENT=2 DEFAULT CHARSET=latin1 COLLATE=latin1_swedish_ci;

--
-- Dumping data for table `downloads`
--

INSERT INTO `downloads` (`id`, `usuario`, `secao`, `titulo`, `texto`, `codigo`, `data`, `entidade`) VALUES (1,1,208,'documentos','','qqZRO2lU9NUVdRbAZFQjZmzhd','2024-06-02',1);

--
-- Table structure for table `downloads_arquivos`
--

CREATE TABLE `downloads_arquivos` (
  `id` int(11) NOT NULL AUTO_INCREMENT,
  `codigo` varchar(25) NOT NULL,
  `path` text NOT NULL,
  `arquivo` text NOT NULL,
  `legenda` text DEFAULT NULL,
  `tipo` varchar(50) DEFAULT NULL,
  `data` date DEFAULT NULL,
  `views` int(11) NOT NULL DEFAULT 0,
  PRIMARY KEY (`id`),
  KEY `codigo` (`codigo`)
) ENGINE=MyISAM AUTO_INCREMENT=1012 DEFAULT CHARSET=latin1 COLLATE=latin1_swedish_ci ROW_FORMAT=DYNAMIC;

--
-- Dumping data for table `downloads_arquivos`
--


--
-- Table structure for table `downloads_secoes`
--

CREATE TABLE `downloads_secoes` (
  `id` int(11) NOT NULL AUTO_INCREMENT,
  `nome` varchar(250) NOT NULL,
  `entidade` int(11) NOT NULL DEFAULT 0,
  PRIMARY KEY (`id`),
  KEY `entidade` (`entidade`)
) ENGINE=MyISAM AUTO_INCREMENT=209 DEFAULT CHARSET=latin1 COLLATE=latin1_swedish_ci ROW_FORMAT=DYNAMIC;

--
-- Dumping data for table `downloads_secoes`
--

INSERT INTO `downloads_secoes` (`id`, `nome`, `entidade`) VALUES (208,'Documentos',1);

--
-- Table structure for table `enquetes`
--

CREATE TABLE `enquetes` (
  `id` int(11) NOT NULL AUTO_INCREMENT,
  `usuario` int(11) NOT NULL DEFAULT 0,
  `titulo` text NOT NULL,
  `tag` text NOT NULL,
  `texto` text DEFAULT NULL,
  `secao` int(11) NOT NULL,
  `data` datetime DEFAULT current_timestamp(),
  `entidade` int(11) NOT NULL,
  `status` int(11) DEFAULT 1,
  PRIMARY KEY (`id`),
  KEY `entidade` (`entidade`)
) ENGINE=MyISAM AUTO_INCREMENT=404 DEFAULT CHARSET=latin1 COLLATE=latin1_swedish_ci ROW_FORMAT=DYNAMIC;

--
-- Dumping data for table `enquetes`
--

INSERT INTO `enquetes` (`id`, `usuario`, `titulo`, `tag`, `texto`, `secao`, `data`, `entidade`, `status`) VALUES (392,1,'Que língua você gostaria de aprender em nosso colégio?','quelinguavocegostariadeaprenderemnossocolegio','Texto opcional.',156,'2017-10-02 00:00:00',1,1),(393,1,'Que matéria te atrai mais no Ensino Médio?','quemateriateatraimaisnoensinomedio','Texto opcional.',156,'2017-10-03 00:00:00',1,1),(398,1,'Qual sua opinião sobre os esforços da Prefeitura Municipal em favor do meio ambiente?','qualsuaopiniaosobreosesforcosdaprefeituramunicipalemfavordomeioambiente','',157,'2018-09-22 00:00:00',5,1),(400,1,'Eleja as prioridades do nosso Município','elejaasprioridadesdonossomunicipio','Lorem ipsão dolor sít amçet, consectetur adipiscing elit. Sed vehicula id odio quis rhoncus. Donec ullamcorper, lectus in dictum porta, urna nisl tincidunt metus, at iaculis nunc sem vitae diam. Etiam quam orci, volutpat a justo non, pretium condimentum felis. Duis id elementum arcu. Mauris pharetra dui molestie tortor imperdiet. ',158,'2018-10-01 00:00:00',23,1),(401,1,'Qual sua opinião sobre os esforços da Prefeitura Municipal em favor do meio ambiente?','qualsuaopiniaosobreosesforcosdaprefeituramunicipalemfavordomeioambiente_1','Lorem ipsão dolor sít amçet, consectetur adipiscing elit. Sed vehicula id odio quis rhoncus. Donec ullamcorper, lectus in dictum porta, urna nisl tincidunt metus, at iaculis nunc sem vitae diam. Etiam quam orci, volutpat a justo non, pretium condimentum felis. Duis id elementum arcu. Mauris pharetra dui molestie tortor imperdiet. ',159,'2018-10-01 00:00:00',23,1),(402,1,'Como você classifica a equipe de professores das nossas escolas municipais','comovoceclassificaaequipedeprofessoresdasnossasescolasmunicipais','',160,'2018-10-13 00:00:00',4,1);

--
-- Table structure for table `enquetes_opcoes`
--

CREATE TABLE `enquetes_opcoes` (
  `id` int(11) NOT NULL AUTO_INCREMENT,
  `enquete` int(11) NOT NULL DEFAULT 0,
  `titulo` text DEFAULT NULL,
  `votos` int(11) NOT NULL DEFAULT 0,
  PRIMARY KEY (`id`),
  KEY `enquete` (`enquete`)
) ENGINE=MyISAM AUTO_INCREMENT=179 DEFAULT CHARSET=latin1 COLLATE=latin1_swedish_ci ROW_FORMAT=DYNAMIC;

--
-- Dumping data for table `enquetes_opcoes`
--

INSERT INTO `enquetes_opcoes` (`id`, `enquete`, `titulo`, `votos`) VALUES (172,393,'Matemática',2),(171,393,'Português',1),(170,392,'Inglês',1),(169,392,'Francês',2),(165,402,'Excelente',120),(166,402,'Boa',18),(167,402,'Poderia ser melhor',5),(168,402,'Insatisfatório',2),(174,393,'Geografia',1),(175,393,'Ciências',0),(176,392,'Espanhol',1),(177,392,'Japonês',0),(178,392,'Alemão',0);

--
-- Table structure for table `enquetes_secoes`
--

CREATE TABLE `enquetes_secoes` (
  `id` int(11) NOT NULL AUTO_INCREMENT,
  `nome` varchar(250) NOT NULL,
  `entidade` int(11) NOT NULL DEFAULT 0,
  PRIMARY KEY (`id`),
  KEY `entidade` (`entidade`)
) ENGINE=MyISAM AUTO_INCREMENT=166 DEFAULT CHARSET=latin1 COLLATE=latin1_swedish_ci ROW_FORMAT=DYNAMIC;

--
-- Dumping data for table `enquetes_secoes`
--

INSERT INTO `enquetes_secoes` (`id`, `nome`, `entidade`) VALUES (156,'Enquetes',1),(157,'Enquetes',5),(158,'Enquetes',23),(159,'Pesquisa',23),(160,'Enquetes',4);

--
-- Table structure for table `enquetes_votos`
--

CREATE TABLE `enquetes_votos` (
  `id` int(11) NOT NULL AUTO_INCREMENT,
  `enquete` int(11) NOT NULL DEFAULT 0,
  `ip` varchar(50) NOT NULL,
  `data` timestamp NOT NULL DEFAULT current_timestamp() ON UPDATE current_timestamp(),
  PRIMARY KEY (`id`),
  KEY `enquete` (`enquete`),
  KEY `ip` (`ip`),
  KEY `data` (`data`)
) ENGINE=MyISAM AUTO_INCREMENT=35 DEFAULT CHARSET=latin1 COLLATE=latin1_swedish_ci ROW_FORMAT=DYNAMIC;

--
-- Dumping data for table `enquetes_votos`
--

INSERT INTO `enquetes_votos` (`id`, `enquete`, `ip`, `data`) VALUES (7,389,'179.126.204.86','2017-09-05 07:28:51'),(6,389,'187.21.41.89','2017-09-04 23:33:58'),(8,389,'179.104.226.237','2017-09-06 15:43:28'),(9,389,'187.21.44.2','2017-09-12 04:37:44'),(10,389,'179.126.202.117','2017-09-14 15:45:39'),(11,392,'187.21.44.2','2017-10-02 03:28:33'),(12,392,'189.15.188.77','2017-10-03 03:48:57'),(13,393,'187.21.44.2','2017-10-03 04:33:28'),(14,394,'187.21.44.2','2017-10-10 13:28:48'),(15,395,'187.21.44.2','2017-10-10 13:30:56'),(16,396,'187.21.44.2','2017-10-10 17:11:24'),(17,396,'189.41.4.133','2017-10-10 17:12:00'),(18,393,'189.41.4.133','2017-10-10 17:12:29'),(19,397,'189.41.182.121','2018-09-22 04:40:50'),(20,398,'187.36.80.6','2018-09-22 07:32:18'),(21,398,'189.41.182.121','2018-09-23 02:32:23'),(22,398,'177.191.50.41','2018-09-24 02:36:03'),(23,393,'177.191.34.164','2018-10-02 06:25:55'),(24,402,'187.36.80.6','2018-10-13 17:41:09'),(25,393,'189.41.178.157','2018-10-13 20:32:09'),(26,392,'189.41.178.157','2018-10-13 20:32:12'),(27,402,'191.176.114.71','2019-10-11 12:00:37'),(28,393,'191.176.114.71','2019-10-14 17:09:04'),(29,392,'191.176.114.71','2019-10-18 09:28:26'),(30,393,'177.235.116.108','2020-07-04 18:23:02'),(31,392,'177.235.116.108','2020-07-04 18:23:15'),(32,403,'177.235.119.218','2023-02-27 08:22:18'),(33,393,'177.235.119.218','2023-04-12 17:44:22'),(34,392,'177.235.119.218','2023-04-12 17:44:50');

--
-- Table structure for table `faleconosco`
--

CREATE TABLE `faleconosco` (
  `id` int(11) NOT NULL AUTO_INCREMENT,
  `secao` int(11) NOT NULL DEFAULT 0,
  `nome` varchar(200) DEFAULT NULL,
  `email` varchar(300) DEFAULT NULL,
  `telefone` varchar(300) DEFAULT NULL,
  `mensagem` text DEFAULT NULL,
  `resposta` text DEFAULT NULL,
  `usuario` int(11) DEFAULT 0,
  `entidade` int(11) NOT NULL,
  `status` int(11) NOT NULL DEFAULT 0,
  `data_mensagem` timestamp NULL DEFAULT current_timestamp(),
  `data_resposta` datetime DEFAULT NULL,
  `envio` int(11) NOT NULL DEFAULT 0,
  PRIMARY KEY (`id`),
  KEY `secao` (`secao`),
  KEY `entidade` (`entidade`)
) ENGINE=MyISAM AUTO_INCREMENT=856 DEFAULT CHARSET=latin1 COLLATE=latin1_swedish_ci ROW_FORMAT=DYNAMIC;

--
-- Dumping data for table `faleconosco`
--


--
-- Table structure for table `faleconosco_secoes`
--

CREATE TABLE `faleconosco_secoes` (
  `id` int(11) NOT NULL AUTO_INCREMENT,
  `nome` varchar(250) NOT NULL,
  `entidade` int(11) NOT NULL DEFAULT 0,
  PRIMARY KEY (`id`),
  KEY `entidade` (`entidade`)
) ENGINE=MyISAM AUTO_INCREMENT=159 DEFAULT CHARSET=latin1 COLLATE=latin1_swedish_ci ROW_FORMAT=DYNAMIC;

--
-- Dumping data for table `faleconosco_secoes`
--

INSERT INTO `faleconosco_secoes` (`id`, `nome`, `entidade`) VALUES (155,'Mensagens Prefeitura',1),(156,'Mensagens Sema',5),(157,'Mensagens Coronavírus',2),(158,'Mensagens Semed',4);

--
-- Table structure for table `faq`
--

CREATE TABLE `faq` (
  `id` int(11) NOT NULL AUTO_INCREMENT,
  `secao` int(11) NOT NULL DEFAULT 0,
  `pergunta` text DEFAULT NULL,
  `resposta` text DEFAULT NULL,
  `entidade` int(11) NOT NULL,
  `status` int(11) NOT NULL DEFAULT 0,
  PRIMARY KEY (`id`),
  KEY `secao` (`secao`),
  KEY `entidade` (`entidade`)
) ENGINE=MyISAM AUTO_INCREMENT=485 DEFAULT CHARSET=latin1 COLLATE=latin1_swedish_ci ROW_FORMAT=DYNAMIC;

--
-- Dumping data for table `faq`
--

INSERT INTO `faq` (`id`, `secao`, `pergunta`, `resposta`, `entidade`, `status`) VALUES (478,158,'Como usar o FGTS na compra de um imóvel?','Os recursos do Fundo de Garantia do Tempo de Serviço (FGTS) de qualquer um dos clientes participantes do financiamento poderão ser utilizados nas modalidades vigentes, desde que atendidas as condições determinadas pela Caixa Econômica Federal, administradora do FGTS.',1,1),(479,158,'É possível fazer transferência do financiamento bancário?','Sim. A transferência do financiamento somente será possível mediante a concessão de um novo financiamento ao solicitante, que terá como base a política de crédito e legislação vigentes à época da concessão.O cálculo da renda mínima necessária está condicionado às variáveis da nova operação, tais como: valor do financiamento, idade do proponente e ao valor de avaliação do imóvel.',1,1),(480,158,'Imóveis em construção podem ser financiados?','Sim, você tem que aprovar um crédito habitacional, ter um projeto aprovado pela prefeitura onde se encontra a obra e contratar um engenheiro para fazer um cronograma físico e financeiro.\r\n\r\n',1,1),(481,158,'Já possuo financiamento bancário, posso fazer outro?','Sim, desde que comprove renda suficiente para assumir ambos os financiamentos, e que o novo financiamento se enquadre na política de crédito vigente.',1,1),(482,158,'O que é ITBI e como é calculado?','Toda compra de imóvel exige o pagamento do Imposto de Transmissão de Bens Imóveis. O ITBI é cobrado pela Prefeitura Municipal.',1,1),(483,158,'Se minha renda não atingir o mínimo exigido, posso somar a renda de outra pessoa?','Sim, entretanto quando a composição de renda for com mais de duas pessoas, ficará sujeita a análise da instituição financeira.',1,1),(484,158,'Quais documentos são necessários para alugar uma propriedade?','Os documentos necessários geralmente incluem comprovante de renda, documentos de identificação, e, em alguns casos, referências. Consulte a página do imóvel desejado para obter uma lista completa.',1,1);

--
-- Table structure for table `faq_secoes`
--

CREATE TABLE `faq_secoes` (
  `id` int(11) NOT NULL AUTO_INCREMENT,
  `nome` varchar(250) NOT NULL,
  `entidade` int(11) NOT NULL DEFAULT 0,
  PRIMARY KEY (`id`),
  KEY `entidade` (`entidade`)
) ENGINE=MyISAM AUTO_INCREMENT=159 DEFAULT CHARSET=latin1 COLLATE=latin1_swedish_ci ROW_FORMAT=DYNAMIC;

--
-- Dumping data for table `faq_secoes`
--

INSERT INTO `faq_secoes` (`id`, `nome`, `entidade`) VALUES (158,'FAQ',1);

--
-- Table structure for table `galerias`
--

CREATE TABLE `galerias` (
  `id` int(11) NOT NULL AUTO_INCREMENT,
  `data` timestamp NOT NULL DEFAULT current_timestamp(),
  `titulo` text DEFAULT NULL,
  `descricao` text DEFAULT NULL,
  `capa` int(11) NOT NULL DEFAULT 0,
  `img_capa` int(11) NOT NULL DEFAULT 0,
  `secao` int(11) NOT NULL DEFAULT 0,
  `entidade` int(11) NOT NULL DEFAULT 0,
  PRIMARY KEY (`id`),
  KEY `entidade` (`entidade`)
) ENGINE=MyISAM AUTO_INCREMENT=99 DEFAULT CHARSET=latin1 COLLATE=latin1_swedish_ci ROW_FORMAT=DYNAMIC;

--
-- Dumping data for table `galerias`
--

INSERT INTO `galerias` (`id`, `data`, `titulo`, `descricao`, `capa`, `img_capa`, `secao`, `entidade`) VALUES (90,'2022-04-29 03:00:00','JP WEB TESTE','',0,0,14,8),(95,'2024-06-04 03:00:00','Mansões 1','',1,657,1,1),(96,'2024-06-04 03:00:00','Mansões 2','',1,662,1,1),(97,'2024-06-04 03:00:00','Apartamento 1 (ilustrativo)','',1,667,1,1),(98,'2024-06-04 03:00:00','Apartamento 2 (ilustrativo)','',1,672,1,1);

--
-- Table structure for table `galerias_arquivos`
--

CREATE TABLE `galerias_arquivos` (
  `id` int(11) NOT NULL AUTO_INCREMENT,
  `galeria` int(11) NOT NULL,
  `capa` int(11) NOT NULL DEFAULT 0,
  `path` text NOT NULL,
  `arquivo` text NOT NULL,
  `legenda` text DEFAULT NULL,
  PRIMARY KEY (`id`),
  KEY `galeria` (`galeria`)
) ENGINE=MyISAM AUTO_INCREMENT=673 DEFAULT CHARSET=latin1 COLLATE=latin1_swedish_ci ROW_FORMAT=DYNAMIC;

--
-- Dumping data for table `galerias_arquivos`
--

INSERT INTO `galerias_arquivos` (`id`, `galeria`, `capa`, `path`, `arquivo`, `legenda`) VALUES (653,95,0,'zHD/galerias/1/95/','GAL-02 (0926015001717522225).jpg',NULL),(654,95,0,'zHD/galerias/1/95/','GAL-01 (0952414001717522225).jpg',NULL),(655,95,0,'zHD/galerias/1/95/','GAL-03 (0520864001717522226).jpg',NULL),(656,95,0,'zHD/galerias/1/95/','GAL-04 (0548215001717522226).jpg',NULL),(657,95,1,'zHD/galerias/1/95/','0160893001717531456.jpg',NULL),(658,96,0,'zHD/galerias/1/96/','GAL-05 (0082397001717522596).jpg',NULL),(659,96,0,'zHD/galerias/1/96/','GAL-06 (0283061001717522596).jpg',NULL),(660,96,0,'zHD/galerias/1/96/','GAL-07 (0325592001717522596).jpg',NULL),(661,96,0,'zHD/galerias/1/96/','GAL-08 (0795028001717522637).jpg',NULL),(662,96,1,'zHD/galerias/1/96/','0827348001717531490.jpg',NULL),(663,97,0,'zHD/galerias/1/97/','GAL-01 (0875410001717533427).jpg',NULL),(664,97,0,'zHD/galerias/1/97/','GAL-02 (0014006001717533428).jpg',NULL),(665,97,0,'zHD/galerias/1/97/','GAL-03 (0025852001717533428).jpg',NULL),(666,97,0,'zHD/galerias/1/97/','GAL-04 (0275952001717533429).jpg',NULL),(667,97,1,'zHD/galerias/1/97/','0514733001717533446.jpg',NULL),(668,98,0,'zHD/galerias/1/98/','GAL-05 (0481131001717533483).jpg',NULL),(669,98,0,'zHD/galerias/1/98/','GAL-06 (0499018001717533483).jpg',NULL),(670,98,0,'zHD/galerias/1/98/','GAL-07 (0517373001717533483).jpg',NULL),(671,98,0,'zHD/galerias/1/98/','GAL-08 (0549121001717533483).jpg',NULL),(672,98,1,'zHD/galerias/1/98/','0633495001717533517.jpg',NULL);

--
-- Table structure for table `galerias_secoes`
--

CREATE TABLE `galerias_secoes` (
  `id` int(11) NOT NULL AUTO_INCREMENT,
  `entidade` int(11) NOT NULL DEFAULT 0,
  `nome` varchar(250) NOT NULL,
  PRIMARY KEY (`id`),
  KEY `entidade` (`entidade`)
) ENGINE=MyISAM AUTO_INCREMENT=15 DEFAULT CHARSET=latin1 COLLATE=latin1_swedish_ci ROW_FORMAT=DYNAMIC;

--
-- Dumping data for table `galerias_secoes`
--

INSERT INTO `galerias_secoes` (`id`, `entidade`, `nome`) VALUES (1,1,'Galerias');

--
-- Table structure for table `governo`
--

CREATE TABLE `governo` (
  `id` int(11) NOT NULL AUTO_INCREMENT,
  `usuario` int(11) NOT NULL DEFAULT 0,
  `titulo` text NOT NULL,
  `tag` varchar(500) NOT NULL DEFAULT '',
  `subtitulo` text DEFAULT NULL,
  `texto` longtext DEFAULT NULL,
  `codigo` varchar(25) NOT NULL,
  `secao` text NOT NULL,
  `contatos` text NOT NULL,
  `capa` int(11) DEFAULT 0,
  `data` datetime DEFAULT current_timestamp(),
  `destaque` int(11) DEFAULT 0,
  `entidade` int(11) NOT NULL,
  `status` int(11) DEFAULT 1,
  `contador` int(11) DEFAULT 0,
  PRIMARY KEY (`id`),
  KEY `tag` (`tag`),
  KEY `capa` (`capa`),
  KEY `entidade` (`entidade`),
  KEY `destaque` (`destaque`),
  KEY `status` (`status`)
) ENGINE=MyISAM AUTO_INCREMENT=474 DEFAULT CHARSET=latin1 COLLATE=latin1_swedish_ci ROW_FORMAT=DYNAMIC;

--
-- Dumping data for table `governo`
--

INSERT INTO `governo` (`id`, `usuario`, `titulo`, `tag`, `subtitulo`, `texto`, `codigo`, `secao`, `contatos`, `capa`, `data`, `destaque`, `entidade`, `status`, `contador`) VALUES (473,1,'Professores do Ensino Médio','professoresdoensinomedio','Nome do Gestor(a)','<p>Lorem ipsão dolor sít amçet, consectetur adipiscing elit. Sed vehicula id odio quis rhoncus. Donec ullamcorper, lectus in dictum porta, urna nisl tincidunt metus, at iaculis nunc sem vitae diam. Etiam quam orci, volutpat a justo non, pretium condimentum felis. Duis id elementum arcu. Mauris pharetra dui molestie tortor imperdiet. </p><p><br></p><p>Duis non laoreet eros. Vestibulum porta neque eleifend erat tempus, vitae sagittis elit sodales. Sed convallis erat quis iaculis vestibulum. Curabitur sit amet purus et tellus consectetur vehicula. Suspendisse condimentum bibendum ante in adipiscing. Aliquam dignissim nisl eget arcu convallis, in viverra risus consequat. Pellentesque dictum gravida lacinia.</p>','c9UYx3ddZEaVeSiQ1eOP3hBNz','182','Endereço:\r\nTelefone:\r\ne-Mail:\r\nHorário de Expediente:',458,'2021-04-23 00:00:00',0,1,1,482);

--
-- Table structure for table `governo_arquivos`
--

CREATE TABLE `governo_arquivos` (
  `id` int(11) NOT NULL AUTO_INCREMENT,
  `codigo` varchar(25) NOT NULL,
  `path` text NOT NULL,
  `arquivo` text NOT NULL,
  `legenda` text DEFAULT NULL,
  `tipo` varchar(50) DEFAULT NULL,
  PRIMARY KEY (`id`),
  KEY `codigo` (`codigo`)
) ENGINE=MyISAM AUTO_INCREMENT=459 DEFAULT CHARSET=latin1 COLLATE=latin1_swedish_ci ROW_FORMAT=DYNAMIC;

--
-- Dumping data for table `governo_arquivos`
--

INSERT INTO `governo_arquivos` (`id`, `codigo`, `path`, `arquivo`, `legenda`, `tipo`) VALUES (458,'c9UYx3ddZEaVeSiQ1eOP3hBNz','zHD/governo/1/c9UYx3ddZEaVeSiQ1eOP3hBNz/imagens/','0761384001677486993.jpg',NULL,'capa');

--
-- Table structure for table `governo_links`
--

CREATE TABLE `governo_links` (
  `id` int(11) NOT NULL AUTO_INCREMENT,
  `codigo` varchar(25) NOT NULL,
  `titulo` text DEFAULT NULL,
  `link` text NOT NULL,
  PRIMARY KEY (`id`),
  KEY `codigo` (`codigo`)
) ENGINE=MyISAM AUTO_INCREMENT=120 DEFAULT CHARSET=latin1 COLLATE=latin1_swedish_ci ROW_FORMAT=DYNAMIC;

--
-- Dumping data for table `governo_links`
--


--
-- Table structure for table `governo_secoes`
--

CREATE TABLE `governo_secoes` (
  `id` int(11) NOT NULL AUTO_INCREMENT,
  `nome` varchar(250) NOT NULL,
  `entidade` int(11) NOT NULL DEFAULT 0,
  PRIMARY KEY (`id`),
  KEY `entidade` (`entidade`)
) ENGINE=MyISAM AUTO_INCREMENT=186 DEFAULT CHARSET=latin1 COLLATE=latin1_swedish_ci ROW_FORMAT=DYNAMIC;

--
-- Dumping data for table `governo_secoes`
--

INSERT INTO `governo_secoes` (`id`, `nome`, `entidade`) VALUES (182,'Professores',1),(181,'Diretorias',1),(180,'Administração',1),(183,'Departamentos',1),(184,'Organograma',1);

--
-- Table structure for table `governo_videos`
--

CREATE TABLE `governo_videos` (
  `id` int(11) NOT NULL AUTO_INCREMENT,
  `codigo` varchar(25) NOT NULL,
  `titulo` text DEFAULT NULL,
  `link` text NOT NULL,
  PRIMARY KEY (`id`),
  KEY `codigo` (`codigo`)
) ENGINE=MyISAM AUTO_INCREMENT=133 DEFAULT CHARSET=latin1 COLLATE=latin1_swedish_ci ROW_FORMAT=DYNAMIC;

--
-- Dumping data for table `governo_videos`
--


--
-- Table structure for table `imagem`
--

CREATE TABLE `imagem` (
  `id` int(11) NOT NULL AUTO_INCREMENT,
  `usuario` int(11) NOT NULL DEFAULT 0,
  `secao` int(11) NOT NULL DEFAULT 0,
  `path` text DEFAULT NULL,
  `arquivo` text DEFAULT NULL,
  `legenda` text DEFAULT NULL,
  `ordem` int(11) NOT NULL DEFAULT 0,
  `link` text DEFAULT NULL,
  `target` varchar(50) DEFAULT NULL,
  `entidade` int(11) NOT NULL,
  `status` int(11) NOT NULL DEFAULT 1,
  PRIMARY KEY (`id`),
  KEY `entidade` (`entidade`),
  KEY `secao` (`secao`),
  KEY `status` (`status`)
) ENGINE=MyISAM AUTO_INCREMENT=578 DEFAULT CHARSET=latin1 COLLATE=latin1_swedish_ci ROW_FORMAT=DYNAMIC;

--
-- Dumping data for table `imagem`
--

INSERT INTO `imagem` (`id`, `usuario`, `secao`, `path`, `arquivo`, `legenda`, `ordem`, `link`, `target`, `entidade`, `status`) VALUES (544,1,204,'zHD/imagem/1/544/','0012701001683939486.jpg','Capa',1,'','default',1,1),(546,1,207,'zHD/imagem/4/546/','0571915001675104682.jpg','Volta as aulas',2,'',NULL,4,1),(558,1,210,'zHD/imagem/4/558/','0713288001678384138.jpg','Enem',1,'','default',4,1),(562,1,210,'zHD/imagem/4/562/','0559600001678384447.jpg','Fies',1,'https://www.caixa.gov.br/programas-sociais/fies/Paginas/default.aspx','_blank',4,1),(545,1,206,'zHD/imagem/4/545/','0757980001675428707.jpg','CAPA',1,'','default',4,0),(494,1,202,'zHD/imagem/5/494/','0624617001675431917.jpg','Dia Mundial do Meio Ambiente',0,'',NULL,5,1),(495,1,202,'zHD/imagem/5/495/','0309690001675432028.jpg','Disque denúncia',0,'',NULL,5,1),(496,1,202,'zHD/imagem/5/496/','0688128001675432061.jpg','Denuncie queimadas',0,'',NULL,5,1),(497,1,202,'zHD/imagem/5/497/','0921082001675431950.jpg','Preserve o meio ambiente',0,'',NULL,5,1),(576,1,215,'zHD/imagem/2/576/','0220082001681672102.jpg','Campeonato de Futebol',1,'',NULL,2,1),(575,1,214,'zHD/imagem/2/575/','0969799001681671740.jpg','Jogos',1,'',NULL,2,1),(561,1,210,'zHD/imagem/4/561/','0742735001678384405.jpg','Livros Online',1,'','default',4,1),(560,1,210,'zHD/imagem/4/560/','0896217001678384058.jpg','Pronatec',1,'http://portal.mec.gov.br/pronatec','_blank',4,1),(537,1,203,'zHD/imagem/8/537/','0869509001641522455.jpg','Conta gov br',1,'https://sso.acesso.gov.br/login?client_id=contas.acesso.gov.br&authorization_id=17e45514d31','_blank',8,1),(538,1,203,'zHD/imagem/8/538/','0905170001641523274.jpg','Programa CRED+',1,'https://www.gov.br/empresas-e-negocios/pt-br/credito/credmei-credmpe','_blank',8,1),(536,1,203,'zHD/imagem/8/536/','0647526001641521413.jpg','Como se tornar um MEI',1,'https://www.gov.br/empresas-e-negocios/pt-br/empreendedor/quero-ser-mei','_blank',8,1),(548,1,208,'zHD/imagem/5/548/','0413586001679349537.jpg','Capa',1,'',NULL,5,1),(577,1,205,'zHD/imagem/1/577/','0923293001683939896.jpg','Capa',1,'',NULL,1,1),(552,1,206,'zHD/imagem/4/552/','0716727001677295742.jpg','Volta àsaulas',1,'','default',4,0),(553,1,206,'zHD/imagem/4/553/','0839704001679346189.jpg','Livros Online',1,'https://edu.prefeiturasonline.com.br/pag.php?pg=down/dw_acor&secao=Livros%20Online','default',4,1),(554,1,209,'zHD/imagem/1/554/','0775405001683928520.jpg','Lançamento 1',1,'','default',1,1),(555,1,209,'zHD/imagem/1/555/','0668931001683928553.jpg','Lançamento 2',1,'','default',1,1),(556,1,209,'zHD/imagem/1/556/','0721067001683928575.jpg','Lançamento 3',1,'','default',1,1),(557,1,209,'zHD/imagem/1/557/','0362010001683928597.jpg','Lançamento 4',1,'','default',1,1);

--
-- Table structure for table `imagem_secoes`
--

CREATE TABLE `imagem_secoes` (
  `id` int(11) NOT NULL AUTO_INCREMENT,
  `nome` varchar(250) NOT NULL,
  `entidade` int(11) NOT NULL DEFAULT 0,
  PRIMARY KEY (`id`),
  KEY `entidade` (`entidade`)
) ENGINE=MyISAM AUTO_INCREMENT=217 DEFAULT CHARSET=latin1 COLLATE=latin1_swedish_ci ROW_FORMAT=DYNAMIC;

--
-- Dumping data for table `imagem_secoes`
--

INSERT INTO `imagem_secoes` (`id`, `nome`, `entidade`) VALUES (182,'Menu',1),(210,'Menu',4),(202,'Menu',5),(204,'Banner1',1),(203,'Menu',8),(201,'Menu',2),(205,'Capa',1),(206,'Capa',4),(207,'Banner',4),(208,'Capa',5),(209,'Multi',1),(211,'Multi',5),(212,'Banner',5),(213,'Multi',2),(214,'Capa',2),(215,'Banner',2),(216,'Banner2',1);

--
-- Table structure for table `links`
--

CREATE TABLE `links` (
  `id` int(11) NOT NULL AUTO_INCREMENT,
  `titulo` text NOT NULL,
  `secao` int(11) NOT NULL DEFAULT 0,
  `url` text NOT NULL,
  `entidade` int(11) NOT NULL DEFAULT 0,
  PRIMARY KEY (`id`),
  KEY `entidade` (`entidade`)
) ENGINE=MyISAM AUTO_INCREMENT=132 DEFAULT CHARSET=latin1 COLLATE=latin1_swedish_ci ROW_FORMAT=DYNAMIC;

--
-- Dumping data for table `links`
--

INSERT INTO `links` (`id`, `titulo`, `secao`, `url`, `entidade`) VALUES (73,'Receita Federal',1,'https://idg.receita.fazenda.gov.br/',1),(75,'Sebrae',1,'http://www.sebrae.com.br/sites/PortalSebrae',1),(84,'Google',5,'http://google.com',23);

--
-- Table structure for table `links_secoes`
--

CREATE TABLE `links_secoes` (
  `id` int(11) NOT NULL AUTO_INCREMENT,
  `entidade` int(11) NOT NULL DEFAULT 0,
  `nome` varchar(250) NOT NULL,
  PRIMARY KEY (`id`),
  KEY `entidade` (`entidade`)
) ENGINE=MyISAM AUTO_INCREMENT=11 DEFAULT CHARSET=latin1 COLLATE=latin1_swedish_ci ROW_FORMAT=DYNAMIC;

--
-- Dumping data for table `links_secoes`
--

INSERT INTO `links_secoes` (`id`, `entidade`, `nome`) VALUES (1,1,'Links Úteis'),(10,1,'Links Legislação Transparência');

--
-- Table structure for table `livros`
--

CREATE TABLE `livros` (
  `id` int(11) NOT NULL AUTO_INCREMENT,
  `usuario` int(11) NOT NULL DEFAULT 0,
  `categoria` int(11) NOT NULL DEFAULT 0,
  `capa` int(11) DEFAULT NULL,
  `titulo` text NOT NULL,
  `autor` text DEFAULT NULL,
  `texto` text DEFAULT NULL,
  `codigo` varchar(25) NOT NULL,
  `ano` year(4) DEFAULT NULL,
  `data` datetime DEFAULT current_timestamp(),
  `entidade` int(11) NOT NULL,
  `local` int(11) NOT NULL DEFAULT 1,
  PRIMARY KEY (`id`) USING BTREE,
  KEY `entidade` (`entidade`) USING BTREE,
  KEY `secao` (`categoria`) USING BTREE,
  KEY `status` (`local`) USING BTREE
) ENGINE=MyISAM AUTO_INCREMENT=251 DEFAULT CHARSET=latin1 COLLATE=latin1_swedish_ci ROW_FORMAT=DYNAMIC;

--
-- Dumping data for table `livros`
--

INSERT INTO `livros` (`id`, `usuario`, `categoria`, `capa`, `titulo`, `autor`, `texto`, `codigo`, `ano`, `data`, `entidade`, `local`) VALUES (250,16,220,NULL,'Iracema','José de Alencar ','','D4zYqcIfpSzquUkXs92xsSfWo',2021,'2021-06-30 21:09:48',1,1);

--
-- Table structure for table `livros_arquivos`
--

CREATE TABLE `livros_arquivos` (
  `id` int(11) NOT NULL AUTO_INCREMENT,
  `codigo` varchar(25) NOT NULL,
  `path` text NOT NULL,
  `arquivo` text NOT NULL,
  `legenda` text DEFAULT NULL,
  `tipo` varchar(50) DEFAULT NULL,
  `data` date DEFAULT NULL,
  `views` int(11) NOT NULL DEFAULT 0,
  `local` int(11) NOT NULL DEFAULT 1,
  PRIMARY KEY (`id`) USING BTREE,
  KEY `codigo` (`codigo`) USING BTREE,
  KEY `status` (`local`) USING BTREE
) ENGINE=MyISAM AUTO_INCREMENT=1307 DEFAULT CHARSET=latin1 COLLATE=latin1_swedish_ci ROW_FORMAT=DYNAMIC;

--
-- Dumping data for table `livros_arquivos`
--

INSERT INTO `livros_arquivos` (`id`, `codigo`, `path`, `arquivo`, `legenda`, `tipo`, `data`, `views`, `local`) VALUES (1306,'D4zYqcIfpSzquUkXs92xsSfWo','zHD/livros/1/D4zYqcIfpSzquUkXs92xsSfWo/arquivos/','iracema - jose de alencar (0269615001625098199).pdf',NULL,'arquivo','2021-06-30',0,1);

--
-- Table structure for table `livros_categorias`
--

CREATE TABLE `livros_categorias` (
  `id` int(11) NOT NULL AUTO_INCREMENT,
  `nome` varchar(250) NOT NULL,
  `entidade` int(11) NOT NULL DEFAULT 0,
  `local` int(11) NOT NULL DEFAULT 1,
  PRIMARY KEY (`id`) USING BTREE,
  KEY `entidade` (`entidade`) USING BTREE,
  KEY `status` (`local`) USING BTREE
) ENGINE=MyISAM AUTO_INCREMENT=231 DEFAULT CHARSET=latin1 COLLATE=latin1_swedish_ci ROW_FORMAT=DYNAMIC;

--
-- Dumping data for table `livros_categorias`
--

INSERT INTO `livros_categorias` (`id`, `nome`, `entidade`, `local`) VALUES (224,'Ficção Literária ',1,1),(223,'Drama',1,1),(222,'Aventura ',1,1),(221,'Informativo',1,1),(220,'Romance ',1,1),(225,'Fantasia ',1,1),(226,'Horror',1,1),(227,'Poesia',1,1),(228,'Suspense ',1,1),(229,'Sátira ',1,1),(230,'Comédia',1,1);

--
-- Table structure for table `livros_sites`
--

CREATE TABLE `livros_sites` (
  `id` int(11) NOT NULL AUTO_INCREMENT,
  `site_dominio` varchar(600) NOT NULL,
  `site_entidade` int(11) NOT NULL DEFAULT 0,
  `entidade` int(11) NOT NULL DEFAULT 0,
  `ultima_atualizacao` datetime DEFAULT NULL,
  PRIMARY KEY (`id`) USING BTREE,
  KEY `entidade` (`entidade`) USING BTREE
) ENGINE=MyISAM AUTO_INCREMENT=211 DEFAULT CHARSET=latin1 COLLATE=latin1_swedish_ci ROW_FORMAT=DYNAMIC;

--
-- Dumping data for table `livros_sites`
--

INSERT INTO `livros_sites` (`id`, `site_dominio`, `site_entidade`, `entidade`, `ultima_atualizacao`) VALUES (204,'https://eldoradodocarajas.pa.gov.br/',16,4,'2021-06-25 13:01:13'),(210,'https://novaipixuna.pa.gov.br/',21,4,'2021-06-25 13:01:13'),(209,'https://xinguara.pa.gov.br/',4,4,'2021-06-25 13:01:13');

--
-- Table structure for table `localizacao`
--

CREATE TABLE `localizacao` (
  `id` int(11) NOT NULL AUTO_INCREMENT,
  `usuario` int(11) NOT NULL DEFAULT 0,
  `secao` int(11) NOT NULL DEFAULT 0,
  `codigo` text DEFAULT NULL,
  `entidade` int(11) NOT NULL,
  PRIMARY KEY (`id`),
  KEY `secao` (`secao`),
  KEY `entidade` (`entidade`)
) ENGINE=MyISAM AUTO_INCREMENT=456 DEFAULT CHARSET=latin1 COLLATE=latin1_swedish_ci ROW_FORMAT=DYNAMIC;

--
-- Dumping data for table `localizacao`
--

INSERT INTO `localizacao` (`id`, `usuario`, `secao`, `codigo`, `entidade`) VALUES (452,1,153,'<iframe src=\"https://www.google.com/maps/embed?pb=!1m18!1m12!1m3!1d31673.656505088355!2d-49.95868588255465!3d-7.101984435250001!2m3!1f0!2f0!3f0!3m2!1i1024!2i768!4f13.1!3m3!1m2!1s0x92de012ede132a5b%3A0x116cd1b4b5b458d2!2sXinguara%2C%20PA!5e0!3m2!1spt-BR!2sbr!4v1618547427835!5m2!1spt-BR!2sbr\" width=\"100%\" height=\"450\" style=\"border:0;\" allowfullscreen=\"\" loading=\"lazy\"></iframe>',1),(453,1,154,'<iframe src=\"https://www.google.com/maps/embed?pb=!1m18!1m12!1m3!1d3839.0494847429263!2d-47.927533385055874!3d-15.801344539046873!2m3!1f0!2f0!3f0!3m2!1i1024!2i768!4f13.1!3m3!1m2!1s0x935a3077191851d5%3A0x84c2e8a4dd30c6af!2sSt.+Sudoeste+Com%C3%A9rcio+Local+Sudoeste+103+-+Cruzeiro+%2F+Sudoeste+%2F+Octogonal%2C+Bras%C3%ADlia+-+DF%2C+70297-400!5e0!3m2!1spt-BR!2sbr!4v1538415886850\" width=\"100%\" height=\"450\" frameborder=\"0\" style=\"border:0\" allowfullscreen></iframe>',23),(454,1,155,'<iframe src=\"https://www.google.com/maps/embed?pb=!1m18!1m12!1m3!1d3838.9901291084097!2d-47.95347668505571!3d-15.804474489044944!2m3!1f0!2f0!3f0!3m2!1i1024!2i768!4f13.1!3m3!1m2!1s0x935a305aa1a0f42f%3A0x70966678456bc294!2sSia+Trecho+3!5e0!3m2!1spt-BR!2sbr!4v1538415935085\" width=\"100%\" height=\"450\" frameborder=\"0\" style=\"border:0\" allowfullscreen></iframe>',23),(455,1,156,'<iframe src=\"https://www.google.com/maps/embed?pb=!1m18!1m12!1m3!1d3839.049484742935!2d-47.927533385055874!3d-15.801344539046877!2m3!1f0!2f0!3f0!3m2!1i1024!2i768!4f13.1!3m3!1m2!1s0x935a3077191851d5%3A0x84c2e8a4dd30c6af!2sSt.+Sudoeste+Com%C3%A9rcio+Local+Sudoeste+103+-+Cruzeiro+%2F+Sudoeste+%2F+Octogonal%2C+Bras%C3%ADlia+-+DF%2C+70297-400!5e0!3m2!1spt-BR!2sbr!4v1539415171648\" width=\"100%\" height=\"450\" frameborder=\"0\" style=\"border:0\" allowfullscreen></iframe>',4);

--
-- Table structure for table `localizacao_secoes`
--

CREATE TABLE `localizacao_secoes` (
  `id` int(11) NOT NULL AUTO_INCREMENT,
  `nome` varchar(250) NOT NULL,
  `entidade` int(11) NOT NULL DEFAULT 0,
  PRIMARY KEY (`id`),
  KEY `nome` (`nome`)
) ENGINE=MyISAM AUTO_INCREMENT=158 DEFAULT CHARSET=latin1 COLLATE=latin1_swedish_ci ROW_FORMAT=DYNAMIC;

--
-- Dumping data for table `localizacao_secoes`
--

INSERT INTO `localizacao_secoes` (`id`, `nome`, `entidade`) VALUES (153,'Localização',1);

--
-- Table structure for table `mural`
--

CREATE TABLE `mural` (
  `id` int(11) NOT NULL AUTO_INCREMENT,
  `secao` int(11) NOT NULL DEFAULT 0,
  `pergunta` text DEFAULT NULL,
  `data_pergunta` timestamp NULL DEFAULT current_timestamp(),
  `data_resposta` datetime DEFAULT NULL,
  `nome` varchar(200) DEFAULT NULL,
  `email` varchar(300) DEFAULT NULL,
  `resposta` text DEFAULT NULL,
  `usuario` int(11) DEFAULT 0,
  `entidade` int(11) NOT NULL,
  `status` int(11) NOT NULL DEFAULT 0,
  PRIMARY KEY (`id`),
  KEY `secao` (`secao`),
  KEY `status` (`status`),
  KEY `entidade` (`entidade`),
  KEY `data_pergunta` (`data_pergunta`)
) ENGINE=MyISAM AUTO_INCREMENT=477 DEFAULT CHARSET=latin1 COLLATE=latin1_swedish_ci ROW_FORMAT=DYNAMIC;

--
-- Dumping data for table `mural`
--

INSERT INTO `mural` (`id`, `secao`, `pergunta`, `data_pergunta`, `data_resposta`, `nome`, `email`, `resposta`, `usuario`, `entidade`, `status`) VALUES (476,153,'teste','2020-06-19 14:05:05',NULL,'Jorge Miguel','artesaosimao@msn.com',NULL,0,1,0);

--
-- Table structure for table `mural_secoes`
--

CREATE TABLE `mural_secoes` (
  `id` int(11) NOT NULL AUTO_INCREMENT,
  `nome` varchar(250) NOT NULL,
  `entidade` int(11) NOT NULL DEFAULT 0,
  PRIMARY KEY (`id`),
  KEY `nome` (`nome`)
) ENGINE=MyISAM AUTO_INCREMENT=158 DEFAULT CHARSET=latin1 COLLATE=latin1_swedish_ci ROW_FORMAT=DYNAMIC;

--
-- Dumping data for table `mural_secoes`
--

INSERT INTO `mural_secoes` (`id`, `nome`, `entidade`) VALUES (153,'Mural',1);

--
-- Table structure for table `noticias`
--

CREATE TABLE `noticias` (
  `id` int(11) NOT NULL AUTO_INCREMENT,
  `usuario` int(11) NOT NULL DEFAULT 0,
  `titulo` text NOT NULL,
  `tag` varchar(500) NOT NULL DEFAULT '',
  `subtitulo` text DEFAULT NULL,
  `texto` longtext DEFAULT NULL,
  `codigo` varchar(25) NOT NULL,
  `secao` int(11) NOT NULL DEFAULT 0,
  `capa` int(11) DEFAULT 0,
  `data` datetime DEFAULT current_timestamp(),
  `destaque` int(11) DEFAULT 0,
  `entidade` int(11) NOT NULL,
  `status` int(11) DEFAULT 1,
  `vereador` int(11) DEFAULT 0,
  `contador` int(11) DEFAULT 0,
  PRIMARY KEY (`id`),
  KEY `tag` (`tag`),
  KEY `entidade` (`entidade`),
  KEY `capa` (`capa`),
  KEY `secao` (`secao`),
  KEY `status` (`status`),
  KEY `vereador` (`vereador`)
) ENGINE=MyISAM AUTO_INCREMENT=591 DEFAULT CHARSET=latin1 COLLATE=latin1_swedish_ci;

--
-- Dumping data for table `noticias`
--


--
-- Table structure for table `noticias_arquivos`
--

CREATE TABLE `noticias_arquivos` (
  `id` int(11) NOT NULL AUTO_INCREMENT,
  `codigo` varchar(25) NOT NULL,
  `path` text NOT NULL,
  `arquivo` text NOT NULL,
  `legenda` text DEFAULT NULL,
  `tipo` varchar(50) DEFAULT NULL,
  PRIMARY KEY (`id`),
  KEY `codigo` (`codigo`)
) ENGINE=MyISAM AUTO_INCREMENT=884 DEFAULT CHARSET=latin1 COLLATE=latin1_swedish_ci;

--
-- Dumping data for table `noticias_arquivos`
--


--
-- Table structure for table `noticias_entidades`
--

CREATE TABLE `noticias_entidades` (
  `id` int(11) NOT NULL AUTO_INCREMENT,
  `usuario` int(11) NOT NULL,
  `noticia` int(11) NOT NULL,
  `entidade` int(11) NOT NULL,
  `data` datetime NOT NULL DEFAULT current_timestamp(),
  PRIMARY KEY (`id`),
  KEY `noticia` (`noticia`),
  KEY `entidade` (`entidade`),
  KEY `usuario` (`usuario`)
) ENGINE=MyISAM AUTO_INCREMENT=57 DEFAULT CHARSET=latin1 COLLATE=latin1_swedish_ci;

--
-- Dumping data for table `noticias_entidades`
--

INSERT INTO `noticias_entidades` (`id`, `usuario`, `noticia`, `entidade`, `data`) VALUES (56,1,512,2,'2021-04-23 04:07:42');

--
-- Table structure for table `noticias_links`
--

CREATE TABLE `noticias_links` (
  `id` int(11) NOT NULL AUTO_INCREMENT,
  `codigo` varchar(25) NOT NULL,
  `titulo` text DEFAULT NULL,
  `link` text NOT NULL,
  PRIMARY KEY (`id`),
  KEY `codigo` (`codigo`)
) ENGINE=MyISAM AUTO_INCREMENT=135 DEFAULT CHARSET=latin1 COLLATE=latin1_swedish_ci ROW_FORMAT=DYNAMIC;

--
-- Dumping data for table `noticias_links`
--


--
-- Table structure for table `noticias_secoes`
--

CREATE TABLE `noticias_secoes` (
  `id` int(11) NOT NULL AUTO_INCREMENT,
  `entidade` int(11) NOT NULL DEFAULT 0,
  `nome` varchar(250) NOT NULL,
  PRIMARY KEY (`id`),
  KEY `entidade` (`entidade`)
) ENGINE=MyISAM AUTO_INCREMENT=73 DEFAULT CHARSET=latin1 COLLATE=latin1_swedish_ci ROW_FORMAT=DYNAMIC;

--
-- Dumping data for table `noticias_secoes`
--


--
-- Table structure for table `noticias_videos`
--

CREATE TABLE `noticias_videos` (
  `id` int(11) NOT NULL AUTO_INCREMENT,
  `codigo` varchar(25) NOT NULL,
  `titulo` text DEFAULT NULL,
  `link` text NOT NULL,
  PRIMARY KEY (`id`),
  KEY `codigo` (`codigo`)
) ENGINE=MyISAM AUTO_INCREMENT=154 DEFAULT CHARSET=latin1 COLLATE=latin1_swedish_ci ROW_FORMAT=DYNAMIC;

--
-- Dumping data for table `noticias_videos`
--


--
-- Table structure for table `ouvidoria`
--

CREATE TABLE `ouvidoria` (
  `id` int(11) NOT NULL AUTO_INCREMENT,
  `anonimo` int(11) NOT NULL DEFAULT 0,
  `finalidade` int(11) DEFAULT NULL,
  `status` int(11) NOT NULL DEFAULT 0,
  `pessoa` varchar(20) DEFAULT NULL,
  `nome` varchar(200) DEFAULT NULL,
  `documento` varchar(200) DEFAULT NULL,
  `email` varchar(300) DEFAULT NULL,
  `telefone` varchar(300) DEFAULT NULL,
  `cep` varchar(300) DEFAULT NULL,
  `endereco` varchar(300) DEFAULT NULL,
  `bairro` varchar(300) DEFAULT NULL,
  `complemento` varchar(300) DEFAULT NULL,
  `cidade` varchar(300) DEFAULT NULL,
  `uf` varchar(300) DEFAULT NULL,
  `codigo` varchar(25) DEFAULT NULL,
  `titulo` text DEFAULT NULL,
  `texto` text DEFAULT NULL,
  `protocolo` varchar(8) NOT NULL,
  `data` timestamp NOT NULL DEFAULT current_timestamp(),
  `entidade` int(11) NOT NULL,
  `envio` int(11) NOT NULL DEFAULT 0,
  PRIMARY KEY (`id`),
  KEY `entidade` (`entidade`),
  KEY `protocolo` (`protocolo`),
  KEY `documento` (`documento`)
) ENGINE=MyISAM AUTO_INCREMENT=479 DEFAULT CHARSET=latin1 COLLATE=latin1_swedish_ci ROW_FORMAT=DYNAMIC;

--
-- Dumping data for table `ouvidoria`
--


--
-- Table structure for table `ouvidoria_arquivos`
--

CREATE TABLE `ouvidoria_arquivos` (
  `id` int(11) NOT NULL AUTO_INCREMENT,
  `codigo` varchar(25) NOT NULL,
  `path` text NOT NULL,
  `arquivo` text NOT NULL,
  `legenda` text DEFAULT NULL,
  `tipo` varchar(50) DEFAULT NULL,
  `data` date DEFAULT NULL,
  PRIMARY KEY (`id`),
  KEY `codigo` (`codigo`)
) ENGINE=MyISAM AUTO_INCREMENT=800 DEFAULT CHARSET=latin1 COLLATE=latin1_swedish_ci ROW_FORMAT=DYNAMIC;

--
-- Dumping data for table `ouvidoria_arquivos`
--


--
-- Table structure for table `ouvidoria_finalidades`
--

CREATE TABLE `ouvidoria_finalidades` (
  `id` int(11) NOT NULL AUTO_INCREMENT,
  `nome` varchar(250) NOT NULL,
  `entidade` int(11) NOT NULL DEFAULT 0,
  PRIMARY KEY (`id`),
  KEY `entidade` (`entidade`)
) ENGINE=MyISAM AUTO_INCREMENT=186 DEFAULT CHARSET=latin1 COLLATE=latin1_swedish_ci ROW_FORMAT=DYNAMIC;

--
-- Dumping data for table `ouvidoria_finalidades`
--


--
-- Table structure for table `ouvidoria_respostas`
--

CREATE TABLE `ouvidoria_respostas` (
  `id` int(11) NOT NULL AUTO_INCREMENT,
  `ouvidoria` int(11) NOT NULL DEFAULT 0,
  `usuario` int(11) NOT NULL DEFAULT 0,
  `resposta` text NOT NULL,
  `codigo` varchar(25) NOT NULL,
  `data` timestamp NOT NULL DEFAULT current_timestamp() ON UPDATE current_timestamp(),
  PRIMARY KEY (`id`),
  KEY `data` (`data`),
  KEY `ouvidoria` (`ouvidoria`)
) ENGINE=MyISAM AUTO_INCREMENT=273 DEFAULT CHARSET=latin1 COLLATE=latin1_swedish_ci ROW_FORMAT=DYNAMIC;

--
-- Dumping data for table `ouvidoria_respostas`
--


--
-- Table structure for table `ouvidoria_status`
--

CREATE TABLE `ouvidoria_status` (
  `id` int(11) NOT NULL AUTO_INCREMENT,
  `nome` varchar(250) NOT NULL,
  `entidade` int(11) NOT NULL DEFAULT 0,
  `padrao` int(11) NOT NULL DEFAULT 0,
  PRIMARY KEY (`id`),
  KEY `entidade` (`entidade`)
) ENGINE=MyISAM AUTO_INCREMENT=173 DEFAULT CHARSET=latin1 COLLATE=latin1_swedish_ci ROW_FORMAT=DYNAMIC;

--
-- Dumping data for table `ouvidoria_status`
--

INSERT INTO `ouvidoria_status` (`id`, `nome`, `entidade`, `padrao`) VALUES (1,'Respondido',1,0),(2,'Finalizado',1,0),(171,'Recebido',1,1);

--
-- Table structure for table `pesquisas`
--

CREATE TABLE `pesquisas` (
  `id` int(11) NOT NULL AUTO_INCREMENT,
  `usuario` int(11) NOT NULL DEFAULT 0,
  `publico` int(11) NOT NULL DEFAULT 0,
  `titulo` text NOT NULL,
  `imagem` text DEFAULT NULL,
  `tag` text NOT NULL,
  `texto` text DEFAULT NULL,
  `secao` int(11) NOT NULL,
  `data` datetime DEFAULT current_timestamp(),
  `ignorar_ip` int(11) DEFAULT 0,
  `entidade` int(11) NOT NULL,
  `status` int(11) DEFAULT 1,
  PRIMARY KEY (`id`),
  KEY `entidade` (`entidade`)
) ENGINE=MyISAM AUTO_INCREMENT=11 DEFAULT CHARSET=latin1 COLLATE=latin1_swedish_ci ROW_FORMAT=DYNAMIC;

--
-- Dumping data for table `pesquisas`
--


--
-- Table structure for table `pesquisas_opcoes`
--

CREATE TABLE `pesquisas_opcoes` (
  `id` int(11) NOT NULL AUTO_INCREMENT,
  `ordem` int(11) NOT NULL DEFAULT 0,
  `pesquisa` int(11) NOT NULL DEFAULT 0,
  `titulo` text NOT NULL,
  `tipo` varchar(50) NOT NULL,
  `json` text DEFAULT NULL,
  PRIMARY KEY (`id`),
  KEY `enquete` (`pesquisa`)
) ENGINE=MyISAM AUTO_INCREMENT=34 DEFAULT CHARSET=latin1 COLLATE=latin1_swedish_ci ROW_FORMAT=DYNAMIC;

--
-- Dumping data for table `pesquisas_opcoes`
--


--
-- Table structure for table `pesquisas_respostas`
--

CREATE TABLE `pesquisas_respostas` (
  `id` int(11) NOT NULL AUTO_INCREMENT,
  `pesquisa` int(11) NOT NULL DEFAULT 0,
  `formulario` varchar(25) NOT NULL,
  `json` text DEFAULT NULL,
  `ip` varchar(50) NOT NULL,
  `data` timestamp NOT NULL DEFAULT current_timestamp() ON UPDATE current_timestamp(),
  PRIMARY KEY (`id`),
  KEY `enquete` (`pesquisa`),
  KEY `ip` (`ip`),
  KEY `data` (`data`),
  KEY `formulario` (`formulario`)
) ENGINE=MyISAM AUTO_INCREMENT=34 DEFAULT CHARSET=latin1 COLLATE=latin1_swedish_ci ROW_FORMAT=DYNAMIC;

--
-- Dumping data for table `pesquisas_respostas`
--

INSERT INTO `pesquisas_respostas` (`id`, `pesquisa`, `formulario`, `json`, `ip`, `data`) VALUES (32,7,'flkSBquPyMoBLgxC3Oi660Rkk','{\"23\":\"Respons\\u00e1vel.\",\"24\":\"Urbana\",\"25\":\"Pela Internet.\",\"26\":\"Sim\",\"27\":\"impressa \",\"28\":\"tudo hoje esta funcionando com restri\\u00e7\\u00e3o s\\u00f3 nao a educa\\u00e7\\u00e3o . da qual o cidad\\u00e3o perde mais uma vez a oportunidade de evoluir \\r\\n\"}','168.90.124.57','2021-04-29 13:14:16'),(33,3,'it9L56cRY2DTcx9qPWFRhDLfS','{\"6\":\"Sou a favor.\",\"29\":\"\",\"8\":\"Sou a favor.\",\"9\":\"\"}','168.121.105.169','2023-03-21 19:27:55');

--
-- Table structure for table `pesquisas_secoes`
--

CREATE TABLE `pesquisas_secoes` (
  `id` int(11) NOT NULL AUTO_INCREMENT,
  `nome` varchar(250) NOT NULL,
  `entidade` int(11) NOT NULL DEFAULT 0,
  PRIMARY KEY (`id`),
  KEY `entidade` (`entidade`)
) ENGINE=MyISAM AUTO_INCREMENT=12 DEFAULT CHARSET=latin1 COLLATE=latin1_swedish_ci ROW_FORMAT=DYNAMIC;

--
-- Dumping data for table `pesquisas_secoes`
--


--
-- Table structure for table `popup`
--

CREATE TABLE `popup` (
  `id` int(11) NOT NULL AUTO_INCREMENT,
  `usuario` int(11) NOT NULL DEFAULT 0,
  `titulo` text NOT NULL,
  `link` text DEFAULT NULL,
  `tag` text NOT NULL,
  `texto` text DEFAULT NULL,
  `codigo` varchar(25) NOT NULL,
  `secao` int(11) NOT NULL,
  `data` datetime DEFAULT current_timestamp(),
  `entidade` int(11) NOT NULL,
  `imagem` int(11) DEFAULT 0,
  `status` int(11) DEFAULT 1,
  `contador` int(11) DEFAULT 0,
  `app_id` int(11) DEFAULT 0,
  `app_alvo` int(11) DEFAULT 0,
  PRIMARY KEY (`id`),
  KEY `app_alvo` (`app_alvo`),
  KEY `app_id` (`app_id`),
  KEY `contador` (`contador`),
  KEY `entidade` (`entidade`)
) ENGINE=MyISAM AUTO_INCREMENT=416 DEFAULT CHARSET=latin1 COLLATE=latin1_swedish_ci ROW_FORMAT=DYNAMIC;

--
-- Dumping data for table `popup`
--

INSERT INTO `popup` (`id`, `usuario`, `titulo`, `link`, `tag`, `texto`, `codigo`, `secao`, `data`, `entidade`, `imagem`, `status`, `contador`, `app_id`, `app_alvo`) VALUES (415,1,'Educação',NULL,'educacao',NULL,'dUU46sNjKaU0MZOmYdxa5IZCj',158,'2023-02-02 00:00:00',4,0,1,109,0,0),(407,1,'Padrão',NULL,'padrao',NULL,'5XkS9YOz989g1ExzKye0DSc7R',159,'2018-09-26 00:00:00',5,0,1,1067,0,0),(411,1,'Institucional',NULL,'institucional',NULL,'lMdfg4LUPtqJo9yjs3n4zoAdc',157,'2020-07-04 00:00:00',1,0,1,2460,0,0),(412,1,'Doe sangue, você também pode precisar.',NULL,'doesanguevocetambempodeprecisar.',NULL,'oxKxWcgbi2k9ah2AgEK9X0DCa',161,'2020-09-12 00:00:00',2,0,1,1036,0,0);

--
-- Table structure for table `popup_arquivos`
--

CREATE TABLE `popup_arquivos` (
  `id` int(11) NOT NULL AUTO_INCREMENT,
  `codigo` varchar(25) NOT NULL,
  `path` text NOT NULL,
  `arquivo` text NOT NULL,
  `legenda` text DEFAULT NULL,
  `tipo` varchar(50) DEFAULT NULL,
  PRIMARY KEY (`id`),
  KEY `codigo` (`codigo`)
) ENGINE=MyISAM AUTO_INCREMENT=375 DEFAULT CHARSET=latin1 COLLATE=latin1_swedish_ci ROW_FORMAT=DYNAMIC;

--
-- Dumping data for table `popup_arquivos`
--

INSERT INTO `popup_arquivos` (`id`, `codigo`, `path`, `arquivo`, `legenda`, `tipo`) VALUES (362,'oxKxWcgbi2k9ah2AgEK9X0DCa','zHD/popup/25/oxKxWcgbi2k9ah2AgEK9X0DCa/','campanha-doesangue (0861499001599927926).jpg','Doe sangue','imagem'),(361,'5XkS9YOz989g1ExzKye0DSc7R','zHD/popup/17/5XkS9YOz989g1ExzKye0DSc7R/','popup (0728489001599700892).jpg',NULL,'imagem'),(369,'TleO0v5e1qOrUbuASddLXdfK7','zHD/popup/4/TleO0v5e1qOrUbuASddLXdfK7/','popup1 (0970501001620847885).jpg',NULL,'imagem'),(370,'TleO0v5e1qOrUbuASddLXdfK7','zHD/popup/4/TleO0v5e1qOrUbuASddLXdfK7/','POPUP-EDU (0210614001675357365).jpg',NULL,'imagem'),(371,'dUU46sNjKaU0MZOmYdxa5IZCj','zHD/popup/4/dUU46sNjKaU0MZOmYdxa5IZCj/','POPUP-EDU (0104656001675370761).jpg',NULL,'imagem'),(374,'lMdfg4LUPtqJo9yjs3n4zoAdc','zHD/popup/1/lMdfg4LUPtqJo9yjs3n4zoAdc/','POPUP-GERAL2 (0905269001692679461).jpg',NULL,'imagem');

--
-- Table structure for table `popup_secoes`
--

CREATE TABLE `popup_secoes` (
  `id` int(11) NOT NULL AUTO_INCREMENT,
  `nome` varchar(250) NOT NULL,
  `entidade` int(11) NOT NULL DEFAULT 0,
  PRIMARY KEY (`id`),
  KEY `entidade` (`entidade`)
) ENGINE=MyISAM AUTO_INCREMENT=162 DEFAULT CHARSET=latin1 COLLATE=latin1_swedish_ci ROW_FORMAT=DYNAMIC;

--
-- Dumping data for table `popup_secoes`
--

INSERT INTO `popup_secoes` (`id`, `nome`, `entidade`) VALUES (160,'Publicidade',1);

--
-- Table structure for table `popup_setup`
--

CREATE TABLE `popup_setup` (
  `id` int(11) NOT NULL AUTO_INCREMENT,
  `abertura` int(11) NOT NULL,
  `intervalo` int(11) NOT NULL DEFAULT 0,
  `cache` int(11) NOT NULL DEFAULT 0,
  `entidade` int(11) NOT NULL DEFAULT 0,
  PRIMARY KEY (`id`)
) ENGINE=MyISAM AUTO_INCREMENT=165 DEFAULT CHARSET=latin1 COLLATE=latin1_swedish_ci ROW_FORMAT=DYNAMIC;

--
-- Dumping data for table `popup_setup`
--

INSERT INTO `popup_setup` (`id`, `abertura`, `intervalo`, `cache`, `entidade`) VALUES (155,0,60,0,1),(160,15,600,0,1);

--
-- Table structure for table `videos`
--

CREATE TABLE `videos` (
  `id` int(11) NOT NULL AUTO_INCREMENT,
  `data` timestamp NOT NULL DEFAULT current_timestamp(),
  `secao` int(11) NOT NULL DEFAULT 0,
  `titulo` text NOT NULL,
  `descricao` text DEFAULT NULL,
  `codigo` varchar(100) NOT NULL,
  `entidade` int(11) NOT NULL DEFAULT 0,
  PRIMARY KEY (`id`),
  KEY `entidade` (`entidade`)
) ENGINE=MyISAM AUTO_INCREMENT=101 DEFAULT CHARSET=latin1 COLLATE=latin1_swedish_ci ROW_FORMAT=DYNAMIC;

--
-- Dumping data for table `videos`
--

INSERT INTO `videos` (`id`, `data`, `secao`, `titulo`, `descricao`, `codigo`, `entidade`) VALUES (91,'2021-04-23 03:00:00',1,'Não antecipe parcelas do financiamento','','arhQ7xh9gPE',1),(89,'2021-04-23 03:00:00',1,'Casa ou apartamento, qual o melhor?','','KP3W3PG2Z2o',1),(100,'2023-04-12 03:00:00',1,'Qual a melhor taxa de financiamento imobiliário.','','Kw4WfpJ2N-A',1);

--
-- Table structure for table `videos_secoes`
--

CREATE TABLE `videos_secoes` (
  `id` int(11) NOT NULL AUTO_INCREMENT,
  `entidade` int(11) NOT NULL DEFAULT 0,
  `nome` varchar(250) NOT NULL,
  PRIMARY KEY (`id`),
  KEY `entidade` (`entidade`)
) ENGINE=MyISAM AUTO_INCREMENT=14 DEFAULT CHARSET=latin1 COLLATE=latin1_swedish_ci ROW_FORMAT=DYNAMIC;

--
-- Dumping data for table `videos_secoes`
--

INSERT INTO `videos_secoes` (`id`, `entidade`, `nome`) VALUES (1,1,'Vídeos'),(3,1,'Vídeos');

--
-- Dumping events for database 'jpwnet_imoveis'
--

--
-- Dumping routines for database 'jpwnet_imoveis'
--


