[BLOB]\" data-filename=\"image.png\" style=\"width: 1224px;\"></h3><p style=\"color: rgb(0, 0, 0);\"><br></p><p style=\"color: rgb(0, 0, 0);\"><br></p><p style=\"color: rgb(0, 0, 0);\"><img src=\"data:image/png;base64,[BLOB]\" data-filename=\"image.png\" style=\"width: 1224px;\"><br></p><h3 class=\"no-margin-top\" style=\"color: rgb(0, 0, 0);\"><br></h3><h3 class=\"no-margin-top\" style=\"color: rgb(0, 0, 0);\"><br></h3><h3 class=\"no-margin-top\" style=\"color: rgb(0, 0, 0);\">Criando nova Notícia<br></h3><p>1 - Clique <b>Cadastrar Cadastrar</b>, ou em <b>Gerenciar > Novo Cadastro</b>.<br>2 - Preencha: <b>data, hora, título, subtítulo, digite uma categoria ou selecione uma existente e texto</b>.<br><span style=\"color: rgb(51, 51, 51); font-size: 14px;\">3 - Clique em Salvar. Você será redirecionado para inserir arquivos.</span><span style=\"color: rgb(51, 51, 51); font-size: 14px;\"><br></span></p><h3 class=\"no-margin-top\" style=\"color: rgb(0, 0, 0);\">Gerenciando conteúdo (Capa, Imagens, Vídeos, Links e Arquivos)</h3><p style=\"color: rgb(0, 0, 0);\"><b>Capa:</b><br>1 - Em Gerenciar, clique Editar na notícia desejada.<br>2 - Clique em Inserir Imagens.<br>3 - Clique em Carregar Imagem ou Trocar Imagem, para inserir uma nova imagem de capa.<br><b>Imagens:</b><br>1 - Em Gerenciar, clique Editar na notícia desejada.<br>2 - Clique em Inserir Imagens.<br>3 - Adicione imagens clicando no \"Clique aqui para carregar seu arquivo\".<br>4 - Passe o mouse sobre a imagem para editar legenda e/ou data ou excluir. Após excluir alguma imagem clique em \"Atualizar\".<br><b>Vídeos:</b><br>1 - Em Gerenciar, clique Editar na notícia desejada.<br>2 - Clique em Inserir Vídeos.<br>3 - Clique em Novo Vídeo, preencha os campo títulos e link (youtube), para adicionar um vídeo.<br>4 - Clique em Excluir, para excluir o vídeo desejado.<br><b>Links:</b><br>1 - Em Gerenciar, clique Editar na notícia desejada.<br>2 - Clique em Inserir Links.<br>3 - Clique em Novo Link, preencha os campos título e link, para adicionar um link.<br>4 - Clique em Excluir, para excluir o link desejado.<br><b>Arquivos:</b><br>1 - Em Gerenciar, clique Editar na notícia desejada.<br>2 - Clique em Inserir arquivos.<br>3 - Adicione arquivos clicando no \"Clique aqui para carregar seu arquivo\".<br>4 - Passe o mouse sobre o ícone para editar legenda e/ou data ou excluir. Após excluir alguma imagem clique em \"Atualizar\".</p><h3 class=\"no-margin-top\" style=\"color: rgb(0, 0, 0);\">Ativar/Desativar</h3><div>1 - Em Gerenciar, clique em Ativa para desativar e Inativa para ativar.</div><div><br></div><h3 class=\"no-margin-top\" style=\"color: rgb(0, 0, 0);\">Editando</h3><h3 class=\"no-margin-top\" style=\"color: rgb(0, 0, 0);\"><p style=\"font-size: 13px;\">1 - Em <b>Gerenciar, </b>Clique em <b>Editar </b>na linha da notícia desejada.</p></h3><h3 class=\"no-margin-top\" style=\"color: rgb(0, 0, 0);\">Excluindo</h3><h3 class=\"no-margin-top\" style=\"color: rgb(0, 0, 0);\"><p style=\"font-size: 13px;\">1 - Em <b>Gerenciar, </b>Clique em <b>Excluir </b>na linha da notícia desejada.<br>2 - Confirme a ação e aguarde confirmação.</p></h3>'),('14','<h3 class=\"no-margin-top\" style=\"color: rgb(0, 0, 0);\">Gerenciando Definições</h3><h3 class=\"no-margin-top\" style=\"color: rgb(0, 0, 0);\"><p style=\"font-size: 13px;\">1 - Clique em configurar > Editar Definições para configurar o comportamento do aplicativo.</p></h3><h3 class=\"no-margin-top\" style=\"color: rgb(0, 0, 0);\">Gerenciando Seções</h3><h3 class=\"no-margin-top\" style=\"color: rgb(0, 0, 0);\"></h3><h5 style=\"font-size: 13px;\">1 - Clique em configurar, crie, edite, ou exclua seções.</h5><h3 class=\"no-margin-top\" style=\"color: rgb(0, 0, 0);\">Criando novo Pop-up</h3><p></p><h5>1 - Clique <b style=\"color: inherit;\">Gerenciar > Novo Cadastro</b><span style=\"color: inherit;\">, ou em </span><b style=\"color: inherit;\">Cadastrar</b><span style=\"color: inherit;\"> no menu superior.</span><br></h5>2 - Preencha: <b>seção, título, link (opcional) e texto (opcional)</b>.<br><span style=\"color: rgb(51, 51, 51); font-size: 14px;\">3 - Clique em Salvar. Você será redirecionado para inserir arquivos.</span><span style=\"color: rgb(51, 51, 51); font-size: 14px;\"><br></span><p></p><h3 class=\"no-margin-top\" style=\"color: rgb(0, 0, 0);\">Gerenciando imagens.<br></h3><p>1 - Em Gerenciar, na linha do pop-up desejado clique em <b>editar.<br></b>2 - Clique em <b>Inserir Imagens.</b><br>3 - Para inserir arquivos, clique na caixa em destaque \"Clique aqui para carregar seu arquivo\" ou solte os arquivos acima dela.<br>4 - Passe o mouse sobre o ícone para editar legenda e/ou data ou excluir o arquivo. Após excluir algum arquivo clique em \"Atualizar\".</p><h3 class=\"no-margin-top\" style=\"color: rgb(0, 0, 0);\">Integrado à Notícias / Enquetes<br></h3><p>1 - Em Gerenciar, na linha do pop-up desejado clique em <b>Integração</b> (ou Enquetes/Notícias)<b>.<br></b>2 - Selecione o Aplicativo desejado.<br>3 - Selecione a Notícia/Pop-up desejado.<br>4 - Clique em Salvar.</p><h3 class=\"no-margin-top\" style=\"color: rgb(0, 0, 0);\">Excluindo</h3><h3 class=\"no-margin-top\" style=\"color: rgb(0, 0, 0);\"><p style=\"font-size: 13px;\">1 - Em <b>Gerenciar, </b>Clique em <b>Excluir </b>na linha no pop-up desejado.<br>2 - Confirme a ação e aguarde confirmação.</p></h3>'),('25','<h4 style=\"color: rgb(0, 0, 0);\">Respondendo ao Recado:<br></h4><div>1 - Em Gerenciar, na linha desejada clique em Responder.<br>2 - Preencha o campo \"Resposta\" e clique em salvar.</div><div><br></div><div><h4 style=\"color: rgb(0, 0, 0);\">Editando uma resposta:<br></h4><div>1 - Em Gerenciar, na linha desejada clique em editar.<br>2 - Edite o campo \"Resposta\" e clique em salvar.</div><div><br></div></div><div><h4 style=\"color: rgb(0, 0, 0);\">Excluindo um Recado:<br></h4></div><div>1 - Em Gerenciar, clique em Excluir na linha desejada.</div><div>2 - Confirme a ação e aguarde confirmação.</div><div><br></div><div><h4 style=\"color: rgb(0, 0, 0);\">Gerenciando Seções:<br></h4><div>1 - Em Configurações, crie, edite ou exclua seções do mural.</div><div><br></div><div><h4 style=\"color: rgb(0, 0, 0);\">Notificar resposta ao Usuário:<br></h4><div>1 - Quando cadastrado corretamente o email do usuário, é possível enviar um email notificando alterações no contato clicando no ícone: <i class=\"fa fa-envelope\"></i>,</div><div>que fica Azul quando disponível e vermelho, quando necessário.</div></div></div>'),('entidades','<div>1. Acessar Entidades.</div><div>2. Em Gerenciar, será exibida a lista de entidades;</div><div>3. Para criar uma nova entidade, vá em <b>Gerenciar > Nova Entidade</b>, preencha os campos corretamente e clique em salvar.</div><div>4. Para <b>Excluir</b>: Clique em Excluir na linha da entidade desejada e confirme a ação. (Esta ação não pode ser desfeita)</div><div><br></div><div>Permitindo e Removendo Permissão em Aplicativos à uma entidade:</div><div>1. Em Gerenciar, clique em <b>Gerenciar</b>, na entidade desejada.</div><div>2. Clique em <b>Aplicativos</b>, Aparecerá a lista de aplicativos instaladas, Clique no Aplicativo desejado para permitir ou remover permissão;</div><div>Obs.: A Entidade recebe permissão de acesso ao aplicativo, todavia falta permitir os usuários que terão acesso a tal aplicativo.</div>');

--
-- Table structure for table `app_aplicativos_grupos`
--

CREATE TABLE `app_aplicativos_grupos` (
  `ID` int(11) NOT NULL AUTO_INCREMENT,
  `nome` varchar(100) NOT NULL,
  `ordem` int(11) NOT NULL DEFAULT 0,
  PRIMARY KEY (`ID`),
  KEY `ordem` (`ordem`)
) ENGINE=MyISAM AUTO_INCREMENT=4 DEFAULT CHARSET=latin1 COLLATE=latin1_swedish_ci ROW_FORMAT=DYNAMIC;

--
-- Dumping data for table `app_aplicativos_grupos`
--

INSERT INTO `app_aplicativos_grupos` (`ID`, `nome`, `ordem`) VALUES (1,'Multimídias',1),(2,'Sistemas',0);

--
-- Table structure for table `app_aplicativos_menus`
--

CREATE TABLE `app_aplicativos_menus` (
  `id` int(11) NOT NULL AUTO_INCREMENT,
  `aplicativo` int(11) NOT NULL DEFAULT 0,
  `nome` varchar(100) DEFAULT '0',
  `tag` varchar(100) DEFAULT '0',
  `pagina` varchar(100) DEFAULT '0',
  `icone` varchar(100) DEFAULT '0',
  `ordem` int(11) DEFAULT 0,
  `acesso` int(11) DEFAULT 0,
  `setup` int(11) DEFAULT 0,
  PRIMARY KEY (`id`),
  KEY `aplicativo` (`aplicativo`),
  KEY `ordem` (`ordem`)
) ENGINE=MyISAM AUTO_INCREMENT=127 DEFAULT CHARSET=latin1 COLLATE=latin1_swedish_ci ROW_FORMAT=DYNAMIC;

--
-- Dumping data for table `app_aplicativos_menus`
--

INSERT INTO `app_aplicativos_menus` (`id`, `aplicativo`, `nome`, `tag`, `pagina`, `icone`, `ordem`, `acesso`, `setup`) VALUES (9,3,'Cadastrar','nova','nova','fa fa-plus',0,0,0),(19,10,'Configurar','setup','setup','fa fa-cogs',2,1,0),(20,10,'Cadastrar','novo','novo','fa fa-plus',1,0,0),(22,11,'Configurar','setup','setup','fa fa-cogs',2,1,0),(23,11,'Cadastrar','novo','novo','fa fa-plus',1,0,0),(25,12,'Configurar','setup','setup','fa fa-cogs',2,1,0),(26,12,'Cadastrar','nova','nova','fa fa-plus',1,0,0),(41,1,'Configurar','setup','setup','fa fa-cogs',2,1,0),(29,13,'Configurar','setup','setup','fa fa-cogs',2,1,0),(40,1,'Cadastrar','novo','novo','fa fa-plus',1,0,0),(31,14,'Cadastrar','novo','novo','fa fa-plus',1,0,0),(32,14,'Configurar','setup','setup','fa fa-cogs',2,1,2),(35,17,'Configurar','setup','setup','fa fa-cogs',2,1,0),(43,19,'Configurar','setup','setup','fa fa-cogs',2,1,2),(44,17,'Cadastrar','novo','novo','fa fa-plus',1,0,0),(47,20,'Configurar','setup','setup','fa fa-cogs',2,1,0),(48,20,'Cadastrar','novo','novo','fa fa-plus',1,0,0),(50,21,'Configurar','setup','setup','fa fa-cogs',3,2,0),(51,21,'Emails','emails','emails','fa fa-envelope',1,0,0),(52,21,'Grupos','grupos','grupos','fa fa-users',2,0,0),(53,21,'Cadastrar Campanha','novo','novo','fa fa-plus',0,0,0),(55,19,'Servidor Envio','setup2','','fa fa-envelope-o',2,1,1),(70,25,'Servidor Envio','setup2','setup2','fa fa-envelope-o',2,1,0),(71,25,'Configurar','setup','setup','fa fa-cogs',1,1,0),(83,14,'Seções','setup/secoes','','fa fa-cogs',2,1,1),(84,14,'Definições','setup/definicoes','','fa fa-cogs',1,1,1),(85,19,'Finalidades','setup/finalidades','','fa fa-cogs',1,1,1),(86,19,'Status','setup/status','','fa fa-cogs',3,1,1),(87,26,'Configurar','setup','setup','fa fa-cogs',2,1,0),(91,19,'Listar Finalizados','arquivo','arquivo','fa fa-search',0,0,0),(92,30,'Configurar','setup','setup','fa fa-cogs',2,1,0),(93,30,'Cadastrar','novo','novo','fa fa-plus',1,0,0),(94,26,'Cadastrar','novo','novo','fa fa-plus',1,0,0),(108,16,'Cadastrar','novo','novo','fa fa-plus',1,0,0),(109,16,'Configurar','setup','setup','fa fa-cogs',2,1,0),(118,6,'Configurar','setup','setup','fa fa-cogs',2,1,0),(111,2,'Configurar','setup','setup','fa fa-cogs',2,1,0),(112,2,'Cadastrar','novo','novo','fa fa-plus',1,0,0),(113,4,'Configurar','setup','setup','fa fa-cogs',2,1,0),(114,4,'Cadastrar','novo','novo','fa fa-plus',1,0,0),(115,3,'Configurar','setup','setup','fa fa-cogs',2,1,0),(116,5,'Configurar','setup','setup','fa fa-cogs',2,1,0),(117,5,'Cadastrar','novo','novo','fa fa-plus',1,0,0),(119,6,'Cadastrar','novo','novo','fa fa-plus',1,0,0),(120,33,'Cadastrar','nova','nova','fa fa-plus',1,0,0),(121,33,'Configurar','setup','setup','fa fa-cogs',2,1,0),(123,34,'Cadastrar','nova','nova','fa fa-plus',0,0,0),(124,35,'Cadastrar','novo','novo','fa fa-plus',1,0,0),(125,35,'Configurar','setup','setup','fa fa-cogs',2,1,0);

--
-- Table structure for table `app_convites`
--

CREATE TABLE `app_convites` (
  `id` int(11) NOT NULL AUTO_INCREMENT,
  `tipo` int(11) DEFAULT NULL,
  `nome` varchar(100) NOT NULL,
  `email` varchar(100) NOT NULL,
  `codigo` varchar(60) NOT NULL,
  PRIMARY KEY (`id`)
) ENGINE=MyISAM AUTO_INCREMENT=29 DEFAULT CHARSET=latin1 COLLATE=latin1_swedish_ci;

--
-- Dumping data for table `app_convites`
--


--
-- Table structure for table `app_entidades`
--

CREATE TABLE `app_entidades` (
  `id` int(11) NOT NULL AUTO_INCREMENT,
  `nome` text NOT NULL,
  `governo` text DEFAULT NULL,
  `brasao` varchar(255) DEFAULT NULL,
  `municipio` text DEFAULT NULL,
  `cnpj` varchar(50) DEFAULT NULL,
  `razao` varchar(200) DEFAULT NULL,
  `endereco` varchar(200) DEFAULT NULL,
  `cidade` varchar(200) DEFAULT NULL,
  `uf` varchar(50) DEFAULT NULL,
  `site` varchar(400) DEFAULT NULL,
  `matriz` int(11) DEFAULT 0,
  `proprietaria` int(11) DEFAULT 0,
  PRIMARY KEY (`id`)
) ENGINE=MyISAM AUTO_INCREMENT=2 DEFAULT CHARSET=latin1 COLLATE=latin1_swedish_ci;

--
-- Dumping data for table `app_entidades`
--

INSERT INTO `app_entidades` (`id`, `nome`, `governo`, `brasao`, `municipio`, `cnpj`, `razao`, `endereco`, `cidade`, `uf`, `site`, `matriz`, `proprietaria`) VALUES (1,'JP Web Judô','JP Web Judô','20191027023813brasao-small-entidade.png','JP Web Judô',NULL,NULL,'Brasília','Brasília',NULL,'https://jpw.net.br/judo/web1/index.php',1,0);

--
-- Table structure for table `app_entidades_aplicativos`
--

CREATE TABLE `app_entidades_aplicativos` (
  `ID` int(11) NOT NULL AUTO_INCREMENT,
  `entidade` int(11) NOT NULL DEFAULT 0,
  `aplicativo` int(11) NOT NULL DEFAULT 0,
  PRIMARY KEY (`ID`),
  KEY `entidade` (`entidade`),
  KEY `aplicativo` (`aplicativo`)
) ENGINE=MyISAM AUTO_INCREMENT=207 DEFAULT CHARSET=latin1 COLLATE=latin1_swedish_ci ROW_FORMAT=DYNAMIC;

--
-- Dumping data for table `app_entidades_aplicativos`
--

INSERT INTO `app_entidades_aplicativos` (`ID`, `entidade`, `aplicativo`) VALUES (25,1,1),(24,1,2),(28,1,3),(32,1,4),(33,1,5),(34,1,6),(39,1,10),(40,1,11),(41,1,12),(43,1,14),(59,1,16),(60,1,17),(63,1,20),(64,1,21),(74,1,26),(157,1,30),(161,1,31),(162,1,33),(200,1,34);

--
-- Table structure for table `app_permissoes`
--

CREATE TABLE `app_permissoes` (
  `ID` int(11) NOT NULL AUTO_INCREMENT,
  `usuario` int(11) NOT NULL DEFAULT 0,
  `aplicativo` int(11) NOT NULL DEFAULT 0,
  `entidade` int(11) NOT NULL DEFAULT 0,
  `acesso` varchar(500) DEFAULT NULL,
  PRIMARY KEY (`ID`),
  KEY `usuario` (`usuario`),
  KEY `aplicativo` (`aplicativo`),
  KEY `entidade` (`entidade`)
) ENGINE=MyISAM AUTO_INCREMENT=514 DEFAULT CHARSET=latin1 COLLATE=latin1_swedish_ci;

--
-- Dumping data for table `app_permissoes`
--

INSERT INTO `app_permissoes` (`ID`, `usuario`, `aplicativo`, `entidade`, `acesso`) VALUES (216,1,6,1,NULL),(83,3,3,1,NULL),(212,1,12,1,NULL),(152,3,2,1,NULL),(85,3,4,1,NULL),(158,3,1,1,NULL),(213,1,16,1,NULL),(211,1,3,1,NULL),(164,3,5,1,NULL),(215,1,17,1,NULL),(96,3,6,1,NULL),(214,1,1,1,NULL),(102,3,10,1,NULL),(104,3,12,1,NULL),(105,3,13,1,NULL),(106,3,14,1,NULL),(163,3,11,1,NULL),(129,13,6,1,NULL),(128,13,5,1,NULL),(127,13,4,1,NULL),(126,13,3,1,NULL),(125,13,2,1,NULL),(124,13,1,1,NULL),(117,13,10,1,NULL),(118,13,11,1,NULL),(119,13,12,1,NULL),(120,13,13,1,NULL),(121,13,14,1,NULL),(147,3,16,1,NULL),(161,3,17,1,NULL),(155,3,20,1,NULL),(157,3,19,1,NULL),(207,1,14,1,NULL),(208,1,19,1,NULL),(209,1,2,1,NULL),(210,1,20,1,NULL),(205,1,5,1,NULL),(262,3,26,1,NULL),(263,1,26,1,NULL),(199,3,21,1,NULL),(265,1,21,1,NULL),(220,1,4,1,NULL),(221,1,10,1,NULL),(222,1,11,1,NULL),(223,1,13,1,NULL),(250,13,16,1,NULL),(251,13,17,1,NULL),(253,13,20,1,NULL),(256,13,19,1,NULL),(257,13,21,1,NULL),(258,3,25,1,NULL),(259,1,25,1,NULL),(284,14,16,1,NULL),(285,14,1,1,NULL),(286,14,17,1,NULL),(287,14,6,1,NULL),(289,14,12,1,NULL),(291,14,26,1,NULL),(293,14,25,1,NULL),(294,14,10,1,NULL),(295,14,20,1,NULL),(297,14,4,1,NULL),(298,14,11,1,NULL),(299,14,13,1,NULL),(300,14,21,1,NULL),(301,14,3,1,NULL),(302,14,5,1,NULL),(304,14,14,1,NULL),(306,14,2,1,NULL),(309,14,19,1,NULL),(331,13,25,1,NULL),(402,1,30,1,NULL),(403,15,1,1,NULL),(404,15,16,1,NULL),(405,15,17,1,NULL),(406,15,6,1,NULL),(408,15,10,1,NULL),(409,15,25,1,NULL),(410,15,12,1,NULL),(412,15,30,1,NULL),(415,15,19,1,NULL),(416,15,14,1,NULL),(417,15,3,1,NULL),(418,15,21,1,NULL),(420,15,5,1,NULL),(423,15,4,1,NULL),(424,15,11,1,NULL),(425,15,13,1,NULL),(426,15,2,1,NULL),(428,15,20,1,NULL),(429,15,26,1,NULL),(476,13,26,1,NULL),(478,13,30,1,NULL),(480,13,31,1,NULL),(483,1,33,1,NULL),(490,1,31,1,NULL),(513,1,34,1,NULL);

--
-- Table structure for table `app_usuarios_sessoes`
--

CREATE TABLE `app_usuarios_sessoes` (
  `ID` int(11) NOT NULL AUTO_INCREMENT,
  `usuario` int(11) DEFAULT NULL,
  `ip` varchar(15) NOT NULL,
  `data` timestamp NOT NULL DEFAULT current_timestamp(),
  `status` int(1) NOT NULL,
  `situacao` int(1) NOT NULL,
  `sessao` varchar(60) DEFAULT NULL,
  `chave` varchar(20) DEFAULT NULL,
  `browser` text DEFAULT NULL,
  `timeout` datetime DEFAULT NULL,
  `entidade` int(1) NOT NULL DEFAULT 0,
  PRIMARY KEY (`ID`),
  KEY `usuario` (`usuario`),
  KEY `ip` (`ip`),
  KEY `data` (`data`),
  KEY `status` (`status`),
  KEY `chave` (`chave`),
  KEY `sessao` (`sessao`),
  KEY `timeout` (`timeout`)
) ENGINE=MyISAM AUTO_INCREMENT=221 DEFAULT CHARSET=latin1 COLLATE=latin1_swedish_ci ROW_FORMAT=DYNAMIC COMMENT='status 0 = Usuário Inválido\r\nstatus 1 = Sessão Iniciada\r\nstatus 2 =  Senha Inválida\r\nstatus 3 = Usuário Bloqueado\r\nsituacao 0/1';

--
-- Dumping data for table `app_usuarios_sessoes`
--

INSERT INTO `app_usuarios_sessoes` (`ID`, `usuario`, `ip`, `data`, `status`, `situacao`, `sessao`, `chave`, `browser`, `timeout`, `entidade`) VALUES (1,1,'177.235.118.144','2021-01-29 11:38:36',1,1,'q5S2lQTUGlIi0FR8WRGwPGMG8Iosc2YSZijn8jlA3JMlnRGwh1wMcgz8gKzU','bojrfJZCzlqEN4QJ4AgF','Mozilla/5.0 (Windows NT 10.0; Win64; x64) AppleWebKit/537.36 (KHTML, like Gecko) Chrome/87.0.4280.141 Safari/537.36','2021-08-19 15:24:53',0),(2,1,'177.235.118.144','2021-01-29 12:23:49',1,1,'B91Oa4kGZeisSrUX0pjmvcJVaul75mYLHnY6wI5CUjva4kxoxMBJ9vzSEn7P','nqY0HN4XpydEsTILwa39','Mozilla/5.0 (Windows NT 10.0; Win64; x64) AppleWebKit/537.36 (KHTML, like Gecko) Chrome/87.0.4280.141 Safari/537.36','2021-08-19 15:24:53',0),(3,1,'177.235.118.144','2021-01-29 19:34:36',1,1,'ZrxSLuBhGqDSWXCgIptfrfXOb9BMFxyWnY5HsjYylDfWjNsIz4YwY28Ml5dI','Gi6Bcl3G1mhdj5FJEVZM','Mozilla/5.0 (Windows NT 10.0; Win64; x64) AppleWebKit/537.36 (KHTML, like Gecko) Chrome/87.0.4280.141 Safari/537.36','2021-08-19 15:24:53',0),(4,1,'177.235.118.144','2021-01-29 21:25:55',1,1,'Guh4jATDQBI9xMNDVwVsuH5dII8LNt0yRA8MsDmNTUZaeCCfKk765tcPZ80G','ltWIj5YrCPPUWGWN80cm','Mozilla/5.0 (Windows NT 10.0; Win64; x64) AppleWebKit/537.36 (KHTML, like Gecko) Chrome/87.0.4280.141 Safari/537.36','2021-08-19 15:24:53',0),(5,1,'177.235.118.144','2021-01-30 17:11:34',1,1,'6DXFa7Bm217icovvO50TRjr4B7grMEZLWU20veusnKkSPZLenkH079xpUgJN','ukwGZS4th9UA8XXItXQL','Mozilla/5.0 (Windows NT 10.0; Win64; x64) AppleWebKit/537.36 (KHTML, like Gecko) Chrome/87.0.4280.141 Safari/537.36','2021-08-19 15:24:53',0),(6,1,'177.106.69.233','2021-02-03 08:54:50',2,0,NULL,NULL,'Mozilla/5.0 (Windows NT 10.0; Win64; x64) AppleWebKit/537.36 (KHTML, like Gecko) Chrome/88.0.4324.104 Safari/537.36',NULL,0),(7,1,'177.106.69.233','2021-02-03 08:54:57',2,0,NULL,NULL,'Mozilla/5.0 (Windows NT 10.0; Win64; x64) AppleWebKit/537.36 (KHTML, like Gecko) Chrome/88.0.4324.104 Safari/537.36',NULL,0),(8,1,'177.106.69.233','2021-02-03 08:54:59',1,1,'ZJClXOmyNVD06h57BOttZPuS8K6FEeuGoSMIJAXysDXtAuGnrxKp3pW8XCi7','jk91BUgVV9pq7HBfPkoC','Mozilla/5.0 (Windows NT 10.0; Win64; x64) AppleWebKit/537.36 (KHTML, like Gecko) Chrome/88.0.4324.104 Safari/537.36','2021-08-19 15:24:53',0),(9,1,'177.235.118.144','2021-02-04 01:34:16',1,1,'TgQ8Jf9TxgBN0OPrlt9aT5zLXAOSBOexlJQMabkzX71Zvl3PDoHTWxdXDbCY','eJyXoBPPWJrL0nS0RPxf','Mozilla/5.0 (Windows NT 10.0; Win64; x64) AppleWebKit/537.36 (KHTML, like Gecko) Chrome/88.0.4324.146 Safari/537.36','2021-08-19 15:24:53',0),(10,1,'177.235.118.144','2021-02-22 16:49:55',1,1,'3i5IXV82YZakZUJMpysAAVuS6ndQiNN8Yc18F7vfgSq97Q48nRvxOHL4xWfn','46p1ZAYPyf2l0kbmqqb6','Mozilla/5.0 (Windows NT 10.0; Win64; x64) AppleWebKit/537.36 (KHTML, like Gecko) Chrome/88.0.4324.182 Safari/537.36','2021-08-19 15:24:53',0),(11,1,'177.235.118.144','2021-03-13 03:43:44',2,0,NULL,NULL,'Mozilla/5.0 (Windows NT 10.0; Win64; x64) AppleWebKit/537.36 (KHTML, like Gecko) Chrome/89.0.4389.82 Safari/537.36',NULL,0),(12,1,'177.235.118.144','2021-03-13 03:43:52',1,1,'7xF7MsnnEPjF1T9QVzKa3rsP3ddiCfGjrK3KuI1Ql4mfvaxNNREh7PtWqeKc','mScccFkobKGN7ekIil46','Mozilla/5.0 (Windows NT 10.0; Win64; x64) AppleWebKit/537.36 (KHTML, like Gecko) Chrome/89.0.4389.82 Safari/537.36','2021-08-19 15:24:53',0),(13,1,'177.191.34.233','2021-07-30 04:07:34',1,1,'Mb4HHRZQuBYNX6ax6qWocwXsLKIW65mozcdBHNr7es6GCSrkTWVYhgyf7kH5','KqoUtFLl7ZZM7mNvvodV','Mozilla/5.0 (Windows NT 10.0; Win64; x64) AppleWebKit/537.36 (KHTML, like Gecko) Chrome/92.0.4515.107 Safari/537.36','2021-08-19 15:24:53',0),(14,1,'177.191.62.103','2021-08-10 18:06:46',1,1,'OhIEuDajJfQeorTQjmuQ4lS4UPkABB2znfNQlTcAJDidjb08ryRvITlxKWxO','stDDIQLzRqskRKUa7KtS','Mozilla/5.0 (Windows NT 10.0; Win64; x64) AppleWebKit/537.36 (KHTML, like Gecko) Chrome/92.0.4515.131 Safari/537.36','2021-08-19 15:24:53',0),(15,1,'177.235.118.144','2021-08-12 13:48:28',1,1,'LwuorPuf8ntkiUJ4JeptjQrSfCFqZE2sIiTEkfW1q3LRjLOpcX53SvyJl47Z','2mtNqqTb2dRAtMcNsdqr','Mozilla/5.0 (Windows NT 10.0; Win64; x64) AppleWebKit/537.36 (KHTML, like Gecko) Chrome/92.0.4515.131 Safari/537.36','2021-08-19 15:24:53',0),(16,1,'177.235.118.144','2021-08-12 19:29:02',1,1,'sGkXJB9jU8PRkdzFIGIJEFFrWfwxoz9CRwNrSV9y6E5nZF4Gr7lMDEF1lynT','e7ux3LQ0QKq9NsqNv0In','Mozilla/5.0 (Windows NT 10.0; Win64; x64) AppleWebKit/537.36 (KHTML, like Gecko) Chrome/92.0.4515.131 Safari/537.36','2021-08-19 15:24:53',0),(17,1,'177.235.118.144','2021-08-18 20:16:55',1,1,'dOG2HzzrwtgAQ7tbTqTaN2b77FnbERDjkVV35aghC4No94ZUmAbkhz6xWSTK','jV6fImxvZbIaHi5CXjIE','Mozilla/5.0 (Windows NT 10.0; Win64; x64) AppleWebKit/537.36 (KHTML, like Gecko) Chrome/92.0.4515.131 Safari/537.36','2021-08-19 15:24:53',0),(18,1,'177.235.118.144','2021-08-19 17:18:25',2,0,NULL,NULL,'Mozilla/5.0 (Windows NT 10.0; Win64; x64) AppleWebKit/537.36 (KHTML, like Gecko) Chrome/92.0.4515.131 Safari/537.36',NULL,0),(19,1,'177.235.118.144','2021-08-19 18:24:04',2,0,NULL,NULL,'Mozilla/5.0 (Windows NT 10.0; Win64; x64) AppleWebKit/537.36 (KHTML, like Gecko) Chrome/92.0.4515.131 Safari/537.36',NULL,0),(20,1,'177.235.118.144','2021-08-19 18:24:16',1,1,'B1NfgQFzgUQWs9hr0wfNFsSSWQ6GkUPmJT7OehtVpASHYyN6z0SNxg93vTNQ','UDn1K6F0AAiK1PBi8t2k','Mozilla/5.0 (Windows NT 10.0; Win64; x64) AppleWebKit/537.36 (KHTML, like Gecko) Chrome/92.0.4515.131 Safari/537.36','2021-08-19 15:24:53',0),(21,1,'177.235.118.144','2021-08-19 18:25:28',1,1,'e7P221s6x26sntpCEExuXZU8JeDslvSU2XGJ7lqsjMbU5K7JlrQYbLudhOM9','r4rlDdxreFtmUGUejObq','Mozilla/5.0 (Windows NT 10.0; Win64; x64) AppleWebKit/537.36 (KHTML, like Gecko) Chrome/92.0.4515.131 Safari/537.36','2021-08-19 15:28:17',0),(22,1,'177.235.118.144','2021-08-19 18:26:58',1,1,'cx37TYghrroOHY8BfKybG6PrT109cegzkDWT0IXoRB6jjQOnsXUnYtgxZAYS','lYvvxIGb3y4PkRfklGhs','Mozilla/5.0 (Windows NT 10.0; Win64; x64) AppleWebKit/537.36 (KHTML, like Gecko) Chrome/92.0.4515.131 Safari/537.36','2021-08-19 15:28:17',0),(23,1,'177.235.118.144','2021-08-19 18:28:34',1,2,'Kfvpg5EVNm2VReoTeLM5wl8RyU9PVrKVvWIbAOQbPQ75Bccgmu0f1wjQQXke','NQRicQLALqfhRNVSHNKb','Mozilla/5.0 (Windows NT 10.0; Win64; x64) AppleWebKit/537.36 (KHTML, like Gecko) Chrome/92.0.4515.131 Safari/537.36','2021-08-19 15:28:45',0),(24,1,'177.235.118.144','2021-08-19 18:28:54',2,0,NULL,NULL,'Mozilla/5.0 (Windows NT 10.0; Win64; x64) AppleWebKit/537.36 (KHTML, like Gecko) Chrome/92.0.4515.131 Safari/537.36',NULL,0),(25,1,'177.235.118.144','2021-08-19 18:29:05',1,2,'qRiiELaIcr8kRV6fzqOMcQxDZqKRQehcp1A3WMzI2LTol65RXHrICWNRHJb7','oIlH6aVfYbW6ZN3JfDS4','Mozilla/5.0 (Windows NT 10.0; Win64; x64) AppleWebKit/537.36 (KHTML, like Gecko) Chrome/92.0.4515.131 Safari/537.36','2021-08-19 15:29:16',0),(26,1,'177.235.118.144','2021-08-19 18:29:21',1,1,'ZcY06lQm0i5fEUyFSC8e5yp6UyZFOuhf61Dcx13tKlrLTHbBM9kUjqwwtGjy','xZn2N7cA5ZOd2PMysyHE','Mozilla/5.0 (Windows NT 10.0; Win64; x64) AppleWebKit/537.36 (KHTML, like Gecko) Chrome/92.0.4515.131 Safari/537.36',NULL,0),(27,1,'177.235.118.50','2021-11-20 19:32:08',1,1,'OtvVgFwFSq84wuUeYr2Knj8ea3kP85zaPRnj5AuTtWx3Rf3Wyo0FeYlFQycl','UEQ1Pnqe5Hi2UeerqOPr','Mozilla/5.0 (Windows NT 10.0; Win64; x64) AppleWebKit/537.36 (KHTML, like Gecko) Chrome/95.0.4638.69 Safari/537.36',NULL,0),(28,1,'177.235.118.50','2021-11-22 18:51:55',1,1,'XO8HLBGZv1gm0BliuMspUtrAOVsJt8w486KcqOKplGSxqOGM1mHVLue1Sb5d','BQrxJS7e9rXeRoQxLWqu','Mozilla/5.0 (Windows NT 10.0; Win64; x64) AppleWebKit/537.36 (KHTML, like Gecko) Chrome/96.0.4664.45 Safari/537.36',NULL,0),(29,1,'177.235.118.50','2021-11-23 19:38:53',1,1,'FxQlVXKceQX40H82UiWRoMCQxd0NDH1Ytz2sgY1Can7YiEOZsh96fGfDl6s7','SpBoXMMvru5WffV4bYKm','Mozilla/5.0 (Windows NT 10.0; Win64; x64) AppleWebKit/537.36 (KHTML, like Gecko) Chrome/96.0.4664.45 Safari/537.36',NULL,0),(30,1,'177.235.119.218','2022-04-01 18:40:01',1,1,'XbjUvAThLL2DgAlJBbaaFW5yyPOeiRcijnLPv4XC7jyOvRdhl0OMAxZK4h0E','wLHrxCEdg4N4WfrKxccQ','Mozilla/5.0 (Windows NT 10.0; Win64; x64) AppleWebKit/537.36 (KHTML, like Gecko) Chrome/99.0.4844.82 Safari/537.36',NULL,0),(31,1,'177.235.119.218','2022-04-03 06:47:52',1,1,'y9cXjgHL7MrpEvwJiv31Gbd9ZoaWwZjuI78V2PegVTDdnwOd9VkB3yFaCWU1','eebpcZVss4zIETsxAqS8','Mozilla/5.0 (Windows NT 10.0; Win64; x64) AppleWebKit/537.36 (KHTML, like Gecko) Chrome/99.0.4844.84 Safari/537.36',NULL,0),(32,1,'177.235.119.218','2022-04-05 11:20:15',1,1,'DC0Lqf3k02Z70eaX3bPepprhHNGImEGNlSgoDiy8pyeY6OQhdA54w8lWBVal','96fEzzY18oeiZJ67kkAx','Mozilla/5.0 (Windows NT 10.0; Win64; x64) AppleWebKit/537.36 (KHTML, like Gecko) Chrome/99.0.4844.84 Safari/537.36',NULL,0),(33,1,'177.235.119.218','2022-04-06 11:14:33',1,1,'2n59Cb1IaSLhRwX5IGqghJ8jcI7YPMProLQQSI9Cm3O7RTwLfoqySTgog6Sn','vb0izf8GdIq4SuFoKiXW','Mozilla/5.0 (Windows NT 10.0; Win64; x64) AppleWebKit/537.36 (KHTML, like Gecko) Chrome/99.0.4844.84 Safari/537.36',NULL,0),(34,1,'177.235.119.218','2022-04-07 03:54:59',1,1,'jXpsg4ABkjN0t7PAxC6WQWOnulwJASdyCcYM3qGDnZucvXpjpxmUr2aYHGgl','h19WpMVTeWsgmJTBtxrJ','Mozilla/5.0 (Windows NT 10.0; Win64; x64) AppleWebKit/537.36 (KHTML, like Gecko) Chrome/99.0.4844.84 Safari/537.36',NULL,0),(35,1,'177.235.119.218','2022-04-08 18:44:47',1,1,'5gSqPvTvqgMwB1kZEPe7CqfUucBC1GDkBxxOdVNGFNpa0b7VefwXcN5UYkUa','nTYYOLx4FIrbD4hiZdO9','Mozilla/5.0 (Windows NT 10.0; Win64; x64) AppleWebKit/537.36 (KHTML, like Gecko) Chrome/99.0.4844.84 Safari/537.36',NULL,0),(36,NULL,'177.235.119.218','2022-04-11 20:40:54',0,0,NULL,NULL,'Mozilla/5.0 (Windows NT 10.0; Win64; x64) AppleWebKit/537.36 (KHTML, like Gecko) Chrome/99.0.4844.84 Safari/537.36',NULL,0),(37,1,'177.235.119.218','2022-04-11 20:41:05',1,1,'Pd18n4pNeDGgo94f8DA0KAKWsts2nR05YAMvQg82DMdi4PxZia7EGMyr8mz1','updk23pm2Y6M3yiG2rx8','Mozilla/5.0 (Windows NT 10.0; Win64; x64) AppleWebKit/537.36 (KHTML, like Gecko) Chrome/99.0.4844.84 Safari/537.36',NULL,0),(38,1,'177.235.119.218','2022-06-03 04:33:17',1,1,'Dt7Oiy0DXFlD6PpdBLUHJb1KYRpupAH4nxidIFYzSTVr7wM1qD01lSqkXSKl','0RDwuCloSr3nK3DscPBu','Mozilla/5.0 (Windows NT 10.0; Win64; x64) AppleWebKit/537.36 (KHTML, like Gecko) Chrome/101.0.4951.67 Safari/537.36',NULL,0),(39,1,'177.235.119.218','2022-06-03 06:32:18',1,1,'hNXUSFf11lRxf2thINN4q2G4ji6g9eK4oXUaOKAtFUSQKJNN0GWANLeYyASs','6hK4YzZNQxjDTvQnFb6a','Mozilla/5.0 (Windows NT 10.0; Win64; x64) AppleWebKit/537.36 (KHTML, like Gecko) Chrome/102.0.5005.63 Safari/537.36',NULL,0),(40,1,'177.235.119.218','2022-06-04 06:47:48',1,1,'VhVdB5qKPobecKOjKjPCHjnrIG3EdVgZGVPb7Jz6s9Es2fyKhF1xh2T1ktZb','5IQos4Dw3YpFPZ9UhPfG','Mozilla/5.0 (Windows NT 10.0; Win64; x64) AppleWebKit/537.36 (KHTML, like Gecko) Chrome/102.0.5005.63 Safari/537.36',NULL,0),(41,1,'177.235.119.218','2022-06-05 02:43:25',1,1,'rfUbHOis0w4Rp31wUmBJ9fgWXA6QP2V9B8kY0EhavAN3reYUJSZjnC4e07jI','kG4Wdz4Uy3i4bcQItSNp','Mozilla/5.0 (Windows NT 10.0; Win64; x64) AppleWebKit/537.36 (KHTML, like Gecko) Chrome/102.0.5005.63 Safari/537.36',NULL,0),(42,1,'177.235.119.218','2022-06-22 01:37:31',1,1,'hTxkZ7xCvVWWT5MlzwaNzf1zuFDRgsV938GmvpzuwIgmCJLDIoo67aeIGnGJ','SrClLxqNbiPn6B62QaUF','Mozilla/5.0 (Windows NT 10.0; Win64; x64) AppleWebKit/537.36 (KHTML, like Gecko) Chrome/102.0.0.0 Safari/537.36',NULL,0),(43,1,'177.235.119.218','2022-06-23 15:45:20',1,1,'uKMEIIvXUtncD7XzaSghQHbhChcqVYl5ipedhNNmIg7xWRoeSTWShjHDHlau','6KGTmKHu1LnAv2VbwPFx','Mozilla/5.0 (Windows NT 10.0; Win64; x64) AppleWebKit/537.36 (KHTML, like Gecko) Chrome/103.0.0.0 Safari/537.36',NULL,0),(44,1,'177.235.119.218','2022-06-23 20:01:43',1,1,'YuaXCr9Q5r11qIs59KAKFfi3jsggALGhaviiKQCLRhHQhOdvXUWPZF49ej6a','vlNUfzXiIHEAmXTT5xJq','Mozilla/5.0 (Windows NT 10.0; Win64; x64) AppleWebKit/537.36 (KHTML, like Gecko) Chrome/103.0.0.0 Safari/537.36',NULL,0),(45,1,'177.235.119.218','2022-06-24 14:25:21',1,1,'Kyu4hVqAR4Pt2aqoDejH1mWuZbHwCTWoegHeIoFlITHgMdr67xWNckc2ned0','Z20IlVHwiOrrKn3YxUp2','Mozilla/5.0 (Windows NT 10.0; Win64; x64) AppleWebKit/537.36 (KHTML, like Gecko) Chrome/103.0.0.0 Safari/537.36',NULL,0),(46,1,'177.235.119.218','2022-06-24 17:26:48',1,1,'zoG8sm9CPLHdLbVP7fy2MXvoXZRDOIQLEcxfl2gTHzCwz3f1ZrsJeVhBiRIV','2thWn5QMYHhlRgmhBP5b','Mozilla/5.0 (Windows NT 10.0; Win64; x64) AppleWebKit/537.36 (KHTML, like Gecko) Chrome/103.0.0.0 Safari/537.36',NULL,0),(47,1,'177.235.119.218','2022-06-25 18:47:06',1,1,'wukRs5kWcS9krjkaNPab9ZGtLBgR6b2hf9ee0MzIKrILAaix7KbLXdrA9bMe','miKHnQSNFsQxFpm56v2n','Mozilla/5.0 (Windows NT 10.0; Win64; x64) AppleWebKit/537.36 (KHTML, like Gecko) Chrome/103.0.0.0 Safari/537.36',NULL,0),(48,1,'177.235.119.218','2022-06-28 17:29:01',2,0,NULL,NULL,'Mozilla/5.0 (Windows NT 10.0; Win64; x64) AppleWebKit/537.36 (KHTML, like Gecko) Chrome/103.0.0.0 Safari/537.36',NULL,0),(49,1,'177.235.119.218','2022-06-28 17:29:14',1,2,'8wPwJTUUulTP7AseoneCSho1A89vW2ZWMWp026gpYWf1Z5IksbWh2wn7Ao5g','hnJkG4HB3XnC5nbk8Iem','Mozilla/5.0 (Windows NT 10.0; Win64; x64) AppleWebKit/537.36 (KHTML, like Gecko) Chrome/103.0.0.0 Safari/537.36','2022-06-28 19:00:38',0),(50,1,'177.235.119.218','2022-06-28 22:01:20',1,2,'tX7KzptBmNjuzbkMa9YpjnO1KOKcTSwiRB3e28esV8SoPgmVMk8QDgtI5NTQ','dJNDj6Jr5CRjUbsMu9Ne','Mozilla/5.0 (Windows NT 10.0; Win64; x64) AppleWebKit/537.36 (KHTML, like Gecko) Chrome/103.0.0.0 Safari/537.36','2022-06-28 19:01:46',0),(51,1,'177.235.119.218','2022-06-28 22:02:36',1,1,'jVrxUVO735ySLcQgcZmrGxxhM7yzzYV7UlGbP9QcZCnYbIfO4Ga5mtjlKxYV','LpAVRT86v56teZXMcNA8','Mozilla/5.0 (Windows NT 10.0; Win64; x64) AppleWebKit/537.36 (KHTML, like Gecko) Chrome/103.0.0.0 Safari/537.36',NULL,0),(52,1,'177.235.119.218','2022-06-29 01:37:59',1,1,'qDF2kA5ocWXnlY7YYxY00Jt4i9eLF5ZitxzGob9NiUVDw3ZCmWKVjLyYE9XY','kvF3VdyYZxEK1kmiEntf','Mozilla/5.0 (Windows NT 10.0; Win64; x64) AppleWebKit/537.36 (KHTML, like Gecko) Chrome/103.0.0.0 Safari/537.36',NULL,0),(53,1,'177.235.119.218','2022-06-29 01:40:41',1,1,'wOWKero0ck0eYD9Sfv1UNPEWuktYZu9eZzKb42rPgJ8EUctBWSP43XHeDhFb','xzofwhn7YUoPaTPbaeCP','Mozilla/5.0 (Windows NT 10.0; Win64; x64) AppleWebKit/537.36 (KHTML, like Gecko) Chrome/103.0.0.0 Safari/537.36',NULL,0),(54,1,'177.235.119.218','2022-06-30 07:01:55',1,1,'e4bqyIBcyhbCQhgYwUMM4b9AK1ZtyYWxjT57WDKB4HOM8Xnfd6EG42AGcnFC','HEY4QjtWT9fduAfttAqy','Mozilla/5.0 (Windows NT 10.0; Win64; x64) AppleWebKit/537.36 (KHTML, like Gecko) Chrome/103.0.0.0 Safari/537.36',NULL,0),(55,1,'177.235.119.218','2022-07-06 19:13:39',1,1,'7YXQXQHezcuLsVU54D2TKqnA45nNbV3jswX8xSz1AuCbJlCdEdNqV0pHK02c','8RCuY53CQ4SEDPT0w3wy','Mozilla/5.0 (Windows NT 10.0; Win64; x64) AppleWebKit/537.36 (KHTML, like Gecko) Chrome/103.0.0.0 Safari/537.36',NULL,0),(56,1,'177.235.119.218','2022-07-08 04:56:51',1,1,'d0SZtfDhVkUMA2gvtNmaA7LjY3y4rLuhqpaBDahz9OvMv189w3DQAjuN6sHS','YZpDSqEDJn97herl7ecD','Mozilla/5.0 (Windows NT 10.0; Win64; x64) AppleWebKit/537.36 (KHTML, like Gecko) Chrome/103.0.0.0 Safari/537.36',NULL,0),(57,1,'177.235.119.218','2022-07-09 09:21:38',1,1,'mw5dvW90AJz3rTYB1XWuLzjtrqJWJSL8KN98qV62fmZHQ0Ng9O1Eiu3G3EHf','7P5BTHbj94b3JH2Qc7gf','Mozilla/5.0 (Windows NT 10.0; Win64; x64) AppleWebKit/537.36 (KHTML, like Gecko) Chrome/103.0.0.0 Safari/537.36',NULL,0),(58,NULL,'185.191.171.35','2022-07-17 05:09:34',0,0,NULL,NULL,'Mozilla/5.0 (compatible; SemrushBot/7~bl; +http://www.semrush.com/bot.html)',NULL,0),(59,NULL,'185.191.171.36','2022-08-04 17:13:55',0,0,NULL,NULL,'Mozilla/5.0 (compatible; SemrushBot/7~bl; +http://www.semrush.com/bot.html)',NULL,0),(60,NULL,'185.191.171.12','2022-08-23 17:08:36',0,0,NULL,NULL,'Mozilla/5.0 (compatible; SemrushBot/7~bl; +http://www.semrush.com/bot.html)',NULL,0),(61,NULL,'185.191.171.34','2022-09-17 03:27:29',0,0,NULL,NULL,'Mozilla/5.0 (compatible; SemrushBot/7~bl; +http://www.semrush.com/bot.html)',NULL,0),(62,NULL,'185.191.171.21','2022-10-24 01:21:31',0,0,NULL,NULL,'Mozilla/5.0 (compatible; SemrushBot/7~bl; +http://www.semrush.com/bot.html)',NULL,0),(63,1,'177.235.119.218','2022-11-20 05:23:01',1,1,'2LwvibQOhLml4YtIlbJ8T9O07Vs6nLQxZIVnsy9msvDHPMW0Q2NxzwiM0wZH','xNGj1EnefejKTJLEUHzC','Mozilla/5.0 (Windows NT 10.0; Win64; x64) AppleWebKit/537.36 (KHTML, like Gecko) Chrome/105.0.0.0 Safari/537.36',NULL,0),(64,1,'177.235.119.218','2022-11-20 05:47:44',1,1,'Jy8IaS3V0EilKTxAgbTxc4XaDC13cFF3Ln2VvXgADaxN6Jeu5K8R1txHRO60','sbwCxv2J0iqeRLFd8NKR','Mozilla/5.0 (Windows NT 10.0; Win64; x64) AppleWebKit/537.36 (KHTML, like Gecko) Chrome/105.0.0.0 Safari/537.36',NULL,0),(65,NULL,'185.191.171.25','2022-12-02 00:29:09',0,0,NULL,NULL,'Mozilla/5.0 (compatible; SemrushBot/7~bl; +http://www.semrush.com/bot.html)',NULL,0),(66,1,'177.235.119.218','2022-12-23 14:40:16',1,1,'JISIx8489HwQnKRSSJuvkWAo0KHojgmasrn2yDkFWZJdadXsGO47Qn1iNKMz','5cu0NJYcNzAKerkFq7nM','Mozilla/5.0 (Windows NT 10.0; Win64; x64) AppleWebKit/537.36 (KHTML, like Gecko) Chrome/108.0.0.0 Safari/537.36',NULL,0),(67,NULL,'185.191.171.40','2023-02-19 10:52:56',0,0,NULL,NULL,'Mozilla/5.0 (compatible; SemrushBot/7~bl; +http://www.semrush.com/bot.html)',NULL,0),(68,NULL,'185.191.171.7','2023-04-18 05:52:37',0,0,NULL,NULL,'Mozilla/5.0 (compatible; SemrushBot/7~bl; +http://www.semrush.com/bot.html)',NULL,0),(69,NULL,'103.144.175.252','2023-05-10 11:17:01',0,0,NULL,NULL,'Mozilla/5.0 (Windows NT 10.0; Win64; x64) AppleWebKit/537.36 (KHTML, like Gecko) Chrome/112.0.0.0 Safari/537.36',NULL,0),(70,NULL,'103.144.175.252','2023-05-10 11:17:18',0,0,NULL,NULL,'Mozilla/5.0 (Windows NT 10.0; Win64; x64) AppleWebKit/537.36 (KHTML, like Gecko) Chrome/112.0.0.0 Safari/537.36',NULL,0),(71,NULL,'103.144.175.252','2023-05-10 11:17:18',0,0,NULL,NULL,'Mozilla/5.0 (Windows NT 10.0; Win64; x64) AppleWebKit/537.36 (KHTML, like Gecko) Chrome/112.0.0.0 Safari/537.36',NULL,0),(72,NULL,'103.144.175.252','2023-05-10 11:17:18',0,0,NULL,NULL,'Mozilla/5.0 (Windows NT 10.0; Win64; x64) AppleWebKit/537.36 (KHTML, like Gecko) Chrome/112.0.0.0 Safari/537.36',NULL,0),(73,NULL,'103.144.175.252','2023-05-10 11:17:19',0,0,NULL,NULL,'Mozilla/5.0 (Windows NT 10.0; Win64; x64) AppleWebKit/537.36 (KHTML, like Gecko) Chrome/112.0.0.0 Safari/537.36',NULL,0),(74,NULL,'103.144.175.252','2023-05-10 11:17:19',0,0,NULL,NULL,'Mozilla/5.0 (Windows NT 10.0; Win64; x64) AppleWebKit/537.36 (KHTML, like Gecko) Chrome/112.0.0.0 Safari/537.36',NULL,0),(75,NULL,'103.144.175.252','2023-05-10 11:17:19',0,0,NULL,NULL,'Mozilla/5.0 (Windows NT 10.0; Win64; x64) AppleWebKit/537.36 (KHTML, like Gecko) Chrome/112.0.0.0 Safari/537.36',NULL,0),(76,NULL,'103.144.175.252','2023-05-10 11:17:19',0,0,NULL,NULL,'Mozilla/5.0 (Windows NT 10.0; Win64; x64) AppleWebKit/537.36 (KHTML, like Gecko) Chrome/112.0.0.0 Safari/537.36',NULL,0),(77,1,'177.235.119.218','2023-05-12 19:36:57',2,0,NULL,NULL,'Mozilla/5.0 (Windows NT 10.0; Win64; x64) AppleWebKit/537.36 (KHTML, like Gecko) Chrome/113.0.0.0 Safari/537.36',NULL,0),(78,1,'177.235.119.218','2023-07-02 06:56:49',2,0,NULL,NULL,'Mozilla/5.0 (Windows NT 10.0; Win64; x64) AppleWebKit/537.36 (KHTML, like Gecko) Chrome/114.0.0.0 Safari/537.36',NULL,0),(79,1,'177.235.119.218','2023-07-02 07:00:22',1,1,'qcVtb7Sl9zE1RdByavTAqhYdEVeKr9GZnlmywZjWtm272WOGOtTrOHt5Afgh','V0UfHpZYSDn7dCXFTWzP','Mozilla/5.0 (Windows NT 10.0; Win64; x64) AppleWebKit/537.36 (KHTML, like Gecko) Chrome/114.0.0.0 Safari/537.36',NULL,0),(80,1,'177.235.119.218','2023-08-15 20:23:27',1,1,'MaPVsrcu8gLpSeeKQRSZY19jPO9VE2qj0xAcXoUresviTGVcQtUgEFbFtxpp','GYajVCqkvYvMqeJ0lISa','Mozilla/5.0 (Windows NT 10.0; Win64; x64) AppleWebKit/537.36 (KHTML, like Gecko) Chrome/115.0.0.0 Safari/537.36',NULL,0),(81,1,'177.235.119.218','2023-08-16 13:08:43',1,1,'TfDMbi40jLqITTH38snnUgIHGybrnXSfnXI0bbtfrCQNBCcM9fvNQX15wmev','RmFJB326LKHBbpBMTQhi','Mozilla/5.0 (Windows NT 10.0; Win64; x64) AppleWebKit/537.36 (KHTML, like Gecko) Chrome/115.0.0.0 Safari/537.36',NULL,0),(82,1,'177.235.119.218','2023-08-22 18:17:24',1,1,'tbGJBKq7hqlFKox6jo0k27t4LWQgvuse3kUctEMxm0OWhaB63I6VXzDus3YA','YkicaDpBmHyQHd4wDBWr','Mozilla/5.0 (Windows NT 10.0; Win64; x64) AppleWebKit/537.36 (KHTML, like Gecko) Chrome/116.0.0.0 Safari/537.36',NULL,0),(83,1,'177.235.119.218','2023-09-02 05:54:09',1,1,'1zJSb7iGN6qeOh5JCDLttmVRjB6xDAwzufWc3CEqMXTWVTx3jbr0yB7pJpho','yQmTqcAcHtA4maOTNOVS','Mozilla/5.0 (Windows NT 10.0; Win64; x64) AppleWebKit/537.36 (KHTML, like Gecko) Chrome/116.0.0.0 Safari/537.36',NULL,0),(84,NULL,'85.208.96.198','2023-09-10 11:41:43',0,0,NULL,NULL,'Mozilla/5.0 (compatible; SemrushBot/7~bl; +http://www.semrush.com/bot.html)',NULL,0),(85,1,'177.235.119.218','2023-09-10 15:50:42',1,1,'YgYtGp0ttTOKGGtfTZEFJG7nJgffOHe087Mi3cjpZG0Ih0KoBTHlp59HzEPx','xq7yMbbyLEfJgymH0a1E','Mozilla/5.0 (Windows NT 10.0; Win64; x64) AppleWebKit/537.36 (KHTML, like Gecko) Chrome/116.0.0.0 Safari/537.36',NULL,0),(86,1,'177.235.119.218','2023-09-15 05:31:04',1,1,'wFarZoo2w0R15sXahy4vciOzh1V7IHgooeFGhxYsNt2qrPGpfDU25z9earIW','0RI9t9Hj1LEJL6GD37jS','Mozilla/5.0 (Windows NT 10.0; Win64; x64) AppleWebKit/537.36 (KHTML, like Gecko) Chrome/116.0.0.0 Safari/537.36',NULL,0),(87,NULL,'85.208.96.210','2023-11-11 03:35:59',0,0,NULL,NULL,'Mozilla/5.0 (compatible; SemrushBot/7~bl; +http://www.semrush.com/bot.html)',NULL,0),(88,1,'177.235.116.67','2023-12-22 01:02:00',1,1,'st0apOAEdxV4szojqSin7ZlFCH0QNrIACt6pUNZbXtMndeskKvJ5WUlF10Q7','sot4B2xCgOGYK74zd9DM','Mozilla/5.0 (Windows NT 10.0; Win64; x64) AppleWebKit/537.36 (KHTML, like Gecko) Chrome/120.0.0.0 Safari/537.36',NULL,0),(89,1,'177.235.116.67','2023-12-23 19:32:08',1,1,'SxxpzpQbNwnfjC0lQyUhBHUzmyzsRQfSs7Q1zb738wOd4NUbzMCjUk0ayE8U','1duwvRX5YizYRNonghHM','Mozilla/5.0 (Windows NT 10.0; Win64; x64) AppleWebKit/537.36 (KHTML, like Gecko) Chrome/120.0.0.0 Safari/537.36',NULL,0),(90,1,'177.235.116.67','2023-12-26 02:57:08',1,1,'LMbEZjJnEgl79Eavjs6KJw3ItZvrt4N8UInvtjxKzlVvk7AcwnZHGTbCEdG8','vWR5FfiIoOvjXbXt2oT3','Mozilla/5.0 (Windows NT 10.0; Win64; x64) AppleWebKit/537.36 (KHTML, like Gecko) Chrome/120.0.0.0 Safari/537.36',NULL,0),(91,NULL,'185.191.171.5','2024-01-13 13:18:22',0,0,NULL,NULL,'Mozilla/5.0 (compatible; SemrushBot/7~bl; +http://www.semrush.com/bot.html)',NULL,0),(92,1,'177.235.116.67','2024-01-16 01:28:19',1,1,'CInbu9NCU4j2jHYlca0kVwJpQA7CDDAuBC2XJFDy6IKYtQL8HnW4DES6umA4','1jvuSleMDqaAv54ZA9pj','Mozilla/5.0 (Windows NT 10.0; Win64; x64) AppleWebKit/537.36 (KHTML, like Gecko) Chrome/120.0.0.0 Safari/537.36',NULL,0),(93,NULL,'194.5.83.103','2024-01-29 04:55:10',0,0,NULL,NULL,'User-Agent: Mozilla/4.0 (compatible; MSIE 7.0; Windows NT 5.1; 360SE)',NULL,0),(94,NULL,'194.5.83.74','2024-01-29 04:55:10',0,0,NULL,NULL,'User-Agent: Mozilla/4.0 (compatible; MSIE 7.0; Windows NT 5.1; 360SE)',NULL,0),(95,NULL,'194.5.83.74','2024-01-29 04:55:10',0,0,NULL,NULL,'User-Agent: Mozilla/4.0 (compatible; MSIE 7.0; Windows NT 5.1; 360SE)',NULL,0),(96,NULL,'194.5.83.93','2024-01-29 04:55:14',0,0,NULL,NULL,'User-Agent: Mozilla/4.0 (compatible; MSIE 7.0; Windows NT 5.1; 360SE)',NULL,0),(97,NULL,'194.5.83.106','2024-01-29 04:55:14',0,0,NULL,NULL,'User-Agent: Mozilla/4.0 (compatible; MSIE 7.0; Windows NT 5.1; 360SE)',NULL,0),(98,NULL,'194.5.83.106','2024-01-29 04:55:15',0,0,NULL,NULL,'User-Agent: Mozilla/4.0 (compatible; MSIE 7.0; Windows NT 5.1; 360SE)',NULL,0),(99,NULL,'194.5.83.93','2024-01-29 04:55:18',0,0,NULL,NULL,'User-Agent: Mozilla/4.0 (compatible; MSIE 7.0; Windows NT 5.1; 360SE)',NULL,0),(100,NULL,'194.5.83.92','2024-01-29 04:55:18',0,0,NULL,NULL,'User-Agent: Mozilla/4.0 (compatible; MSIE 7.0; Windows NT 5.1; 360SE)',NULL,0),(101,NULL,'194.5.83.106','2024-01-29 04:55:18',0,0,NULL,NULL,'User-Agent: Mozilla/4.0 (compatible; MSIE 7.0; Windows NT 5.1; 360SE)',NULL,0),(102,NULL,'194.5.83.93','2024-01-29 04:55:22',0,0,NULL,NULL,'User-Agent: Mozilla/4.0 (compatible; MSIE 7.0; Windows NT 5.1; 360SE)',NULL,0),(103,NULL,'194.5.83.103','2024-01-29 04:55:22',0,0,NULL,NULL,'User-Agent: Mozilla/4.0 (compatible; MSIE 7.0; Windows NT 5.1; 360SE)',NULL,0),(104,NULL,'194.5.83.106','2024-01-29 04:55:22',0,0,NULL,NULL,'User-Agent: Mozilla/4.0 (compatible; MSIE 7.0; Windows NT 5.1; 360SE)',NULL,0),(105,NULL,'194.5.83.93','2024-01-29 04:55:26',0,0,NULL,NULL,'User-Agent: Mozilla/4.0 (compatible; MSIE 7.0; Windows NT 5.1; 360SE)',NULL,0),(106,NULL,'194.5.83.92','2024-01-29 04:55:26',0,0,NULL,NULL,'User-Agent: Mozilla/4.0 (compatible; MSIE 7.0; Windows NT 5.1; 360SE)',NULL,0),(107,NULL,'194.5.83.93','2024-01-29 04:55:26',0,0,NULL,NULL,'User-Agent: Mozilla/4.0 (compatible; MSIE 7.0; Windows NT 5.1; 360SE)',NULL,0),(108,NULL,'194.5.83.103','2024-01-29 04:55:30',0,0,NULL,NULL,'User-Agent: Mozilla/4.0 (compatible; MSIE 7.0; Windows NT 5.1; 360SE)',NULL,0),(109,NULL,'194.5.83.106','2024-01-29 04:55:30',0,0,NULL,NULL,'User-Agent: Mozilla/4.0 (compatible; MSIE 7.0; Windows NT 5.1; 360SE)',NULL,0),(110,NULL,'194.5.83.93','2024-01-29 04:55:31',0,0,NULL,NULL,'User-Agent: Mozilla/4.0 (compatible; MSIE 7.0; Windows NT 5.1; 360SE)',NULL,0),(111,NULL,'194.5.83.92','2024-01-29 04:55:34',0,0,NULL,NULL,'User-Agent: Mozilla/4.0 (compatible; MSIE 7.0; Windows NT 5.1; 360SE)',NULL,0),(112,NULL,'194.5.83.93','2024-01-29 04:55:34',0,0,NULL,NULL,'User-Agent: Mozilla/4.0 (compatible; MSIE 7.0; Windows NT 5.1; 360SE)',NULL,0),(113,NULL,'194.5.83.92','2024-01-29 04:55:35',0,0,NULL,NULL,'User-Agent: Mozilla/4.0 (compatible; MSIE 7.0; Windows NT 5.1; 360SE)',NULL,0),(114,NULL,'194.5.83.74','2024-01-29 04:55:38',0,0,NULL,NULL,'User-Agent: Mozilla/4.0 (compatible; MSIE 7.0; Windows NT 5.1; 360SE)',NULL,0),(115,NULL,'194.5.83.92','2024-01-29 04:55:38',0,0,NULL,NULL,'User-Agent: Mozilla/4.0 (compatible; MSIE 7.0; Windows NT 5.1; 360SE)',NULL,0),(116,NULL,'194.5.83.103','2024-01-29 04:55:39',0,0,NULL,NULL,'User-Agent: Mozilla/4.0 (compatible; MSIE 7.0; Windows NT 5.1; 360SE)',NULL,0),(117,NULL,'194.5.83.56','2024-01-29 05:39:52',0,0,NULL,NULL,'User-Agent: Mozilla/4.0 (compatible; MSIE 7.0; Windows NT 5.1; 360SE)',NULL,0),(118,NULL,'194.5.83.62','2024-01-29 05:40:45',0,0,NULL,NULL,'User-Agent: Mozilla/4.0 (compatible; MSIE 7.0; Windows NT 5.1; 360SE)',NULL,0),(119,NULL,'194.5.83.61','2024-01-29 05:41:58',0,0,NULL,NULL,'User-Agent: Mozilla/4.0 (compatible; MSIE 7.0; Windows NT 5.1; 360SE)',NULL,0),(120,NULL,'194.5.83.81','2024-01-29 05:42:40',0,0,NULL,NULL,'User-Agent: Mozilla/4.0 (compatible; MSIE 7.0; Windows NT 5.1; 360SE)',NULL,0),(121,NULL,'194.5.83.87','2024-01-29 05:42:42',0,0,NULL,NULL,'User-Agent: Mozilla/4.0 (compatible; MSIE 7.0; Windows NT 5.1; 360SE)',NULL,0),(122,NULL,'194.5.83.56','2024-01-29 05:42:45',0,0,NULL,NULL,'User-Agent: Mozilla/4.0 (compatible; MSIE 7.0; Windows NT 5.1; 360SE)',NULL,0),(123,NULL,'194.5.83.79','2024-01-29 05:42:46',0,0,NULL,NULL,'User-Agent: Mozilla/4.0 (compatible; MSIE 7.0; Windows NT 5.1; 360SE)',NULL,0),(124,NULL,'194.5.83.94','2024-01-29 05:42:48',0,0,NULL,NULL,'User-Agent: Mozilla/4.0 (compatible; MSIE 7.0; Windows NT 5.1; 360SE)',NULL,0),(125,NULL,'194.5.83.74','2024-01-29 05:42:50',0,0,NULL,NULL,'User-Agent: Mozilla/4.0 (compatible; MSIE 7.0; Windows NT 5.1; 360SE)',NULL,0),(126,NULL,'194.5.83.101','2024-01-29 05:43:30',0,0,NULL,NULL,'User-Agent: Mozilla/4.0 (compatible; MSIE 7.0; Windows NT 5.1; 360SE)',NULL,0),(127,NULL,'194.5.83.67','2024-01-29 05:44:08',0,0,NULL,NULL,'User-Agent: Mozilla/4.0 (compatible; MSIE 7.0; Windows NT 5.1; 360SE)',NULL,0),(128,NULL,'194.5.83.78','2024-01-29 05:44:53',0,0,NULL,NULL,'User-Agent: Mozilla/4.0 (compatible; MSIE 7.0; Windows NT 5.1; 360SE)',NULL,0),(129,NULL,'194.5.83.79','2024-01-29 05:46:16',0,0,NULL,NULL,'User-Agent: Mozilla/4.0 (compatible; MSIE 7.0; Windows NT 5.1; 360SE)',NULL,0),(130,NULL,'194.5.83.75','2024-01-29 05:47:15',0,0,NULL,NULL,'User-Agent: Mozilla/4.0 (compatible; MSIE 7.0; Windows NT 5.1; 360SE)',NULL,0),(131,NULL,'194.5.83.82','2024-01-29 05:48:18',0,0,NULL,NULL,'User-Agent: Mozilla/4.0 (compatible; MSIE 7.0; Windows NT 5.1; 360SE)',NULL,0),(132,NULL,'194.5.83.65','2024-01-29 05:49:18',0,0,NULL,NULL,'User-Agent: Mozilla/4.0 (compatible; MSIE 7.0; Windows NT 5.1; 360SE)',NULL,0),(133,NULL,'194.5.83.87','2024-01-29 05:50:00',0,0,NULL,NULL,'User-Agent: Mozilla/4.0 (compatible; MSIE 7.0; Windows NT 5.1; 360SE)',NULL,0),(134,NULL,'194.5.83.65','2024-01-29 05:50:41',0,0,NULL,NULL,'User-Agent: Mozilla/4.0 (compatible; MSIE 7.0; Windows NT 5.1; 360SE)',NULL,0),(135,NULL,'194.5.83.89','2024-01-29 05:50:44',0,0,NULL,NULL,'User-Agent: Mozilla/4.0 (compatible; MSIE 7.0; Windows NT 5.1; 360SE)',NULL,0),(136,NULL,'194.5.83.55','2024-01-29 05:50:46',0,0,NULL,NULL,'User-Agent: Mozilla/4.0 (compatible; MSIE 7.0; Windows NT 5.1; 360SE)',NULL,0),(137,NULL,'194.5.83.88','2024-01-29 05:50:47',0,0,NULL,NULL,'User-Agent: Mozilla/4.0 (compatible; MSIE 7.0; Windows NT 5.1; 360SE)',NULL,0),(138,NULL,'194.5.83.72','2024-01-29 05:51:30',0,0,NULL,NULL,'User-Agent: Mozilla/4.0 (compatible; MSIE 7.0; Windows NT 5.1; 360SE)',NULL,0),(139,NULL,'194.5.83.84','2024-01-29 05:52:15',0,0,NULL,NULL,'User-Agent: Mozilla/4.0 (compatible; MSIE 7.0; Windows NT 5.1; 360SE)',NULL,0),(140,NULL,'194.5.83.76','2024-01-29 05:54:06',0,0,NULL,NULL,'User-Agent: Mozilla/4.0 (compatible; MSIE 7.0; Windows NT 5.1; 360SE)',NULL,0),(141,NULL,'194.5.83.92','2024-01-29 05:54:08',0,0,NULL,NULL,'User-Agent: Mozilla/4.0 (compatible; MSIE 7.0; Windows NT 5.1; 360SE)',NULL,0),(142,NULL,'194.5.83.94','2024-01-29 05:54:11',0,0,NULL,NULL,'User-Agent: Mozilla/4.0 (compatible; MSIE 7.0; Windows NT 5.1; 360SE)',NULL,0),(143,NULL,'194.5.83.82','2024-01-29 05:54:12',0,0,NULL,NULL,'User-Agent: Mozilla/4.0 (compatible; MSIE 7.0; Windows NT 5.1; 360SE)',NULL,0),(144,NULL,'194.5.83.70','2024-01-29 05:54:14',0,0,NULL,NULL,'User-Agent: Mozilla/4.0 (compatible; MSIE 7.0; Windows NT 5.1; 360SE)',NULL,0),(145,NULL,'194.5.83.100','2024-01-29 05:54:16',0,0,NULL,NULL,'User-Agent: Mozilla/4.0 (compatible; MSIE 7.0; Windows NT 5.1; 360SE)',NULL,0),(146,NULL,'194.5.83.70','2024-01-29 05:54:17',0,0,NULL,NULL,'User-Agent: Mozilla/4.0 (compatible; MSIE 7.0; Windows NT 5.1; 360SE)',NULL,0),(147,NULL,'194.5.83.96','2024-01-29 05:54:19',0,0,NULL,NULL,'User-Agent: Mozilla/4.0 (compatible; MSIE 7.0; Windows NT 5.1; 360SE)',NULL,0),(148,NULL,'194.5.83.78','2024-01-29 05:54:20',0,0,NULL,NULL,'User-Agent: Mozilla/4.0 (compatible; MSIE 7.0; Windows NT 5.1; 360SE)',NULL,0),(149,NULL,'194.5.83.86','2024-01-29 05:54:22',0,0,NULL,NULL,'User-Agent: Mozilla/4.0 (compatible; MSIE 7.0; Windows NT 5.1; 360SE)',NULL,0),(150,NULL,'194.5.83.87','2024-01-29 05:54:24',0,0,NULL,NULL,'User-Agent: Mozilla/4.0 (compatible; MSIE 7.0; Windows NT 5.1; 360SE)',NULL,0),(151,NULL,'194.5.83.70','2024-01-29 05:54:25',0,0,NULL,NULL,'User-Agent: Mozilla/4.0 (compatible; MSIE 7.0; Windows NT 5.1; 360SE)',NULL,0),(152,NULL,'194.5.83.83','2024-01-29 05:55:06',0,0,NULL,NULL,'User-Agent: Mozilla/4.0 (compatible; MSIE 7.0; Windows NT 5.1; 360SE)',NULL,0),(153,NULL,'194.5.83.93','2024-01-29 05:55:44',0,0,NULL,NULL,'User-Agent: Mozilla/4.0 (compatible; MSIE 7.0; Windows NT 5.1; 360SE)',NULL,0),(154,NULL,'194.5.83.80','2024-01-29 05:56:21',0,0,NULL,NULL,'User-Agent: Mozilla/4.0 (compatible; MSIE 7.0; Windows NT 5.1; 360SE)',NULL,0),(155,NULL,'194.5.83.56','2024-01-29 05:57:03',0,0,NULL,NULL,'User-Agent: Mozilla/4.0 (compatible; MSIE 7.0; Windows NT 5.1; 360SE)',NULL,0),(156,NULL,'194.5.83.84','2024-01-29 05:57:45',0,0,NULL,NULL,'User-Agent: Mozilla/4.0 (compatible; MSIE 7.0; Windows NT 5.1; 360SE)',NULL,0),(157,NULL,'194.5.83.69','2024-01-29 05:58:25',0,0,NULL,NULL,'User-Agent: Mozilla/4.0 (compatible; MSIE 7.0; Windows NT 5.1; 360SE)',NULL,0),(158,NULL,'194.5.83.106','2024-01-29 05:59:07',0,0,NULL,NULL,'User-Agent: Mozilla/4.0 (compatible; MSIE 7.0; Windows NT 5.1; 360SE)',NULL,0),(159,NULL,'194.5.83.54','2024-01-29 05:59:54',0,0,NULL,NULL,'User-Agent: Mozilla/4.0 (compatible; MSIE 7.0; Windows NT 5.1; 360SE)',NULL,0),(160,NULL,'194.5.83.73','2024-01-29 06:00:39',0,0,NULL,NULL,'User-Agent: Mozilla/4.0 (compatible; MSIE 7.0; Windows NT 5.1; 360SE)',NULL,0),(161,NULL,'194.5.83.66','2024-01-29 06:01:20',0,0,NULL,NULL,'User-Agent: Mozilla/4.0 (compatible; MSIE 7.0; Windows NT 5.1; 360SE)',NULL,0),(162,NULL,'194.5.83.73','2024-01-29 06:02:04',0,0,NULL,NULL,'User-Agent: Mozilla/4.0 (compatible; MSIE 7.0; Windows NT 5.1; 360SE)',NULL,0),(163,NULL,'194.5.83.79','2024-01-29 06:02:45',0,0,NULL,NULL,'User-Agent: Mozilla/4.0 (compatible; MSIE 7.0; Windows NT 5.1; 360SE)',NULL,0),(164,NULL,'194.5.83.56','2024-01-29 06:03:53',0,0,NULL,NULL,'User-Agent: Mozilla/4.0 (compatible; MSIE 7.0; Windows NT 5.1; 360SE)',NULL,0),(165,NULL,'194.5.83.99','2024-01-29 06:04:33',0,0,NULL,NULL,'User-Agent: Mozilla/4.0 (compatible; MSIE 7.0; Windows NT 5.1; 360SE)',NULL,0),(166,NULL,'194.5.83.96','2024-01-29 06:05:15',0,0,NULL,NULL,'User-Agent: Mozilla/4.0 (compatible; MSIE 7.0; Windows NT 5.1; 360SE)',NULL,0),(167,NULL,'194.5.83.69','2024-01-29 06:05:55',0,0,NULL,NULL,'User-Agent: Mozilla/4.0 (compatible; MSIE 7.0; Windows NT 5.1; 360SE)',NULL,0),(168,NULL,'194.5.83.56','2024-01-29 06:05:56',0,0,NULL,NULL,'User-Agent: Mozilla/4.0 (compatible; MSIE 7.0; Windows NT 5.1; 360SE)',NULL,0),(169,NULL,'194.5.83.94','2024-01-29 06:05:58',0,0,NULL,NULL,'User-Agent: Mozilla/4.0 (compatible; MSIE 7.0; Windows NT 5.1; 360SE)',NULL,0),(170,NULL,'194.5.83.95','2024-01-29 06:06:00',0,0,NULL,NULL,'User-Agent: Mozilla/4.0 (compatible; MSIE 7.0; Windows NT 5.1; 360SE)',NULL,0),(171,NULL,'194.5.83.55','2024-01-29 06:06:41',0,0,NULL,NULL,'User-Agent: Mozilla/4.0 (compatible; MSIE 7.0; Windows NT 5.1; 360SE)',NULL,0),(172,NULL,'194.5.83.89','2024-01-29 06:07:41',0,0,NULL,NULL,'User-Agent: Mozilla/4.0 (compatible; MSIE 7.0; Windows NT 5.1; 360SE)',NULL,0),(173,NULL,'194.5.83.75','2024-01-29 06:08:41',0,0,NULL,NULL,'User-Agent: Mozilla/4.0 (compatible; MSIE 7.0; Windows NT 5.1; 360SE)',NULL,0),(174,NULL,'194.5.83.67','2024-01-29 06:09:21',0,0,NULL,NULL,'User-Agent: Mozilla/4.0 (compatible; MSIE 7.0; Windows NT 5.1; 360SE)',NULL,0),(175,NULL,'194.5.83.87','2024-01-29 06:09:23',0,0,NULL,NULL,'User-Agent: Mozilla/4.0 (compatible; MSIE 7.0; Windows NT 5.1; 360SE)',NULL,0),(176,NULL,'194.5.83.65','2024-01-29 06:09:25',0,0,NULL,NULL,'User-Agent: Mozilla/4.0 (compatible; MSIE 7.0; Windows NT 5.1; 360SE)',NULL,0),(177,NULL,'194.5.83.65','2024-01-29 06:09:26',0,0,NULL,NULL,'User-Agent: Mozilla/4.0 (compatible; MSIE 7.0; Windows NT 5.1; 360SE)',NULL,0),(178,NULL,'194.5.83.88','2024-01-29 06:09:28',0,0,NULL,NULL,'User-Agent: Mozilla/4.0 (compatible; MSIE 7.0; Windows NT 5.1; 360SE)',NULL,0),(179,NULL,'194.5.83.79','2024-01-29 06:09:30',0,0,NULL,NULL,'User-Agent: Mozilla/4.0 (compatible; MSIE 7.0; Windows NT 5.1; 360SE)',NULL,0),(180,NULL,'194.5.83.79','2024-01-29 06:10:26',0,0,NULL,NULL,'User-Agent: Mozilla/4.0 (compatible; MSIE 7.0; Windows NT 5.1; 360SE)',NULL,0),(181,NULL,'194.5.83.75','2024-01-29 06:11:28',0,0,NULL,NULL,'User-Agent: Mozilla/4.0 (compatible; MSIE 7.0; Windows NT 5.1; 360SE)',NULL,0),(182,NULL,'194.5.83.78','2024-01-29 06:12:10',0,0,NULL,NULL,'User-Agent: Mozilla/4.0 (compatible; MSIE 7.0; Windows NT 5.1; 360SE)',NULL,0),(183,NULL,'194.5.83.73','2024-01-29 06:13:11',0,0,NULL,NULL,'User-Agent: Mozilla/4.0 (compatible; MSIE 7.0; Windows NT 5.1; 360SE)',NULL,0),(184,NULL,'194.5.83.100','2024-01-29 06:13:54',0,0,NULL,NULL,'User-Agent: Mozilla/4.0 (compatible; MSIE 7.0; Windows NT 5.1; 360SE)',NULL,0),(185,NULL,'194.5.83.80','2024-01-29 06:14:55',0,0,NULL,NULL,'User-Agent: Mozilla/4.0 (compatible; MSIE 7.0; Windows NT 5.1; 360SE)',NULL,0),(186,NULL,'194.5.83.77','2024-01-29 06:15:57',0,0,NULL,NULL,'User-Agent: Mozilla/4.0 (compatible; MSIE 7.0; Windows NT 5.1; 360SE)',NULL,0),(187,NULL,'194.5.83.60','2024-01-29 06:17:02',0,0,NULL,NULL,'User-Agent: Mozilla/4.0 (compatible; MSIE 7.0; Windows NT 5.1; 360SE)',NULL,0),(188,NULL,'194.5.83.74','2024-01-29 06:18:01',0,0,NULL,NULL,'User-Agent: Mozilla/4.0 (compatible; MSIE 7.0; Windows NT 5.1; 360SE)',NULL,0),(189,NULL,'194.5.83.78','2024-01-29 06:18:44',0,0,NULL,NULL,'User-Agent: Mozilla/4.0 (compatible; MSIE 7.0; Windows NT 5.1; 360SE)',NULL,0),(190,NULL,'194.5.83.61','2024-01-29 06:18:46',0,0,NULL,NULL,'User-Agent: Mozilla/4.0 (compatible; MSIE 7.0; Windows NT 5.1; 360SE)',NULL,0),(191,NULL,'194.5.83.76','2024-01-29 06:18:48',0,0,NULL,NULL,'User-Agent: Mozilla/4.0 (compatible; MSIE 7.0; Windows NT 5.1; 360SE)',NULL,0),(192,NULL,'194.5.83.85','2024-01-29 06:18:50',0,0,NULL,NULL,'User-Agent: Mozilla/4.0 (compatible; MSIE 7.0; Windows NT 5.1; 360SE)',NULL,0),(193,NULL,'194.5.83.92','2024-01-29 07:04:56',0,0,NULL,NULL,'User-Agent: Mozilla/4.0 (compatible; MSIE 7.0; Windows NT 5.1; 360SE)',NULL,0),(194,NULL,'194.5.83.88','2024-01-29 07:04:56',0,0,NULL,NULL,'User-Agent: Mozilla/4.0 (compatible; MSIE 7.0; Windows NT 5.1; 360SE)',NULL,0),(195,NULL,'194.5.83.76','2024-01-29 07:04:58',0,0,NULL,NULL,'User-Agent: Mozilla/4.0 (compatible; MSIE 7.0; Windows NT 5.1; 360SE)',NULL,0),(196,1,'177.235.116.67','2024-02-19 04:01:34',1,1,'vTAXXeT33iXs5kVR4UvRySErzF3Q3hG2JPWYyLNSrSeeo2sie5OaBtq86SXI','reMEEqCdeY2FHBcleVLn','Mozilla/5.0 (Windows NT 10.0; Win64; x64) AppleWebKit/537.36 (KHTML, like Gecko) Chrome/121.0.0.0 Safari/537.36',NULL,0),(197,NULL,'185.191.171.8','2024-03-17 11:38:37',0,0,NULL,NULL,'Mozilla/5.0 (compatible; SemrushBot/7~bl; +http://www.semrush.com/bot.html)',NULL,0),(198,NULL,'185.191.171.3','2024-05-19 16:11:45',0,0,NULL,NULL,'Mozilla/5.0 (compatible; SemrushBot/7~bl; +http://www.semrush.com/bot.html)',NULL,0),(199,NULL,'69.171.249.13','2024-05-25 15:25:18',0,0,NULL,NULL,'facebookexternalhit/1.1 (+http://www.facebook.com/externalhit_uatext.php)',NULL,0),(200,NULL,'173.252.107.116','2024-05-26 22:58:47',0,0,NULL,NULL,'facebookexternalhit/1.1 (+http://www.facebook.com/externalhit_uatext.php)',NULL,0),(201,NULL,'173.252.87.7','2024-05-27 01:17:27',0,0,NULL,NULL,'facebookexternalhit/1.1 (+http://www.facebook.com/externalhit_uatext.php)',NULL,0),(202,NULL,'69.171.230.119','2024-05-27 03:14:28',0,0,NULL,NULL,'facebookexternalhit/1.1 (+http://www.facebook.com/externalhit_uatext.php)',NULL,0),(203,NULL,'69.171.249.111','2024-05-27 07:04:41',0,0,NULL,NULL,'facebookexternalhit/1.1 (+http://www.facebook.com/externalhit_uatext.php)',NULL,0),(204,NULL,'173.252.127.4','2024-05-27 07:46:55',0,0,NULL,NULL,'facebookexternalhit/1.1 (+http://www.facebook.com/externalhit_uatext.php)',NULL,0),(205,NULL,'173.252.83.22','2024-05-27 11:50:15',0,0,NULL,NULL,'facebookexternalhit/1.1 (+http://www.facebook.com/externalhit_uatext.php)',NULL,0),(206,NULL,'173.252.69.2','2024-05-27 13:20:13',0,0,NULL,NULL,'facebookexternalhit/1.1 (+http://www.facebook.com/externalhit_uatext.php)',NULL,0),(207,NULL,'173.252.83.26','2024-05-27 16:37:58',0,0,NULL,NULL,'facebookexternalhit/1.1 (+http://www.facebook.com/externalhit_uatext.php)',NULL,0),(208,NULL,'173.252.83.3','2024-05-27 17:11:30',0,0,NULL,NULL,'facebookexternalhit/1.1 (+http://www.facebook.com/externalhit_uatext.php)',NULL,0),(209,NULL,'173.252.83.34','2024-05-27 17:19:51',0,0,NULL,NULL,'facebookexternalhit/1.1 (+http://www.facebook.com/externalhit_uatext.php)',NULL,0),(210,NULL,'173.252.69.2','2024-05-28 02:12:57',0,0,NULL,NULL,'facebookexternalhit/1.1 (+http://www.facebook.com/externalhit_uatext.php)',NULL,0),(211,NULL,'173.252.127.3','2024-05-28 07:02:28',0,0,NULL,NULL,'facebookexternalhit/1.1 (+http://www.facebook.com/externalhit_uatext.php)',NULL,0),(212,NULL,'173.252.83.9','2024-05-28 17:21:59',0,0,NULL,NULL,'facebookexternalhit/1.1 (+http://www.facebook.com/externalhit_uatext.php)',NULL,0),(213,NULL,'173.252.83.12','2024-05-28 20:43:01',0,0,NULL,NULL,'facebookexternalhit/1.1 (+http://www.facebook.com/externalhit_uatext.php)',NULL,0),(214,NULL,'69.171.230.5','2024-05-29 02:35:18',0,0,NULL,NULL,'facebookexternalhit/1.1 (+http://www.facebook.com/externalhit_uatext.php)',NULL,0),(215,NULL,'173.252.107.4','2024-05-29 08:14:08',0,0,NULL,NULL,'facebookexternalhit/1.1 (+http://www.facebook.com/externalhit_uatext.php)',NULL,0),(216,NULL,'177.235.116.67','2024-05-29 12:26:09',0,0,NULL,NULL,'Mozilla/5.0 (Windows NT 10.0; Win64; x64) AppleWebKit/537.36 (KHTML, like Gecko) Chrome/124.0.0.0 Safari/537.36',NULL,0),(217,NULL,'177.235.116.67','2024-05-29 12:28:07',0,0,NULL,NULL,'Mozilla/5.0 (Windows NT 10.0; Win64; x64) AppleWebKit/537.36 (KHTML, like Gecko) Chrome/124.0.0.0 Safari/537.36 Avast/124.0.0.0',NULL,0),(218,NULL,'177.235.116.67','2024-05-29 12:30:31',0,0,NULL,NULL,'Mozilla/5.0 (Windows NT 10.0; Win64; x64) AppleWebKit/537.36 (KHTML, like Gecko) Chrome/124.0.0.0 Safari/537.36',NULL,0),(219,NULL,'177.235.116.67','2024-05-29 12:30:53',0,0,NULL,NULL,'Mozilla/5.0 (Windows NT 10.0; Win64; x64) AppleWebKit/537.36 (KHTML, like Gecko) Chrome/124.0.0.0 Safari/537.36 Avast/124.0.0.0',NULL,0),(220,NULL,'173.252.83.27','2024-05-29 12:39:13',0,0,NULL,NULL,'facebookexternalhit/1.1 (+http://www.facebook.com/externalhit_uatext.php)',NULL,0);

--
-- Table structure for table `audios`
--

CREATE TABLE `audios` (
  `id` int(11) NOT NULL AUTO_INCREMENT,
  `data` timestamp NOT NULL DEFAULT current_timestamp(),
  `titulo` text DEFAULT NULL,
  `descricao` text DEFAULT NULL,
  `secao` int(11) NOT NULL DEFAULT 0,
  `entidade` int(11) NOT NULL DEFAULT 0,
  PRIMARY KEY (`id`),
  KEY `entidade` (`entidade`),
  KEY `secao` (`secao`)
) ENGINE=MyISAM AUTO_INCREMENT=2 DEFAULT CHARSET=latin1 COLLATE=latin1_swedish_ci ROW_FORMAT=DYNAMIC;

--
-- Dumping data for table `audios`
--

INSERT INTO `audios` (`id`, `data`, `titulo`, `descricao`, `secao`, `entidade`) VALUES (1,'2021-01-09 03:00:00','Hino Nacional Brasileiro','',1,1);

--
-- Table structure for table `audios_arquivos`
--

CREATE TABLE `audios_arquivos` (
  `id` int(11) NOT NULL AUTO_INCREMENT,
  `audio` int(11) NOT NULL,
  `path` text NOT NULL,
  `arquivo` text NOT NULL,
  `legenda` text DEFAULT NULL,
  `tipo` varchar(50) DEFAULT NULL,
  `data` date DEFAULT NULL,
  PRIMARY KEY (`id`),
  KEY `audio` (`audio`)
) ENGINE=MyISAM AUTO_INCREMENT=2 DEFAULT CHARSET=latin1 COLLATE=latin1_swedish_ci ROW_FORMAT=DYNAMIC;

--
-- Dumping data for table `audios_arquivos`
--

INSERT INTO `audios_arquivos` (`id`, `audio`, `path`, `arquivo`, `legenda`, `tipo`, `data`) VALUES (1,1,'zHD/audios/1/1/','mp3-hino-nacional (0375801001610175602).mp3','Hino Nacional Brasileiro',NULL,'2021-01-09');

--
-- Table structure for table `audios_secoes`
--

CREATE TABLE `audios_secoes` (
  `id` int(11) NOT NULL AUTO_INCREMENT,
  `entidade` int(11) NOT NULL DEFAULT 0,
  `nome` varchar(250) NOT NULL,
  PRIMARY KEY (`id`),
  KEY `entidade` (`entidade`)
) ENGINE=MyISAM AUTO_INCREMENT=9 DEFAULT CHARSET=latin1 COLLATE=latin1_swedish_ci ROW_FORMAT=DYNAMIC;

--
-- Dumping data for table `audios_secoes`
--

INSERT INTO `audios_secoes` (`id`, `entidade`, `nome`) VALUES (1,1,'Áudios');

--
-- Table structure for table `blocos`
--

CREATE TABLE `blocos` (
  `id` int(11) NOT NULL AUTO_INCREMENT,
  `usuario` int(11) NOT NULL DEFAULT 0,
  `secao` int(11) NOT NULL DEFAULT 0,
  `texto` text DEFAULT NULL,
  `entidade` int(11) NOT NULL,
  PRIMARY KEY (`id`),
  KEY `secao` (`secao`),
  KEY `entidade` (`entidade`)
) ENGINE=MyISAM AUTO_INCREMENT=6 DEFAULT CHARSET=latin1 COLLATE=latin1_swedish_ci ROW_FORMAT=DYNAMIC;

--
-- Dumping data for table `blocos`
--

INSERT INTO `blocos` (`id`, `usuario`, `secao`, `texto`, `entidade`) VALUES (5,1,6,'<p>JP Web © All Rights<br></p>',1),(2,1,2,'<p>Lorem ipsão dolor sít amçet, consectetur adipiscing elit. Sed vehicula id odio quis rhoncus. Donec ullamcorper, lectus in dictum porta, urna nisl tincidunt metus, at iaculis nunc sem vitae diam. Etiam quam orci.</p><p><br></p><p>Lorem ipsão dolor sít amçet, consectetur adipiscing elit. Sed vehicula id odio quis rhoncus. Donec ullamcorper, lectus in dictum porta, urna nisl tincidunt metus, at iaculis nunc sem vitae diam. Etiam quam orci.<br></p>',1),(3,1,3,'<p>Lorem ipsão dolor sít amçet, consectetur adipiscing elit. Sed vehicula id odio quis rhoncus. Donec ullamcorper, lectus in dictum porta, urna nisl tincidunt metus, at iaculis nunc sem vitae diam. Etiam quam orci.</p><p><br></p><p>Lorem ipsão dolor sít amçet, consectetur adipiscing elit. Sed vehicula id odio quis rhoncus. Donec ullamcorper, lectus in dictum porta, urna nisl tincidunt metus, at iaculis nunc sem vitae diam. Etiam quam orci.</p>',1),(4,1,4,'<h3><b>Endereço:</b></h3><p><br></p><p>Lorem ipsão dolor sít amçet, consectetur adipiscing elit. Sed vehicula id odio quis rhoncus. Donec ullamcorper, lectus in dictum porta, urna nisl tincidunt metus, at iaculis nunc sem vitae diam.&nbsp;</p><p><br></p><h3><b>Contatos:</b></h3><p><br></p><p>Lorem ipsão dolor sít amçet, consectetur adipiscing elit. Sed vehicula id odio quis rhoncus. Donec ullamcorper, lectus in dictum porta, urna nisl tincidunt metus, at iaculis nunc sem vitae diam.&nbsp;</p><p><br></p><h3><b>Horários:</b></h3><p><br></p><p>Lorem ipsão dolor sít amçet, consectetur adipiscing elit. Sed vehicula id odio quis rhoncus. Donec ullamcorper, lectus in dictum porta, urna nisl tincidunt metus, at iaculis nunc sem vitae diam.&nbsp;<br></p>',1);

--
-- Table structure for table `blocos_secoes`
--

CREATE TABLE `blocos_secoes` (
  `id` int(11) NOT NULL AUTO_INCREMENT,
  `nome` varchar(250) NOT NULL,
  `entidade` int(11) NOT NULL DEFAULT 0,
  PRIMARY KEY (`id`),
  KEY `entidade` (`entidade`)
) ENGINE=MyISAM AUTO_INCREMENT=7 DEFAULT CHARSET=latin1 COLLATE=latin1_swedish_ci ROW_FORMAT=DYNAMIC;

--
-- Dumping data for table `blocos_secoes`
--

INSERT INTO `blocos_secoes` (`id`, `nome`, `entidade`) VALUES (2,'A Federação',1),(3,'Academias',1),(4,'Contatos',1),(6,'Copyright',1);

--
-- Table structure for table `carrossel`
--

CREATE TABLE `carrossel` (
  `id` int(11) NOT NULL AUTO_INCREMENT,
  `data` timestamp NOT NULL DEFAULT current_timestamp(),
  `titulo` text NOT NULL,
  `secao` int(11) NOT NULL DEFAULT 0,
  `status` int(11) NOT NULL DEFAULT 1,
  `entidade` int(11) NOT NULL DEFAULT 0,
  PRIMARY KEY (`id`),
  KEY `secao` (`secao`),
  KEY `entidade` (`entidade`),
  KEY `status` (`status`)
) ENGINE=MyISAM AUTO_INCREMENT=10 DEFAULT CHARSET=latin1 COLLATE=latin1_swedish_ci ROW_FORMAT=DYNAMIC;

--
-- Dumping data for table `carrossel`
--

INSERT INTO `carrossel` (`id`, `data`, `titulo`, `secao`, `status`, `entidade`) VALUES (5,'2022-06-24 15:08:39','Judô 3',18,1,1),(7,'2022-06-29 02:01:50','Judô 2',17,1,1),(6,'2022-06-29 01:57:29','Judô 1',16,1,1),(8,'2022-06-30 07:43:27','Judô 4',19,1,1),(9,'2024-01-16 01:29:29','Mobile',20,1,1);

--
-- Table structure for table `carrossel_arquivos`
--

CREATE TABLE `carrossel_arquivos` (
  `id` int(11) NOT NULL AUTO_INCREMENT,
  `carrossel` int(11) NOT NULL,
  `path` text NOT NULL,
  `arquivo` text NOT NULL,
  `imagem` text DEFAULT NULL,
  `imagem_status` int(11) NOT NULL DEFAULT 1,
  `titulo` text DEFAULT NULL,
  `subtitulo` text DEFAULT NULL,
  `texto` text DEFAULT NULL,
  `link` text DEFAULT NULL,
  `status` int(11) NOT NULL DEFAULT 1,
  `ordem` int(11) NOT NULL DEFAULT 0,
  PRIMARY KEY (`id`),
  KEY `carrossel` (`carrossel`),
  KEY `ordem` (`ordem`),
  KEY `status` (`status`)
) ENGINE=MyISAM AUTO_INCREMENT=54 DEFAULT CHARSET=latin1 COLLATE=latin1_swedish_ci ROW_FORMAT=DYNAMIC;

--
-- Dumping data for table `carrossel_arquivos`
--

INSERT INTO `carrossel_arquivos` (`id`, `carrossel`, `path`, `arquivo`, `imagem`, `imagem_status`, `titulo`, `subtitulo`, `texto`, `link`, `status`, `ordem`) VALUES (47,6,'zHD/carrossel/1/6/','Carrossel (0592197001703211318).jpg',NULL,1,'ARTES MARCIAIS','Portal Demo para Federações de Artes Marciais, Judô, Karatê, Jiu-Jitsu, Taekwondo e outras.','Este site é ilustrativo, para demonstração e vendas. Navegue, veja \"Modelos\" e \"Outros Sites\" no menu. Rápido e econômico é instalado em até 1 hora. Para comprar ou vender nossos sites, chame no WhatsApp nou vá para nosso página de vendas, ícones abaixo',NULL,0,4),(6,2,'zHD/carrossel/1/2/','Carrossel (0184683001611957066).jpg',NULL,1,NULL,NULL,NULL,NULL,0,0),(44,6,'zHD/carrossel/1/6/','Carrossel (0274092001703211057).jpg',NULL,1,'ARTES MARCIAIS','Portal Demo para Federações de Artes Marciais, Judô, Karatê, Jiu-Jitsu, Taekwondo e outras.','Este site é ilustrativo, para demonstração e vendas. Navegue, veja \"Modelos\" e \"Outros Sites\" no menu. Rápido e econômico é instalado em até 1 hora. Para comprar ou vender nossos sites, chame no WhatsApp nou vá para nosso página de vendas, ícones abaixo',NULL,1,3),(45,6,'zHD/carrossel/1/6/','Carrossel (0274097001703211057).jpg',NULL,1,'ARTES MARCIAIS','Portal Demo para Federações de Artes Marciais, Judô, Karatê, Jiu-Jitsu, Taekwondo e outras.','Este site é ilustrativo, para demonstração e vendas. Navegue, veja \"Modelos\" e \"Outros Sites\" no menu. Rápido e econômico é instalado em até 1 hora. Para comprar ou vender nossos sites, chame no WhatsApp nou vá para nosso página de vendas, ícones abaixo',NULL,1,1),(40,7,'zHD/carrossel/1/7/','Carrossel (0339984001656468130).jpg','0040459001669002194.png',1,'JUDÔ','Nome da Federação',NULL,NULL,1,0),(26,5,'zHD/carrossel/1/5/','Carrossel (0956607001656083555).jpg','0851369001669002262.png',1,'JUDÔ','Nome da Federação',NULL,NULL,1,0),(49,6,'zHD/carrossel/1/6/','Carrossel (0207878001703653914).jpg',NULL,1,'ARTES MARCIAIS','Portal Demo para Federações de Artes Marciais, Judô, Karatê, Jiu-Jitsu, Taekwondo e outras.','Este site é ilustrativo, para demonstração e vendas. Navegue, veja \"Modelos\" e \"Outros Sites\" no menu. Rápido e econômico é instalado em até 1 hora. Para comprar ou vender nossos sites, chame no WhatsApp nou vá para nosso página de vendas, ícones abaixo',NULL,1,2),(42,8,'zHD/carrossel/1/8/','Carrossel (0444780001656575072).jpg','0246375001656575113.png',1,'JUDÔ','Federação Goiana de Judô',NULL,NULL,1,0),(53,9,'zHD/carrossel/1/9/','Carrossel (0191958001708315325).jpg',NULL,1,NULL,NULL,NULL,NULL,1,0),(48,6,'zHD/carrossel/1/6/','Carrossel (0192858001703653914).jpg',NULL,1,'ARTES MARCIAIS','Portal Demo para Federações de Artes Marciais, Judô, Karatê, Jiu-Jitsu, Taekwondo e outras.','Este site é ilustrativo, para demonstração e vendas. Navegue, veja \"Modelos\" e \"Outros Sites\" no menu. Rápido e econômico é instalado em até 1 hora. Para comprar ou vender nossos sites, chame no WhatsApp nou vá para nosso página de vendas, ícones abaixo',NULL,0,5),(51,6,'zHD/carrossel/1/6/','Carrossel (0454008001703654064).jpg',NULL,1,'ARTES MARCIAIS','Portal Demo para Federações de Artes Marciais, Judô, Karatê, Jiu-Jitsu, Taekwondo e outras.','Este site é ilustrativo, para demonstração e vendas. Navegue, veja \"Modelos\" e \"Outros Sites\" no menu. Rápido e econômico é instalado em até 1 hora. Para comprar ou vender nossos sites, chame no WhatsApp nou vá para nosso página de vendas, ícones abaixo',NULL,1,0);

--
-- Table structure for table `carrossel_secoes`
--

CREATE TABLE `carrossel_secoes` (
  `id` int(11) NOT NULL AUTO_INCREMENT,
  `entidade` int(11) NOT NULL DEFAULT 0,
  `nome` varchar(250) NOT NULL,
  PRIMARY KEY (`id`),
  KEY `entidade` (`entidade`)
) ENGINE=MyISAM AUTO_INCREMENT=21 DEFAULT CHARSET=latin1 COLLATE=latin1_swedish_ci ROW_FORMAT=DYNAMIC;

--
-- Dumping data for table `carrossel_secoes`
--

INSERT INTO `carrossel_secoes` (`id`, `entidade`, `nome`) VALUES (19,1,'Web3'),(18,1,'Web2'),(16,1,'Web'),(17,1,'Web1'),(20,1,'Mobile');

--
-- Table structure for table `classificados`
--

CREATE TABLE `classificados` (
  `id` int(11) NOT NULL AUTO_INCREMENT,
  `usuario` int(11) NOT NULL DEFAULT 0,
  `titulo` text NOT NULL,
  `tag` text NOT NULL,
  `subtitulo` text DEFAULT NULL,
  `texto` longtext DEFAULT NULL,
  `codigo` varchar(25) NOT NULL,
  `secao` text NOT NULL,
  `valor` text DEFAULT NULL,
  `capa` int(11) DEFAULT 0,
  `data` date DEFAULT NULL,
  `destaque` int(11) DEFAULT 0,
  `entidade` int(11) NOT NULL,
  `status` int(11) DEFAULT 1,
  `contador` int(11) DEFAULT 0,
  PRIMARY KEY (`id`)
) ENGINE=MyISAM AUTO_INCREMENT=20 DEFAULT CHARSET=latin1 COLLATE=latin1_swedish_ci ROW_FORMAT=DYNAMIC;

--
-- Dumping data for table `classificados`
--

INSERT INTO `classificados` (`id`, `usuario`, `titulo`, `tag`, `subtitulo`, `texto`, `codigo`, `secao`, `valor`, `capa`, `data`, `destaque`, `entidade`, `status`, `contador`) VALUES (19,1,'Kimono Infantil','kimonoinfantil','Lorem ipsão dolor sít amçet, consectetur adipiscing elit. Sed vehicula id odio quis rhoncus. Donec ullamcorper','<p>Lorem ipsão dolor sít amçet, consectetur adipiscing elit. Sed vehicula id odio quis rhoncus. Donec ullamcorper, lectus in dictum porta, urna nisl tincidunt metus, at iaculis nunc sem vitae diam. Etiam quam orci, volutpat a justo non, pretium condimentum felis. Duis id elementum arcu. Mauris pharetra dui molestie tortor imperdiet. </p><p><br></p><p>Duis non laoreet eros. Vestibulum porta neque eleifend erat tempus, vitae sagittis elit sodales. Sed convallis erat quis iaculis vestibulum. Curabitur sit amet purus et tellus consectetur vehicula. Suspendisse condimentum bibendum ante in adipiscing. Aliquam dignissim nisl eget arcu convallis, in viverra risus consequat. Pellentesque dictum gravida lacinia.</p><p><br></p><p>Lorem ipsão dolor sít amçet, consectetur adipiscing elit. Sed vehicula id odio quis rhoncus. Donec ullamcorper, lectus in dictum porta, urna nisl tincidunt metus, at iaculis nunc sem vitae diam. Etiam quam orci, volutpat a justo non, pretium condimentum felis. Duis id elementum arcu. Mauris pharetra dui molestie tortor imperdiet. Duis non laoreet eros. Vestibulum porta neque eleifend erat tempus, vitae sagittis elit sodales. Sed convallis erat quis iaculis vestibulum. </p>','2Z5uz2bOC62wgVy1zKaIhLI5j','Todas categorias','R$ 156,00',98,'2022-06-30',1,1,1,802),(18,1,'Kimono Feminino','kimonofeminino','Lorem ipsão dolor sít amçet, consectetur adipiscing elit. Sed vehicula id odio quis rhoncus. Donec ullamcorper','<p>Lorem ipsão dolor sít amçet, consectetur adipiscing elit. Sed vehicula id odio quis rhoncus. Donec ullamcorper, lectus in dictum porta, urna nisl tincidunt metus, at iaculis nunc sem vitae diam. Etiam quam orci, volutpat a justo non, pretium condimentum felis. Duis id elementum arcu. Mauris pharetra dui molestie tortor imperdiet. </p><p><br></p><p>Duis non laoreet eros. Vestibulum porta neque eleifend erat tempus, vitae sagittis elit sodales. Sed convallis erat quis iaculis vestibulum. Curabitur sit amet purus et tellus consectetur vehicula. Suspendisse condimentum bibendum ante in adipiscing. Aliquam dignissim nisl eget arcu convallis, in viverra risus consequat. Pellentesque dictum gravida lacinia.</p><p><br></p><p>Lorem ipsão dolor sít amçet, consectetur adipiscing elit. Sed vehicula id odio quis rhoncus. Donec ullamcorper, lectus in dictum porta, urna nisl tincidunt metus, at iaculis nunc sem vitae diam. Etiam quam orci, volutpat a justo non, pretium condimentum felis. Duis id elementum arcu. Mauris pharetra dui molestie tortor imperdiet. Duis non laoreet eros. Vestibulum porta neque eleifend erat tempus, vitae sagittis elit sodales. Sed convallis erat quis iaculis vestibulum. </p>','O1moRKFg9sfwJZLrn5Jprhp70','Todas categorias','R$ 180,00',93,'2022-06-30',1,1,1,742),(16,1,'Bolsa para Judô','bolsaparajudo','Lorem ipsão dolor sít amçet, consectetur adipiscing elit. Sed vehicula id odio quis rhoncus. Donec ullamcorper','<p>Lorem ipsão dolor sít amçet, consectetur adipiscing elit. Sed vehicula id odio quis rhoncus. Donec ullamcorper, lectus in dictum porta, urna nisl tincidunt metus, at iaculis nunc sem vitae diam. Etiam quam orci, volutpat a justo non, pretium condimentum felis. Duis id elementum arcu. Mauris pharetra dui molestie tortor imperdiet. </p><p><br></p><p>Duis non laoreet eros. Vestibulum porta neque eleifend erat tempus, vitae sagittis elit sodales. Sed convallis erat quis iaculis vestibulum. Curabitur sit amet purus et tellus consectetur vehicula. Suspendisse condimentum bibendum ante in adipiscing. Aliquam dignissim nisl eget arcu convallis, in viverra risus consequat. Pellentesque dictum gravida lacinia.</p>','N15ar8u3ujNyYcEBhJvSdD1ED','Todas categorias','R$ 115,00',82,'2022-06-30',1,1,1,735),(17,1,'Kimono Masculino','kimonomasculino','Lorem ipsão dolor sít amçet, consectetur adipiscing elit. Sed vehicula id odio quis rhoncus. Donec ullamcorper','<p>Lorem ipsão dolor sít amçet, consectetur adipiscing elit. Sed vehicula id odio quis rhoncus. Donec ullamcorper, lectus in dictum porta, urna nisl tincidunt metus, at iaculis nunc sem vitae diam. Etiam quam orci, volutpat a justo non, pretium condimentum felis. Duis id elementum arcu. Mauris pharetra dui molestie tortor imperdiet. </p><p><br></p><p>Duis non laoreet eros. Vestibulum porta neque eleifend erat tempus, vitae sagittis elit sodales. Sed convallis erat quis iaculis vestibulum. Curabitur sit amet purus et tellus consectetur vehicula. Suspendisse condimentum bibendum ante in adipiscing. Aliquam dignissim nisl eget arcu convallis, in viverra risus consequat. Pellentesque dictum gravida lacinia.</p><p><br></p><p>Duis non laoreet eros. Vestibulum porta neque eleifend erat tempus, vitae sagittis elit sodales. Sed convallis erat quis iaculis vestibulum. Curabitur sit amet purus et tellus consectetur vehicula. Suspendisse condimentum bibendum ante in adipiscing. Aliquam dignissim nisl eget arcu convallis, in viverra risus consequat. Pellentesque dictum gravida lacinia.<br></p>','BCFZnJHnU4bHD4OMJF1c9xK3Q','Todas categorias','R$ 180,00',87,'2022-06-30',1,1,1,772);

--
-- Table structure for table `classificados_arquivos`
--

CREATE TABLE `classificados_arquivos` (
  `id` int(11) NOT NULL AUTO_INCREMENT,
  `codigo` varchar(25) NOT NULL,
  `path` text NOT NULL,
  `arquivo` text NOT NULL,
  `legenda` text DEFAULT NULL,
  `tipo` varchar(50) DEFAULT NULL,
  PRIMARY KEY (`id`)
) ENGINE=MyISAM AUTO_INCREMENT=103 DEFAULT CHARSET=latin1 COLLATE=latin1_swedish_ci ROW_FORMAT=DYNAMIC;

--
-- Dumping data for table `classificados_arquivos`
--

INSERT INTO `classificados_arquivos` (`id`, `codigo`, `path`, `arquivo`, `legenda`, `tipo`) VALUES (82,'N15ar8u3ujNyYcEBhJvSdD1ED','zHD/classificados/1/N15ar8u3ujNyYcEBhJvSdD1ED/imagens/','0570848001656572703.jpg',NULL,'capa'),(83,'N15ar8u3ujNyYcEBhJvSdD1ED','zHD/classificados/1/N15ar8u3ujNyYcEBhJvSdD1ED/imagens/','TEMP-BOLSA-3 (0419435001656572729).jpg',NULL,'imagem'),(84,'N15ar8u3ujNyYcEBhJvSdD1ED','zHD/classificados/1/N15ar8u3ujNyYcEBhJvSdD1ED/imagens/','TEMP-BOLSA-1 (0419616001656572729).jpg',NULL,'imagem'),(85,'N15ar8u3ujNyYcEBhJvSdD1ED','zHD/classificados/1/N15ar8u3ujNyYcEBhJvSdD1ED/imagens/','TEMP-BOLSA-2 (0434203001656572729).jpg',NULL,'imagem'),(86,'N15ar8u3ujNyYcEBhJvSdD1ED','zHD/classificados/1/N15ar8u3ujNyYcEBhJvSdD1ED/imagens/','TEMP-BOLSA-4 (0443394001656572729).jpg',NULL,'imagem'),(87,'BCFZnJHnU4bHD4OMJF1c9xK3Q','zHD/classificados/1/BCFZnJHnU4bHD4OMJF1c9xK3Q/imagens/','0829378001656572881.jpg',NULL,'capa'),(93,'O1moRKFg9sfwJZLrn5Jprhp70','zHD/classificados/1/O1moRKFg9sfwJZLrn5Jprhp70/imagens/','0849224001656573054.jpg',NULL,'capa'),(89,'BCFZnJHnU4bHD4OMJF1c9xK3Q','zHD/classificados/1/BCFZnJHnU4bHD4OMJF1c9xK3Q/imagens/','TEMP-KIMONO-MASC (0898044001656572902).jpg',NULL,'imagem'),(90,'BCFZnJHnU4bHD4OMJF1c9xK3Q','zHD/classificados/1/BCFZnJHnU4bHD4OMJF1c9xK3Q/imagens/','TEMP-KIMONO-MASC1 (0895358001656572902).jpg',NULL,'imagem'),(91,'BCFZnJHnU4bHD4OMJF1c9xK3Q','zHD/classificados/1/BCFZnJHnU4bHD4OMJF1c9xK3Q/imagens/','TEMP-KIMONO-MASC4 (0958576001656572902).jpg',NULL,'imagem'),(92,'BCFZnJHnU4bHD4OMJF1c9xK3Q','zHD/classificados/1/BCFZnJHnU4bHD4OMJF1c9xK3Q/imagens/','TEMP-KIMONO-MASC3 (0997651001656572902).jpg',NULL,'imagem'),(94,'O1moRKFg9sfwJZLrn5Jprhp70','zHD/classificados/1/O1moRKFg9sfwJZLrn5Jprhp70/imagens/','TEMP-KIMONO-FEM (0540939001656573066).jpg',NULL,'imagem'),(95,'O1moRKFg9sfwJZLrn5Jprhp70','zHD/classificados/1/O1moRKFg9sfwJZLrn5Jprhp70/imagens/','TEMP-KIMONO-FEM1 (0553627001656573066).jpg',NULL,'imagem'),(96,'O1moRKFg9sfwJZLrn5Jprhp70','zHD/classificados/1/O1moRKFg9sfwJZLrn5Jprhp70/imagens/','TEMP-KIMONO-FEM (0865559001656573077).jpg',NULL,'imagem'),(97,'O1moRKFg9sfwJZLrn5Jprhp70','zHD/classificados/1/O1moRKFg9sfwJZLrn5Jprhp70/imagens/','TEMP-KIMONO-FEM1 (0875312001656573077).jpg',NULL,'imagem'),(98,'2Z5uz2bOC62wgVy1zKaIhLI5j','zHD/classificados/1/2Z5uz2bOC62wgVy1zKaIhLI5j/imagens/','0229641001656574057.jpg',NULL,'capa'),(99,'2Z5uz2bOC62wgVy1zKaIhLI5j','zHD/classificados/1/2Z5uz2bOC62wgVy1zKaIhLI5j/imagens/','TEMP-KIMONO-INFANTIL2 (0976591001656574069).jpg',NULL,'imagem'),(100,'2Z5uz2bOC62wgVy1zKaIhLI5j','zHD/classificados/1/2Z5uz2bOC62wgVy1zKaIhLI5j/imagens/','TEMP-KIMONO-INFANTIL1 (0976726001656574069).jpg',NULL,'imagem'),(101,'2Z5uz2bOC62wgVy1zKaIhLI5j','zHD/classificados/1/2Z5uz2bOC62wgVy1zKaIhLI5j/imagens/','TEMP-KIMONO-INFANTIL3 (0981948001656574069).jpg',NULL,'imagem'),(102,'2Z5uz2bOC62wgVy1zKaIhLI5j','zHD/classificados/1/2Z5uz2bOC62wgVy1zKaIhLI5j/imagens/','TEMP-KIMONO-INFANTIL4 (0990200001656574069).jpg',NULL,'imagem');

--
-- Table structure for table `classificados_links`
--

CREATE TABLE `classificados_links` (
  `id` int(11) NOT NULL AUTO_INCREMENT,
  `codigo` varchar(25) NOT NULL,
  `titulo` text DEFAULT NULL,
  `link` text NOT NULL,
  PRIMARY KEY (`id`)
) ENGINE=MyISAM AUTO_INCREMENT=6 DEFAULT CHARSET=latin1 COLLATE=latin1_swedish_ci ROW_FORMAT=DYNAMIC;

--
-- Dumping data for table `classificados_links`
--

INSERT INTO `classificados_links` (`id`, `codigo`, `titulo`, `link`) VALUES (1,'fcstZzywGohoNtaPAwrz8cFtM','QUERO COMPRAR','https://jpweb.com.br'),(2,'O1moRKFg9sfwJZLrn5Jprhp70','QUERO COMPRAR','https://jpw.net.br/judo/web1/index.php'),(3,'2Z5uz2bOC62wgVy1zKaIhLI5j','QUERO COMPRAR','jpw.net.br/judo/web1/index.php'),(4,'N15ar8u3ujNyYcEBhJvSdD1ED','QUERO COMPRAR','https://jpw.net.br/judo/web1/index.php'),(5,'BCFZnJHnU4bHD4OMJF1c9xK3Q','QUERO COMPRAR','https://jpw.net.br/judo/web1/index.php');

--
-- Table structure for table `classificados_videos`
--

CREATE TABLE `classificados_videos` (
  `id` int(11) NOT NULL AUTO_INCREMENT,
  `codigo` varchar(25) NOT NULL,
  `titulo` text DEFAULT NULL,
  `link` text NOT NULL,
  PRIMARY KEY (`id`)
) ENGINE=MyISAM AUTO_INCREMENT=6 DEFAULT CHARSET=latin1 COLLATE=latin1_swedish_ci ROW_FORMAT=DYNAMIC;

--
-- Dumping data for table `classificados_videos`
--

INSERT INTO `classificados_videos` (`id`, `codigo`, `titulo`, `link`) VALUES (1,'6uqcWjzPjhL5KBBzEVDkWiaK2','Vídeo ilustrativo','F9ORxPkaXs0'),(2,'EiKGu3cpewblMmZS4BppK46nF','Vídeo ilustrativo','F9ORxPkaXs0'),(3,'DALhbF7TeuhhA5uE9UdTT5116','Vídeo ilustrativo','F9ORxPkaXs0'),(4,'i8LxSqv8xsLqOvfu2LdzI5gHC','Vídeo ilustrativo','F9ORxPkaXs0'),(5,'9gy9dlCIe5PUYvtWPynS2G2RE','Vídeo ilustrativo','F9ORxPkaXs0');

--
-- Table structure for table `contatos`
--

CREATE TABLE `contatos` (
  `id` int(11) NOT NULL AUTO_INCREMENT,
  `usuario` int(11) NOT NULL DEFAULT 0,
  `secao` int(11) NOT NULL DEFAULT 0,
  `texto` text DEFAULT NULL,
  `entidade` int(11) NOT NULL,
  PRIMARY KEY (`id`),
  KEY `secao` (`secao`),
  KEY `entidade` (`entidade`)
) ENGINE=MyISAM AUTO_INCREMENT=2 DEFAULT CHARSET=latin1 COLLATE=latin1_swedish_ci ROW_FORMAT=DYNAMIC;

--
-- Dumping data for table `contatos`
--

INSERT INTO `contatos` (`id`, `usuario`, `secao`, `texto`, `entidade`) VALUES (1,1,149,'<p>teste</p>',1);

--
-- Table structure for table `contatos_secoes`
--

CREATE TABLE `contatos_secoes` (
  `id` int(11) NOT NULL AUTO_INCREMENT,
  `nome` varchar(250) NOT NULL,
  `entidade` int(11) NOT NULL DEFAULT 0,
  PRIMARY KEY (`id`),
  KEY `nome` (`nome`)
) ENGINE=MyISAM AUTO_INCREMENT=169 DEFAULT CHARSET=latin1 COLLATE=latin1_swedish_ci ROW_FORMAT=DYNAMIC;

--
-- Dumping data for table `contatos_secoes`
--

INSERT INTO `contatos_secoes` (`id`, `nome`, `entidade`) VALUES (149,'Contato',1),(148,'Home',1);

--
-- Table structure for table `downloads`
--

CREATE TABLE `downloads` (
  `id` int(11) NOT NULL AUTO_INCREMENT,
  `usuario` int(11) NOT NULL DEFAULT 0,
  `secao` int(11) NOT NULL DEFAULT 0,
  `titulo` text NOT NULL,
  `texto` text DEFAULT NULL,
  `codigo` varchar(25) NOT NULL,
  `data` date DEFAULT NULL,
  `entidade` int(11) NOT NULL,
  PRIMARY KEY (`id`),
  KEY `secao` (`secao`),
  KEY `entidade` (`entidade`)
) ENGINE=MyISAM AUTO_INCREMENT=8 DEFAULT CHARSET=latin1 COLLATE=latin1_swedish_ci ROW_FORMAT=DYNAMIC;

--
-- Dumping data for table `downloads`
--

INSERT INTO `downloads` (`id`, `usuario`, `secao`, `titulo`, `texto`, `codigo`, `data`, `entidade`) VALUES (1,1,2,'Documentos (ilustrativo)','Lorem ipsão dolor sít amçet, consectetur adipiscing elit.','yjYOpXucTRNANai6XQ77hDoxk','2021-01-09',1),(2,1,3,'Calendário','','Tercpr7M0Qh8mlhaPgabYivhw','2022-06-22',1),(3,1,4,'Programação de eventos','','4hVkm0l6Ni8uet8xMNRN4u10k','2022-06-22',1),(4,1,5,'Ranking','','BNZxPOLqWAfuAkqKZePnnJRCR','2022-06-22',1),(5,1,6,'Regulamento Técnico','','hcxBkOhn2Hx1nvlIzhaVsczj7','2022-06-22',1),(6,1,7,'Resultado de Eventos','','AbkqfWMXot45DZW5eC0MFcv3w','2022-06-22',1),(7,1,8,'Tabela de Pesos','','Xfb5MPLkQe8UbbQvjNeWFo7ZE','2022-06-22',1);

--
-- Table structure for table `downloads_arquivos`
--

CREATE TABLE `downloads_arquivos` (
  `id` int(11) NOT NULL AUTO_INCREMENT,
  `codigo` varchar(25) NOT NULL,
  `path` text NOT NULL,
  `arquivo` text NOT NULL,
  `legenda` text DEFAULT NULL,
  `tipo` varchar(50) DEFAULT NULL,
  `data` date DEFAULT NULL,
  `views` int(11) NOT NULL DEFAULT 0,
  PRIMARY KEY (`id`),
  KEY `codigo` (`codigo`)
) ENGINE=MyISAM AUTO_INCREMENT=11 DEFAULT CHARSET=latin1 COLLATE=latin1_swedish_ci ROW_FORMAT=DYNAMIC;

--
-- Dumping data for table `downloads_arquivos`
--

INSERT INTO `downloads_arquivos` (`id`, `codigo`, `path`, `arquivo`, `legenda`, `tipo`, `data`, `views`) VALUES (1,'yjYOpXucTRNANai6XQ77hDoxk','zHD/downloads/1/yjYOpXucTRNANai6XQ77hDoxk/arquivos/','ilustrativo2 (0430012001610175687).pdf',NULL,'arquivo','2021-01-09',2),(2,'yjYOpXucTRNANai6XQ77hDoxk','zHD/downloads/1/yjYOpXucTRNANai6XQ77hDoxk/arquivos/','ilustrativo1 (0438705001610175687).pdf',NULL,'arquivo','2021-01-09',0),(3,'yjYOpXucTRNANai6XQ77hDoxk','zHD/downloads/1/yjYOpXucTRNANai6XQ77hDoxk/arquivos/','ilustrativo3 (0464482001610175687).pdf',NULL,'arquivo','2021-01-09',0),(4,'yjYOpXucTRNANai6XQ77hDoxk','zHD/downloads/1/yjYOpXucTRNANai6XQ77hDoxk/arquivos/','ilustrativo4 (0518915001610175687).pdf',NULL,'arquivo','2021-01-09',0),(5,'Tercpr7M0Qh8mlhaPgabYivhw','zHD/downloads/1/Tercpr7M0Qh8mlhaPgabYivhw/arquivos/','Documento Ilustrativo 1 (0940266001655927968).pdf','Calendário (Ilustrativo)','arquivo','2022-06-22',3),(6,'4hVkm0l6Ni8uet8xMNRN4u10k','zHD/downloads/1/4hVkm0l6Ni8uet8xMNRN4u10k/arquivos/','Documento Ilustrativo 1 (0780726001655928484).pdf','Programação de Eventos (Ilustrativo)','arquivo','2022-06-22',4),(7,'BNZxPOLqWAfuAkqKZePnnJRCR','zHD/downloads/1/BNZxPOLqWAfuAkqKZePnnJRCR/arquivos/','Documento Ilustrativo 1 (0200064001655928565).pdf','Ranking (ilustrativo)','arquivo','2022-06-22',0),(8,'hcxBkOhn2Hx1nvlIzhaVsczj7','zHD/downloads/1/hcxBkOhn2Hx1nvlIzhaVsczj7/arquivos/','Documento Ilustrativo 1 (0577725001655928641).pdf','Regulamento Técnico (ilustrativo)','arquivo','2022-06-22',1),(9,'AbkqfWMXot45DZW5eC0MFcv3w','zHD/downloads/1/AbkqfWMXot45DZW5eC0MFcv3w/arquivos/','Documento Ilustrativo 1 (0490937001655928721).pdf','Resultado de Eventos (ilustrativo)','arquivo','2022-06-22',0),(10,'Xfb5MPLkQe8UbbQvjNeWFo7ZE','zHD/downloads/1/Xfb5MPLkQe8UbbQvjNeWFo7ZE/arquivos/','Documento Ilustrativo 1 (0187667001655929275).pdf','Tabela de Pesos (ilustrativo)','arquivo','2022-06-22',0);

--
-- Table structure for table `downloads_secoes`
--

CREATE TABLE `downloads_secoes` (
  `id` int(11) NOT NULL AUTO_INCREMENT,
  `nome` varchar(250) NOT NULL,
  `entidade` int(11) NOT NULL DEFAULT 0,
  PRIMARY KEY (`id`),
  KEY `entidade` (`entidade`)
) ENGINE=MyISAM AUTO_INCREMENT=9 DEFAULT CHARSET=latin1 COLLATE=latin1_swedish_ci ROW_FORMAT=DYNAMIC;

--
-- Dumping data for table `downloads_secoes`
--

INSERT INTO `downloads_secoes` (`id`, `nome`, `entidade`) VALUES (1,'Downloads',1),(2,'Documentos',1),(3,'Calendário',1),(4,'Programação de Eventos',1),(5,'Ranking',1),(6,'Regulamento Técnico',1),(7,'Resultado de Eventos',1),(8,'Tabela de Pesos',1);

--
-- Table structure for table `enquetes`
--

CREATE TABLE `enquetes` (
  `id` int(11) NOT NULL AUTO_INCREMENT,
  `usuario` int(11) NOT NULL DEFAULT 0,
  `titulo` text NOT NULL,
  `tag` text NOT NULL,
  `texto` text DEFAULT NULL,
  `secao` int(11) NOT NULL,
  `data` datetime DEFAULT current_timestamp(),
  `entidade` int(11) NOT NULL,
  `status` int(11) DEFAULT 1,
  PRIMARY KEY (`id`),
  KEY `entidade` (`entidade`)
) ENGINE=MyISAM AUTO_INCREMENT=2 DEFAULT CHARSET=latin1 COLLATE=latin1_swedish_ci ROW_FORMAT=DYNAMIC;

--
-- Dumping data for table `enquetes`
--

INSERT INTO `enquetes` (`id`, `usuario`, `titulo`, `tag`, `texto`, `secao`, `data`, `entidade`, `status`) VALUES (1,1,'Qual o melhor time da atualidade?','qualomelhortimedaatualidade','Lorem ipsão dolor sít amçet, consectetur adipiscing elit. Sed vehicula id odio quis rhoncus. Donec ullamcorper, lectus in dictum porta, urna nisl tincidunt metus, at iaculis nunc sem vitae diam. Etiam quam orci, volutpat a justo non, pretium condimentum felis. Duis id elementum arcu. Mauris pharetra dui molestie tortor imperdiet. ',156,'2021-01-09 00:00:00',1,1);

--
-- Table structure for table `enquetes_opcoes`
--

CREATE TABLE `enquetes_opcoes` (
  `id` int(11) NOT NULL AUTO_INCREMENT,
  `enquete` int(11) NOT NULL DEFAULT 0,
  `titulo` text DEFAULT NULL,
  `votos` int(11) NOT NULL DEFAULT 0,
  PRIMARY KEY (`id`),
  KEY `enquete` (`enquete`)
) ENGINE=MyISAM AUTO_INCREMENT=5 DEFAULT CHARSET=latin1 COLLATE=latin1_swedish_ci ROW_FORMAT=DYNAMIC;

--
-- Dumping data for table `enquetes_opcoes`
--

INSERT INTO `enquetes_opcoes` (`id`, `enquete`, `titulo`, `votos`) VALUES (1,1,'Internacional',1),(2,1,'Flamengo',0),(3,1,'São Paulo',1),(4,1,'Corinthians',0);

--
-- Table structure for table `enquetes_secoes`
--

CREATE TABLE `enquetes_secoes` (
  `id` int(11) NOT NULL AUTO_INCREMENT,
  `nome` varchar(250) NOT NULL,
  `entidade` int(11) NOT NULL DEFAULT 0,
  PRIMARY KEY (`id`),
  KEY `entidade` (`entidade`)
) ENGINE=MyISAM AUTO_INCREMENT=166 DEFAULT CHARSET=latin1 COLLATE=latin1_swedish_ci ROW_FORMAT=DYNAMIC;

--
-- Dumping data for table `enquetes_secoes`
--

INSERT INTO `enquetes_secoes` (`id`, `nome`, `entidade`) VALUES (156,'Enquetes',1);

--
-- Table structure for table `enquetes_votos`
--

CREATE TABLE `enquetes_votos` (
  `id` int(11) NOT NULL AUTO_INCREMENT,
  `enquete` int(11) NOT NULL DEFAULT 0,
  `ip` varchar(50) NOT NULL,
  `data` timestamp NOT NULL DEFAULT current_timestamp() ON UPDATE current_timestamp(),
  PRIMARY KEY (`id`),
  KEY `enquete` (`enquete`),
  KEY `ip` (`ip`),
  KEY `data` (`data`)
) ENGINE=MyISAM AUTO_INCREMENT=3 DEFAULT CHARSET=latin1 COLLATE=latin1_swedish_ci ROW_FORMAT=DYNAMIC;

--
-- Dumping data for table `enquetes_votos`
--

INSERT INTO `enquetes_votos` (`id`, `enquete`, `ip`, `data`) VALUES (1,1,'177.235.117.135','2021-01-14 10:24:39'),(2,1,'177.235.119.218','2022-07-07 01:38:29');

--
-- Table structure for table `faleconosco`
--

CREATE TABLE `faleconosco` (
  `id` int(11) NOT NULL AUTO_INCREMENT,
  `secao` int(11) NOT NULL DEFAULT 0,
  `nome` varchar(200) DEFAULT NULL,
  `email` varchar(300) DEFAULT NULL,
  `telefone` varchar(300) DEFAULT NULL,
  `mensagem` text DEFAULT NULL,
  `resposta` text DEFAULT NULL,
  `usuario` int(11) DEFAULT 0,
  `entidade` int(11) NOT NULL,
  `status` int(11) NOT NULL DEFAULT 0,
  `data_mensagem` timestamp NULL DEFAULT current_timestamp(),
  `data_resposta` datetime DEFAULT NULL,
  `envio` int(11) NOT NULL DEFAULT 0,
  PRIMARY KEY (`id`),
  KEY `secao` (`secao`),
  KEY `entidade` (`entidade`)
) ENGINE=MyISAM AUTO_INCREMENT=11 DEFAULT CHARSET=latin1 COLLATE=latin1_swedish_ci ROW_FORMAT=DYNAMIC;

--
-- Dumping data for table `faleconosco`
--

INSERT INTO `faleconosco` (`id`, `secao`, `nome`, `email`, `telefone`, `mensagem`, `resposta`, `usuario`, `entidade`, `status`, `data_mensagem`, `data_resposta`, `envio`) VALUES (1,156,'Jorge Miguel','jpweb@jpweb.com.br','(55) 61982-5120','teste',NULL,0,1,0,'2021-11-19 20:28:33',NULL,0),(2,156,'Jorge Miguel','jpweb@jpweb.com.br','(55) 61982-5120','TESTE',NULL,0,1,0,'2022-04-01 20:51:36',NULL,0),(3,156,'Jorge Miguel','jpweb@jpweb.com.br','(55) 61982-5120','TESTE',NULL,0,1,0,'2022-04-03 09:11:21',NULL,0),(4,156,'JP Web Teste','jpweb@jpweb.com.br','(61) 98251-2032','TESTE',NULL,0,1,0,'2022-06-03 07:09:03',NULL,0),(5,156,'JP Web Teste','jpweb@jpweb.com.br','(61) 98251-2032','TESTE 4.17',NULL,0,1,0,'2022-06-03 07:18:15',NULL,0),(6,156,'JP Web Teste','jpweb@jpweb.com.br','(61) 98251-2032','TESTE 4.17',NULL,0,1,0,'2022-06-03 07:18:18',NULL,0),(7,156,'JP Web Teste','jpweb@jpweb.com.br','(61) 98251-2032','4.22',NULL,0,1,0,'2022-06-03 07:22:25',NULL,0),(8,156,'JP Web Teste','jpweb@jpweb.com.br','(61) 98251-2032','4.27',NULL,0,1,0,'2022-06-03 07:28:18',NULL,0),(9,156,'JP Web Teste','jpweb@jpweb.com.br','(61) 98251-2032','53W',NULL,0,1,0,'2022-06-03 07:35:25',NULL,0),(10,156,'Jorge Miguel','jpweb@jpweb.com.br','(55) 61982-5120','TESTE',NULL,0,1,0,'2023-03-15 17:21:37',NULL,0);

--
-- Table structure for table `faleconosco_secoes`
--

CREATE TABLE `faleconosco_secoes` (
  `id` int(11) NOT NULL AUTO_INCREMENT,
  `nome` varchar(250) NOT NULL,
  `entidade` int(11) NOT NULL DEFAULT 0,
  PRIMARY KEY (`id`),
  KEY `entidade` (`entidade`)
) ENGINE=MyISAM AUTO_INCREMENT=157 DEFAULT CHARSET=latin1 COLLATE=latin1_swedish_ci ROW_FORMAT=DYNAMIC;

--
-- Dumping data for table `faleconosco_secoes`
--

INSERT INTO `faleconosco_secoes` (`id`, `nome`, `entidade`) VALUES (156,'Fale Conosco',1);

--
-- Table structure for table `faq`
--

CREATE TABLE `faq` (
  `id` int(11) NOT NULL AUTO_INCREMENT,
  `secao` int(11) NOT NULL DEFAULT 0,
  `pergunta` text DEFAULT NULL,
  `resposta` text DEFAULT NULL,
  `entidade` int(11) NOT NULL,
  `status` int(11) NOT NULL DEFAULT 0,
  PRIMARY KEY (`id`),
  KEY `secao` (`secao`),
  KEY `entidade` (`entidade`)
) ENGINE=MyISAM AUTO_INCREMENT=6 DEFAULT CHARSET=latin1 COLLATE=latin1_swedish_ci ROW_FORMAT=DYNAMIC;

--
-- Dumping data for table `faq`
--

INSERT INTO `faq` (`id`, `secao`, `pergunta`, `resposta`, `entidade`, `status`) VALUES (1,158,'Quais são os princípios básicos do Judô?','Para diferenciar completamente o judô do jiu-jitsu, Kano criou uma filosofia baseada em três princípios: condicionamento físico, espiritual e moral. Nas palavras dele mesmo, “o Judô pode ser resumido como a elevação de uma simples técnica a um princípio de viver”.',1,1),(2,158,'Qual o principal objetivo do Judô?','Judô é uma arte marcial praticada como esporte. Criada por Jigoro Kano em 1882, o judô é uma adaptação do jiu-jitsu, que tem por objetivo desenvolver técnicas de defesa pessoal, fortalecer o corpo, o físico e a mente de forma integrada. Foi considerado esporte oficial no Japão no final do século XIX.',1,1),(3,158,'Quais são as três regras do Judô?','As lutas devem durar no máximo cinco minutos e quem conseguir fazer o ippon primeiro é quem vence a luta. Se ao final da luta nenhum judoca realizar o ippon, então vencerá aquele que tiver mais vantagens.',1,1),(4,158,'Quais são as principais características do Judô?','Judô é uma arte marcial praticada como esporte. Criada por Jigoro Kano em 1882, o judô é uma adaptação do jiu-jitsu, que tem por objetivo desenvolver técnicas de defesa pessoal, fortalecer o corpo, o físico e a mente de forma integrada. Foi considerado esporte oficial no Japão no final do século XIX.',1,1),(5,158,'Lema do judô?','Uma das alunas e discípulas de Kano foi Keiko Fukuda, referência e ícone da história do judô, difundiu a modalidade pelo mundo, incentivando a prática para mulheres e levando consigo o seguinte lema: “Seja gentil, seja amável e seja bonita, ainda firme e forte, mentalmente e fisicamente”.',1,1);

--
-- Table structure for table `faq_secoes`
--

CREATE TABLE `faq_secoes` (
  `id` int(11) NOT NULL AUTO_INCREMENT,
  `nome` varchar(250) NOT NULL,
  `entidade` int(11) NOT NULL DEFAULT 0,
  PRIMARY KEY (`id`),
  KEY `entidade` (`entidade`)
) ENGINE=MyISAM AUTO_INCREMENT=159 DEFAULT CHARSET=latin1 COLLATE=latin1_swedish_ci ROW_FORMAT=DYNAMIC;

--
-- Dumping data for table `faq_secoes`
--

INSERT INTO `faq_secoes` (`id`, `nome`, `entidade`) VALUES (158,'FAQ',1);

--
-- Table structure for table `galerias`
--

CREATE TABLE `galerias` (
  `id` int(11) NOT NULL AUTO_INCREMENT,
  `data` timestamp NOT NULL DEFAULT current_timestamp(),
  `titulo` text DEFAULT NULL,
  `descricao` text DEFAULT NULL,
  `capa` int(11) NOT NULL DEFAULT 0,
  `img_capa` int(11) NOT NULL DEFAULT 0,
  `secao` int(11) NOT NULL DEFAULT 0,
  `entidade` int(11) NOT NULL DEFAULT 0,
  PRIMARY KEY (`id`),
  KEY `entidade` (`entidade`)
) ENGINE=MyISAM AUTO_INCREMENT=9 DEFAULT CHARSET=latin1 COLLATE=latin1_swedish_ci ROW_FORMAT=DYNAMIC;

--
-- Dumping data for table `galerias`
--

INSERT INTO `galerias` (`id`, `data`, `titulo`, `descricao`, `capa`, `img_capa`, `secao`, `entidade`) VALUES (1,'2021-01-09 03:00:00','Galeria (ilustrativo)','Lorem ipsão dolor sít amçet, consectetur adipiscing elit.',0,0,1,1),(2,'2021-01-30 03:00:00','Benvindo','',0,13,1,1),(3,'2021-08-12 03:00:00','As maiores geleiras do mundo','',0,19,1,1),(4,'2021-08-12 03:00:00','Golfinhos, os animais mais inteligentes','',1,28,1,1),(5,'2021-08-12 03:00:00','GPS Sofisticado Sistema Global','',0,34,1,1),(6,'2021-08-12 03:00:00','Natureza Exuberante','',1,50,1,1),(7,'2022-04-05 03:00:00','Tóquio 2020 Seleção Feminina','',1,51,1,1),(8,'2022-04-06 03:00:00','Toquio 2020 Seleção Masculina','',1,65,1,1);

--
-- Table structure for table `galerias_arquivos`
--

CREATE TABLE `galerias_arquivos` (
  `id` int(11) NOT NULL AUTO_INCREMENT,
  `galeria` int(11) NOT NULL,
  `capa` int(11) NOT NULL DEFAULT 0,
  `path` text NOT NULL,
  `arquivo` text NOT NULL,
  `legenda` text DEFAULT NULL,
  PRIMARY KEY (`id`),
  KEY `galeria` (`galeria`)
) ENGINE=MyISAM AUTO_INCREMENT=66 DEFAULT CHARSET=latin1 COLLATE=latin1_swedish_ci ROW_FORMAT=DYNAMIC;

--
-- Dumping data for table `galerias_arquivos`
--

INSERT INTO `galerias_arquivos` (`id`, `galeria`, `capa`, `path`, `arquivo`, `legenda`) VALUES (1,1,0,'zHD/galerias/1/1/','tmp02 (0081303001610175955).jpg',NULL),(2,1,0,'zHD/galerias/1/1/','tmp03 (0081071001610175955).jpg',NULL),(3,1,0,'zHD/galerias/1/1/','tmp01 (0099430001610175955).jpg',NULL),(4,1,0,'zHD/galerias/1/1/','tmp04 (0110104001610175955).jpg',NULL),(5,1,0,'zHD/galerias/1/1/','tmp05 (0222754001610175955).jpg',NULL),(6,1,0,'zHD/galerias/1/1/','tmp06 (0596718001610175955).jpg',NULL),(7,1,0,'zHD/galerias/1/1/','tmp07 (0630209001610175955).jpg',NULL),(8,1,0,'zHD/galerias/1/1/','tmp08 (0648278001610175955).jpg',NULL),(9,2,0,'zHD/galerias/1/2/','ap-01 (0385712001612005318).jpg',NULL),(10,2,0,'zHD/galerias/1/2/','ap-03 (0420841001612005318).jpg',NULL),(11,2,0,'zHD/galerias/1/2/','ap-04 (0167843001612005319).jpg',NULL),(12,2,0,'zHD/galerias/1/2/','ap-02 (0085892001612005319).jpg',NULL),(14,3,0,'zHD/galerias/1/3/','img-geleira1 (0373262001628791992).jpg',NULL),(15,3,0,'zHD/galerias/1/3/','img-geleira4 (0789268001628791992).jpg',NULL),(16,3,0,'zHD/galerias/1/3/','img-geleira2 (0657042001628791993).jpg',NULL),(17,3,0,'zHD/galerias/1/3/','img-geleira-capa (0061514001628791994).jpg',NULL),(18,3,0,'zHD/galerias/1/3/','img-geleira3 (0189296001628791995).jpg',NULL),(19,3,1,'zHD/galerias/1/3/','0679394001628792018.jpg',NULL),(20,4,0,'zHD/galerias/1/4/','img-golfinhos01 (0032202001628792165).jpg',NULL),(21,4,0,'zHD/galerias/1/4/','img-golfinhos04 (0062009001628792165).jpg',NULL),(22,4,0,'zHD/galerias/1/4/','img-golfinhos02 (0052861001628792165).jpg',NULL),(23,4,0,'zHD/galerias/1/4/','img-golfinhos05 (0381067001628792165).jpg',NULL),(24,4,0,'zHD/galerias/1/4/','img-golfinhos06 (0402122001628792165).jpg',NULL),(25,4,0,'zHD/galerias/1/4/','img-golfinhos07 (0597465001628792165).jpg',NULL),(26,4,0,'zHD/galerias/1/4/','img-golfinhos08 (0829641001628792166).jpg',NULL),(27,4,0,'zHD/galerias/1/4/','img-golfinhos-capa (0148354001628792167).jpg',NULL),(28,4,1,'zHD/galerias/1/4/','0298733001628792186.jpg',NULL),(29,5,0,'zHD/galerias/1/5/','img-gps2 (0790800001628792240).jpg',NULL),(30,5,0,'zHD/galerias/1/5/','img-gps1 (0720327001628792240).jpg',NULL),(31,5,0,'zHD/galerias/1/5/','img-gps4 (0109624001628792241).jpg',NULL),(32,5,0,'zHD/galerias/1/5/','img-gps-capa (0457277001628792241).jpg',NULL),(33,5,0,'zHD/galerias/1/5/','img-gps3 (0632660001628792241).jpg',NULL),(34,5,1,'zHD/galerias/1/5/','0297231001628792257.jpg',NULL),(35,6,0,'zHD/galerias/1/6/','img-natureza-01 (0784554001628792413).jpg',NULL),(36,6,0,'zHD/galerias/1/6/','img-natureza-03 (0020366001628792414).jpg',NULL),(37,6,0,'zHD/galerias/1/6/','img-natureza-04 (0938286001628792414).jpg',NULL),(38,6,0,'zHD/galerias/1/6/','img-natureza-02 (0093024001628792415).jpg',NULL),(39,6,0,'zHD/galerias/1/6/','img-natureza-06 (0306069001628792415).jpg',NULL),(40,6,0,'zHD/galerias/1/6/','img-natureza-07 (0502209001628792416).jpg',NULL),(41,6,0,'zHD/galerias/1/6/','img-natureza-10 (0954193001628792416).jpg',NULL),(42,6,0,'zHD/galerias/1/6/','img-natureza-08 (0456506001628792417).jpg',NULL),(43,6,0,'zHD/galerias/1/6/','img-natureza-09 (0246599001628792418).jpg',NULL),(44,6,0,'zHD/galerias/1/6/','img-natureza-12 (0736119001628792418).jpg',NULL),(45,6,0,'zHD/galerias/1/6/','img-natureza-13 (0212574001628792419).jpg',NULL),(46,6,0,'zHD/galerias/1/6/','img-natureza-05 (0889054001628792419).jpg',NULL),(47,6,0,'zHD/galerias/1/6/','img-natureza-15 (0659150001628792420).jpg',NULL),(48,6,0,'zHD/galerias/1/6/','img-natureza-14 (0119644001628792421).jpg',NULL),(49,6,0,'zHD/galerias/1/6/','img-natureza-11 (0567408001628792423).jpg',NULL),(50,6,1,'zHD/galerias/1/6/','0353271001628792469.jpg',NULL),(51,7,1,'zHD/galerias/1/7/','0795223001649228629.jpg',NULL),(52,7,0,'zHD/galerias/1/7/','tokyo2020-fem-2 (0178863001649166525).jpg',NULL),(53,7,0,'zHD/galerias/1/7/','tokyo2020-fem-6 (0120149001649166525).jpg',NULL),(54,7,0,'zHD/galerias/1/7/','tokyo2020-fem-3 (0292003001649166525).jpg',NULL),(55,7,0,'zHD/galerias/1/7/','tokyo2020-fem-5 (0232640001649166525).jpg',NULL),(56,7,0,'zHD/galerias/1/7/','tokyo2020-fem-4 (0334337001649166525).jpg',NULL),(57,7,0,'zHD/galerias/1/7/','tokyo2020-fem-7 (0060213001649166527).jpg',NULL),(58,8,0,'zHD/galerias/1/8/','tokyo2020-mas-3 (0298599001649228744).jpg',NULL),(59,8,0,'zHD/galerias/1/8/','tokyo2020-mas-2 (0275911001649228744).jpg',NULL),(60,8,0,'zHD/galerias/1/8/','tokyo2020-mas-1 (0373899001649228744).jpg',NULL),(61,8,0,'zHD/galerias/1/8/','tokyo2020-mas-4 (0446286001649228744).jpg',NULL),(62,8,0,'zHD/galerias/1/8/','tokyo2020-mas-5 (0565830001649228744).jpg',NULL),(63,8,0,'zHD/galerias/1/8/','tokyo2020-mas-6 (0890159001649228744).jpg',NULL),(64,8,0,'zHD/galerias/1/8/','tokyo2020-mas-7 (0933984001649228744).jpg',NULL),(65,8,1,'zHD/galerias/1/8/','0537288001649228764.jpg',NULL);

--
-- Table structure for table `galerias_secoes`
--

CREATE TABLE `galerias_secoes` (
  `id` int(11) NOT NULL AUTO_INCREMENT,
  `entidade` int(11) NOT NULL DEFAULT 0,
  `nome` varchar(250) NOT NULL,
  PRIMARY KEY (`id`),
  KEY `entidade` (`entidade`)
) ENGINE=MyISAM AUTO_INCREMENT=10 DEFAULT CHARSET=latin1 COLLATE=latin1_swedish_ci ROW_FORMAT=DYNAMIC;

--
-- Dumping data for table `galerias_secoes`
--

INSERT INTO `galerias_secoes` (`id`, `entidade`, `nome`) VALUES (1,1,'Galerias');

--
-- Table structure for table `governo`
--

CREATE TABLE `governo` (
  `id` int(11) NOT NULL AUTO_INCREMENT,
  `usuario` int(11) NOT NULL DEFAULT 0,
  `titulo` text NOT NULL,
  `tag` varchar(500) NOT NULL DEFAULT '',
  `subtitulo` text DEFAULT NULL,
  `texto` longtext DEFAULT NULL,
  `codigo` varchar(25) NOT NULL,
  `secao` text NOT NULL,
  `contatos` text NOT NULL,
  `capa` int(11) DEFAULT 0,
  `data` datetime DEFAULT current_timestamp(),
  `destaque` int(11) DEFAULT 0,
  `entidade` int(11) NOT NULL,
  `status` int(11) DEFAULT 1,
  `contador` int(11) DEFAULT 0,
  PRIMARY KEY (`id`),
  KEY `tag` (`tag`),
  KEY `capa` (`capa`),
  KEY `entidade` (`entidade`),
  KEY `destaque` (`destaque`),
  KEY `status` (`status`)
) ENGINE=MyISAM AUTO_INCREMENT=474 DEFAULT CHARSET=latin1 COLLATE=latin1_swedish_ci ROW_FORMAT=DYNAMIC;

--
-- Dumping data for table `governo`
--

INSERT INTO `governo` (`id`, `usuario`, `titulo`, `tag`, `subtitulo`, `texto`, `codigo`, `secao`, `contatos`, `capa`, `data`, `destaque`, `entidade`, `status`, `contador`) VALUES (449,1,'Ensino Fundamental','ensinofundamental','Nome do Gestor(a)','<p>Lorem ipsão dolor sít amçet, consectetur adipiscing elit. Sed vehicula id odio quis rhoncus. Donec ullamcorper, lectus in dictum porta, urna nisl tincidunt metus, at iaculis nunc sem vitae diam. Etiam quam orci, volutpat a justo non, pretium condimentum felis. Duis id elementum arcu. Mauris pharetra dui molestie tortor imperdiet. </p><p><br></p><p>Duis non laoreet eros. Vestibulum porta neque eleifend erat tempus, vitae sagittis elit sodales. Sed convallis erat quis iaculis vestibulum. Curabitur sit amet purus et tellus consectetur vehicula. Suspendisse condimentum bibendum ante in adipiscing. Aliquam dignissim nisl eget arcu convallis, in viverra risus consequat. Pellentesque dictum gravida lacinia.</p>','GHgZuNllSO3eNmfAX2Bn6HD7b','181','Nome:\r\nCargo:\r\nTelefone:\r\ne-Mail:\r\nHorário de Expediente:',436,'2020-09-10 00:00:00',0,1,1,579),(454,1,'Ouvidoria Geral','ouvidoriageral','Nome do Gestor(a)','<p>Lorem ipsão dolor sít amçet, consectetur adipiscing elit. Sed vehicula id odio quis rhoncus. Donec ullamcorper, lectus in dictum porta, urna nisl tincidunt metus, at iaculis nunc sem vitae diam. Etiam quam orci, volutpat a justo non, pretium condimentum felis. Duis id elementum arcu. Mauris pharetra dui molestie tortor imperdiet. </p><p><br></p><p>Duis non laoreet eros. Vestibulum porta neque eleifend erat tempus, vitae sagittis elit sodales. Sed convallis erat quis iaculis vestibulum. Curabitur sit amet purus et tellus consectetur vehicula. Suspendisse condimentum bibendum ante in adipiscing. Aliquam dignissim nisl eget arcu convallis, in viverra risus consequat. Pellentesque dictum gravida lacinia.</p>','DFE9abJzLxKcPuCaj7UqBgKfU','183','Nome:\r\nCargo:\r\nTelefone:\r\ne-Mail:\r\nHorário de Expediente:',440,'2020-09-10 00:00:00',0,1,1,596),(447,1,'Vice-Presidente','vice-presidente','Nome do Gestor','<p>Lorem ipsão dolor sít amçet, consectetur adipiscing elit. Sed vehicula id odio quis rhoncus. Donec ullamcorper, lectus in dictum porta, urna nisl tincidunt metus, at iaculis nunc sem vitae diam. Etiam quam orci, volutpat a justo non, pretium condimentum felis. Duis id elementum arcu. Mauris pharetra dui molestie tortor imperdiet. </p><p><br></p><p>Duis non laoreet eros. Vestibulum porta neque eleifend erat tempus, vitae sagittis elit sodales. Sed convallis erat quis iaculis vestibulum. Curabitur sit amet purus et tellus consectetur vehicula. Suspendisse condimentum bibendum ante in adipiscing. Aliquam dignissim nisl eget arcu convallis, in viverra risus consequat. Pellentesque dictum gravida lacinia.</p>','KkqqZamCHJp10NKrmpBzBkjAI','180','Nome:\r\nCargo:\r\nTelefone:\r\ne-Mail:\r\nHorário de Expediente:',434,'2022-09-10 00:00:00',0,1,1,823),(445,1,'Presidente','presidente','Nome do Gestor','<p>Lorem ipsão dolor sít amçet, consectetur adipiscing elit. Sed vehicula id odio quis rhoncus. Donec ullamcorper, lectus in dictum porta, urna nisl tincidunt metus, at iaculis nunc sem vitae diam. Etiam quam orci, volutpat a justo non, pretium condimentum felis. Duis id elementum arcu. Mauris pharetra dui molestie tortor imperdiet. </p><p><br></p><p>Duis non laoreet eros. Vestibulum porta neque eleifend erat tempus, vitae sagittis elit sodales. Sed convallis erat quis iaculis vestibulum. Curabitur sit amet purus et tellus consectetur vehicula. Suspendisse condimentum bibendum ante in adipiscing. Aliquam dignissim nisl eget arcu convallis, in viverra risus consequat. Pellentesque dictum gravida lacinia.</p>','4rMelZQVGj3Z9p33Dj1yvsdGG','180','Nome:\r\nCargo:\r\nTelefone:\r\ne-Mail:\r\nHorário de Expediente:',432,'2022-09-10 00:00:00',0,1,1,1041),(463,1,'Professores do EF','professoresdoef','','<p><h3><b>Nome do Professor(a) e Unidade:</b></h3>Nome do Professor(a) / Unidade<br>Nome do Professor(a)&nbsp;/ Unidade<br>Nome do Professor(a)&nbsp;/ Unidade<br>Nome do Professor(a)&nbsp;/ Unidade<br>Nome do Professor(a)&nbsp;/ Unidade<br>Nome do Professor(a)&nbsp;/ Unidade<br>Nome do Professor(a)&nbsp;/ Unidade<br>Nome do Professor(a)&nbsp;/ Unidade<br>Nome do Professor(a)&nbsp;/ Unidade<br>Nome do Professor(a)&nbsp;/ Unidade<br>Nome do Professor(a) / Unidade<br></p>','9wEhFxXjHB4904TdaccBVrlDq','182','Ensino Fundamental\r\nNº de Professores',457,'2021-04-04 00:00:00',0,1,1,508),(464,1,'Financeiro','financeiro','Nome do Gestor(a)<br />\r\n','<p>Lorem ipsão dolor sít amçet, consectetur adipiscing elit. Sed vehicula id odio quis rhoncus. Donec ullamcorper, lectus in dictum porta, urna nisl tincidunt metus, at iaculis nunc sem vitae diam. Etiam quam orci, volutpat a justo non, pretium condimentum felis. Duis id elementum arcu. Mauris pharetra dui molestie tortor imperdiet. </p><p><br></p><p>Duis non laoreet eros. Vestibulum porta neque eleifend erat tempus, vitae sagittis elit sodales. Sed convallis erat quis iaculis vestibulum. Curabitur sit amet purus et tellus consectetur vehicula. Suspendisse condimentum bibendum ante in adipiscing. Aliquam dignissim nisl eget arcu convallis, in viverra risus consequat. Pellentesque dictum gravida lacinia.</p>','71nA4JoITe18EDszhS47RA0kc','181','Nome:\r\nCargo:\r\nTelefone:\r\ne-Mail:\r\nHorário de Expediente:',449,'2021-04-04 00:00:00',0,1,1,503),(465,1,'Ensino Médio','ensinomedio','Nome do Gestor(a)','<p>Lorem ipsão dolor sít amçet, consectetur adipiscing elit. Sed vehicula id odio quis rhoncus. Donec ullamcorper, lectus in dictum porta, urna nisl tincidunt metus, at iaculis nunc sem vitae diam. Etiam quam orci, volutpat a justo non, pretium condimentum felis. Duis id elementum arcu. Mauris pharetra dui molestie tortor imperdiet. </p><p><br></p><p>Duis non laoreet eros. Vestibulum porta neque eleifend erat tempus, vitae sagittis elit sodales. Sed convallis erat quis iaculis vestibulum. Curabitur sit amet purus et tellus consectetur vehicula. Suspendisse condimentum bibendum ante in adipiscing. Aliquam dignissim nisl eget arcu convallis, in viverra risus consequat. Pellentesque dictum gravida lacinia.</p>','NJzHWBf7Mp9nHKI7sVZwyx9Lg','181','Nome:\r\nCargo:\r\nTelefone:\r\ne-Mail:\r\nHorário de Expediente:',448,'2021-04-04 00:00:00',0,1,1,484),(473,1,'Professores do Ensino Médio','professoresdoensinomedio','','<p><h3><b>Nomde do Professor(a) e Unidade:</b></h3>Nome do Professor(a) / Unidade<br>Nome do Professor(a) / Unidade<br>Nome do Professor(a) / Unidade<br>Nome do Professor(a) / Unidade<br>Nome do Professor(a) / Unidade<br>Nome do Professor(a) / Unidade<br>Nome do Professor(a) / Unidade<br>Nome do Professor(a) / Unidade<br>Nome do Professor(a) / Unidade<br>Nome do Professor(a) / Unidade<br>Nome do Professor(a) / Unidade<br></p>','c9UYx3ddZEaVeSiQ1eOP3hBNz','182','Ensino Médio\r\nNº de Professores:',458,'2021-04-23 00:00:00',0,1,1,518);

--
-- Table structure for table `governo_arquivos`
--

CREATE TABLE `governo_arquivos` (
  `id` int(11) NOT NULL AUTO_INCREMENT,
  `codigo` varchar(25) NOT NULL,
  `path` text NOT NULL,
  `arquivo` text NOT NULL,
  `legenda` text DEFAULT NULL,
  `tipo` varchar(50) DEFAULT NULL,
  PRIMARY KEY (`id`),
  KEY `codigo` (`codigo`)
) ENGINE=MyISAM AUTO_INCREMENT=464 DEFAULT CHARSET=latin1 COLLATE=latin1_swedish_ci ROW_FORMAT=DYNAMIC;

--
-- Dumping data for table `governo_arquivos`
--

INSERT INTO `governo_arquivos` (`id`, `codigo`, `path`, `arquivo`, `legenda`, `tipo`) VALUES (440,'DFE9abJzLxKcPuCaj7UqBgKfU','zHD/governo/1/DFE9abJzLxKcPuCaj7UqBgKfU/imagens/','0583684001716854640.jpg',NULL,'capa'),(457,'9wEhFxXjHB4904TdaccBVrlDq','zHD/governo/1/9wEhFxXjHB4904TdaccBVrlDq/imagens/','0700113001716854565.jpg',NULL,'capa'),(436,'GHgZuNllSO3eNmfAX2Bn6HD7b','zHD/governo/1/GHgZuNllSO3eNmfAX2Bn6HD7b/imagens/','0381405001716854621.jpg',NULL,'capa'),(434,'KkqqZamCHJp10NKrmpBzBkjAI','zHD/governo/1/KkqqZamCHJp10NKrmpBzBkjAI/imagens/','0801521001716853858.jpg',NULL,'capa'),(432,'4rMelZQVGj3Z9p33Dj1yvsdGG','zHD/governo/1/4rMelZQVGj3Z9p33Dj1yvsdGG/imagens/','0439561001716853795.jpg','Foto Ilustrativa','capa'),(393,'2o3Gfbt5OZoh8NnPUZ0Pu2oG1','zHD/governo/16/2o3Gfbt5OZoh8NnPUZ0Pu2oG1/imagens/','escola4 (0402880001541251169).jpg','Escola de Educação Infantil','imagem'),(394,'2o3Gfbt5OZoh8NnPUZ0Pu2oG1','zHD/governo/16/2o3Gfbt5OZoh8NnPUZ0Pu2oG1/imagens/','escola1 (0391770001541251169).jpg','Escola de Educação Infantil','imagem'),(395,'2o3Gfbt5OZoh8NnPUZ0Pu2oG1','zHD/governo/16/2o3Gfbt5OZoh8NnPUZ0Pu2oG1/imagens/','escola3 (0406962001541251169).jpg','Escola de Educação Infantil','imagem'),(396,'2o3Gfbt5OZoh8NnPUZ0Pu2oG1','zHD/governo/16/2o3Gfbt5OZoh8NnPUZ0Pu2oG1/imagens/','escola2 (0586185001541251169).jpg','Escola de Educação Infantil','imagem'),(397,'2o3Gfbt5OZoh8NnPUZ0Pu2oG1','zHD/governo/16/2o3Gfbt5OZoh8NnPUZ0Pu2oG1/arquivos/','ilustrativo2 (0233276001541251338).pdf','Ficha de Matricula (ilustrativo)','arquivo'),(398,'2o3Gfbt5OZoh8NnPUZ0Pu2oG1','zHD/governo/16/2o3Gfbt5OZoh8NnPUZ0Pu2oG1/arquivos/','ilustrativo3 - Copia (0234388001541251338).pdf','Ficha Médica (ilustrativo)','arquivo'),(399,'2o3Gfbt5OZoh8NnPUZ0Pu2oG1','zHD/governo/16/2o3Gfbt5OZoh8NnPUZ0Pu2oG1/arquivos/','ilustrativo4 (0234098001541251338).pdf','Escolas com vagas (ilustrativo)','arquivo'),(400,'2o3Gfbt5OZoh8NnPUZ0Pu2oG1','zHD/governo/16/2o3Gfbt5OZoh8NnPUZ0Pu2oG1/arquivos/','ilustrativo3 (0268170001541251338).pdf','Professores (ilustrativo)','arquivo'),(401,'sgs2tjZkI11wTuMIiPuhLc0MY','zHD/governo/16/sgs2tjZkI11wTuMIiPuhLc0MY/imagens/','0700883001541252417.jpg','Ensino Fundamental','capa'),(402,'sgs2tjZkI11wTuMIiPuhLc0MY','zHD/governo/16/sgs2tjZkI11wTuMIiPuhLc0MY/imagens/','escola3 (0423930001541252445).jpg','Escola Municipal','imagem'),(403,'sgs2tjZkI11wTuMIiPuhLc0MY','zHD/governo/16/sgs2tjZkI11wTuMIiPuhLc0MY/imagens/','escola2 (0467667001541252445).jpg','Escola Municipal','imagem'),(404,'sgs2tjZkI11wTuMIiPuhLc0MY','zHD/governo/16/sgs2tjZkI11wTuMIiPuhLc0MY/imagens/','escola4 (0422915001541252445).jpg','Escola Municipal','imagem'),(405,'sgs2tjZkI11wTuMIiPuhLc0MY','zHD/governo/16/sgs2tjZkI11wTuMIiPuhLc0MY/imagens/','escola1 (0430100001541252445).jpg','Escola Municipal','imagem'),(406,'sgs2tjZkI11wTuMIiPuhLc0MY','zHD/governo/16/sgs2tjZkI11wTuMIiPuhLc0MY/arquivos/','ilustrativo3 - Copia (0292004001541252537).pdf','Ficha de Matricula (ilustrativo)','arquivo'),(407,'sgs2tjZkI11wTuMIiPuhLc0MY','zHD/governo/16/sgs2tjZkI11wTuMIiPuhLc0MY/arquivos/','ilustrativo2 (0497444001541252537).pdf','Ficha Médica (ilustrativo)','arquivo'),(408,'sgs2tjZkI11wTuMIiPuhLc0MY','zHD/governo/16/sgs2tjZkI11wTuMIiPuhLc0MY/arquivos/','ilustrativo3 (0606006001541252537).pdf','Escolas com vagas (ilustrativo)','arquivo'),(409,'vKkPk6aqjR9bmtlsYXDfY3I2C','zHD/governo/16/vKkPk6aqjR9bmtlsYXDfY3I2C/imagens/','0005426001541345364.jpg','A água no mundo','capa'),(426,'vKkPk6aqjR9bmtlsYXDfY3I2C','zHD/governo/16/vKkPk6aqjR9bmtlsYXDfY3I2C/arquivos/','a escasse dagua (0285864001541346256).pdf','A escassez da água na terra','arquivo'),(425,'vKkPk6aqjR9bmtlsYXDfY3I2C','zHD/governo/16/vKkPk6aqjR9bmtlsYXDfY3I2C/imagens/','agua7 (0013744001541346002).jpg','A água na terra','imagem'),(424,'vKkPk6aqjR9bmtlsYXDfY3I2C','zHD/governo/16/vKkPk6aqjR9bmtlsYXDfY3I2C/imagens/','agua6 (0494443001541346000).jpg','A água na terra','imagem'),(423,'vKkPk6aqjR9bmtlsYXDfY3I2C','zHD/governo/16/vKkPk6aqjR9bmtlsYXDfY3I2C/imagens/','agua5 (0481343001541345997).jpg','A água na terra','imagem'),(422,'vKkPk6aqjR9bmtlsYXDfY3I2C','zHD/governo/16/vKkPk6aqjR9bmtlsYXDfY3I2C/imagens/','agua3 (0486082001541345997).jpg','A água na terra','imagem'),(421,'vKkPk6aqjR9bmtlsYXDfY3I2C','zHD/governo/16/vKkPk6aqjR9bmtlsYXDfY3I2C/imagens/','agua1 (0203790001541345997).jpg','A água na terra','imagem'),(420,'vKkPk6aqjR9bmtlsYXDfY3I2C','zHD/governo/16/vKkPk6aqjR9bmtlsYXDfY3I2C/imagens/','agua4 (0887984001541345996).jpg','A água na terra','imagem'),(419,'vKkPk6aqjR9bmtlsYXDfY3I2C','zHD/governo/16/vKkPk6aqjR9bmtlsYXDfY3I2C/imagens/','agua2 (0978565001541345994).jpg','A água na terra','imagem'),(418,'vKkPk6aqjR9bmtlsYXDfY3I2C','zHD/governo/16/vKkPk6aqjR9bmtlsYXDfY3I2C/imagens/','agua8 (0591628001541345983).jpg','A água na terra','imagem'),(430,'l5TnnlilQ893X2r5ERFM0DHAx','zHD/governo/17/l5TnnlilQ893X2r5ERFM0DHAx/imagens/','0242208001592101221.jpg',NULL,'capa'),(431,'lQZ2q3HWKf7ntjdHBLeazNCtL','zHD/governo/17/lQZ2q3HWKf7ntjdHBLeazNCtL/imagens/','0183281001592101364.jpg',NULL,'capa'),(448,'NJzHWBf7Mp9nHKI7sVZwyx9Lg','zHD/governo/1/NJzHWBf7Mp9nHKI7sVZwyx9Lg/imagens/','0017010001716854603.jpg',NULL,'capa'),(449,'71nA4JoITe18EDszhS47RA0kc','zHD/governo/1/71nA4JoITe18EDszhS47RA0kc/imagens/','0745817001716853998.jpg',NULL,'capa'),(458,'c9UYx3ddZEaVeSiQ1eOP3hBNz','zHD/governo/1/c9UYx3ddZEaVeSiQ1eOP3hBNz/imagens/','0452676001716854528.jpg',NULL,'capa'),(459,'4rMelZQVGj3Z9p33Dj1yvsdGG','zHD/governo/1/4rMelZQVGj3Z9p33Dj1yvsdGG/imagens/','NOT-MATRICULAS (0543153001715115335).jpg',NULL,'imagem'),(460,'4rMelZQVGj3Z9p33Dj1yvsdGG','zHD/governo/1/4rMelZQVGj3Z9p33Dj1yvsdGG/imagens/','NOT-NATACAO1 (0616944001715115335).jpg',NULL,'imagem'),(461,'4rMelZQVGj3Z9p33Dj1yvsdGG','zHD/governo/1/4rMelZQVGj3Z9p33Dj1yvsdGG/imagens/','NOT-NATACAO (0641623001715115335).jpg',NULL,'imagem'),(462,'4rMelZQVGj3Z9p33Dj1yvsdGG','zHD/governo/1/4rMelZQVGj3Z9p33Dj1yvsdGG/imagens/','NOT-PERIODO-INTEGRAL (0947762001715115335).jpg',NULL,'imagem'),(463,'4rMelZQVGj3Z9p33Dj1yvsdGG','zHD/governo/1/4rMelZQVGj3Z9p33Dj1yvsdGG/arquivos/','PUBLICIDADE-MATRICULA (0354904001715115417).jpg',NULL,'arquivo');

--
-- Table structure for table `governo_links`
--

CREATE TABLE `governo_links` (
  `id` int(11) NOT NULL AUTO_INCREMENT,
  `codigo` varchar(25) NOT NULL,
  `titulo` text DEFAULT NULL,
  `link` text NOT NULL,
  PRIMARY KEY (`id`),
  KEY `codigo` (`codigo`)
) ENGINE=MyISAM AUTO_INCREMENT=120 DEFAULT CHARSET=latin1 COLLATE=latin1_swedish_ci ROW_FORMAT=DYNAMIC;

--
-- Dumping data for table `governo_links`
--


--
-- Table structure for table `governo_secoes`
--

CREATE TABLE `governo_secoes` (
  `id` int(11) NOT NULL AUTO_INCREMENT,
  `nome` varchar(250) NOT NULL,
  `entidade` int(11) NOT NULL DEFAULT 0,
  PRIMARY KEY (`id`),
  KEY `entidade` (`entidade`)
) ENGINE=MyISAM AUTO_INCREMENT=186 DEFAULT CHARSET=latin1 COLLATE=latin1_swedish_ci ROW_FORMAT=DYNAMIC;

--
-- Dumping data for table `governo_secoes`
--

INSERT INTO `governo_secoes` (`id`, `nome`, `entidade`) VALUES (182,'Professores',1),(181,'Diretorias',1),(180,'Administração',1),(179,'Secretarias Municipais',2),(178,'Gabinete de Governo',2),(177,'Departamentos',2),(176,'Administração',2),(183,'Departamentos',1),(185,'Administração',6);

--
-- Table structure for table `governo_videos`
--

CREATE TABLE `governo_videos` (
  `id` int(11) NOT NULL AUTO_INCREMENT,
  `codigo` varchar(25) NOT NULL,
  `titulo` text DEFAULT NULL,
  `link` text NOT NULL,
  PRIMARY KEY (`id`),
  KEY `codigo` (`codigo`)
) ENGINE=MyISAM AUTO_INCREMENT=134 DEFAULT CHARSET=latin1 COLLATE=latin1_swedish_ci ROW_FORMAT=DYNAMIC;

--
-- Dumping data for table `governo_videos`
--

INSERT INTO `governo_videos` (`id`, `codigo`, `titulo`, `link`) VALUES (133,'4rMelZQVGj3Z9p33Dj1yvsdGG','Vídeo Ilustrativo','I4Q1a1UzVBY');

--
-- Table structure for table `imagem`
--

CREATE TABLE `imagem` (
  `id` int(11) NOT NULL AUTO_INCREMENT,
  `usuario` int(11) NOT NULL DEFAULT 0,
  `secao` int(11) NOT NULL DEFAULT 0,
  `path` text DEFAULT NULL,
  `arquivo` text DEFAULT NULL,
  `legenda` text DEFAULT NULL,
  `ordem` int(11) NOT NULL DEFAULT 0,
  `link` text DEFAULT NULL,
  `target` varchar(50) DEFAULT NULL,
  `entidade` int(11) NOT NULL,
  `status` int(11) NOT NULL DEFAULT 1,
  PRIMARY KEY (`id`),
  KEY `entidade` (`entidade`),
  KEY `secao` (`secao`),
  KEY `status` (`status`)
) ENGINE=MyISAM AUTO_INCREMENT=18 DEFAULT CHARSET=latin1 COLLATE=latin1_swedish_ci ROW_FORMAT=DYNAMIC;

--
-- Dumping data for table `imagem`
--

INSERT INTO `imagem` (`id`, `usuario`, `secao`, `path`, `arquivo`, `legenda`, `ordem`, `link`, `target`, `entidade`, `status`) VALUES (6,1,182,'zHD/imagem/1/6/','0957101001649231325.jpg','Promoções',3,'','default',1,0),(4,1,182,'zHD/imagem/1/4/','0106354001649231796.jpg','Academias de Judô',1,'','default',1,0),(5,1,182,'zHD/imagem/1/5/','0407450001668927525.jpg','Evento 2',2,'','default',1,1),(13,1,184,'zHD/imagem/1/13/','0301546001668925337.jpg','Evento 1',1,'','default',1,0),(14,1,184,'zHD/imagem/1/14/','0205396001668925374.jpg','Evento 2',1,'',NULL,1,0),(9,1,183,'zHD/imagem/1/9/','0863444001649162059.jpg','FOLDER 1',1,'','default',1,1),(10,1,183,'zHD/imagem/1/10/','0014365001649162085.jpg','FOLDER 2',2,'','default',1,1),(11,1,183,'zHD/imagem/1/11/','0864298001649162109.jpg','FOLDER 3',3,'','default',1,1),(12,1,183,'zHD/imagem/1/12/','0401630001649162133.jpg','FOLDER 4',4,'','default',1,1),(15,1,184,'zHD/imagem/1/15/','0173154001668925407.jpg','Evento 3',1,'',NULL,1,1),(16,1,182,'zHD/imagem/1/16/','0982231001668926655.jpg','Evento 1',1,'',NULL,1,1),(17,1,182,'zHD/imagem/1/17/','0276886001668926680.jpg','Evento 1',1,'',NULL,1,1);

--
-- Table structure for table `imagem_secoes`
--

CREATE TABLE `imagem_secoes` (
  `id` int(11) NOT NULL AUTO_INCREMENT,
  `nome` varchar(250) NOT NULL,
  `entidade` int(11) NOT NULL DEFAULT 0,
  PRIMARY KEY (`id`),
  KEY `entidade` (`entidade`)
) ENGINE=MyISAM AUTO_INCREMENT=185 DEFAULT CHARSET=latin1 COLLATE=latin1_swedish_ci ROW_FORMAT=DYNAMIC;

--
-- Dumping data for table `imagem_secoes`
--

INSERT INTO `imagem_secoes` (`id`, `nome`, `entidade`) VALUES (182,'Menu',1),(183,'Multi',1),(184,'Banner',1);

--
-- Table structure for table `links`
--

CREATE TABLE `links` (
  `id` int(11) NOT NULL AUTO_INCREMENT,
  `titulo` text NOT NULL,
  `secao` int(11) NOT NULL DEFAULT 0,
  `url` text NOT NULL,
  `entidade` int(11) NOT NULL DEFAULT 0,
  PRIMARY KEY (`id`),
  KEY `entidade` (`entidade`)
) ENGINE=MyISAM AUTO_INCREMENT=2 DEFAULT CHARSET=latin1 COLLATE=latin1_swedish_ci ROW_FORMAT=DYNAMIC;

--
-- Dumping data for table `links`
--

INSERT INTO `links` (`id`, `titulo`, `secao`, `url`, `entidade`) VALUES (1,'Links Úteis',1,'http://google.com.br',1);

--
-- Table structure for table `links_secoes`
--

CREATE TABLE `links_secoes` (
  `id` int(11) NOT NULL AUTO_INCREMENT,
  `entidade` int(11) NOT NULL DEFAULT 0,
  `nome` varchar(250) NOT NULL,
  PRIMARY KEY (`id`),
  KEY `entidade` (`entidade`)
) ENGINE=MyISAM AUTO_INCREMENT=8 DEFAULT CHARSET=latin1 COLLATE=latin1_swedish_ci ROW_FORMAT=DYNAMIC;

--
-- Dumping data for table `links_secoes`
--

INSERT INTO `links_secoes` (`id`, `entidade`, `nome`) VALUES (1,1,'Links Úteis');

--
-- Table structure for table `livros`
--

CREATE TABLE `livros` (
  `id` int(11) NOT NULL AUTO_INCREMENT,
  `usuario` int(11) NOT NULL DEFAULT 0,
  `categoria` int(11) NOT NULL DEFAULT 0,
  `capa` int(11) DEFAULT NULL,
  `titulo` text NOT NULL,
  `autor` text DEFAULT NULL,
  `texto` text DEFAULT NULL,
  `codigo` varchar(25) NOT NULL,
  `ano` year(4) DEFAULT NULL,
  `data` datetime DEFAULT current_timestamp(),
  `entidade` int(11) NOT NULL,
  `local` int(11) NOT NULL DEFAULT 1,
  PRIMARY KEY (`id`) USING BTREE,
  KEY `entidade` (`entidade`) USING BTREE,
  KEY `secao` (`categoria`) USING BTREE,
  KEY `status` (`local`) USING BTREE
) ENGINE=MyISAM DEFAULT CHARSET=latin1 COLLATE=latin1_swedish_ci ROW_FORMAT=DYNAMIC;

--
-- Dumping data for table `livros`
--


--
-- Table structure for table `livros_arquivos`
--

CREATE TABLE `livros_arquivos` (
  `id` int(11) NOT NULL AUTO_INCREMENT,
  `codigo` varchar(25) NOT NULL,
  `path` text NOT NULL,
  `arquivo` text NOT NULL,
  `legenda` text DEFAULT NULL,
  `tipo` varchar(50) DEFAULT NULL,
  `data` date DEFAULT NULL,
  `views` int(11) NOT NULL DEFAULT 0,
  `local` int(11) NOT NULL DEFAULT 1,
  PRIMARY KEY (`id`) USING BTREE,
  KEY `codigo` (`codigo`) USING BTREE,
  KEY `status` (`local`) USING BTREE
) ENGINE=MyISAM DEFAULT CHARSET=latin1 COLLATE=latin1_swedish_ci ROW_FORMAT=DYNAMIC;

--
-- Dumping data for table `livros_arquivos`
--


--
-- Table structure for table `livros_categorias`
--

CREATE TABLE `livros_categorias` (
  `id` int(11) NOT NULL AUTO_INCREMENT,
  `nome` varchar(250) NOT NULL,
  `entidade` int(11) NOT NULL DEFAULT 0,
  `local` int(11) NOT NULL DEFAULT 1,
  PRIMARY KEY (`id`) USING BTREE,
  KEY `entidade` (`entidade`) USING BTREE,
  KEY `status` (`local`) USING BTREE
) ENGINE=MyISAM DEFAULT CHARSET=latin1 COLLATE=latin1_swedish_ci ROW_FORMAT=DYNAMIC;

--
-- Dumping data for table `livros_categorias`
--


--
-- Table structure for table `livros_sites`
--

CREATE TABLE `livros_sites` (
  `id` int(11) NOT NULL AUTO_INCREMENT,
  `site_dominio` varchar(600) NOT NULL,
  `site_entidade` int(11) NOT NULL DEFAULT 0,
  `entidade` int(11) NOT NULL DEFAULT 0,
  `ultima_atualizacao` datetime DEFAULT NULL,
  PRIMARY KEY (`id`) USING BTREE,
  KEY `entidade` (`entidade`) USING BTREE
) ENGINE=MyISAM DEFAULT CHARSET=latin1 COLLATE=latin1_swedish_ci ROW_FORMAT=DYNAMIC;

--
-- Dumping data for table `livros_sites`
--


--
-- Table structure for table `localizacao`
--

CREATE TABLE `localizacao` (
  `id` int(11) NOT NULL AUTO_INCREMENT,
  `usuario` int(11) NOT NULL DEFAULT 0,
  `secao` int(11) NOT NULL DEFAULT 0,
  `codigo` text DEFAULT NULL,
  `entidade` int(11) NOT NULL,
  PRIMARY KEY (`id`),
  KEY `secao` (`secao`),
  KEY `entidade` (`entidade`)
) ENGINE=MyISAM AUTO_INCREMENT=2 DEFAULT CHARSET=latin1 COLLATE=latin1_swedish_ci ROW_FORMAT=DYNAMIC;

--
-- Dumping data for table `localizacao`
--

INSERT INTO `localizacao` (`id`, `usuario`, `secao`, `codigo`, `entidade`) VALUES (1,1,1,'<iframe src=\"https://www.google.com/maps/embed?pb=!1m18!1m12!1m3!1d959.8007994550101!2d-47.91890157079285!3d-15.793236108837403!2m3!1f0!2f0!3f0!3m2!1i1024!2i768!4f13.1!3m3!1m2!1s0x935a3a83ddfbfe5f%3A0x57ce07247b2309cf!2sSt.%20Sudoeste%20Com%C3%A9rcio%20Local%20Sudoeste%20300%20B%20-%20Cruzeiro%20%2F%20Sudoeste%20%2F%20Octogonal%2C%20Bras%C3%ADlia%20-%20DF%2C%2070297-400!5e0!3m2!1spt-BR!2sbr!4v1610176108190!5m2!1spt-BR!2sbr\" width=\"100%\" height=\"450\" frameborder=\"0\" style=\"border:0;\" allowfullscreen=\"\" aria-hidden=\"false\" tabindex=\"0\"></iframe>',1);

--
-- Table structure for table `localizacao_secoes`
--

CREATE TABLE `localizacao_secoes` (
  `id` int(11) NOT NULL AUTO_INCREMENT,
  `nome` varchar(250) NOT NULL,
  `entidade` int(11) NOT NULL DEFAULT 0,
  PRIMARY KEY (`id`),
  KEY `nome` (`nome`)
) ENGINE=MyISAM AUTO_INCREMENT=158 DEFAULT CHARSET=latin1 COLLATE=latin1_swedish_ci ROW_FORMAT=DYNAMIC;

--
-- Dumping data for table `localizacao_secoes`
--

INSERT INTO `localizacao_secoes` (`id`, `nome`, `entidade`) VALUES (1,'Localização',1);

--
-- Table structure for table `mural`
--

CREATE TABLE `mural` (
  `id` int(11) NOT NULL AUTO_INCREMENT,
  `secao` int(11) NOT NULL DEFAULT 0,
  `pergunta` text DEFAULT NULL,
  `data_pergunta` timestamp NULL DEFAULT current_timestamp(),
  `data_resposta` datetime DEFAULT NULL,
  `nome` varchar(200) DEFAULT NULL,
  `email` varchar(300) DEFAULT NULL,
  `resposta` text DEFAULT NULL,
  `usuario` int(11) DEFAULT 0,
  `entidade` int(11) NOT NULL,
  `status` int(11) NOT NULL DEFAULT 0,
  PRIMARY KEY (`id`),
  KEY `secao` (`secao`),
  KEY `status` (`status`),
  KEY `entidade` (`entidade`),
  KEY `data_pergunta` (`data_pergunta`)
) ENGINE=MyISAM DEFAULT CHARSET=latin1 COLLATE=latin1_swedish_ci ROW_FORMAT=DYNAMIC;

--
-- Dumping data for table `mural`
--


--
-- Table structure for table `mural_secoes`
--

CREATE TABLE `mural_secoes` (
  `id` int(11) NOT NULL AUTO_INCREMENT,
  `nome` varchar(250) NOT NULL,
  `entidade` int(11) NOT NULL DEFAULT 0,
  PRIMARY KEY (`id`),
  KEY `nome` (`nome`)
) ENGINE=MyISAM AUTO_INCREMENT=158 DEFAULT CHARSET=latin1 COLLATE=latin1_swedish_ci ROW_FORMAT=DYNAMIC;

--
-- Dumping data for table `mural_secoes`
--

INSERT INTO `mural_secoes` (`id`, `nome`, `entidade`) VALUES (1,'Mural',1);

--
-- Table structure for table `noticias`
--

CREATE TABLE `noticias` (
  `id` int(11) NOT NULL AUTO_INCREMENT,
  `usuario` int(11) NOT NULL DEFAULT 0,
  `titulo` text NOT NULL,
  `tag` varchar(500) NOT NULL DEFAULT '',
  `subtitulo` text DEFAULT NULL,
  `texto` longtext DEFAULT NULL,
  `codigo` varchar(25) NOT NULL,
  `secao` int(11) NOT NULL DEFAULT 0,
  `capa` int(11) DEFAULT 0,
  `data` datetime DEFAULT current_timestamp(),
  `destaque` int(11) DEFAULT 0,
  `entidade` int(11) NOT NULL,
  `status` int(11) DEFAULT 1,
  `contador` int(11) DEFAULT 0,
  PRIMARY KEY (`id`),
  KEY `tag` (`tag`),
  KEY `entidade` (`entidade`),
  KEY `capa` (`capa`),
  KEY `secao` (`secao`),
  KEY `status` (`status`)
) ENGINE=MyISAM AUTO_INCREMENT=32 DEFAULT CHARSET=latin1 COLLATE=latin1_swedish_ci;

--
-- Dumping data for table `noticias`
--

INSERT INTO `noticias` (`id`, `usuario`, `titulo`, `tag`, `subtitulo`, `texto`, `codigo`, `secao`, `capa`, `data`, `destaque`, `entidade`, `status`, `contador`) VALUES (31,1,'O Renascimento das Artes Marciais: Uma Jornada de Corpo e Mente','o-renascimento-das-artes-marciais--uma-jornada-de-corpo-e-mente','Disciplina, respeito e superação: os pilares das nossas artes marciais','<p><br></p><p><br></p><p>Nos últimos anos, as artes marciais experimentaram um renascimento, ultrapassando suas fronteiras tradicionais e ganhando popularidade global. Mais do que meras técnicas de combate, as artes marciais tornaram-se uma filosofia de vida, unindo mente, corpo e espírito. Academias de todo o mundo testemunharam um aumento notável na adesão, à medida que pessoas de todas as idades buscam os benefícios holísticos proporcionados por essa prática milenar.</p><p><br></p><p>Neste ressurgimento, as artes marciais têm oferecido não apenas treinamento físico, mas também uma abordagem única para o desenvolvimento pessoal. A disciplina rigorosa, o respeito pelos mestres e colegas, além do foco na autoaperfeiçoamento, tornaram-se valores fundamentais. Além disso, a diversidade de estilos, desde os tradicionais até os mais modernos, permite que os praticantes escolham o caminho que melhor se alinha com seus objetivos individuais.</p><p><br></p><p>A comunidade das artes marciais está se expandindo além dos tatames, promovendo eventos, competições e programas educacionais que transcendem as barreiras culturais. Essa ressurreição contemporânea destaca não apenas as habilidades físicas, mas também a mentalidade resiliente necessária para enfrentar os desafios diários. À medida que as artes marciais se reinventam, continuam a inspirar uma geração de entusiastas comprometidos com a busca da excelência, tanto dentro como fora do dojo.</p>','xt75S8fBtc3caX07TQ20ygcVk',1,15,'2023-12-27 03:33:00',1,1,1,203),(4,1,'Dicas úteis para uso racional e economia no trato com a água','dicas-uteis-para-uso-racional-e-economia-no-trato-com-a-agua','Não gaste além do necessário, tenha cuidados com vazamentos, sabendo poupar não vai faltar.','<p>1) A água de qualquer torneira de minha casa é segura para se beber e fazer comida?</p><p>O\r\n SAAE garante a qualidade da água distribuída à população até a entrada \r\ndo imóvel na estrutura do cavalete, onde existe o medidor de consumo \r\n(hidrômetro).A manutenção da qualidade da água nos cômodos internos da \r\nresidência é dever e responsabilidade de cada morador. Por isso, \r\nmantenha suas instalações hidráulicas sempre em bom estado de \r\nconservação e limpe a caixa-d`água pelo menos 2 vezes ao ano. Toda \r\ncaixa-d\'água deverá ficar permanentemente tampada e bem vedada. Quando \r\nas águas das torneiras internas de sua casa apresentarem aspectos \r\ndiferentes do normal (cor, cheiro, gosto, etc), faça inicialmente uma \r\ncomparação com aquela que está chegando no cavalete, antes de acionar o \r\nSAAE.</p><p><br></p><p>2) Minha filha tomou água da torneira e ficou com dor de barriga e diarréia. É mesmo por causa da água?</p><p>Não.\r\n A água que o SAAE entrega pela rede de distribuição tem um contínuo \r\ncontrole de qualidade. É mais provável que outras coisas que ela tenha \r\ncomido possam tê-la deixado doente, ou pode ter adquirido alguma doença \r\ntransmitida pelo ar. Além do mais, os copos e os vasilhames para \r\ndepositar água precisam estar sempre limpos. Hábitos de higiene, como \r\nlavagem das mãos com sabonete antes de desocupar os banheiros, corte e \r\nlimpeza das unhas, evitar levar as mãos sujas à boca, acondicionamento \r\ndo lixo doméstico em recipientes bem vedados são indispensáveis para se \r\nevitar doenças.</p><p><br></p><p>3) As águas de poço e as águas de mina podem ser consideradas potáveis?</p><p>Depende\r\n de suas localizações. Em áreas urbanas, as águas de poço e de mina \r\npodem estar contaminadas por poluentes presentes no solo. Embora possam \r\nter aparência límpida e cristalina, geralmente contêm microorganismos \r\nnão visíveis a olho nu, que podem causar doenças. </p><p><br></p><p>4) Como se pode potabilizar uma água de poço ou de mina?</p><p>Caso\r\n as análises laboratoriais indiquem, nas águas de poço e de mina, \r\npresença de microorganismos, é necessário fervê-las ou desenfeitá-las \r\natravés da cloração caseira. A cloração caseira é feita através da \r\naplicação do hipoclorito de sódio ou de água sanitária (produto \r\ncomercialmente conhecido como Cândida, Qboa, Água de lavadeira). Esta \r\nmedida só é eficiente para pequenas contaminações. No uso do produto \r\ncomercial, vendido na concentração 2%, deve-se pingar 3 gotas em cada \r\nlitro de água e esperar 30 minutos para usá-la. Entretanto, quando os \r\nresultados dos exames laboratoriais da água do poço ou da mina indicarem\r\n uma reprovação quanto aos aspectos físicos e químicos (cor, \r\nconcentração excessiva de substâncias dissolvidas etc.) não há como \r\npotabilizá-la no âmbito doméstico. Essa água não deve ser utilizada para\r\n beber e fazer alimentos.</p><p><br></p><p>5) Por que, às vezes, a água da minha casa sai esbranquiçada da torneira?</p><p>Muita\r\n gente relaciona a coloração esbranquiçada da água com a dosagem \r\nadicional de cloro. A água esbranquiçada é motivada pela presença de \r\nmicrobolhas resultantes da pressão da água na tubulação, no instante da \r\nabertura da torneira. Se você deixar essa água num copo por um ou dois \r\nminutos, ela volta a ficar incolor e transparente.</p><p><br></p><p>6) Por que, às vezes, na minha casa a água chega barrenta ou com coloração amarelada ou marrom? </p><p>Durante\r\n os reparos das redes, a tubulação seca, após a conclusão do reparo, \r\nincrustações na parede da tubulação, desprende-se deixando a água \r\namarelada ou marrom. Em tais situações o SAAE sempre mantém as descargas\r\n de rua abertas acelerando a lavagem das redes, até se constatar a \r\nclarificação da água. De qualquer forma, o cloro presente na água \r\ngarante a desinfecção, sem riscos à saúde da população. Alertamos que \r\nesta ocorrência é puramente de coloração momentânea da agua, não \r\nafetando sua qualidade fisico-quimica e bacteriologica.Perdurando a \r\nsituação, entre em contato com o SAAE pelos telefones 3262 6333 ou 0800 \r\n7702195 (Plantão de Emergência).</p><p><br></p><p>7) O filtro caseiro é necessário? </p><p>O\r\n SAAE sugere que sejam utilizados. Entretanto, primeiramente, deve-se \r\nesclarecer que os filtros caseiros não são suficientes para adequar a \r\nágua aos Padrões de Potabilidade estabelecidos pela legislação. Isto \r\nquer dizer que somente devem ser utilizados para águas já potabilizadas \r\n(já tratadas) pelo SAAE. Também não são totalmente confiáveis na \r\n\"limpeza\" da água quando proveniente de caixas d`água domiciliares mal \r\nconservadas. Quando utilizados, os filtros devem ser mantidos e operados\r\n de acordo com as orientações dos fabricantes. Nos casos das velas, não \r\nutilizar materiais abrasivos (ásperos) e nem mesmo açúcar, que é \r\nusualmente aplicado, nas limpezas periódicas. A utilização destes \r\nmateriais danifica as velas. Recomenda-se a limpeza periódica com água \r\ntratada corrente e a substituição das mesmas com freqüência.</p><p><br></p><p>8) Pode acontecer de faltar água em minha residência?</p><p>Eventualmente.\r\n Constatado falta de água em sua residência. Verifique se o registro de \r\nentrada de sua residência não está fechado. Se não estiver, entre em \r\ncontato com o SAAE pelo telefone 0800 77 02195 (Plantão de Emergência). </p><p>Pode eventualmente ocorrer problemas de manutenção na região de sua residencia, necessitando de interrupção do fornecimento.</p><p><br></p><p>9) Como eu posso verificar sozinho se há algum vazamento de água em minha residência?</p><p>À noite, quando todos forem dormir, o último que usar a água deve aguardar uns 15 minutos para encher a caixa d\'água. </p><p>Em\r\n seguida, vá até o hidrômetro e faça uma leitura anotando os números \r\npretos e vermelhos, deixando o registro do cavalete aberto. </p><p>A partir daí, não abra mais nenhuma torneira e nem puxe a descarga do banheiro. </p><p>De manhã, antes de usar a água, volte novamente ao hidrômetro e faça uma nova leitura. </p><p>As leituras têm de ser exatamente iguais. Caso contrário, são fortes os indícios de que haja vazamento.</p><p>Detectado o vazamento, entre em contato com um encanador de confiança para saná-lo. </p><p>Entre em contato com o SAAE para informar a ocorrência.</p><p>Caso\r\n não haja vazamento, procure fazer uma leitura diária para acompanhar o \r\nseu consumo. Dessa forma é possível comparar diariamente o quanto foi \r\ngasto, analisando os dias de limpeza geral (faxina) ou lavagem de roupas\r\n com os outros dias, fazendo uma estimativa do consumo. </p><p>Se o consumo continuar entre em contato com o SAAE até a data do vencimento da conta.</p>','yGW1ijVx6EGeasgEjdpvglL0Z',10,2,'2022-01-09 01:54:00',0,1,1,838),(5,1,'A água é um bem indispensável porém finito','a-agua-e-um-bem-indispensavel-porem-finito','O Dia Mundial da Água não é só para pensar, mas principalmente para agir usando este recurso natural com sabedoria para que ele nunca acabe.','<p>Devemos analisar, nos conscientizar e realizar medidas práticas, pois\r\n como sabemos, grande parte das fontes de água estão sendo contaminadas,\r\n poluídas e degradadas pela ação predatória do homem. O que mais \r\npreocupa é que o problema poderá acarretar no futuro a falta da água \r\npara o consumo de grande parte da população mundial.<br></p><p><br></p><p>Mas\r\n como devemos comemorar esta importante data? Não só neste dia, mas \r\ntambém nos outros 364 dias do ano, precisamos tomar atitudes em nosso \r\ndia-a-dia que colaborem para a preservação e economia deste bem natural.</p><p><br></p><p>Dicas de uso racional da água</p><p><br></p><p>A água doce é um recurso finito do Planeta Terra, use racionalmente e evite qualquer desperdício:</p><p><br></p><p>Feche bem as torneiras após o uso. A torneira aberta durante 1 minuto gasta 3 litros de água.</p><p>Feche\r\n a torneira enquanto escova os dentes ou faz a barba. Desligue o \r\nchuveiro para se ensaboar e reabra para se enxaguar. Evite banhos \r\ndemorados. O chuveiro aberto durante 15 minutos gasta 60 litros de água.</p><p>Antes de lavar a louça, remova restos de comida dos pratos e das panelas, ensaboe, e só abra a torneira para o enxágüe.</p><p><br></p><p>Evite\r\n lavar as calçadas com mangueira, elas podem ser varridas, evite que as \r\ncrianças brinquem de tomar banho com mangueira, fique atento aos \r\nvazamentos em pias, chuveiros e vasos sanitários e conserte \r\nimediatamente os vazamentos e fugas de água, trocando as partes \r\ndanificadas das canalizações. Não faça remendos provisórios.</p><p><br></p><p>fonte: Bem Estar</p>','kNhMAppdzh1wncywVXuYOak4T',10,3,'2022-07-08 01:56:00',0,1,1,1030),(11,1,'Patrimônio da humanidade - Costa Jurássica  – Dorset e East Devon, Reino Unido','patrimonio-da-humanidade---costa-jurassica----dorset-e-east-devon--reino-unido',' magnífico arco Durdle Door na Costa Jurássica','<p>Se quiser ver de perto um cenário dos romances de Jane Austen, as costas de Dorset e East Devon são o lugar perfeito – também conhecida como a Costa Jurássica. A imensa extensão à beira-mar consiste em impressionantes formações rochosas, praias cobertas de fósseis de dinossauros primitivos, baías tranquilas, muito verde e vilarejos românticos.<br></p><p><br></p><p>Uma das atrações naturais mais famosas é o arco de calcário Durdle Door. As camadas das pedras são quase verticais saindo do mar, fazendo dele uma maravilha da geologia.</p><p><br></p><p>E que tal um souvenir único? Saia em uma caça aos fósseis na praia de Charmouth e leve pra casa o pedacinho de história natural que encontrar.</p>','tu1fnc9o9UFWgwGuNJBoDOuz2',1,5,'2021-01-09 03:31:00',1,1,1,1163),(10,1,'A adolescência acontece no indivíduo principalmente no terreno da escola.','a-adolescencia-acontece-no-individuo-principalmente-no-terreno-da-escola._1','A escola para o jovem é um território que acolhe tudo e onde eles se sentem à vontade para exercitar suas vivências e convivências. É nesse território em que se dão encontros e relações, que o jovem questiona valores e começa a construir seu projeto de vida.','<p><br></p><p><br></p><p>Quem sou eu? O que eu posso ser? O que fazer \r\npara ser o que eu quero? O que eu quero para o meu futuro? Como posso me\r\n preparar para realizar meu projeto de vida? No ensino médio, é a \r\nescola, quando geradora de questionamentos, pensamentos, sentimentos e \r\nações, que ajuda o adolescente a chegar a essas questões e a buscar suas\r\n próprias respostas.</p><p><br></p><p>Como uma obra em construção, a \r\nadolescência acontece no indivíduo principalmente no terreno da escola, \r\nonde o jovem passa boa parte de seu dia fora de casa. Há quem compare o \r\nprocesso individual àquele que se dá na coletividade contemporânea.</p><p><br></p><p>O\r\n adolescente passa por uma redefinição da imagem corporal assim como são\r\n redefinidas as configurações urbanas e as fronteiras territoriais. Ele \r\nestá se individualizando, rompendo vínculos e buscando autonomia, em um \r\nprocesso similar ao da descolonização, quando uma comunidade rompe com a\r\n metrópole para obter sua independência política e econômica.</p><p><br></p><p>O\r\n adolescente também está na fase de comparar valores para estabelecer \r\nseu próprio código de ética, enquanto a humanidade coloca o foco nos \r\ncódigos internacionais para nortear a vida no planeta e os direitos \r\nindividuais e coletivos.</p><p><br></p><p>Na adolescência, o jovem busca\r\n identificação e segurança em grupos de iguais, assim como fazem os \r\npaíses ao criar blocos regionais no cenário internacional. E os garotos e\r\n garotas criticam as crenças dos pais, enquanto as comunidades modernas \r\nquestionam ideologias e dogmas da velha ordem mundial.</p><p><br></p><p>Partilhando projetos&nbsp;</p><p>Todos\r\n esses movimentos e transformações são vividos pelo filho ou filha \r\nadolescente ao lado dos professores, veículos de novos valores para \r\ncomparar com os trazidos de casa, e dos colegas, que se tornam a \r\nreferência campeã nessa fase da vida.</p><p><br></p><p>Desse universo, o\r\n jovem obtém o conjunto de conhecimentos que interessa: os pedagógicos e\r\n os aprendizados que não estão no currículo - é isso precisamente que a \r\nescola representa para ele, como aponta uma outra pesquisa realizada em \r\n2006, na Universidade Federal do Pará, com 725 estudantes de seis \r\nescolas de ensino médio da rede pública. Para os adolescentes, a escola é\r\n o principal espaço de construção e partilha de conhecimentos sobre a \r\nvida futura.</p><p><br></p><p>Monitoria dos pais&nbsp;</p><p>A família, \r\nclaro, continua eterna referência, mas é o tempo de acompanhar tudo com \r\num novo desafio: de perto, mas dos bastidores. Significa auxiliar o \r\nfilho na compreensão do significado desse novo estágio de vida, dos \r\ndesafios propostos, das alternativas possíveis frente às novas \r\nexigências.</p><p><br></p><p>Não cabe e não é responsabilidade dos pais \r\nfazer pelo filho, mas instigá-lo a enfrentar as situações, a descobrir \r\nsuas potencialidades.</p><p><br></p><p>No início do ensino médio, esse \r\nacompanhamento tende a ser mais próximo, mas no segundo e principalmente\r\n no terceiro ano ele deve funcionar muito mais como uma monitoria, para o\r\n jovem perceber a preocupação da família, a possibilidade de ter a quem \r\nrecorrer caso seja necessário, mas também adquirir confiança e autonomia\r\n para enfrentar a vida adulta.</p><p><br></p><p>Manter essa referência é\r\n importante, pois no estágio posterior, a universidade, não existe ou \r\npouco existe a possibilidade de os pais acompanharem o que acontece. Se o\r\n diálogo, a troca de idéias e projetos, foi construído durante o ensino \r\nmédio, a distância na relação familiar será menor, diminuindo a chance \r\nde conflitos.</p><p><br></p><p>E a Internet, palco global de encontro, \r\nconhecimentos e relações, não esvazia o papel da escola na formação e \r\neducação do adolescente? Não, muito pelo contrário. Com o advento da \r\ncomunicação via MSN, orkut e outras formas virtuais, o papel dessa \r\nreferência se aprofunda. Porque na escola as relações são \"concretas\", \r\nface a face!</p><p><br></p><p>É nesse ambiente que seu filho aprende a \r\nse virar de verdade para resolver problemas com independência, checando e\r\n ampliando o conhecimento, ouvindo, negociando, cedendo, participando, \r\ncooperando, perseverando, respeitando. Aprende a ser solidário e \r\nconsciente de seus direitos, deveres e responsabilidades. Em outras \r\npalavras: ganha a chance de tornar-se um cidadão do futuro.</p><p><br></p><p>Fonte: Patrícia Mortara, psicóloga e professora</p>','ix7YXlLhERcOCwVUbk9kFJptR',1,4,'2021-01-09 03:19:00',0,1,1,893),(12,1,'Patrimônio Histórico Trópicos Úmidos de Queensland, Austrália','patrimonio-historico-tropicos-umidos-de-queensland--australia','Trópicos Úmidos de Queensland, Austrália','<p>Andando de caiaque pelos Trópicos Úmidos de Queensland é uma das mneiras de desbravar a imensa floresta tropical<br></p><p><br></p><p>Ainda que ocupem apenas 1% do território da Austrália, os Trópicos Úmidos de Queensland, com seu terreno irregular, desfiladeiros profundos, rios e cachoeiras, formam uma das florestas tropicais mais espetaculares do mundo.</p><p><br></p><p>Estendendo-se pela costa nordeste da Austrália, a floresta contém inúmeras plantas e espécies de animais raras, que mostram um registro completo da evolução da vida vegetal no planeta. Caminhe pelos Wet Tropics e veja mais de 90 tipos de orquídeas, ouça o som de pássaros encontrados somente lá, como o papagaio-rei australiano, ou mergulhe em uma das tantas piscinas naturais do local.</p>','BXKFLZxTqKeGiX1MlxLJFTTTQ',1,6,'2021-01-09 03:34:00',0,1,1,895),(13,1,'Patrimônio da humanidade Fiordes de Geiranger e Næry, Noruega','patrimonio-da-humanidade-fiordes-de-geiranger-e-naery--noruega','De tão lindo, o fiorde de Næry beira o mágico e irreal','<p>Os fiordes do oeste da Noruega são considerados alguns dos lugares mais únicos do planeta, e quem os visita tem mesmo a visão questionada, de tão surreal que tamanha beleza lhes parece.<br></p><p><br></p><p>A nordeste de Bergen, os fiordes de Geiranger e Nærøy, estão 120km distantes um do do outro, e são dois dos maiores e mais profundos do mundo. O cenário inclui penhascos de meio quilômetro de altura mergulhados diretamente no oceano, cercados de cascastas e com águas de cor azul e esmeralda.</p><p><br></p><p>Faça um passeio de barco ou balsa pelos estreitos corredores e deixe-e encantar pela paisagem de beleza estonteante.</p>','zy9F93t6SIw5d8HdzEnmFruy2',1,7,'2021-01-09 03:38:00',0,1,1,928),(14,1,'Internet, surgida no fim dos anos 60, nos Estados Unidos','internet--surgida-no-fim-dos-anos-60--nos-estados-unidos','Quando computadores foram ligados à linha telefônica, a integração entre as duas tecnologias tinha como objetivo inicial ampliar a comunicação entre instituições de pesquisas, universidades e comandos militares no período da Guerra Fria.','<p>A partir desse período a internet passou por várias etapas de evoluções e aperfeiçoamento que a tornou cada vez mais sofisticada e dinâmica. Com a utilização desse meio de comunicação é possível adquirir informações sobre qualquer país e qualquer assunto.<br></p><p><br></p><p>A internet veio para somar no processo de globalização, esse instrumento parece que diminuiu as dimensões do mundo, tornando-o menor.</p><p><br></p><p>A seguir algumas das utilizações da internet em diferentes seguimentos das sociedades.</p><p><br></p><p>- Possibilita acesso a uma grande quantidade de informações, em diferentes níveis de ensino e conteúdo, através desse mecanismo é possível realizar pesquisas e coletar informações, imagens, dados e muitos outros.</p><p><br></p><p>- Os turistas podem acessar e coletar informações e observar imagens de lugares que poderão ser visitados em qualquer localidade do planeta, sem contar a possibilidade de realizar reservas em hotéis, programação de roteiros etc.</p><p><br></p><p>- Milhões de pessoas se relacionam em salas de bate-papo, esse tipo de relação ocorre em nível regional, nacional e internacional.</p><p><br></p><p>- As empresas colocam na rede uma série de produtos à venda que oferecem facilidades para serem adquiridas, dessa forma, o usuário tem a comodidade de realizar compras sem sair de casa. Através da internet é possível comprar tudo, como por exemplo, CDs, livros, roupas, suprimentos de informática, eletroeletrônicos e muitos outros objetos.</p><p><br></p><p>- Na internet encontra-se também muita diversão e lazer como jogos, músicas, vídeos, jornais e diversas outras opções.</p><p><br></p><p>- O correio eletrônico é outro serviço disponível na internet de grande aceitação, pois possibilita a troca de informações, correspondências por meio de mensagens, essas são usadas por pessoas e empresas.</p><p><br></p><p>- Uma das últimas novidades são as conferências que proporcionam interação entre indivíduos separados a milhares de quilômetros, através de câmeras as imagens simultâneas do evento são difundidas. Já ocorre até cirurgia via internet.</p><p><br></p><p>Essas são algumas das utilizações desse importante instrumento de telecomunicação que revolucionou o seguimento e constantemente tem se expandido.</p><p><br></p><p>fonte: Eduardo de Freitas</p>','Pnj4PATmMc9BYhYBE46dyLTr3',1,8,'2021-01-13 11:25:00',0,1,1,1250),(16,1,'A Terra é redonda?','a-terra-e-redonda-','A Terra é realmente redonda? Desde 500 a.C., já existiam explicações sobre o formato esférico do nosso planeta.','<p>No ano 500 a.C., a ideia do formato esférico da Terra já era aceita como verdade pelos filósofos gregos. A proposta de um planeta circular surgiu de simples observações cotidianas.<br></p><p><br></p><p>Os estudiosos da época notaram, por exemplo, que, dependendo da localidade de um indivíduo, ele veria o mesmo grupo de estrelas em posições diferentes. Além disso, ao observarem a aproximação de navios no horizonte, eles perceberam que, primeiro, enxergavam-se os mastros e, depois, via-se a embarcação por completo. A análise de situações como essas permitiu que esses filósofos concluíssem que a Terra deveria ser arredondada.</p><p><br></p><p>Atualmente, mesmo depois das contribuições de físicos brilhantes como Isaac Newton e Johannes Kepler, existem discussões acaloradas a respeito do real formato da Terra. Atuando principalmente nas redes sociais, os chamados terraplanistas difundem a ideia de que nosso planeta seria, na realidade, plano.</p><p><br></p><p>Segundo essa ideia, a Terra possuiria um formato de disco, com a atmosfera formando uma espécie de domo (cúpula). A Lua e o Sol, que não teriam os tamanhos estimados pela Ciência atual, mover-se-iam nesse domo. Ainda conforme esse modelo terraplanista, a Antártica comporia a borda do disco, o que explicaria, segundo eles, essa ser uma região tão protegida no planeta. Observe na imagem abaixo um esquema dessa teoria dos terraplanistas:</p><p><br></p><h3><b>A Terra é redonda!</b></h3><p><br></p><p>Existem inúmeras evidências do formato esférico da Terra. A seguir, descrevemos alguns fatos mais simples que demonstram isso.</p><p><br></p><p>Não pare agora... Tem mais depois da publicidade ;)</p><p><br></p><p>1) As grandes navegações</p><p><br></p><p>No século XVI, Fernão de Magalhães executou a primeira circum-navegação que foi bem-sucedida. Ao seguirem sempre na mesma direção, os navios, após determinado tempo, voltavam ao ponto inicial da viagem, evidenciando o formato circular do planeta.</p><p><br></p><p>2) Os fusos horários</p><p><br></p><p>Em um sistema plano, todos os habitantes do planeta deveriam ser iluminados ao mesmo tempo pelo Sol, mas não é isso o que acontece. Por causa do formato esférico do nosso planeta e do movimento de rotação, a luz do Sol brilha em lugares distintos em horários específicos. Assim, enquanto em uma extremidade da Terra é noite, na outra, é dia, e isso só pode acontecer em um sistema circular.</p><p><br></p><p>3) Explorações do espaço</p><p><br></p><p>O lançamento de satélites, o movimento da Estação Espacial Internacional, as idas do homem ao espaço, iniciadas em 1961 com Yuri Gagarin, e as inúmeras imagens e vídeos, até mesmo em tempo real, apresentam a clara evidência de um planeta em formato de esfera.</p><p><br></p><p>Exige-se, portanto, um esforço muito maior para explicar o formato plano que o arredondado, pois tal afirmação quebraria vários princípios científicos já entendidos e explicados há séculos. As poucas evidências, expostas anteriormente, demonstram a realidade de um planeta em formato esférico, achatado nos polos e que se move ao redor de uma pequena estrela.</p><p><br></p><p>fonte: Joab Silas da Silva Júnior</p><div><br></div>','z00CzcFBysOAfn7uuctzHrHp3',1,9,'2021-01-14 05:38:00',0,1,1,1065),(17,1,'GPS (Global Positioning System) é um sofisticado instrumento de posicionamento','gps--global-positioning-system--e-um-sofisticado-instrumento-de-posicionamento','O GPS (Global Positioning System) é um sofisticado instrumento de posicionamento que utiliza a emissão de sinais de rádio codificados por satélites colocados em órbita ao redor da Terra. ','<p>Tal sistema, que custou 10 bilhões de dólares, foi desenvolvido e é controlado até hoje pelo Departamento de Defesa dos Estados Unidos. O sistema do GPS é dotado de 27 satélites (24 em operação e 3 extras, caso haja falha nos outros) dispostos a uma distância de 20.000km de altitude que emitem ondas sonoras duas vezes por dia.<br></p><p><br></p><p>Cada satélite é dotado de relógios atômicos, difundindo de forma precisa, além da localização de algo na superfície terrestre, a hora exata daquele momento. Isso é muito útil para a comunidade científica, pois em algumas experiências, é extremamente necessário um relógio altamente preciso, visto que até mesmo um micro-segundo (0,000001 segundo) pode ser significativo em um contexto específico.</p><p><br></p><p>Para determinar o exato posicionamento de algo, o GPS localiza 4 ou mais satélites e determina a distância entre cada um deles com o ponto a ser localizado, para assim, deduzir a posição correta, informando a latitude, longitude e altitude daquele ponto.</p><p><br></p><p>O GPS é amplamente utilizado na aviação geral e navegação marítima. Também é muito usado por guardas florestais, geólogos, arqueólogos, bombeiros, ou qualquer pessoa que queira saber sua exata localização. Atualmente, com US$ 100 é possível comprar um GPS, além do mais, o serviço em si é gratuito. O sistema também está cada vez mais presente em automóveis.</p><p><br></p><p>fonte: Tiago Dantas</p>','nmU1xBWvEej7PbsSyf23g6jRv',10,10,'2021-01-14 05:41:00',0,1,1,1031),(18,1,'Fusos horários!','fusos-horarios-','Graças ao movimento de rotação e ao formato esférico da Terra, o sol não incide em todos os lados do nosso planeta ao mesmo tempo, de forma que, enquanto de um lado é dia, do outro é noite. Por isso, existem as diferenças das horas. Com o intuito de organizar e padronizar o horário nas diversas partes do globo terrestre, foram criados os fusos horários.','<p>Fusos horários são divisões da Terra elaboradas pelo homem para definir os diferentes horários nas mais diversas partes do mundo. Foram criados em 1884, durante a Conferência de Washington, em uma reunião que reuniu 25 países, dentre eles, o Brasil.<br></p><p><br></p><p>Nessa conferência, ficou definido que o marco inicial da Terra, ou seja, o ponto de partida para a contagem dos fusos horários seria o Meridiano de Greenwich, com 0º graus de longitude. Dessa forma, a 7,5º à esquerda e a 7,5º graus à direita, forma-se o fuso 0 GMT.</p><p><br></p><p>Definiu-se também que os fusos iriam ser contados a cada 15º de longitude, de forma que a Terra seria dividida em 24 fusos diferentes e que cada um deles representaria uma hora.</p><p><br></p><p>Apesar dessa preocupação em organizar os fusos conforme os meridianos, os países teriam a liberdade para adotar e distribuir livremente os fusos pelo seu território. Dessa forma, é possível observar que os fusos horários adotados pelos países obedecem aos limites políticos entre os países ou entre províncias e estados, trata-se da hora legal, que é a hora oficial adotada pelo governo de cada país.</p><p><br></p><p>Alguns países, em virtude de sua longa extensão territorial leste-oeste, apresentam vários fusos, como é o caso da Rússia, que conta com 11 horários diferentes em seu território. O Brasil, por sua vez, apresenta três fusos distintos.</p><p><br></p><p>Outros países resolvem adaptar a sua hora legal de acordo com a dinâmica de sua economia e os seus interesses políticos. Um exemplo é o da Argentina, que contendo a maior parte de seu território no fuso de -4GMT, adota o fuso -3GMT, o mesmo do horário de Brasília.</p><p><br></p><p>A compreensão sobre os fusos horários tornou-se muito importante nos dias atuais, marcados pelo advento da Globalização, da ampliação e melhorias nos sistemas de transporte e comunicação, além da intensificação das interligações e relações de interdependência entre as diversas partes do mundo.</p><p><br></p><p>Por: Rodolfo F. Alves Pena<br></p><div><br></div>','iTRrNXDP5putbRszWWwFuGScT',10,11,'2021-01-14 05:43:00',0,1,1,849),(29,1,'Missão, Visão, Valores','missao--visao--valores','','<h3><b>Missão</b></h3><p><br></p><p>Lorem ipsão dolor sít amçet, consectetur adipiscing elit. Sed vehicula id odio quis rhoncus. Donec ullamcorper, lectus in dictum porta, urna nisl tincidunt metus, at iaculis nunc sem vitae diam. Etiam quam orci, volutpat a justo non, pretium condimentum felis. Duis id elementum arcu. Mauris pharetra dui molestie tortor imperdiet. Duis non laoreet eros. Vestibulum porta neque eleifend erat tempus, vitae sagittis elit sodales. Sed convallis erat quis iaculis vestibulum.&nbsp;</p><p><br></p><h3><b>Visão</b></h3><p><br></p><p>Lorem ipsão dolor sít amçet, consectetur adipiscing elit. Sed vehicula id odio quis rhoncus. Donec ullamcorper, lectus in dictum porta, urna nisl tincidunt metus, at iaculis nunc sem vitae diam. Etiam quam orci, volutpat a justo non, pretium condimentum felis. Duis id elementum arcu. Mauris pharetra dui molestie tortor imperdiet. Duis non laoreet eros. Vestibulum porta neque eleifend erat tempus, vitae sagittis elit sodales. Sed convallis erat quis iaculis vestibulum.&nbsp;</p><p><br></p><h3><b>Valores</b></h3><p><br></p><p>Lorem ipsão dolor sít amçet, consectetur adipiscing elit. Sed vehicula id odio quis rhoncus. Donec ullamcorper, lectus in dictum porta, urna nisl tincidunt metus, at iaculis nunc sem vitae diam. Etiam quam orci, volutpat a justo non, pretium condimentum felis. Duis id elementum arcu. Mauris pharetra dui molestie tortor imperdiet. Duis non laoreet eros. Vestibulum porta neque eleifend erat tempus, vitae sagittis elit sodales. Sed convallis erat quis iaculis vestibulum.&nbsp;<br></p>','D9m8jU62gMXpWSzKSea8wNbaK',11,14,'2023-09-15 02:35:00',0,1,1,256),(30,1,'Parceiros','parceiros','','<p>Duis non laoreet eros. Vestibulum porta neque eleifend erat tempus, vitae sagittis elit sodales. Sed convallis erat quis iaculis vestibulum. Curabitur sit amet purus et tellus consectetur vehicula. Suspendisse condimentum bibendum ante in adipiscing. Aliquam dignissim nisl eget arcu convallis, in viverra risus consequat. Pellentesque dictum gravida lacinia.</p><p><br></p><p>Lorem ipsão dolor sít amçet, consectetur adipiscing elit. Sed vehicula id odio quis rhoncus. Donec ullamcorper, lectus in dictum porta, urna nisl tincidunt metus, at iaculis nunc sem vitae diam. Etiam quam orci, volutpat a justo non, pretium condimentum felis. Duis id elementum arcu. Mauris pharetra dui molestie tortor imperdiet. Duis non laoreet eros. Vestibulum porta neque eleifend erat tempus, vitae sagittis elit sodales. Sed convallis erat quis iaculis vestibulum.&nbsp;</p><p><br></p><p>Lorem ipsão dolor sít amçet, consectetur adipiscing elit. Sed vehicula id odio quis rhoncus. Donec ullamcorper, lectus in dictum porta, urna nisl tincidunt metus, at iaculis nunc sem vitae diam. Etiam quam orci, volutpat a justo non, pretium condimentum felis. Duis id elementum arcu. Mauris pharetra dui molestie tortor imperdiet.&nbsp; Lorem ipsão dolor sít amçet, consectetur adipiscing elit. Sed vehicula id odio quis rhoncus. Donec ullamcorper, lectus in dictum porta, urna nisl tincidunt metus, at iaculis nunc sem vitae diam.</p><p><br></p><p>Décadas e gerações construindo o sucesso das vacinas e a relevância da cultura, para em pouco tempo serem destruídas impiedosamente. Rotularam de vacina um experimento perigoso e lucrativo, segundo reconhecem hoje autoridade mundo afora. Da cultura sobrou a Rouanet e a putaria.&nbsp;</p>','KlXPFliiOvZJgHCe3T9PCZ7Dp',11,0,'2023-09-15 02:42:00',0,1,1,242),(23,1,'Academias afiliadas','academias-afiliadas','','<p>Lorem ipsão dolor sít amçet, consectetur adipiscing elit. Sed vehicula id odio quis rhoncus. Donec ullamcorper, lectus in dictum porta, urna nisl tincidunt metus, at iaculis nunc sem vitae diam. Etiam quam orci, volutpat a justo non, pretium condimentum felis. Duis id elementum arcu. Mauris pharetra dui molestie tortor imperdiet. </p><p><br></p><p>Duis non laoreet eros. Vestibulum porta neque eleifend erat tempus, vitae sagittis elit sodales. Sed convallis erat quis iaculis vestibulum. Curabitur sit amet purus et tellus consectetur vehicula. Suspendisse condimentum bibendum ante in adipiscing. Aliquam dignissim nisl eget arcu convallis, in viverra risus consequat. Pellentesque dictum gravida lacinia.</p><p><br></p><p>Lorem ipsão dolor sít amçet, consectetur adipiscing elit. Sed vehicula id odio quis rhoncus. Donec ullamcorper, lectus in dictum porta, urna nisl tincidunt metus, at iaculis nunc sem vitae diam. Etiam quam orci, volutpat a justo non, pretium condimentum felis. Duis id elementum arcu. Mauris pharetra dui molestie tortor imperdiet. Duis non laoreet eros. Vestibulum porta neque eleifend erat tempus, vitae sagittis elit sodales. Sed convallis erat quis iaculis vestibulum. </p><p><br></p><p>Lorem ipsão dolor sít amçet, consectetur adipiscing elit. Sed vehicula id odio quis rhoncus. Donec ullamcorper, lectus in dictum porta, urna nisl tincidunt metus, at iaculis nunc sem vitae diam. Etiam quam orci, volutpat a justo non, pretium condimentum felis. Duis id elementum arcu. Mauris pharetra dui molestie tortor imperdiet.  Lorem ipsão dolor sít amçet, consectetur adipiscing elit. Sed vehicula id odio quis rhoncus. Donec ullamcorper, lectus in dictum porta, urna nisl tincidunt metus, at iaculis nunc sem vitae diam. </p><p><br></p><p><br></p>','sydg1zQK8Z3RkT12SNi1UBHqt',11,0,'2021-01-02 16:51:00',0,1,1,848),(24,1,'A Federação','a-federacao','Lorem ipsão dolor sít amçet, consectetur adipiscing elit. Sed vehicula id odio quis rhoncus  adipiscing elit. Sed vehicula id odio quis rhoncus .','<p>Lorem ipsão dolor sít amçet, consectetur adipiscing elit. Sed vehicula id odio quis rhoncus. Donec ullamcorper, lectus in dictum porta, urna nisl tincidunt metus, at iaculis nunc sem vitae diam. Etiam quam orci, volutpat a justo non, pretium condimentum felis. Duis id elementum arcu. Mauris pharetra dui molestie tortor imperdiet. </p><p><br></p><p>Duis non laoreet eros. Vestibulum porta neque eleifend erat tempus, vitae sagittis elit sodales. Sed convallis erat quis iaculis vestibulum. Curabitur sit amet purus et tellus consectetur vehicula. Suspendisse condimentum bibendum ante in adipiscing. Aliquam dignissim nisl eget arcu convallis, in viverra risus consequat. Pellentesque dictum gravida lacinia.</p><p><br></p><p>Lorem ipsão dolor sít amçet, consectetur adipiscing elit. Sed vehicula id odio quis rhoncus. Donec ullamcorper, lectus in dictum porta, urna nisl tincidunt metus, at iaculis nunc sem vitae diam. Etiam quam orci, volutpat a justo non, pretium condimentum felis. Duis id elementum arcu. Mauris pharetra dui molestie tortor imperdiet. Duis non laoreet eros. Vestibulum porta neque eleifend erat tempus, vitae sagittis elit sodales. Sed convallis erat quis iaculis vestibulum. </p><p><br></p><p>Lorem ipsão dolor sít amçet, consectetur adipiscing elit. Sed vehicula id odio quis rhoncus. Donec ullamcorper, lectus in dictum porta, urna nisl tincidunt metus, at iaculis nunc sem vitae diam. Etiam quam orci, volutpat a justo non, pretium condimentum felis. Duis id elementum arcu. Mauris pharetra dui molestie tortor imperdiet.  Lorem ipsão dolor sít amçet, consectetur adipiscing elit. Sed vehicula id odio quis rhoncus. Donec ullamcorper, lectus in dictum porta, urna nisl tincidunt metus, at iaculis nunc sem vitae diam. </p><p><br></p><p><br></p>','rzG5CI2kvPZF96JdeGjXMgTCj',11,0,'2021-01-02 16:53:00',0,1,1,899),(25,1,'Árbitros','arbitros','Lorem ipsão dolor sít amçet, consectetur adipiscing elit. Sed vehicula id odio quis rhoncus  adipiscing elit. Sed vehicula id odio quis rhoncus .','<p>Lorem ipsão dolor sít amçet, consectetur adipiscing elit. Sed vehicula id odio quis rhoncus. Donec ullamcorper, lectus in dictum porta, urna nisl tincidunt metus, at iaculis nunc sem vitae diam. Etiam quam orci, volutpat a justo non, pretium condimentum felis. Duis id elementum arcu. Mauris pharetra dui molestie tortor imperdiet. </p><p><br></p><p>Duis non laoreet eros. Vestibulum porta neque eleifend erat tempus, vitae sagittis elit sodales. Sed convallis erat quis iaculis vestibulum. Curabitur sit amet purus et tellus consectetur vehicula. Suspendisse condimentum bibendum ante in adipiscing. Aliquam dignissim nisl eget arcu convallis, in viverra risus consequat. Pellentesque dictum gravida lacinia.</p><p><br></p><p>Lorem ipsão dolor sít amçet, consectetur adipiscing elit. Sed vehicula id odio quis rhoncus. Donec ullamcorper, lectus in dictum porta, urna nisl tincidunt metus, at iaculis nunc sem vitae diam. Etiam quam orci, volutpat a justo non, pretium condimentum felis. Duis id elementum arcu. Mauris pharetra dui molestie tortor imperdiet. Duis non laoreet eros. Vestibulum porta neque eleifend erat tempus, vitae sagittis elit sodales. Sed convallis erat quis iaculis vestibulum. </p><p><br></p><p>Lorem ipsão dolor sít amçet, consectetur adipiscing elit. Sed vehicula id odio quis rhoncus. Donec ullamcorper, lectus in dictum porta, urna nisl tincidunt metus, at iaculis nunc sem vitae diam. Etiam quam orci, volutpat a justo non, pretium condimentum felis. Duis id elementum arcu. Mauris pharetra dui molestie tortor imperdiet.  Lorem ipsão dolor sít amçet, consectetur adipiscing elit. Sed vehicula id odio quis rhoncus. Donec ullamcorper, lectus in dictum porta, urna nisl tincidunt metus, at iaculis nunc sem vitae diam. </p><p><br></p><p><br></p>','n1YAxa4tco7F8lkfiwpRaUmVU',11,0,'2021-01-02 16:55:00',0,1,1,1019),(26,1,'Diretoria','diretoria','Lorem ipsão dolor sít amçet, consectetur adipiscing elit. Sed vehicula id odio quis rhoncus  adipiscing elit. Sed vehicula id odio quis rhoncus .','<p>Lorem ipsão dolor sít amçet, consectetur adipiscing elit. Sed vehicula id odio quis rhoncus. Donec ullamcorper, lectus in dictum porta, urna nisl tincidunt metus, at iaculis nunc sem vitae diam. Etiam quam orci, volutpat a justo non, pretium condimentum felis. Duis id elementum arcu. Mauris pharetra dui molestie tortor imperdiet. </p><p><br></p><p>Duis non laoreet eros. Vestibulum porta neque eleifend erat tempus, vitae sagittis elit sodales. Sed convallis erat quis iaculis vestibulum. Curabitur sit amet purus et tellus consectetur vehicula. Suspendisse condimentum bibendum ante in adipiscing. Aliquam dignissim nisl eget arcu convallis, in viverra risus consequat. Pellentesque dictum gravida lacinia.</p><p><br></p><p>Lorem ipsão dolor sít amçet, consectetur adipiscing elit. Sed vehicula id odio quis rhoncus. Donec ullamcorper, lectus in dictum porta, urna nisl tincidunt metus, at iaculis nunc sem vitae diam. Etiam quam orci, volutpat a justo non, pretium condimentum felis. Duis id elementum arcu. Mauris pharetra dui molestie tortor imperdiet. Duis non laoreet eros. Vestibulum porta neque eleifend erat tempus, vitae sagittis elit sodales. Sed convallis erat quis iaculis vestibulum. </p><p><br></p><p>Lorem ipsão dolor sít amçet, consectetur adipiscing elit. Sed vehicula id odio quis rhoncus. Donec ullamcorper, lectus in dictum porta, urna nisl tincidunt metus, at iaculis nunc sem vitae diam. Etiam quam orci, volutpat a justo non, pretium condimentum felis. Duis id elementum arcu. Mauris pharetra dui molestie tortor imperdiet.  Lorem ipsão dolor sít amçet, consectetur adipiscing elit. Sed vehicula id odio quis rhoncus. Donec ullamcorper, lectus in dictum porta, urna nisl tincidunt metus, at iaculis nunc sem vitae diam. </p><p><br></p><p><br></p>','ZOYSGlfrpIQBASR2zLynffIRz',11,0,'2021-01-02 16:56:00',0,1,1,977),(27,1,'Técnicos credenciados','tecnicos-credenciados','Lorem ipsão dolor sít amçet, consectetur adipiscing elit. Sed vehicula id odio quis rhoncus  adipiscing elit. Sed vehicula id odio quis rhoncus .','<p>Lorem ipsão dolor sít amçet, consectetur adipiscing elit. Sed vehicula id odio quis rhoncus. Donec ullamcorper, lectus in dictum porta, urna nisl tincidunt metus, at iaculis nunc sem vitae diam. Etiam quam orci, volutpat a justo non, pretium condimentum felis. Duis id elementum arcu. Mauris pharetra dui molestie tortor imperdiet. </p><p><br></p><p>Duis non laoreet eros. Vestibulum porta neque eleifend erat tempus, vitae sagittis elit sodales. Sed convallis erat quis iaculis vestibulum. Curabitur sit amet purus et tellus consectetur vehicula. Suspendisse condimentum bibendum ante in adipiscing. Aliquam dignissim nisl eget arcu convallis, in viverra risus consequat. Pellentesque dictum gravida lacinia.</p><p><br></p><p>Lorem ipsão dolor sít amçet, consectetur adipiscing elit. Sed vehicula id odio quis rhoncus. Donec ullamcorper, lectus in dictum porta, urna nisl tincidunt metus, at iaculis nunc sem vitae diam. Etiam quam orci, volutpat a justo non, pretium condimentum felis. Duis id elementum arcu. Mauris pharetra dui molestie tortor imperdiet. Duis non laoreet eros. Vestibulum porta neque eleifend erat tempus, vitae sagittis elit sodales. Sed convallis erat quis iaculis vestibulum. </p><p><br></p><p>Lorem ipsão dolor sít amçet, consectetur adipiscing elit. Sed vehicula id odio quis rhoncus. Donec ullamcorper, lectus in dictum porta, urna nisl tincidunt metus, at iaculis nunc sem vitae diam. Etiam quam orci, volutpat a justo non, pretium condimentum felis. Duis id elementum arcu. Mauris pharetra dui molestie tortor imperdiet.  Lorem ipsão dolor sít amçet, consectetur adipiscing elit. Sed vehicula id odio quis rhoncus. Donec ullamcorper, lectus in dictum porta, urna nisl tincidunt metus, at iaculis nunc sem vitae diam. </p><p><br></p><p><br></p>','5lErJ1I95fTK4DvZt68klbK3b',11,0,'2021-01-02 16:57:00',0,1,1,990),(28,1,'Prêmios','premios','','<p>Duis non laoreet eros. Vestibulum porta neque eleifend erat tempus, vitae sagittis elit sodales. Sed convallis erat quis iaculis vestibulum. Curabitur sit amet purus et tellus consectetur vehicula. Suspendisse condimentum bibendum ante in adipiscing. Aliquam dignissim nisl eget arcu convallis, in viverra risus consequat. Pellentesque dictum gravida lacinia.</p><p><br></p><p>Lorem ipsão dolor sít amçet, consectetur adipiscing elit. Sed vehicula id odio quis rhoncus. Donec ullamcorper, lectus in dictum porta, urna nisl tincidunt metus, at iaculis nunc sem vitae diam. Etiam quam orci, volutpat a justo non, pretium condimentum felis. Duis id elementum arcu. Mauris pharetra dui molestie tortor imperdiet. Duis non laoreet eros. Vestibulum porta neque eleifend erat tempus, vitae sagittis elit sodales. Sed convallis erat quis iaculis vestibulum.&nbsp;</p><p><br></p><p>Lorem ipsão dolor sít amçet, consectetur adipiscing elit. Sed vehicula id odio quis rhoncus. Donec ullamcorper, lectus in dictum porta, urna nisl tincidunt metus, at iaculis nunc sem vitae diam. Etiam quam orci, volutpat a justo non, pretium condimentum felis. Duis id elementum arcu. Mauris pharetra dui molestie tortor imperdiet.&nbsp; Lorem ipsão dolor sít amçet, consectetur adipiscing elit. Sed vehicula id odio quis rhoncus. Donec ullamcorper, lectus in dictum porta, urna nisl tincidunt metus, at iaculis nunc sem vitae diam.</p><p><br></p><p>Décadas e gerações construindo o sucesso das vacinas e a relevância da cultura, para em pouco tempo serem destruídas impiedosamente. Rotularam de vacina um experimento perigoso e lucrativo, segundo reconhecem hoje autoridade mundo afora. Da cultura sobrou a Rouanet e a putaria.&nbsp;</p>','bAQ0BYgQ0KsTAFU37F4cnMXe1',11,0,'2023-09-10 12:57:00',0,1,1,234);

--
-- Table structure for table `noticias_arquivos`
--

CREATE TABLE `noticias_arquivos` (
  `id` int(11) NOT NULL AUTO_INCREMENT,
  `codigo` varchar(25) NOT NULL,
  `path` text NOT NULL,
  `arquivo` text NOT NULL,
  `legenda` text DEFAULT NULL,
  `tipo` varchar(50) DEFAULT NULL,
  PRIMARY KEY (`id`),
  KEY `codigo` (`codigo`)
) ENGINE=MyISAM AUTO_INCREMENT=16 DEFAULT CHARSET=latin1 COLLATE=latin1_swedish_ci;

--
-- Dumping data for table `noticias_arquivos`
--

INSERT INTO `noticias_arquivos` (`id`, `codigo`, `path`, `arquivo`, `legenda`, `tipo`) VALUES (2,'yGW1ijVx6EGeasgEjdpvglL0Z','zHD/noticias/1/yGW1ijVx6EGeasgEjdpvglL0Z/imagens/','0369886001610168133.jpg',NULL,'capa'),(3,'kNhMAppdzh1wncywVXuYOak4T','zHD/noticias/1/kNhMAppdzh1wncywVXuYOak4T/imagens/','0869345001610168251.jpg',NULL,'capa'),(4,'ix7YXlLhERcOCwVUbk9kFJptR','zHD/noticias/1/ix7YXlLhERcOCwVUbk9kFJptR/imagens/','0503009001610173406.jpg',NULL,'capa'),(5,'tu1fnc9o9UFWgwGuNJBoDOuz2','zHD/noticias/1/tu1fnc9o9UFWgwGuNJBoDOuz2/imagens/','0351862001610173966.jpg',NULL,'capa'),(6,'BXKFLZxTqKeGiX1MlxLJFTTTQ','zHD/noticias/1/BXKFLZxTqKeGiX1MlxLJFTTTQ/imagens/','0313042001610174156.jpg',NULL,'capa'),(7,'zy9F93t6SIw5d8HdzEnmFruy2','zHD/noticias/1/zy9F93t6SIw5d8HdzEnmFruy2/imagens/','0968551001610174321.jpg',NULL,'capa'),(8,'Pnj4PATmMc9BYhYBE46dyLTr3','zHD/noticias/1/Pnj4PATmMc9BYhYBE46dyLTr3/imagens/','0582270001610548100.jpg',NULL,'capa'),(9,'z00CzcFBysOAfn7uuctzHrHp3','zHD/noticias/1/z00CzcFBysOAfn7uuctzHrHp3/imagens/','0709550001610613609.jpg',NULL,'capa'),(10,'nmU1xBWvEej7PbsSyf23g6jRv','zHD/noticias/1/nmU1xBWvEej7PbsSyf23g6jRv/imagens/','0010959001648878129.jpg',NULL,'capa'),(11,'iTRrNXDP5putbRszWWwFuGScT','zHD/noticias/1/iTRrNXDP5putbRszWWwFuGScT/imagens/','0743935001610613857.jpg',NULL,'capa'),(14,'D9m8jU62gMXpWSzKSea8wNbaK','zHD/noticias/1/D9m8jU62gMXpWSzKSea8wNbaK/imagens/','0708861001694756409.jpg',NULL,'capa'),(15,'xt75S8fBtc3caX07TQ20ygcVk','zHD/noticias/1/xt75S8fBtc3caX07TQ20ygcVk/imagens/','0137566001703658956.jpg',NULL,'capa');

--
-- Table structure for table `noticias_entidades`
--

CREATE TABLE `noticias_entidades` (
  `id` int(11) NOT NULL AUTO_INCREMENT,
  `usuario` int(11) NOT NULL,
  `noticia` int(11) NOT NULL,
  `entidade` int(11) NOT NULL,
  `data` datetime NOT NULL DEFAULT current_timestamp(),
  PRIMARY KEY (`id`),
  KEY `noticia` (`noticia`),
  KEY `entidade` (`entidade`),
  KEY `usuario` (`usuario`)
) ENGINE=MyISAM AUTO_INCREMENT=45 DEFAULT CHARSET=latin1 COLLATE=latin1_swedish_ci;

--
-- Dumping data for table `noticias_entidades`
--


--
-- Table structure for table `noticias_links`
--

CREATE TABLE `noticias_links` (
  `id` int(11) NOT NULL AUTO_INCREMENT,
  `codigo` varchar(25) NOT NULL,
  `titulo` text DEFAULT NULL,
  `link` text NOT NULL,
  PRIMARY KEY (`id`),
  KEY `codigo` (`codigo`)
) ENGINE=MyISAM DEFAULT CHARSET=latin1 COLLATE=latin1_swedish_ci ROW_FORMAT=DYNAMIC;

--
-- Dumping data for table `noticias_links`
--


--
-- Table structure for table `noticias_secoes`
--

CREATE TABLE `noticias_secoes` (
  `id` int(11) NOT NULL AUTO_INCREMENT,
  `entidade` int(11) NOT NULL DEFAULT 0,
  `nome` varchar(250) NOT NULL,
  PRIMARY KEY (`id`),
  KEY `entidade` (`entidade`)
) ENGINE=MyISAM AUTO_INCREMENT=13 DEFAULT CHARSET=latin1 COLLATE=latin1_swedish_ci ROW_FORMAT=DYNAMIC;

--
-- Dumping data for table `noticias_secoes`
--

INSERT INTO `noticias_secoes` (`id`, `entidade`, `nome`) VALUES (1,1,'Publicações'),(12,1,'Prêmios'),(10,1,'Eventos'),(11,1,'Tag');

--
-- Table structure for table `noticias_videos`
--

CREATE TABLE `noticias_videos` (
  `id` int(11) NOT NULL AUTO_INCREMENT,
  `codigo` varchar(25) NOT NULL,
  `titulo` text DEFAULT NULL,
  `link` text NOT NULL,
  PRIMARY KEY (`id`),
  KEY `codigo` (`codigo`)
) ENGINE=MyISAM DEFAULT CHARSET=latin1 COLLATE=latin1_swedish_ci ROW_FORMAT=DYNAMIC;

--
-- Dumping data for table `noticias_videos`
--


--
-- Table structure for table `ouvidoria`
--

CREATE TABLE `ouvidoria` (
  `id` int(11) NOT NULL AUTO_INCREMENT,
  `anonimo` int(11) NOT NULL DEFAULT 0,
  `finalidade` int(11) DEFAULT NULL,
  `status` int(11) NOT NULL DEFAULT 0,
  `pessoa` varchar(20) DEFAULT NULL,
  `nome` varchar(200) DEFAULT NULL,
  `documento` varchar(200) DEFAULT NULL,
  `email` varchar(300) DEFAULT NULL,
  `telefone` varchar(300) DEFAULT NULL,
  `cep` varchar(300) DEFAULT NULL,
  `endereco` varchar(300) DEFAULT NULL,
  `bairro` varchar(300) DEFAULT NULL,
  `complemento` varchar(300) DEFAULT NULL,
  `cidade` varchar(300) DEFAULT NULL,
  `uf` varchar(300) DEFAULT NULL,
  `codigo` varchar(25) DEFAULT NULL,
  `titulo` text DEFAULT NULL,
  `texto` text DEFAULT NULL,
  `protocolo` varchar(8) NOT NULL,
  `data` timestamp NOT NULL DEFAULT current_timestamp(),
  `entidade` int(11) NOT NULL,
  `envio` int(11) NOT NULL DEFAULT 0,
  PRIMARY KEY (`id`),
  KEY `entidade` (`entidade`),
  KEY `protocolo` (`protocolo`),
  KEY `documento` (`documento`)
) ENGINE=MyISAM AUTO_INCREMENT=2 DEFAULT CHARSET=latin1 COLLATE=latin1_swedish_ci ROW_FORMAT=DYNAMIC;

--
-- Dumping data for table `ouvidoria`
--

INSERT INTO `ouvidoria` (`id`, `anonimo`, `finalidade`, `status`, `pessoa`, `nome`, `documento`, `email`, `telefone`, `cep`, `endereco`, `bairro`, `complemento`, `cidade`, `uf`, `codigo`, `titulo`, `texto`, `protocolo`, `data`, `entidade`, `envio`) VALUES (1,0,3,1,'PF','JP Web Teste','11.111.111/1111-11','jpweb@jpweb.com.br','(61) 98251-2032',NULL,'CLSW 302, Bloco F, Sudoeste','Sudoeste',NULL,'Brasília','','OriIQjtERzTzluapH7bVLSBxR','JP WEB TESTE','TESTE','SATFB5JN','2022-04-03 09:15:27',1,1);

--
-- Table structure for table `ouvidoria_arquivos`
--

CREATE TABLE `ouvidoria_arquivos` (
  `id` int(11) NOT NULL AUTO_INCREMENT,
  `codigo` varchar(25) NOT NULL,
  `path` text NOT NULL,
  `arquivo` text NOT NULL,
  `legenda` text DEFAULT NULL,
  `tipo` varchar(50) DEFAULT NULL,
  `data` date DEFAULT NULL,
  PRIMARY KEY (`id`),
  KEY `codigo` (`codigo`)
) ENGINE=MyISAM DEFAULT CHARSET=latin1 COLLATE=latin1_swedish_ci ROW_FORMAT=DYNAMIC;

--
-- Dumping data for table `ouvidoria_arquivos`
--


--
-- Table structure for table `ouvidoria_finalidades`
--

CREATE TABLE `ouvidoria_finalidades` (
  `id` int(11) NOT NULL AUTO_INCREMENT,
  `nome` varchar(250) NOT NULL,
  `entidade` int(11) NOT NULL DEFAULT 0,
  PRIMARY KEY (`id`),
  KEY `entidade` (`entidade`)
) ENGINE=MyISAM AUTO_INCREMENT=186 DEFAULT CHARSET=latin1 COLLATE=latin1_swedish_ci ROW_FORMAT=DYNAMIC;

--
-- Dumping data for table `ouvidoria_finalidades`
--

INSERT INTO `ouvidoria_finalidades` (`id`, `nome`, `entidade`) VALUES (1,'Críticas',1),(2,'Denúncias',1),(3,'Elogios',1),(4,'Reclamações',1),(5,'Solicitações',1),(6,'Sugestões',1),(7,'Críticas',1);

--
-- Table structure for table `ouvidoria_respostas`
--

CREATE TABLE `ouvidoria_respostas` (
  `id` int(11) NOT NULL AUTO_INCREMENT,
  `ouvidoria` int(11) NOT NULL DEFAULT 0,
  `usuario` int(11) NOT NULL DEFAULT 0,
  `resposta` text NOT NULL,
  `codigo` varchar(25) NOT NULL,
  `data` timestamp NOT NULL DEFAULT current_timestamp() ON UPDATE current_timestamp(),
  PRIMARY KEY (`id`),
  KEY `data` (`data`),
  KEY `ouvidoria` (`ouvidoria`)
) ENGINE=MyISAM DEFAULT CHARSET=latin1 COLLATE=latin1_swedish_ci ROW_FORMAT=DYNAMIC;

--
-- Dumping data for table `ouvidoria_respostas`
--


--
-- Table structure for table `ouvidoria_status`
--

CREATE TABLE `ouvidoria_status` (
  `id` int(11) NOT NULL AUTO_INCREMENT,
  `nome` varchar(250) NOT NULL,
  `entidade` int(11) NOT NULL DEFAULT 0,
  `padrao` int(11) NOT NULL DEFAULT 0,
  PRIMARY KEY (`id`),
  KEY `entidade` (`entidade`)
) ENGINE=MyISAM AUTO_INCREMENT=4 DEFAULT CHARSET=latin1 COLLATE=latin1_swedish_ci ROW_FORMAT=DYNAMIC;

--
-- Dumping data for table `ouvidoria_status`
--

INSERT INTO `ouvidoria_status` (`id`, `nome`, `entidade`, `padrao`) VALUES (3,'Respondido',1,0),(2,'Finalizado',1,0),(1,'Recebido',1,1);

--
-- Table structure for table `pesquisas`
--

CREATE TABLE `pesquisas` (
  `id` int(11) NOT NULL AUTO_INCREMENT,
  `usuario` int(11) NOT NULL DEFAULT 0,
  `publico` int(11) NOT NULL DEFAULT 0,
  `titulo` text NOT NULL,
  `imagem` text DEFAULT NULL,
  `tag` text NOT NULL,
  `texto` text DEFAULT NULL,
  `secao` int(11) NOT NULL,
  `data` datetime DEFAULT current_timestamp(),
  `ignorar_ip` int(11) DEFAULT 0,
  `entidade` int(11) NOT NULL,
  `status` int(11) DEFAULT 1,
  PRIMARY KEY (`id`),
  KEY `entidade` (`entidade`)
) ENGINE=MyISAM AUTO_INCREMENT=2 DEFAULT CHARSET=latin1 COLLATE=latin1_swedish_ci ROW_FORMAT=DYNAMIC;

--
-- Dumping data for table `pesquisas`
--

INSERT INTO `pesquisas` (`id`, `usuario`, `publico`, `titulo`, `imagem`, `tag`, `texto`, `secao`, `data`, `ignorar_ip`, `entidade`, `status`) VALUES (1,1,1,'Qual sua opinião sobre a volta às aulas?','zHD/pesquisas/1/0131686001610176290.jpg','qualsuaopiniaosobreavoltaasaulas','Lorem ipsão dolor sít amçet, consectetur adipiscing elit. Sed vehicula id odio quis rhoncus. Donec ullamcorper, lectus in dictum porta, urna nisl tincidunt metus, at iaculis nunc sem vitae diam. Etiam quam orci, volutpat a justo non, pretium condimentum felis. Duis id elementum arcu. Mauris pharetra dui molestie tortor imperdiet. ',1,'2021-01-09 00:00:00',0,1,1);

--
-- Table structure for table `pesquisas_opcoes`
--

CREATE TABLE `pesquisas_opcoes` (
  `id` int(11) NOT NULL AUTO_INCREMENT,
  `ordem` int(11) NOT NULL DEFAULT 0,
  `pesquisa` int(11) NOT NULL DEFAULT 0,
  `titulo` text NOT NULL,
  `tipo` varchar(50) NOT NULL,
  `json` text DEFAULT NULL,
  PRIMARY KEY (`id`),
  KEY `enquete` (`pesquisa`)
) ENGINE=MyISAM AUTO_INCREMENT=2 DEFAULT CHARSET=latin1 COLLATE=latin1_swedish_ci ROW_FORMAT=DYNAMIC;

--
-- Dumping data for table `pesquisas_opcoes`
--

INSERT INTO `pesquisas_opcoes` (`id`, `ordem`, `pesquisa`, `titulo`, `tipo`, `json`) VALUES (1,1,1,'As aulas devem ser reiniciadas imediatamente.','opcoes','{\"0\":\"Voltar imediato\",\"1\":\"Ap\\u00f3s vacina\\u00e7\\u00e3o\"}');

--
-- Table structure for table `pesquisas_respostas`
--

CREATE TABLE `pesquisas_respostas` (
  `id` int(11) NOT NULL AUTO_INCREMENT,
  `pesquisa` int(11) NOT NULL DEFAULT 0,
  `formulario` varchar(25) NOT NULL,
  `json` text DEFAULT NULL,
  `ip` varchar(50) NOT NULL,
  `data` timestamp NOT NULL DEFAULT current_timestamp() ON UPDATE current_timestamp(),
  PRIMARY KEY (`id`),
  KEY `enquete` (`pesquisa`),
  KEY `ip` (`ip`),
  KEY `data` (`data`),
  KEY `formulario` (`formulario`)
) ENGINE=MyISAM AUTO_INCREMENT=2 DEFAULT CHARSET=latin1 COLLATE=latin1_swedish_ci ROW_FORMAT=DYNAMIC;

--
-- Dumping data for table `pesquisas_respostas`
--

INSERT INTO `pesquisas_respostas` (`id`, `pesquisa`, `formulario`, `json`, `ip`, `data`) VALUES (1,1,'ayUujML7FojwB8dqW9BemRAMc','{\"1\":\"Voltar imediato\"}','177.235.117.135','2021-01-09 07:13:41');

--
-- Table structure for table `pesquisas_secoes`
--

CREATE TABLE `pesquisas_secoes` (
  `id` int(11) NOT NULL AUTO_INCREMENT,
  `nome` varchar(250) NOT NULL,
  `entidade` int(11) NOT NULL DEFAULT 0,
  PRIMARY KEY (`id`),
  KEY `entidade` (`entidade`)
) ENGINE=MyISAM AUTO_INCREMENT=9 DEFAULT CHARSET=latin1 COLLATE=latin1_swedish_ci ROW_FORMAT=DYNAMIC;

--
-- Dumping data for table `pesquisas_secoes`
--

INSERT INTO `pesquisas_secoes` (`id`, `nome`, `entidade`) VALUES (1,'Pesquisas',1);

--
-- Table structure for table `popup`
--

CREATE TABLE `popup` (
  `id` int(11) NOT NULL AUTO_INCREMENT,
  `usuario` int(11) NOT NULL DEFAULT 0,
  `titulo` text NOT NULL,
  `link` text DEFAULT NULL,
  `tag` text NOT NULL,
  `texto` text DEFAULT NULL,
  `codigo` varchar(25) NOT NULL,
  `secao` int(11) NOT NULL,
  `data` datetime DEFAULT current_timestamp(),
  `entidade` int(11) NOT NULL,
  `imagem` int(11) DEFAULT 0,
  `status` int(11) DEFAULT 1,
  `contador` int(11) DEFAULT 0,
  `app_id` int(11) DEFAULT 0,
  `app_alvo` int(11) DEFAULT 0,
  PRIMARY KEY (`id`),
  KEY `app_alvo` (`app_alvo`),
  KEY `app_id` (`app_id`),
  KEY `contador` (`contador`),
  KEY `entidade` (`entidade`)
) ENGINE=MyISAM AUTO_INCREMENT=2 DEFAULT CHARSET=latin1 COLLATE=latin1_swedish_ci ROW_FORMAT=DYNAMIC;

--
-- Dumping data for table `popup`
--

INSERT INTO `popup` (`id`, `usuario`, `titulo`, `link`, `tag`, `texto`, `codigo`, `secao`, `data`, `entidade`, `imagem`, `status`, `contador`, `app_id`, `app_alvo`) VALUES (1,1,'Institucional',NULL,'institucional',NULL,'XcOOGuQlFcRqRrKlYnFfjiBRJ',1,'2023-09-02 00:00:00',1,0,1,15,0,0);

--
-- Table structure for table `popup_arquivos`
--

CREATE TABLE `popup_arquivos` (
  `id` int(11) NOT NULL AUTO_INCREMENT,
  `codigo` varchar(25) NOT NULL,
  `path` text NOT NULL,
  `arquivo` text NOT NULL,
  `legenda` text DEFAULT NULL,
  `tipo` varchar(50) DEFAULT NULL,
  PRIMARY KEY (`id`),
  KEY `codigo` (`codigo`)
) ENGINE=MyISAM AUTO_INCREMENT=2 DEFAULT CHARSET=latin1 COLLATE=latin1_swedish_ci ROW_FORMAT=DYNAMIC;

--
-- Dumping data for table `popup_arquivos`
--

INSERT INTO `popup_arquivos` (`id`, `codigo`, `path`, `arquivo`, `legenda`, `tipo`) VALUES (1,'XcOOGuQlFcRqRrKlYnFfjiBRJ','zHD/popup/1/XcOOGuQlFcRqRrKlYnFfjiBRJ/','POPUP-GERAL2 (0430135001693634086).jpg',NULL,'imagem');

--
-- Table structure for table `popup_secoes`
--

CREATE TABLE `popup_secoes` (
  `id` int(11) NOT NULL AUTO_INCREMENT,
  `nome` varchar(250) NOT NULL,
  `entidade` int(11) NOT NULL DEFAULT 0,
  PRIMARY KEY (`id`),
  KEY `entidade` (`entidade`)
) ENGINE=MyISAM AUTO_INCREMENT=2 DEFAULT CHARSET=latin1 COLLATE=latin1_swedish_ci ROW_FORMAT=DYNAMIC;

--
-- Dumping data for table `popup_secoes`
--

INSERT INTO `popup_secoes` (`id`, `nome`, `entidade`) VALUES (1,'Home',1);

--
-- Table structure for table `popup_setup`
--

CREATE TABLE `popup_setup` (
  `id` int(11) NOT NULL AUTO_INCREMENT,
  `abertura` int(11) NOT NULL,
  `intervalo` int(11) NOT NULL DEFAULT 0,
  `cache` int(11) NOT NULL DEFAULT 0,
  `entidade` int(11) NOT NULL DEFAULT 0,
  PRIMARY KEY (`id`)
) ENGINE=MyISAM AUTO_INCREMENT=2 DEFAULT CHARSET=latin1 COLLATE=latin1_swedish_ci ROW_FORMAT=DYNAMIC;

--
-- Dumping data for table `popup_setup`
--

INSERT INTO `popup_setup` (`id`, `abertura`, `intervalo`, `cache`, `entidade`) VALUES (1,15,600,0,1);

--
-- Table structure for table `videos`
--

CREATE TABLE `videos` (
  `id` int(11) NOT NULL AUTO_INCREMENT,
  `data` timestamp NOT NULL DEFAULT current_timestamp(),
  `secao` int(11) NOT NULL DEFAULT 0,
  `titulo` text NOT NULL,
  `descricao` text DEFAULT NULL,
  `codigo` varchar(100) NOT NULL,
  `entidade` int(11) NOT NULL DEFAULT 0,
  PRIMARY KEY (`id`),
  KEY `entidade` (`entidade`)
) ENGINE=MyISAM AUTO_INCREMENT=11 DEFAULT CHARSET=latin1 COLLATE=latin1_swedish_ci ROW_FORMAT=DYNAMIC;

--
-- Dumping data for table `videos`
--

INSERT INTO `videos` (`id`, `data`, `secao`, `titulo`, `descricao`, `codigo`, `entidade`) VALUES (1,'2021-01-30 03:00:00',1,'Meio Ambiente','','8_JH4oUBnQI',1),(2,'2021-01-30 03:00:00',1,'Primeiros socorros','','gr8ygmdUc50',1),(6,'2021-08-12 03:00:00',1,'Passarinhos e Natureza','','_2c8YZwzaMk',1),(5,'2021-08-12 03:00:00',1,'Relaxando com Golfinhos','','8oVL9q8KWjI',1),(7,'2021-08-12 03:00:00',1,'Natureza Relaxante','','2dBGOMkMUgg',1),(9,'2022-04-06 03:00:00',1,'Aula completa de Judô','','fK6DCIwBi_U',1),(10,'2022-04-06 03:00:00',1,'Top 20 Ippons - World Judo Tour 2019','','Zy7bRVk5hP0',1);

--
-- Table structure for table `videos_secoes`
--

CREATE TABLE `videos_secoes` (
  `id` int(11) NOT NULL AUTO_INCREMENT,
  `entidade` int(11) NOT NULL DEFAULT 0,
  `nome` varchar(250) NOT NULL,
  PRIMARY KEY (`id`),
  KEY `entidade` (`entidade`)
) ENGINE=MyISAM AUTO_INCREMENT=2 DEFAULT CHARSET=latin1 COLLATE=latin1_swedish_ci ROW_FORMAT=DYNAMIC;

--
-- Dumping data for table `videos_secoes`
--

INSERT INTO `videos_secoes` (`id`, `entidade`, `nome`) VALUES (1,1,'Vídeos');

--
-- Dumping events for database 'jpwnet_judo'
--

--
-- Dumping routines for database 'jpwnet_judo'
--


