--
-- Host: localhost    Database: jpwnet_leg
-- ------------------------------------------------------


--
-- Current Database: `jpwnet_leg`
--


--
-- Table structure for table `agenda`
--

CREATE TABLE `agenda` (
  `id` int(11) NOT NULL AUTO_INCREMENT,
  `usuario` int(11) NOT NULL DEFAULT 0,
  `secao` int(11) NOT NULL DEFAULT 0,
  `titulo` text NOT NULL,
  `tag` text DEFAULT NULL,
  `texto` text DEFAULT NULL,
  `codigo` varchar(25) NOT NULL,
  `data` datetime NOT NULL DEFAULT current_timestamp(),
  `entidade` int(11) NOT NULL,
  PRIMARY KEY (`id`)
) ENGINE=MyISAM AUTO_INCREMENT=484 DEFAULT CHARSET=latin1 COLLATE=latin1_swedish_ci ROW_FORMAT=DYNAMIC;

--
-- Dumping data for table `agenda`
--

INSERT INTO `agenda` (`id`, `usuario`, `secao`, `titulo`, `tag`, `texto`, `codigo`, `data`, `entidade`) VALUES (480,1,150,'Jantar Campeiro 01/12/17','jantarcampeiro011217','Venha participar do jantar.','lvq0N0UhOWON6JxyyLk0aLFwy','2017-10-22 00:00:00',12),(464,1,143,'Costelão do dia 05/12/17','costelaododia051217','Costelão do dia 5 de dezembro, venha participar.','jwxZVWiOnxBQ6HhxiLFmOAKRu','2018-05-16 00:00:00',12),(468,3,147,'Reunião com produtores de milho','reuniaocomprodutoresdemilho','Reunião de produtores de milho com investidores do Centro Oeste interessado em desenvolver a cultura na região.','1IlzIXNRQ4UqMykV6AHKwydCo','2017-01-05 07:44:00',12),(481,3,150,'Restaurantes','restaurantes','Atualizando','D2NUFHyrjY05ghLrK3nk3BiGv','2017-10-22 00:00:00',12);

--
-- Table structure for table `agenda_arquivos`
--

CREATE TABLE `agenda_arquivos` (
  `id` int(11) NOT NULL AUTO_INCREMENT,
  `codigo` varchar(25) NOT NULL,
  `path` text NOT NULL,
  `arquivo` text NOT NULL,
  `legenda` text DEFAULT NULL,
  `tipo` varchar(50) DEFAULT NULL,
  `data` date DEFAULT NULL,
  PRIMARY KEY (`id`)
) ENGINE=MyISAM AUTO_INCREMENT=535 DEFAULT CHARSET=latin1 COLLATE=latin1_swedish_ci ROW_FORMAT=DYNAMIC;

--
-- Dumping data for table `agenda_arquivos`
--

INSERT INTO `agenda_arquivos` (`id`, `codigo`, `path`, `arquivo`, `legenda`, `tipo`, `data`) VALUES (527,'1IlzIXNRQ4UqMykV6AHKwydCo','zHD/agenda/14/1IlzIXNRQ4UqMykV6AHKwydCo/arquivos/','milho (0970259001506250034).jpg','Plantação de Milho','arquivo','2017-09-24'),(532,'jwxZVWiOnxBQ6HhxiLFmOAKRu','zHD/agenda/12/jwxZVWiOnxBQ6HhxiLFmOAKRu/arquivos/','maxresdefault (0574000001507005966).jpg','Banda Calcinha Preta','arquivo','2017-10-03'),(533,'jwxZVWiOnxBQ6HhxiLFmOAKRu','zHD/agenda/12/jwxZVWiOnxBQ6HhxiLFmOAKRu/arquivos/','avioes-do-forro-inteja (0748563001507005966).jpg','Banda Aviões do Forró','arquivo','2017-10-03');

--
-- Table structure for table `agenda_secoes`
--

CREATE TABLE `agenda_secoes` (
  `id` int(11) NOT NULL AUTO_INCREMENT,
  `entidade` int(11) NOT NULL DEFAULT 0,
  `nome` varchar(250) NOT NULL,
  PRIMARY KEY (`id`)
) ENGINE=MyISAM AUTO_INCREMENT=152 DEFAULT CHARSET=latin1 COLLATE=latin1_swedish_ci ROW_FORMAT=DYNAMIC;

--
-- Dumping data for table `agenda_secoes`
--

INSERT INTO `agenda_secoes` (`id`, `entidade`, `nome`) VALUES (143,12,'Calendário de Provas'),(150,12,'Avisos e Eventos'),(151,12,'Seção Teste');

--
-- Table structure for table `app_aplicativos`
--

CREATE TABLE `app_aplicativos` (
  `ID` int(11) NOT NULL AUTO_INCREMENT,
  `nome` varchar(100) NOT NULL,
  `tag` varchar(200) NOT NULL,
  `icone` varchar(100) NOT NULL,
  `color` varchar(100) DEFAULT NULL,
  `pasta` varchar(100) NOT NULL,
  `grupo` int(11) NOT NULL DEFAULT 0,
  `status` int(11) NOT NULL DEFAULT 0,
  PRIMARY KEY (`ID`)
) ENGINE=MyISAM AUTO_INCREMENT=28 DEFAULT CHARSET=latin1 COLLATE=latin1_swedish_ci;

--
-- Dumping data for table `app_aplicativos`
--

INSERT INTO `app_aplicativos` (`ID`, `nome`, `tag`, `icone`, `color`, `pasta`, `grupo`, `status`) VALUES (1,'Agenda','agenda','fa fa-calendar','','agenda',2,1),(2,'Galerias','galerias','fa fa-picture-o',NULL,'galerias',2,1),(3,'Notícias','noticias','fa fa-newspaper-o',NULL,'noticias',2,1),(4,'Links','links','fa fa-link',NULL,'links',2,1),(5,'Vídeos','videos','fa fa-film',NULL,'videos',2,1),(6,'Carrossel','carrossel','fa fa-exchange',NULL,'carrossel',2,1),(7,'Licitações','licitacoes','fa fa-gavel',NULL,'licitacoes',2,1),(8,'Transparência','transparencia','fa fa-search',NULL,'transparencia',2,1),(9,'Diário Oficial','diariooficial','fa fa-book',NULL,'diariooficial',2,1),(10,'Contatos','contatos','fa fa-bookmark',NULL,'contatos',2,1),(11,'Localização','localizacao','fa fa-map-marker',NULL,'localizacao',2,1),(12,'Enquetes','enquetes','fa fa-question',NULL,'enquetes',2,1),(13,'Mural','mural','fa fa-wechat',NULL,'mural',2,1),(14,'Pop-up','popup','fa fa-thumb-tack',NULL,'popup',2,1),(15,'Concursos','concursos','fa fa-institution',NULL,'concursos',2,1),(16,'Áudios','audios','fa fa-music',NULL,'audios',2,1),(17,'Blocos','blocos','fa fa-list-alt',NULL,'blocos',2,1),(18,'e-Sic','esic','fa fa-tty',NULL,'esic',2,1),(19,'Ouvidoria','ouvidoria','fa fa-tty',NULL,'ouvidoria',2,1),(20,'FAQ','faq','fa fa-question-circle',NULL,'faq',2,1),(21,'News','news','fa fa-envelope-o',NULL,'news',2,1),(22,'Governo','governo','fa fa-users',NULL,'governo',2,1),(23,'Protocolo','protocolo','fa fa-tty',NULL,'protocolo',2,1),(24,'Frota','frota','fa fa-car',NULL,'frota',2,1),(25,'Fale Conosco','faleconosco','fa fa-wechat',NULL,'faleconosco',2,1),(26,'Downloads','downloads','fa fa-download',NULL,'downloads',2,1),(27,'Classificados','classificados','fa fa-tags',NULL,'classificados',2,1);

--
-- Table structure for table `app_aplicativos_ajuda`
--

CREATE TABLE `app_aplicativos_ajuda` (
  `app` varchar(50) NOT NULL,
  `ajuda` mediumtext DEFAULT NULL,
  PRIMARY KEY (`app`)
) ENGINE=MyISAM DEFAULT CHARSET=latin1 COLLATE=latin1_swedish_ci;

--
-- Dumping data for table `app_aplicativos_ajuda`
--

INSERT INTO `app_aplicativos_ajuda` (`app`, `ajuda`) VALUES ('12','<h3 class=\"no-margin-top\">Ajuda:</h3>\r\n1º Cadastre uma Seção em Configurações<br>\r\n2º Crie uma nova enquete (Cadastrar) - Você será redireconado para inserir as  opções<br>\r\n3º Insira opções para a enquete.<br><br>\r\nVocê Pode Ativar/Desativar ou zerar as enquetes em Gerenciar'),('17','<h3 class=\"no-margin-top\">Criando novo bloco</h3><p>1 - Clique em configurar, e crie uma seção.<br>2 - Clique em Gerenciar, Novo Cadastro, escolha a seção disponível (seção criada conforme descrição acima), e insira o conteúdo no editor. Clique em salvar.</p><p><br></p><h3 class=\"no-margin-top\" style=\"color: rgb(0, 0, 0);\">Inserindo blocos no view:</h3><p>1 - Simples:<br></p><p>    Entre tag PHP:<br><br>    echo $bloco = getBloco(\'nome_da_secao\');</p><p>    (Considerando \"nome_da_secao\", o nome cadastrado em configurar no bloco.</p>'),('6','<p><b style=\"\"><span style=\"font-size: 13px;\">Cadastrar novo Banner<br></span></b><span style=\"font-size: 13px;\"><b><br></b></span>1. Na tela inicial (Gerenciar) clique em Novo Cadastro.<br>2. Selecione a seção, se tiver apenas um carousel no site já está selecionada.<br>3. Digite um nome apenas para identificar o banner (não vai aparecer no site) e clique salvar.<br>4. Na tela que abrirá em seguida clique \"carregar nova imagem\", escolha sua imagem e clique \"salvar\".<br>5. Passe o mouse sobre a imagem que abriu para Gerenciar.<br>    a) Altere a ordem da imagem e clique no ícone salvar ao lado.<br>    b) Clique no ícone \"olho\" para visualizar a imagem do banner em tamanho real.<br>    c) Clique em \"Texto\" para colocar título, subtítulo e link.<br><b style=\"\"><span style=\"font-size: 13px;\"><br>Gerenciar banner já existente, ordem, título, subtítulo e link</span></b><span style=\"font-size: 13px;\"><b><br></b></span>6. Na tela inicial, clique em Gerenciar na linha do banner desejado e abrirá a tela com a imagem.<br>7. Siga os mesmos passas do ítem \"5\".</p>'),('19','<h5>Ouvidoria / Gerenciar<br></h5><p>1. Data/Hora dar mais espaço na coluna para ficar tudo junto<br>2. Assunto<br>3. Finalidade<br>4. Título<br>5. Status (final da linha, antes dos ícones)<br>6. Em Respostas coloca Despachos e tira a fonte <i> <i><br></i>Observação deixar o espaço entre linhas como este aqui, sem parágrafo no meio.</i></p><p><i>Ouvidoria / Histórico<br>1. Protocolo ok, tá bem destacado, só coloca ao lado em negrito tbm Status: Recebido/Respondido/Finalizado. <br>1.1 Status: Recebido > Quando recebido e não feito nada. Finalizada > quando despachar e finalizar. Pendente > quando responder sem finalizar.<br>2. Recebido em: data/hora<br>3. Usuário: nome<br>4. Telefone: ok<br>5. CPF/CNPJ: <br>6. Endereço: ok<br>7. Finalidade:<br>8. Titulo: ok<br>9. Mensagem recebida (negrito)<br>10. Abaixo de Mensagem recebido o texto (se puder aumenta o line-height para espaçar as linhas)<br>11. Usuário: ok<br>12. Tirar a palavra Data<br>13. Despacho (negrito)<br>14. Descrição, abaixo de Despacho e não ao lado. Aumentar o line-height.</i></p><p><i>Ouvidoria / Despachos (alterar)<br>1. Ícone Nova Resposta colocar Novo Despacho<br>2. Nos títulos trocar Mensagem por Despacho<br>3. Data aumentar a coluna pra ficar data/hora junto<br></i></p><p><i>Ouvidoria / Editar Despachos alterar<br>1. Tamanho da fonte (colocar padrão)<br>2. Usuário: nome ok<br>3. e-Mail: (colocar abaixo de usuáario sem parágrafo entre linhas)</i></p><p><i>1. Não vi arquivos para testar<br>2.  Arrumar o e-mail<br>3. Arrumar o Ajax<br>4. Gráficos, tipo total de demandas recebidas, quantas respondidas, finalizadas e pendentes. Quantos elogios, criticas, etc<br><i><br></i>Israel, a página está dando um tranco já falamos sobre isto e tu me explicou.<br>Eu sugiro que a gente vá arrumando isto quando detecta, pois como estamos navegando muito é fácil notar e arrumar, <br>caso contrário quando a gente pensar que acabou vamos ter que fazer repassar exaustivamente tudo para <br>descobrir e corrigir possíveis erros, ao passo que se formos eliminando agora no final não precisa fazer mais testes.<br>O mesmo vale para aqueles boxes dos aplicativos  que te mandei um modelo, acho que se arrumar logo vamos eliminando monte de penduricalhos que fica para o final.<br>Afora isto, quando a gente faz uma correção, nalguns casos não fica bom etemos que voltar a mexer, o que se estenderia, <br>quando acabar aplicativos e exibir acabou.</i></p>'),('setup','<h3 class=\"no-margin-top\"><div style=\"font-size: 13px;\">1. Em Setup da Plataforma, configure diretrizes de login: <b>Número aceitos de erros </b>e <b>Tempo de Bloqueio</b>.</div><div style=\"font-size: 13px;\">2. Em Configurações de Email, insira as configurações do servidor de envio de notificações: \"Recuperar Senha\" e \"Novo Cadastro\".</div></h3>'),('21','<h6 style=\"margin-top: 0px; margin-bottom: 0px;\"><span style=\"font-size: 16px;\">Informações Preliminares</span></h6><h6 style=\"margin-top: 0px; margin-bottom: 0px;\"><span style=\"font-size: 16px;\">1. O sistema permite envios para Grupos ou para e-mails individuais (1,2,3, ...).</span></h6><h6 style=\"margin-top: 0px; margin-bottom: 0px;\"><span style=\"font-size: 16px;\">2. O sistema tem pré-cadastrado uma imagem Institucional no topo (banner) e rodapé.</span></h6><h6 style=\"margin-top: 0px; margin-bottom: 0px;\"><span style=\"font-size: 16px;\">3. As imagens topo podem ser alteradas a cada envio de acordo com o tema da Campanha ou Boletim.</span></h6><h6 style=\"margin-top: 0px; margin-bottom: 0px;\"><span style=\"font-size: 16px;\">Gerenciar emails</span></h6><h6 style=\"margin-top: 0px; margin-bottom: 0px;\"><span style=\"font-size: 16px;\">1. Para adicionar emails clique Emails > Novo Cadastro e digite os emails ou cole uma lista .txt completa.</span></h6><h6 style=\"margin-top: 0px; margin-bottom: 0px;\"><span style=\"font-size: 16px;\">2. Selecione um Grupo existente ou crie novo Grupo e clique Salvar.</span></h6><h6 style=\"margin-top: 0px; margin-bottom: 0px;\"><span style=\"font-size: 16px;\">3. Para deletar emails clique em Emails e na lista dos emails clique Excluir no  email desejado.</span></h6><h6 style=\"margin-top: 0px; margin-bottom: 0px;\"><span style=\"font-size: 16px;\">Gerenciar emails</span></h6><h6 style=\"margin-top: 0px; margin-bottom: 0px;\"><span style=\"font-size: 16px;\">1. Cl</span></h6><h6 style=\"margin-top: 0px; margin-bottom: 0px;\"><span style=\"font-size: 16px;\">Adicionando ou excluindo Campanhas</span></h6><h6 style=\"margin-top: 0px; margin-bottom: 0px;\"><span style=\"font-size: 16px;\">1. Clique no botão Campanhas > Nova Campanha.</span></h6><h6 style=\"margin-top: 0px; margin-bottom: 0px;\"><span style=\"font-size: 16px;\">2. Digite o Título.</span></h6><h6 style=\"margin-top: 0px; margin-bottom: 0px;\"><span style=\"font-size: 16px;\">3. Se quiser mudar o layout padrão Institucional, clique em Imagem cabeçalho e Imagem rodapé e selecione as imagens.</span></h6><h6 style=\"margin-top: 0px; margin-bottom: 0px;\"><span style=\"font-size: 16px;\">4. Digite ou cole o texto e clique em Criar Campanha e será enviado para a página seguinte.</span></h6><h6 style=\"margin-top: 0px; margin-bottom: 0px;\"><span style=\"font-size: 16px;\">5. Nesta página é possível Ver ou editar a Campanha antes de enviar, clicando em Preview ou Editar Campanha.</span></h6><h6 style=\"margin-top: 0px; margin-bottom: 0px;\"><span style=\"font-size: 16px;\">6. Adicione um ou mais emails em Adicionar Emails ou Selecione um grupo.</span></h6><h6 style=\"margin-top: 0px; margin-bottom: 0px;\"><span style=\"font-size: 16px;\">7. Clique Enviar e o sistema começará o envio de 1 email/10s e mostrará os enviados.</span></h6><h6 style=\"margin-top: 0px; margin-bottom: 0px;\"><span style=\"font-size: 16px;\">Observação: Evite reiniciar campanhas completas pois isto pode provocar a degradação de credibilidade do servidor de envio. Acarretando até mesmo bloqueio de IP para envios.</span></h6>'),('23','<h4 style=\"color: rgb(0, 0, 0);\">Visualizando detalhes de um protocolo:</h4><div>1 - Em Gerenciar, na linha da solicitação desejada clique no ícone: <span class=\"fa fa-eye\"></span></div><h4 style=\"color: rgb(0, 0, 0);\"><br><span style=\"color: inherit;\">Despachando um Protocolo: (Departamentos)</span></h4><div>1 - Em Gerenciar, na linha da solicitação desejada clique em Despachos.<br>2 - Confira a Lista de despachos já realizados para esta solicitação.<br>3 - Clique em <b>Novo Despacho.</b><br>4 - Preencha o campo \"Despacho\" e clique em salvar. Você será redirecionado para inserir arquivos à sua resposta (opcional).</div><div>5 - Para inserir arquivos, clique na caixa em destaque \"Clique aqui para carregar seu arquivo\" ou solte os arquivos acima dela.</div><div>6 - Passe o mouse sobre o ícone para editar legenda e/ou data ou excluir o arquivo. Após excluir algum arquivo clique em \"Atualizar\".<br>7 - Para voltar à lista de Solicitações, clique em gerenciar.</div><div><br></div><div><h4>Gerenciando arquivos do Despacho:</h4><div>1 - Em Gerenciar, clique em Despachos, na linha da solicitação desejada.<br>2 - Na Lista de despachos, na linha do despacho desejado clique em editar.</div><div>3 - Clique em Inserir Arquivos.</div><div>4 - Para inserir arquivos, clique na caixa em destaque \"Clique aqui para carregar seu arquivo\" ou solte os arquivos acima dela.</div><div>5 - Passe o mouse sobre o ícone para editar legenda e/ou data ou excluir o arquivo. Após excluir algum arquivo clique em \"Atualizar\".</div></div><div><br></div><div><h4 style=\"color: rgb(0, 0, 0);\">Enviando Notificações ao Usuário (E-mail)</h4><div>1 - Em Gerenciar, Confira o ícone de Email: (Fundo vermelho para Notificação importante a enviar, Fundo verde para Notificação à enviar, Fundo branco para usuário notificado e/ou usuário anônimo.)</div><div>2 - Para enviar uma notificação, clique no ícone: <span class=\"fa fa-envelope\"></span> , confirme o envio e aguarde a confirmação.</div><div><br></div><div><h4 style=\"color: rgb(0, 0, 0);\">Excluindo Despacho<br></h4></div></div><div>1 - Na lista de despachos, Clique em Excluir na linha do despacho desejado.</div><div>2 - Confirme a ação e aguarde confirmação.</div><div><br></div><div><h4 style=\"color: rgb(0, 0, 0);\">Gerenciando Departamentos / Status (Administrador)</h4><div>1 - Em Configurar, crie, edite e gerencie departamentos e status.</div><div><br></div><div><h4 style=\"color: rgb(0, 0, 0);\">Gerenciando Usuários e Permissões (Administrador)</h4><div>1 - Cliqque em Usuários > \"Editar\" na linha do usuário desejado.<br>2 - Usuários com Nível \"Administrador\" não tem acesso à criação de despachos, mas tem acesso a todos os protocolos existentes.<br>3 - Usuários com Nível \"Departamento\" tem acesso apenas aos protocolos do departamento selecionado.<br></div></div><div><br></div></div><div><h4 style=\"color: rgb(0, 0, 0);\">Excluindo Protocolo (Administrador)</h4><div>1 - Em Gerenciar, Clique em Excluir na linha da solicitação desejada.<br><b>    ATENÇÃO: ESTA AÇÃO EXCLUI PERMANENTEMENTE O PROTOCOLO E TODO SEU CONTEÚDO.</b><br></div><div>2 - Confirme a ação e aguarde confirmação.</div></div>'),('usuarios','<div>1. Acessar Usuários e Permissões > Novo Usuário.</div><div>3. Escolher o nível de acesso usuário, </div><div>4. Digitar email usuario e confirmar o convite</div><div>5. Email foi enviado com link para conclusão do cadastro</div><div>6. Digitar nome, login e senha</div><div>7. Admin ou Gerente tem que adicionar permissões aos aplicativos clicando em Usuários e Permissões</div><div>8. Clica em Permissões</div><div>9. Usuário fica com permissão de \"usuario\" por default</div><div>10. Para dar permissão de Gerente clicar no box.</div><div>11. Clicando novamente retira a permissão dada anteriormente</div><div>12. Agenda home como ta quatro dias programados, tem que ser os próximos quatro</div><div>13. Agenda transparencia tá fora de ordem, sempre as últimas</div><div>14. Agenda Adm campo para cadastrar horario e agenda</div>'),('1','<h4>Cadastrar Evento:</h4><p>1 - Clique em <b>Gerenciar > Novo Cadastro</b>, ou em <b>Cadastrar</b><br>    1.1 - Preencha: Data, Hora, Seção, Título, Texto e clique em <b>Salvar</b>.<br>    1.2 - Você será redirecionado para inserir arquivos ao evento.</p><h4 style=\"color: rgb(0, 0, 0);\">Cadastrar Evento:</h4><p>1 - Em <b>Gerenciar</b>, no evento desejado .<br>    1.1 - Em <b>Editar Informações </b>você pode atualizar os dados de cadastro do agendamento.<br>    1.2 - Em <b>Inserir Arquivos  </b>você poderá inserir ou excluir arquivos ao agendamento.</p><h4 style=\"color: rgb(0, 0, 0);\">Excluir Evento:</h4><p>1 - Em <b>Excluir</b>, no evento desejado.<br>    1.1 - Confirme a ação e aguarde a confirmação.<br></p>'),('16','<h3 style=\"color: rgb(0, 0, 0);\">Cadastrar novo áudio:</h3><p>1 - Clique em <b>Gerenciar > Novo Cadastro</b><br>2 - Preencha: Data, Seção, Título, Descrição e clique em <b>Salvar</b>.<br>3 - Clique em <b>Gerenciar</b><br>4 - Adicione os áudios.</p><h3 style=\"color: rgb(0, 0, 0);\">Editar Informações de áudios:</h3><p>1 - Em <b>Gerenciar</b>, no evento desejado, clique em editar.<br>2 - Atualize: Data, Seção, Título, Descrição e clique em <b>Salvar</b>.</p><h3 style=\"color: rgb(0, 0, 0);\">Editar arquivos de áudios:</h3><p>1 - Em <b>Gerenciar</b>, na linha do áudio desejado, clique em <b>Gerenciar</b>.<br>2 - Adicione áudios clicando no \"Clique aqui para carregar seu arquivo\".<br>3 - Passe o mouse sobre o ícone para editar legenda e/ou data ou excluir o arquivo. Após excluir algum arquivo clique em \"Atualizar\".<br></p><h3 style=\"color: rgb(0, 0, 0);\">Excluir áudios:</h3><p>1 - Em gerenciar, clique em <b>Excluir</b>, na linha desejada.<br>2 - Confirme a ação e aguarde a confirmação.</p>'),('15','<h3 class=\"no-margin-top\" style=\"color: rgb(0, 0, 0);\">Gerenciando Seções:</h3><p>1 - Clique em <b>Configurar</b>.<br>2 - Clique e Nova Seção para criar.<br>3 - Clique (na seção desejada) em Excluir para Excluir.</p><h3 class=\"no-margin-top\" style=\"color: rgb(0, 0, 0);\"><span style=\"font-size: 13px;\"><br></span>Criando novo concurso</h3><p>1 - Clique em <b>Gerenciar</b> > <b>Novo Cadastro</b>.<br>2 - Preencha: <b>data, hora, seção, título e texto</b>.<br>3 - Clique em Salvar. Você será redirecionado para inserir arquivos ao tópico criado.<br><br></p><h3 class=\"no-margin-top\" style=\"color: rgb(0, 0, 0);\">Gerenciando Arquivos do Concurso</h3><p>1 - Em Gerenciar, na linha do concurso desejado clique em <b>editar.<br></b>2 - Clique em <b>Inserir Arquivos.</b><br>3 - Para inserir arquivos, clique na caixa em destaque \"Clique aqui para carregar seu arquivo\" ou solte os arquivos acima dela.<br>4 - Passe o mouse sobre o ícone para editar legenda e/ou data ou excluir o arquivo. Após excluir algum arquivo clique em \"Atualizar\".</p><h3 class=\"no-margin-top\" style=\"color: rgb(0, 0, 0);\">Excluindo</h3><p>1 - Em <b>Gerenciar, </b>Clique em <b>Excluir </b>na linha do concurso desejado.<br>2 - Confirme a ação e aguarde confirmação.<br></p><h3 class=\"no-margin-top\" style=\"color: rgb(0, 0, 0);\"><br></h3><p><br></p>'),('10','<h3 class=\"no-margin-top\" style=\"color: rgb(0, 0, 0);\">Criando novo contato</h3><p>1 - Clique em configurar, e crie uma seção.<br>2 - Clique em Gerenciar, Novo Cadastro, escolha a seção disponível (seção criada conforme descrição acima), e insira o conteúdo no editor. Clique em salvar.</p><p><br></p><h3 class=\"no-margin-top\" style=\"color: rgb(0, 0, 0);\">Inserindo contatos no view:</h3><p>1 - Simples:<br></p><p>    Entre tag PHP:<br><br>    echo $bloco = getContato(\'nome_da_secao\');</p><p>    (Considerando \"nome_da_secao\", o nome cadastrado em configurar no bloco.</p>'),('9','<h3 class=\"no-margin-top\" style=\"color: rgb(0, 0, 0);\">Gerenciando Seções</h3><h3 class=\"no-margin-top\" style=\"color: rgb(0, 0, 0);\"><p style=\"font-size: 13px;\">1 - Clique em configurar, crie, edite, ou exclua seções.</p></h3><h3 class=\"no-margin-top\" style=\"color: rgb(0, 0, 0);\">Criando novo Diário</h3><p>1 - Em Gerenciar, clique <b>Novo Cadastro</b>, ou diretamente em <b>Cadastrar</b>, no menu superior.<br>2 - Preencha: <b>data, hora, seção, título e </b>texto (opcional). Clique em <b>Salvar</b>.<br><span style=\"color: rgb(51, 51, 51); font-size: 14px;\">3 - Clique em Salvar. Você será redirecionado para inserir arquivos ao tópico diário.</span><br></p><h3 class=\"no-margin-top\" style=\"color: rgb(0, 0, 0);\">Gerenciando arquivos do Diário</h3><p>1 - Em Gerenciar, na linha do diário desejado clique em <b>editar.<br></b>2 - Clique em <b>Inserir Arquivos.</b><br>3 - Para inserir arquivos, clique na caixa em destaque \"Clique aqui para carregar seu arquivo\" ou solte os arquivos acima dela.<br>4 - Passe o mouse sobre o ícone para editar legenda e/ou data ou excluir o arquivo. Após excluir algum arquivo clique em \"Atualizar\".</p><h3 class=\"no-margin-top\" style=\"color: rgb(0, 0, 0);\">Excluindo</h3><h3 class=\"no-margin-top\" style=\"color: rgb(0, 0, 0);\"><p style=\"font-size: 13px;\">1 - Em <b>Gerenciar, </b>Clique em <b>Excluir </b>na linha do diário desejado.<br>2 - Confirme a ação e aguarde confirmação.</p></h3>'),('18','<h4>Visualizando uma Solicitação:</h4><div>1 - Em Gerenciar, na linha da solicitação desejada clique no ícone: <i class=\"fa fa-eye\"></i></div><h4><br><span style=\"color: inherit; font-size: 18px;\">Respondendo à uma Solicitação:</span></h4><div>1 - Em Gerenciar, na linha da solicitação desejada clique em Despachos.<br>2 - Confira a Lista de despachos já realizados para esta solicitação.<br>3 - Clique em <b>Novo Despacho.</b><br>4 - Preencha o campo \"Resposta\" e clique em salvar. Você será redirecionado para inserir arquivos à sua resposta (opcional).</div><div>5 - Para inserir arquivos, clique na caixa em destaque \"Clique aqui para carregar seu arquivo\" ou solte os arquivos acima dela.</div><div>6 - Passe o mouse sobre o ícone para editar legenda e/ou data ou excluir o arquivo. Após excluir algum arquivo clique em \"Atualizar\".<br>7 - Para voltar à lista de Solicitações, clique em gerenciar.</div><div><br></div><div><h4>Gerenciando arquivos do Despacho:</h4><div>1 - Em Gerenciar, clique em Despachos, na linha da solicitação desejada.<br>2 - Na Lista de despachos, na linha do despacho desejado clique em editar.</div><div>3 - Clique em Inserir Arquivos.</div><div>4 - Para inserir arquivos, clique na caixa em destaque \"Clique aqui para carregar seu arquivo\" ou solte os arquivos acima dela.</div><div>5 - Passe o mouse sobre o ícone para editar legenda e/ou data ou excluir o arquivo. Após excluir algum arquivo clique em \"Atualizar\".</div></div><div><br></div><div><h4 style=\"color: rgb(0, 0, 0);\">Enviando Notificações ao Usuário (E-mail)</h4><div>1 - Em Gerenciar, Confira o ícone de Email: (Fundo vermelho para Notificação importante a enviar, Fundo verde para Notificação à enviar, Fundo branco para usuário notificado e/ou usuário anônimo.)</div><div>2 - Para enviar uma notificação, clique no ícone: <i class=\"fa fa-envelope\"></i> , confirme o envio e aguarde a confirmação.</div></div><div><br></div><h4>Excluindo Despacho</h4><div>1 - Na lista de despachos, Clique em Excluir na linha do despacho desejado.</div><div>2 - Confirme a ação e aguarde confirmação.</div><div><br></div><div><h4 style=\"color: rgb(0, 0, 0);\">Excluindo Solicitação</h4><div>1 - em Gerenciar, Clique em Excluir na linha da solicitação desejada.<br><b>    ATENÇÃO: ESTA AÇÃO EXCLUI PERMANENTEMENTE SOLICITAÇÕES DO USUÁRIO.</b><br></div><div>2 - Confirme a ação e aguarde confirmação.</div></div>'),('20','<h4 style=\"color: rgb(0, 0, 0);\">Criando uma FAQ<br></h4><div>1 - Em Gerenciar, clique em novo cadastro, ou diretamente em Cadastrar no menu superior.<br>2 - Preencha os campos: Seção, Pergunta e Resposta.<br>3 - Clique em Salvar</div><div><br></div><h4 style=\"color: rgb(0, 0, 0);\">Editando FAQ\'s</h4><div>1 - Em Gerenciar, clique em Editar na linha do FAQ desejado.</div><div>2 - Preencha os campos: Seção, Pergunta e Resposta.<br>3 - Clique em Salvar<br></div><div><br></div><div><h4 style=\"color: rgb(0, 0, 0);\">Excluindo FAQ\'s</h4><div>1 - Em Gerenciar, clique em Excluir na linha do FAQ desejado.</div><div>2 - Confirme a ação e aguarde confirmação.</div></div><div><br></div><div><h4 style=\"color: rgb(0, 0, 0);\">Gerenciando Seções:<br></h4><div><div>1 - Em configurações: Crie, edite ou exclua seções.</div></div></div>'),('2','<h3 style=\"color: rgb(0, 0, 0);\">Cadastrar nova Galeria:</h3><p>1 - Clique em <b>Gerenciar > Novo Cadastro</b><br>2 - Preencha: Data, Seção, Título, Descrição e clique em <b>Salvar</b>.<br>3 - Clique em <b>Gerenciar</b><br>4 - Adicione imagens.</p><h3 style=\"color: rgb(0, 0, 0);\">Editar Informações da galeria:</h3><p>1 - Em <b>Gerenciar</b>, no evento desejado, clique em editar.<br>2 - Atualize: Data, Seção, Título, Descrição e clique em <b>Salvar</b>.</p><h3 style=\"color: rgb(0, 0, 0);\">Editar imagens da galeria:</h3><p>1 - Em <b>Gerenciar</b>, na linha da galeria desejada, clique em <b>Gerenciar</b>.<br>2 - Adicione imagens clicando no \"Clique aqui para carregar seu arquivo\".<br>3 - Passe o mouse sobre a imagem para editar legenda e/ou data ou excluir. Após excluir alguma imagem clique em \"Atualizar\".<br></p><h3 style=\"color: rgb(0, 0, 0);\">Excluir Galerias:</h3><p>1 - Em Gerenciar, clique em <b>Excluir</b>, na linha desejada.<br>2 - Confirme a ação e aguarde a confirmação.</p>'),('4','<h3 style=\"color: rgb(0, 0, 0);\">Criando Novo LINK:</h3><p>1 - Clique em <b>Gerenciar > Novo Cadastro</b><br>2 - Digite uma nova seção, ou selecione uma existente.<br>2 - Preencha: Título, URL e clique em <b>Salvar</b>.<br><br></p><h3 style=\"color: rgb(0, 0, 0);\">Editar Informações de áudios:</h3><p>1 - Em <b>Gerenciar</b>, no link desejado, clique em editar.<br>2 - Atualize: Seção, Título, URLe clique em <b>Salvar</b>.</p><h3 style=\"color: rgb(0, 0, 0);\">Excluir Link:<br></h3><p>1 - Clique em <b>Excluir</b>, na linha desejada.<br>2 - Confirme a ação e aguarde a confirmação.</p>'),('11','<h3 class=\"no-margin-top\" style=\"color: rgb(0, 0, 0);\">Criando nova Localização</h3><p>1 - Clique em configurar, e crie uma seção.<br>2 - Clique em Gerenciar, Novo Cadastro, escolha a seção disponível (seção criada conforme descrição acima), e insira o código da localização. Clique em salvar.</p><p><br></p><h3 class=\"no-margin-top\" style=\"color: rgb(0, 0, 0);\">Inserindo Localização no view:</h3><p>1 - Simples:<br></p><p>    Entre tag PHP:<br><br>    echo $bloco = getlocalizacao(\'nome_da_secao\');</p><p>    (Considerando \"nome_da_secao\", o nome cadastrado em configurar no bloco.</p>'),('5','<h3 style=\"color: rgb(0, 0, 0);\">Cadastrar novo Vídeo:</h3><p>1 - Clique em <b>Gerenciar > Novo Cadastro</b><br>2 - Preencha: Data, Seção, Título, Descrição e Código (Código do youtube) clique em <b>Salvar</b>.<br><br></p><h3 style=\"color: rgb(0, 0, 0);\">Editar Informações do vídeo:</h3><p>1 - Em <b>Gerenciar</b>, na linha do vídeo desejado, clique em editar.<br>2 - Atualize: Data, Seção, Título, Descrição e clique em <b>Salvar</b>.</p><h3 style=\"color: rgb(0, 0, 0);\">Excluir Vídeo:<br></h3><p>1 - Em gerenciar, clique em <b>Excluir</b>, na linha desejada ou passe o mouse sobre o ícone do vídeo abaixo da tabela e clique no ícone <i class=\"fa fa-trash\"></i> <br>2 - Confirme a ação e aguarde a confirmação.</p>'),('7','<h3 class=\"no-margin-top\" style=\"color: rgb(0, 0, 0);\">Gerenciando Modalidades, Tipos e Status</h3><h3 class=\"no-margin-top\" style=\"color: rgb(0, 0, 0);\"><p style=\"font-size: 13px;\">1 - Clique em configurar, crie, edite, ou exclua modalidades, tipos e status.</p></h3><h3 class=\"no-margin-top\" style=\"color: rgb(0, 0, 0);\">Criando nova Licitação</h3><p>1 - Clique <b>Cadastrar Licitação</b>.<br>2 - Preencha: <b>data, hora, processo nº, modalidade, tipo, status, objeto, e informações adicionais (opcional) </b>.<br><span style=\"color: rgb(51, 51, 51); font-size: 14px;\">3 - Clique em Salvar. Você será redirecionado para inserir arquivos.<br></span><b>Obs.: </b>O Campo <b>\"Fundamentação Jurídica\"</b> deve ser utilizado apenas nas modalidades: <b>Dispensa de Licitação e Inexigibilidade.</b><span style=\"color: rgb(51, 51, 51); font-size: 14px;\"><br></span></p><h3 class=\"no-margin-top\" style=\"color: rgb(0, 0, 0);\">Criando novo Contrato</h3><p>1 - Clique <b>Cadastrar Contrato</b><br>2 - Preencha: <b>data, hora, processo nº, Início da vigência, fim da vigência, objeto e informações adicionais (opcional) </b>.<br><span style=\"color: rgb(51, 51, 51); font-size: 14px;\">3 - Clique em Salvar. Você será redirecionado para inserir arquivos.</span></p><h3 class=\"no-margin-top\" style=\"color: rgb(0, 0, 0);\">Criando novo Convênio</h3><p>1 - Clique <b>Cadastrar Convênio</b><br>2 - Preencha: <b>data, hora, processo nº, Início da vigência, fim da vigência, objeto e informações adicionais (opcional) </b>.<br><span style=\"color: rgb(51, 51, 51); font-size: 14px;\">3 - Clique em Salvar. Você será redirecionado para inserir arquivos.</span></p><h3 class=\"no-margin-top\" style=\"color: rgb(0, 0, 0);\">Gerenciando arquivos.</h3><p>1 - Em Gerenciar, na linha do objeto desejado clique em <b>editar.<br></b>2 - Clique em <b>Inserir Arquivos.</b><br>3 - Para inserir arquivos, clique na caixa em destaque \"Clique aqui para carregar seu arquivo\" ou solte os arquivos acima dela.<br>4 - Passe o mouse sobre o ícone para editar legenda e/ou data ou excluir o arquivo. Após excluir algum arquivo clique em \"Atualizar\".</p><h3 class=\"no-margin-top\" style=\"color: rgb(0, 0, 0);\">Excluindo</h3><h3 class=\"no-margin-top\" style=\"color: rgb(0, 0, 0);\"><p style=\"font-size: 13px;\">1 - Em <b>Gerenciar, </b>Clique em <b>Excluir </b>na linha do objeto desejado.<br>2 - Confirme a ação e aguarde confirmação.</p></h3>'),('13','<h4 style=\"color: rgb(0, 0, 0);\">Respondendo ao Mural:<br></h4><div>1 - Em Gerenciar, na linha desejada clique em Responder.<br>2 - Preencha o campo \"Resposta\" e clique em salvar.</div><div><br></div><div><h4 style=\"color: rgb(0, 0, 0);\">Editando uma resposta:<br></h4><div>1 - Em Gerenciar, na linha desejada clique em editar.<br>2 - Edite o campo \"Resposta\" e clique em salvar.</div><div><br></div></div><div><h4 style=\"color: rgb(0, 0, 0);\">Ativar/Desativar Mural:</h4><div>1 - Em Gerenciar, clique em Ativo para desativar e Inativo para ativar.</div><div><br></div></div><h4 style=\"color: rgb(0, 0, 0);\">Excluindo um Mural:</h4><div>1 - Em Gerenciar, clique em Excluir na linha desejada.</div><div>2 - Confirme a ação e aguarde confirmação.</div><div><br></div><div><h4 style=\"color: rgb(0, 0, 0);\">Gerenciando Seções:<br></h4><div>1 - Em Configurações, crie, edite ou exclua seções do mural.<br></div></div>'),('3','<h3 class=\"no-margin-top\" style=\"color: rgb(0, 0, 0);\">Criando nova Notícia<br></h3><p>1 - Clique <b>Cadastrar Cadastrar</b>, ou em <b>Gerenciar > Novo Cadastro</b>.<br>2 - Preencha: <b>data, hora, título, subtítulo, digite uma categoria ou selecione uma existente e texto</b>.<br><span style=\"color: rgb(51, 51, 51); font-size: 14px;\">3 - Clique em Salvar. Você será redirecionado para inserir arquivos.</span><span style=\"color: rgb(51, 51, 51); font-size: 14px;\"><br></span></p><h3 class=\"no-margin-top\" style=\"color: rgb(0, 0, 0);\">Gerenciando conteúdo (Capa, Imagens, Vídeos, Links e Arquivos)</h3><p style=\"color: rgb(0, 0, 0);\"><b>Capa:</b><br>1 - Em Gerenciar, clique Editar na notícia desejada.<br>2 - Clique em Inserir Imagens.<br>3 - Clique em Carregar Imagem ou Trocar Imagem, para inserir uma nova imagem de capa.<br><b>Imagens:</b><br>1 - Em Gerenciar, clique Editar na notícia desejada.<br>2 - Clique em Inserir Imagens.<br>3 - Adicione imagens clicando no \"Clique aqui para carregar seu arquivo\".<br>4 - Passe o mouse sobre a imagem para editar legenda e/ou data ou excluir. Após excluir alguma imagem clique em \"Atualizar\".<br><b>Vídeos:</b><br>1 - Em Gerenciar, clique Editar na notícia desejada.<br>2 - Clique em Inserir Vídeos.<br>3 - Clique em Novo Vídeo, preencha os campo títulos e link (youtube), para adicionar um vídeo.<br>4 - Clique em Excluir, para excluir o vídeo desejado.<br><b>Links:</b><br>1 - Em Gerenciar, clique Editar na notícia desejada.<br>2 - Clique em Inserir Links.<br>3 - Clique em Novo Link, preencha os campos título e link, para adicionar um link.<br>4 - Clique em Excluir, para excluir o link desejado.<br><b>Arquivos:</b><br>1 - Em Gerenciar, clique Editar na notícia desejada.<br>2 - Clique em Inserir arquivos.<br>3 - Adicione arquivos clicando no \"Clique aqui para carregar seu arquivo\".<br>4 - Passe o mouse sobre o ícone para editar legenda e/ou data ou excluir. Após excluir alguma imagem clique em \"Atualizar\".</p><h3 class=\"no-margin-top\" style=\"color: rgb(0, 0, 0);\">Ativar/Desativar</h3><div>1 - Em Gerenciar, clique em Ativa para desativar e Inativa para ativar.</div><div><br></div><h3 class=\"no-margin-top\" style=\"color: rgb(0, 0, 0);\">Editando</h3><h3 class=\"no-margin-top\" style=\"color: rgb(0, 0, 0);\"><p style=\"font-size: 13px;\">1 - Em <b>Gerenciar, </b>Clique em <b>Editar </b>na linha da notícia desejada.</p></h3><h3 class=\"no-margin-top\" style=\"color: rgb(0, 0, 0);\">Excluindo</h3><h3 class=\"no-margin-top\" style=\"color: rgb(0, 0, 0);\"><p style=\"font-size: 13px;\">1 - Em <b>Gerenciar, </b>Clique em <b>Excluir </b>na linha da notícia desejada.<br>2 - Confirme a ação e aguarde confirmação.</p></h3>'),('8','<h3 class=\"no-margin-top\" style=\"color: rgb(0, 0, 0);\">Gerenciando Grupos e Categorias</h3><h3 class=\"no-margin-top\" style=\"color: rgb(0, 0, 0);\"><p style=\"font-size: 13px;\">1 - Clique em configurar, crie, edite, ou exclua grupos e categorias.</p></h3><h3 class=\"no-margin-top\" style=\"color: rgb(0, 0, 0);\">Criando nova Transparência</h3><p>1 - Clique <b>Gerenciar > Novo Cadastro</b>, ou em <b>Cadastrar</b> no menu superior.<br>2 - Preencha: <b>data, hora, grupo, categoria, Título e texto</b>.<br><span style=\"color: rgb(51, 51, 51); font-size: 14px;\">3 - Clique em Salvar. Você será redirecionado para inserir arquivos.<br></span><b>Obs.: </b>O Campo <b>\"Fundamentação Jurídica\"</b> deve ser utilizado apenas nas modalidades: <b>Dispensa de Licitação e Inexigibilidade.</b><span style=\"color: rgb(51, 51, 51); font-size: 14px;\"><br></span></p><h3 class=\"no-margin-top\" style=\"color: rgb(0, 0, 0);\">Gerenciando arquivos.<br></h3><p>1 - Em Gerenciar, na linha da transparencia desejada clique em <b>editar.<br></b>2 - Clique em <b>Inserir Arquivos.</b><br>3 - Para inserir arquivos, clique na caixa em destaque \"Clique aqui para carregar seu arquivo\" ou solte os arquivos acima dela.<br>4 - Passe o mouse sobre o ícone para editar legenda e/ou data ou excluir o arquivo. Após excluir algum arquivo clique em \"Atualizar\".</p><h3 class=\"no-margin-top\" style=\"color: rgb(0, 0, 0);\">Excluindo</h3><h3 class=\"no-margin-top\" style=\"color: rgb(0, 0, 0);\"><p style=\"font-size: 13px;\">1 - Em <b>Gerenciar, </b>Clique em <b>Excluir </b>na linha na transparência desejada.<br>2 - Confirme a ação e aguarde confirmação.</p></h3>'),('14','<h3 class=\"no-margin-top\" style=\"color: rgb(0, 0, 0);\">Gerenciando Definições</h3><h3 class=\"no-margin-top\" style=\"color: rgb(0, 0, 0);\"><p style=\"font-size: 13px;\">1 - Clique em configurar > Editar Definições para configurar o comportamento do aplicativo.</p></h3><h3 class=\"no-margin-top\" style=\"color: rgb(0, 0, 0);\">Gerenciando Seções</h3><h3 class=\"no-margin-top\" style=\"color: rgb(0, 0, 0);\"></h3><h5 style=\"font-size: 13px;\">1 - Clique em configurar, crie, edite, ou exclua seções.</h5><h3 class=\"no-margin-top\" style=\"color: rgb(0, 0, 0);\">Criando novo Pop-up</h3><p></p><h5>1 - Clique <b style=\"color: inherit;\">Gerenciar > Novo Cadastro</b><span style=\"color: inherit;\">, ou em </span><b style=\"color: inherit;\">Cadastrar</b><span style=\"color: inherit;\"> no menu superior.</span><br></h5>2 - Preencha: <b>seção, título, link (opcional) e texto (opcional)</b>.<br><span style=\"color: rgb(51, 51, 51); font-size: 14px;\">3 - Clique em Salvar. Você será redirecionado para inserir arquivos.</span><span style=\"color: rgb(51, 51, 51); font-size: 14px;\"><br></span><p></p><h3 class=\"no-margin-top\" style=\"color: rgb(0, 0, 0);\">Gerenciando imagens.<br></h3><p>1 - Em Gerenciar, na linha do pop-up desejado clique em <b>editar.<br></b>2 - Clique em <b>Inserir Imagens.</b><br>3 - Para inserir arquivos, clique na caixa em destaque \"Clique aqui para carregar seu arquivo\" ou solte os arquivos acima dela.<br>4 - Passe o mouse sobre o ícone para editar legenda e/ou data ou excluir o arquivo. Após excluir algum arquivo clique em \"Atualizar\".</p><h3 class=\"no-margin-top\" style=\"color: rgb(0, 0, 0);\">Integrado à Notícias / Enquetes<br></h3><p>1 - Em Gerenciar, na linha do pop-up desejado clique em <b>Integração</b> (ou Enquetes/Notícias)<b>.<br></b>2 - Selecione o Aplicativo desejado.<br>3 - Selecione a Notícia/Pop-up desejado.<br>4 - Clique em Salvar.</p><h3 class=\"no-margin-top\" style=\"color: rgb(0, 0, 0);\">Excluindo</h3><h3 class=\"no-margin-top\" style=\"color: rgb(0, 0, 0);\"><p style=\"font-size: 13px;\">1 - Em <b>Gerenciar, </b>Clique em <b>Excluir </b>na linha no pop-up desejado.<br>2 - Confirme a ação e aguarde confirmação.</p></h3>'),('25','<h4 style=\"color: rgb(0, 0, 0);\">Respondendo ao Recado:<br></h4><div>1 - Em Gerenciar, na linha desejada clique em Responder.<br>2 - Preencha o campo \"Resposta\" e clique em salvar.</div><div><br></div><div><h4 style=\"color: rgb(0, 0, 0);\">Editando uma resposta:<br></h4><div>1 - Em Gerenciar, na linha desejada clique em editar.<br>2 - Edite o campo \"Resposta\" e clique em salvar.</div><div><br></div></div><div><h4 style=\"color: rgb(0, 0, 0);\">Excluindo um Recado:<br></h4></div><div>1 - Em Gerenciar, clique em Excluir na linha desejada.</div><div>2 - Confirme a ação e aguarde confirmação.</div><div><br></div><div><h4 style=\"color: rgb(0, 0, 0);\">Gerenciando Seções:<br></h4><div>1 - Em Configurações, crie, edite ou exclua seções do mural.</div><div><br></div><div><h4 style=\"color: rgb(0, 0, 0);\">Notificar resposta ao Usuário:<br></h4><div>1 - Quando cadastrado corretamente o email do usuário, é possível enviar um email notificando alterações no contato clicando no ícone: <i class=\"fa fa-envelope\"></i>,</div><div>que fica Azul quando disponível e vermelho, quando necessário.</div></div></div>'),('22','<h3 class=\"no-margin-top\" style=\"color: rgb(0, 0, 0);\">Criando novo Governo</h3><p style=\"color: rgb(0, 0, 0);\">Criar apenas um cadastro por seção</p><p>1 - Clique <b>Cadastrar Cadastrar</b>, ou em <b>Gerenciar > Novo Cadastro</b>.<br>2 - Preencha: <b>seção, data, título, subtítulo, contatos e texto</b>.<br><span style=\"color: rgb(51, 51, 51); font-size: 14px;\">3 - Clique em Salvar. Você será redirecionado para inserir arquivos.</span><span style=\"color: rgb(51, 51, 51); font-size: 14px;\"><br></span></p><h3 class=\"no-margin-top\" style=\"color: rgb(0, 0, 0);\">Gerenciando conteúdo (Capa, Imagens, Vídeos, Links e Arquivos)</h3><p><b>Capa:</b><br>1 - Em Gerenciar, clique Editar na notícia desejada.<br>2 - Clique em Inserir Imagens.<br>3 - Clique em Carregar Imagem ou Trocar Imagem, para inserir uma nova imagem de capa.<br><b>Imagens:</b><br>1 - Em Gerenciar, clique Editar na notícia desejada.<br>2 - Clique em Inserir Imagens.<br>3 - Adicione imagens clicando no \"Clique aqui para carregar seu arquivo\".<br>4 - Passe o mouse sobre a imagem para editar legenda e/ou data ou excluir. Após excluir alguma imagem clique em \"Atualizar\".<br><b>Vídeos:</b><br>1 - Em Gerenciar, clique Editar na notícia desejada.<br>2 - Clique em Inserir Vídeos.<br>3 - Clique em Novo Vídeo, preencha os campo títulos e link (youtube), para adicionar um vídeo.<br>4 - Clique em Excluir, para excluir o vídeo desejado.<br><b>Links:</b><br>1 - Em Gerenciar, clique Editar na notícia desejada.<br>2 - Clique em Inserir Links.<br>3 - Clique em Novo Link, preencha os campos título e link, para adicionar um link.<br>4 - Clique em Excluir, para excluir o link desejado.<br><b>Arquivos:</b><br>1 - Em Gerenciar, clique Editar na notícia desejada.<br>2 - Clique em Inserir arquivos.<br>3 - Adicione arquivos clicando no \"Clique aqui para carregar seu arquivo\".<br>4 - Passe o mouse sobre o ícone para editar legenda e/ou data ou excluir. Após excluir alguma imagem clique em \"Atualizar\".</p><h3 class=\"no-margin-top\" style=\"color: rgb(0, 0, 0);\">Ativar/Desativar</h3><div>1 - Em Gerenciar, clique em Ativa para desativar e Inativa para ativar.</div><div><br></div><h3 class=\"no-margin-top\" style=\"color: rgb(0, 0, 0);\">Editando</h3><h3 class=\"no-margin-top\" style=\"color: rgb(0, 0, 0);\"><p style=\"font-size: 13px;\">1 - Em <b>Gerenciar, </b>Clique em <b>Editar </b>na linha da notícia desejada.</p></h3><h3 class=\"no-margin-top\" style=\"color: rgb(0, 0, 0);\">Excluindo</h3><h3 class=\"no-margin-top\" style=\"color: rgb(0, 0, 0);\"><p style=\"font-size: 13px;\">1 - Em <b>Gerenciar, </b>Clique em <b>Excluir </b>na linha da notícia desejada.<br>2 - Confirme a ação e aguarde confirmação.</p></h3>'),('entidades','<div>1. Acessar Entidades.</div><div>2. Em Gerenciar, será exibida a lista de entidades;</div><div>3. Para criar uma nova entidade, vá em <b>Gerenciar > Nova Entidade</b>, preencha os campos corretamente e clique em salvar.</div><div>4. Para <b>Excluir</b>: Clique em Excluir na linha da entidade desejada e confirme a ação. (Esta ação não pode ser desfeita)</div><div><br></div><div>Permitindo e Removendo Permissão em Aplicativos à uma entidade:</div><div>1. Em Gerenciar, clique em <b>Gerenciar</b>, na entidade desejada.</div><div>2. Clique em <b>Aplicativos</b>, Aparecerá a lista de aplicativos instaladas, Clique no Aplicativo desejado para permitir ou remover permissão;</div><div>Obs.: A Entidade recebe permissão de acesso ao aplicativo, todavia falta permitir os usuários que terão acesso a tal aplicativo.</div>'),('24','<h4>Solicitar Combustível / Nova Requisição<br></h4><p>1. Em Gerenciar, clique em novo pedido.<br>2. Selecione o Departamento solicitante, Tipo do combustível, a litragem desejada, O posto (opcional), Veículo, insira a kilometragem atual do veículo e informações adicionais (se necessário);<br>2. Clique em salvar e aguarde um administrador avaliar sua requisição.</p><div><h4>Avaliando Requisição (Administrador)</h4><div>1 - Em Gerenciar, clique em \"Avaliar\", na linha da requisição desejada.</div><div>2 - Serão exibidos detalhes da requisição.<br>2 - Clique em \"Autorizar\" ou \"Não Autorizar\".</div><div><br></div><div><h4 style=\"color: rgb(0, 0, 0);\">Imprimindo Requisição.</h4><div>1 - Em Gerenciar, clique no ícone <i class=\"fa fa-print\"></i> para imprimir.</div></div></div><div><br></div><div><h4 style=\"color: rgb(0, 0, 0);\">Gerenciando Departamentos / Status / Combustíveis (Administrador)<br></h4></div><div><div>1 - Em Configurar, selecione a opção desejada, crie, edite e gerencie.<br>2 - Departamentos permitem controle de cota por combustível. Para configurar uma cota, clique em <b>Configurar > Departamentos</b>, na coluna \"Cota Mensal\", clique em <b>Gerenciar</b>.</div><div><br></div><div><h4 style=\"color: rgb(0, 0, 0);\">Gerenciando Usuários e Permissões (Administrador)</h4><div>1 - Cliqque em Usuários > \"Editar\" na linha do usuário desejado.<br>2 - Usuários com Nível \"Administrador\" não tem acesso à criação de despachos, mas tem acesso a todos os protocolos existentes.<br>3 - Usuários com Nível \"Departamento\" tem acesso apenas aos protocolos do departamento selecionado.<br></div></div><div><br></div></div><div><h4 style=\"color: rgb(0, 0, 0);\">Excluindo Requisição (Administrador)</h4><div>1 - Em Gerenciar, Clique em Excluir na linha da solicitação desejada.<br><b>    ATENÇÃO: ESTA AÇÃO EXCLUI PERMANENTEMENTE A REQUISIÇÃO.</b><br></div><div>2 - Confirme a ação e aguarde confirmação.</div></div>');

--
-- Table structure for table `app_aplicativos_grupos`
--

CREATE TABLE `app_aplicativos_grupos` (
  `ID` int(11) NOT NULL AUTO_INCREMENT,
  `nome` varchar(100) NOT NULL,
  `ordem` int(11) NOT NULL DEFAULT 0,
  PRIMARY KEY (`ID`)
) ENGINE=MyISAM AUTO_INCREMENT=4 DEFAULT CHARSET=latin1 COLLATE=latin1_swedish_ci ROW_FORMAT=DYNAMIC;

--
-- Dumping data for table `app_aplicativos_grupos`
--

INSERT INTO `app_aplicativos_grupos` (`ID`, `nome`, `ordem`) VALUES (1,'Multimídias',1),(2,'Sistemas',0);

--
-- Table structure for table `app_aplicativos_menus`
--

CREATE TABLE `app_aplicativos_menus` (
  `id` int(11) NOT NULL AUTO_INCREMENT,
  `aplicativo` int(11) NOT NULL DEFAULT 0,
  `nome` varchar(100) DEFAULT '0',
  `tag` varchar(100) DEFAULT '0',
  `pagina` varchar(100) DEFAULT '0',
  `icone` varchar(100) DEFAULT '0',
  `ordem` int(11) DEFAULT 0,
  `acesso` int(11) DEFAULT 0,
  `setup` int(11) DEFAULT 0,
  PRIMARY KEY (`id`)
) ENGINE=MyISAM AUTO_INCREMENT=89 DEFAULT CHARSET=latin1 COLLATE=latin1_swedish_ci ROW_FORMAT=DYNAMIC;

--
-- Dumping data for table `app_aplicativos_menus`
--

INSERT INTO `app_aplicativos_menus` (`id`, `aplicativo`, `nome`, `tag`, `pagina`, `icone`, `ordem`, `acesso`, `setup`) VALUES (9,3,'Cadastrar','nova','nova','fa fa-plus',0,0,0),(11,7,'Licitações','novo_licitacao','novo','fa fa-plus',1,0,0),(14,8,'Configurar','setup','setup','fa fa-cogs',10,1,2),(15,8,'Cadastrar','novo','novo','fa fa-plus',1,0,0),(16,9,'Configurar','setup','setup','fa fa-cogs',2,1,0),(17,9,'Cadastrar','novo','novo','fa fa-plus',1,0,0),(19,10,'Configurar','setup','setup','fa fa-cogs',2,1,0),(20,10,'Cadastrar','novo','novo','fa fa-plus',1,0,0),(22,11,'Configurar','setup','setup','fa fa-cogs',2,1,0),(23,11,'Cadastrar','novo','novo','fa fa-plus',1,0,0),(25,12,'Configurar','setup','setup','fa fa-cogs',2,1,0),(26,12,'Cadastrar','nova','nova','fa fa-plus',1,0,0),(41,1,'Configurar','setup','setup','fa fa-cogs',2,1,0),(29,13,'Configurar','setup','setup','fa fa-cogs',2,1,0),(40,1,'Cadastrar','novo','novo','fa fa-plus',1,0,0),(31,14,'Cadastrar','novo','novo','fa fa-plus',1,0,0),(32,14,'Configurar','setup','setup','fa fa-cogs',2,1,2),(39,15,'Configurar','setup','setup','fa fa-cogs',2,1,0),(35,17,'Configurar','setup','setup','fa fa-cogs',2,1,0),(36,15,'Cadastrar','novo','novo','fa fa-plus',1,0,0),(42,7,'Configurar','setup','setup','fa fa-cogs',4,1,2),(43,19,'Configurar','setup','setup','fa fa-cogs',2,1,2),(44,17,'Cadastrar','novo','novo','fa fa-plus',1,0,0),(47,20,'Configurar','setup','setup','fa fa-cogs',2,1,0),(48,20,'Cadastrar','novo','novo','fa fa-plus',1,0,0),(49,18,'Configurar','setup','setup','fa fa-cogs',2,1,0),(50,21,'Configurar','setup','setup','fa fa-cogs',3,2,0),(51,21,'Emails','emails','emails','fa fa-envelope',1,0,0),(52,21,'Grupos','grupos','grupos','fa fa-users',2,0,0),(53,21,'Cadastrar Campanha','novo','novo','fa fa-plus',0,0,0),(54,18,'Servidor Envio','setup2','setup2','fa fa-envelope-o',2,1,0),(55,19,'Servidor Envio','setup2','','fa fa-envelope-o',2,1,1),(57,7,'Contratos','novo_contrato','novo','fa fa-plus',2,0,0),(59,22,'Cadastrar','novo','novo','fa fa-plus',0,0,0),(58,7,'Convênios','novo_convenio','novo','fa fa-plus',3,0,0),(60,22,'Configurar','setup','setup','fa fa-cogs',1,1,0),(61,23,'Configurações','setup','setup','fa fa-cogs',10,1,2),(62,23,'Servidor Envio','setup2','setup2','fa fa-envelope',2,2,1),(63,23,'Usuários','usuarios','usuarios','fa fa-users',4,1,1),(64,23,'Auditoria','auditoria','auditoria','fa fa-search',2,0,0),(65,8,'Auditoria','auditoria','auditoria','fa fa-search',3,0,0),(66,24,'Frota','frota','frota','fa fa-car',2,1,0),(67,24,'Configurar','setup','setup','fa fa-cogs',4,1,2),(68,24,'Usuários','usuarios','usuarios','fa fa-users',4,1,1),(69,24,'Auditoria','auditoria','auditoria','fa fa-search',5,1,0),(70,25,'Servidor Envio','setup2','setup2','fa fa-envelope-o',2,1,0),(71,25,'Configurar','setup','setup','fa fa-cogs',1,1,0),(72,24,'Postos','postos','postos','fa fa-map-marker',3,1,0),(73,23,'Departamentos','setup/departamentos','','fa fa-cogs',1,1,1),(74,23,'Status','setup/status','','fa fa-cogs',3,1,1),(75,8,'Categorias','setup/categorias','','fa fa-cogs',1,1,1),(76,8,'Grupos','setup/grupos','','fa fa-cogs',1,1,1),(77,24,'Departamentos','setup/departamentos','','fa fa-cogs',2,1,1),(78,24,'Combustíveis','setup/combustiveis','','fa fa-cogs',1,1,1),(79,24,'Status','setup/status','','fa fa-cogs',3,1,1),(80,7,'Modalidades','setup/modalidades','','fa fa-cogs',1,1,1),(81,7,'Tipos','setup/tipos','','fa fa-cogs',3,1,1),(82,7,'Status','setup/status','','fa fa-cogs',2,1,1),(83,14,'Seções','setup/secoes','','fa fa-cogs',2,1,1),(84,14,'Definições','setup/definicoes','','fa fa-cogs',1,1,1),(85,19,'Finalidades','setup/finalidades','','fa fa-cogs',1,1,1),(86,19,'Status','setup/status','','fa fa-cogs',3,1,1),(87,26,'Configurar','setup','setup','fa fa-cogs',2,1,0),(88,27,'Cadastrar','nova','nova','fa fa-plus',0,0,0);

--
-- Table structure for table `app_convites`
--

CREATE TABLE `app_convites` (
  `id` int(11) NOT NULL AUTO_INCREMENT,
  `tipo` int(11) DEFAULT NULL,
  `nome` varchar(100) NOT NULL,
  `email` varchar(100) NOT NULL,
  `codigo` varchar(60) NOT NULL,
  PRIMARY KEY (`id`)
) ENGINE=MyISAM AUTO_INCREMENT=29 DEFAULT CHARSET=latin1 COLLATE=latin1_swedish_ci;

--
-- Dumping data for table `app_convites`
--


--
-- Table structure for table `app_entidades`
--

CREATE TABLE `app_entidades` (
  `id` int(11) NOT NULL AUTO_INCREMENT,
  `nome` text NOT NULL,
  `governo` text DEFAULT NULL,
  `municipio` text DEFAULT NULL,
  `cnpj` varchar(50) DEFAULT NULL,
  `razao` varchar(200) DEFAULT NULL,
  `endereco` varchar(200) DEFAULT NULL,
  `cidade` varchar(200) DEFAULT NULL,
  `uf` varchar(50) DEFAULT NULL,
  `matriz` int(11) DEFAULT 0,
  `proprietaria` int(11) DEFAULT 0,
  PRIMARY KEY (`id`)
) ENGINE=MyISAM AUTO_INCREMENT=16 DEFAULT CHARSET=latin1 COLLATE=latin1_swedish_ci;

--
-- Dumping data for table `app_entidades`
--

INSERT INTO `app_entidades` (`id`, `nome`, `governo`, `municipio`, `cnpj`, `razao`, `endereco`, `cidade`, `uf`, `matriz`, `proprietaria`) VALUES (12,'Legislativo','Legislativo','Legislativo',NULL,NULL,NULL,NULL,NULL,1,0);

--
-- Table structure for table `app_entidades_aplicativos`
--

CREATE TABLE `app_entidades_aplicativos` (
  `ID` int(11) NOT NULL AUTO_INCREMENT,
  `entidade` int(11) NOT NULL DEFAULT 0,
  `aplicativo` int(11) NOT NULL DEFAULT 0,
  PRIMARY KEY (`ID`)
) ENGINE=MyISAM AUTO_INCREMENT=76 DEFAULT CHARSET=latin1 COLLATE=latin1_swedish_ci ROW_FORMAT=DYNAMIC;

--
-- Dumping data for table `app_entidades_aplicativos`
--

INSERT INTO `app_entidades_aplicativos` (`ID`, `entidade`, `aplicativo`) VALUES (16,10,2),(17,11,2),(19,11,1),(15,10,1),(25,12,1),(22,13,1),(24,12,2),(28,12,3),(37,14,8),(32,12,4),(33,12,5),(34,12,6),(35,12,7),(36,12,8),(38,12,9),(39,12,10),(40,12,11),(41,12,12),(42,12,13),(43,12,14),(44,12,15),(45,14,5),(46,14,14),(47,14,3),(48,14,13),(49,14,11),(50,14,4),(51,14,2),(52,14,12),(53,14,9),(54,14,10),(55,14,15),(56,14,6),(57,14,1),(58,14,7),(59,12,16),(60,12,17),(61,12,18),(62,12,19),(63,12,20),(64,12,21),(65,12,22),(66,12,23),(67,14,23),(68,14,16),(69,12,24),(71,12,25),(72,14,25),(73,15,8),(74,12,26),(75,12,27);

--
-- Table structure for table `app_permissoes`
--

CREATE TABLE `app_permissoes` (
  `ID` int(11) NOT NULL AUTO_INCREMENT,
  `usuario` int(11) NOT NULL DEFAULT 0,
  `aplicativo` int(11) NOT NULL DEFAULT 0,
  `entidade` int(11) NOT NULL DEFAULT 0,
  `acesso` varchar(500) DEFAULT NULL,
  PRIMARY KEY (`ID`)
) ENGINE=MyISAM AUTO_INCREMENT=284 DEFAULT CHARSET=latin1 COLLATE=latin1_swedish_ci;

--
-- Dumping data for table `app_permissoes`
--

INSERT INTO `app_permissoes` (`ID`, `usuario`, `aplicativo`, `entidade`, `acesso`) VALUES (216,1,6,12,NULL),(212,1,12,12,NULL),(213,1,16,12,NULL),(211,1,3,12,NULL),(215,1,17,12,NULL),(214,1,1,12,NULL),(207,1,14,12,NULL),(209,1,2,12,NULL),(205,1,5,12,NULL),(263,1,26,12,NULL),(220,1,4,12,NULL),(221,1,10,12,NULL),(222,1,11,12,NULL),(223,1,13,12,NULL),(265,13,1,12,NULL),(266,13,16,12,NULL),(267,13,6,12,NULL),(268,13,10,12,NULL),(269,13,26,12,NULL),(270,13,12,12,NULL),(271,13,25,12,NULL),(272,13,20,12,NULL),(273,13,2,12,NULL),(274,13,4,12,NULL),(275,13,11,12,NULL),(276,13,13,12,NULL),(277,13,21,12,NULL),(278,13,3,12,NULL),(279,13,19,12,NULL),(280,13,14,12,NULL),(281,13,5,12,NULL),(282,1,27,12,NULL),(283,13,27,12,NULL);

--
-- Table structure for table `app_usuarios_sessoes`
--

CREATE TABLE `app_usuarios_sessoes` (
  `ID` int(11) NOT NULL AUTO_INCREMENT,
  `usuario` int(11) DEFAULT NULL,
  `ip` varchar(15) NOT NULL,
  `data` timestamp NOT NULL DEFAULT current_timestamp() ON UPDATE current_timestamp(),
  `status` int(1) NOT NULL,
  `situacao` int(1) NOT NULL,
  `sessao` varchar(60) DEFAULT NULL,
  `chave` varchar(20) DEFAULT NULL,
  `browser` text DEFAULT NULL,
  `timeout` datetime DEFAULT NULL,
  `entidade` int(1) NOT NULL DEFAULT 0,
  PRIMARY KEY (`ID`)
) ENGINE=MyISAM AUTO_INCREMENT=632 DEFAULT CHARSET=latin1 COLLATE=latin1_swedish_ci ROW_FORMAT=DYNAMIC COMMENT='status 0 = Usuário Inválido\r\nstatus 1 = Sessão Iniciada\r\nstatus 2 =  Senha Inválida\r\nstatus 3 = Usuário Bloqueado\r\nsituacao 0/1';

--
-- Dumping data for table `app_usuarios_sessoes`
--

INSERT INTO `app_usuarios_sessoes` (`ID`, `usuario`, `ip`, `data`, `status`, `situacao`, `sessao`, `chave`, `browser`, `timeout`, `entidade`) VALUES (88,9,'127.0.0.1','2017-07-09 05:26:45',3,0,NULL,NULL,'Mozilla/5.0 (Windows NT 10.0; WOW64; rv:54.0) Gecko/20100101 Firefox/54.0',NULL,0),(87,1,'::1','2017-07-19 23:09:29',1,1,'HyskG95TqLlDhSy71kZShec38GO7TlmVSSeXyuvBiN5hwVueAEd6jLQiVq4L','IuqMvE7ESTuJQkMf2Xqn','Mozilla/5.0 (Windows NT 10.0; Win64; x64) AppleWebKit/537.36 (KHTML, like Gecko) Chrome/59.0.3071.115 Safari/537.36','2017-07-19 20:09:29',0),(86,1,'127.0.0.1','2017-07-19 23:09:29',1,1,'yHW3BZOl4Jfd78vmQ9kJ3nuFcCnPBXoVMc2tRpT0T0Y6VEAQ6cVqCEBuXb4s','5FDZjcZzuqCE3P34jDWY','Mozilla/5.0 (Windows NT 10.0; WOW64; rv:54.0) Gecko/20100101 Firefox/54.0','2017-07-19 20:09:29',0),(84,1,'127.0.0.1','2017-07-19 23:09:29',1,2,'cJRDRDBnTksQJigVlRuy7EXbK2q2C9ukYYD3XuvnGP7XB7n3mZKLCbPDHyPb','BievwXXeRR59rz5HcWvH','Mozilla/5.0 (Windows NT 10.0; WOW64; rv:54.0) Gecko/20100101 Firefox/54.0','2017-07-19 20:09:29',0),(85,1,'127.0.0.1','2017-07-19 23:09:29',1,1,'7Yujxtq1vFVmipUpLs5Kfp4P1Y0p2oTKdBfvIowJu3MZ3GBgA5bjyTogVbQ8','aBoaG8A1YkPiuf5ajqAb','Mozilla/5.0 (Windows NT 10.0; WOW64; rv:54.0) Gecko/20100101 Firefox/54.0','2017-07-19 20:09:29',0),(81,1,'127.0.0.1','2017-07-19 23:09:29',1,2,'MuwtaHNxxKDoPaSMZKi7GJVyHs4k72VnUaRcyeWDjMZQJISXPYhPeG5pKFSv','Fa7SQtc2Vtl3NGOakYpQ','Mozilla/5.0 (Windows NT 10.0; WOW64; rv:54.0) Gecko/20100101 Firefox/54.0','2017-07-19 20:09:29',0),(82,8,'127.0.0.1','2017-07-09 05:20:00',3,0,NULL,NULL,'Mozilla/5.0 (Windows NT 10.0; WOW64; rv:54.0) Gecko/20100101 Firefox/54.0',NULL,0),(83,1,'::1','2017-07-19 23:09:29',1,1,'yuHDA89LzgMzGasQFMimXY1YJrPERiPiCHHjVtpjyCPyG3Dncyg1BSISc0GY','MznDdZEk2NS5b8gh9DNy','Mozilla/5.0 (Windows NT 10.0; Win64; x64) AppleWebKit/537.36 (KHTML, like Gecko) Chrome/59.0.3071.115 Safari/537.36','2017-07-19 20:09:29',0),(78,1,'127.0.0.1','2017-07-19 23:09:29',1,2,'SC0zIusAxAaAJL63sWKy8b87yH9URn1qLNbK5hiZl4WmHYoydhdVe6hRdYJ4','EjB0LOSZHhB0E2owt6X7','Mozilla/5.0 (Windows NT 10.0; WOW64; rv:54.0) Gecko/20100101 Firefox/54.0','2017-07-19 20:09:29',0),(80,3,'127.0.0.1','2017-07-09 04:09:14',3,0,NULL,NULL,'Mozilla/5.0 (Windows NT 10.0; WOW64; rv:54.0) Gecko/20100101 Firefox/54.0',NULL,0),(79,3,'127.0.0.1','2017-09-24 10:36:44',1,1,'ufsV55nLJRrxxQEpcSUhhYF0ttW6ML0Es2zGtowg7kZImpLmsZPGDYGA1lLn','BsoQgp9a6GFAJndL6AKq','Mozilla/5.0 (Windows NT 10.0; WOW64; rv:54.0) Gecko/20100101 Firefox/54.0','2017-09-24 07:36:44',0),(77,1,'127.0.0.1','2017-07-19 23:09:29',1,1,'IR8HiGOCYg1mkkdsA7srTl8Kp1FsJT7S12heKE3OKbkZrfaVWj3DEXajYOz9','LbJbSq8SAESU8MAfzoQR','Mozilla/5.0 (Windows NT 10.0; WOW64; rv:54.0) Gecko/20100101 Firefox/54.0','2017-07-19 20:09:29',0),(76,1,'127.0.0.1','2017-07-19 23:09:29',1,2,'wmx3DbwxCS4DkDazhZC6lSVJUiLjaQgPQuOkth7cdWwkGgDa4abjjtwkZoWO','PSPOxKqebgUirfsvVwug','Mozilla/5.0 (Windows NT 10.0; WOW64; rv:54.0) Gecko/20100101 Firefox/54.0','2017-07-19 20:09:29',0),(74,1,'127.0.0.1','2017-07-19 23:09:29',1,2,'MVDoNTJT1hjxj1mINmCVcd8OkTlwWywJW7wzoWAZlQksdG6vknJdCxNcF9ao','MTRTQguMPAbxpkEJcHDI','Mozilla/5.0 (Windows NT 10.0; WOW64; rv:54.0) Gecko/20100101 Firefox/54.0','2017-07-19 20:09:29',0),(75,1,'::1','2017-07-19 23:09:29',1,2,'2VlgaCJmbixbPaZxGt6fDbaxs1Sb7ry3ylvd0rynPtGyyLitWOCNzGFnFe6C','7pxDeEpKn2fx74NsJzpk','Mozilla/5.0 (Windows NT 10.0; Win64; x64) AppleWebKit/537.36 (KHTML, like Gecko) Chrome/59.0.3071.115 Safari/537.36','2017-07-19 20:09:29',0),(73,1,'127.0.0.1','2017-07-19 23:09:29',1,2,'dxvonFIFJgzII2TQzO7bhm8wynufWEI3aUkiv1PEO9ygarGEe17O39swki9l','MiJCdm1zTtL59mGRmKEF','Mozilla/5.0 (Windows NT 10.0; WOW64; rv:54.0) Gecko/20100101 Firefox/54.0','2017-07-19 20:09:29',0),(72,1,'127.0.0.1','2017-07-19 23:09:29',1,2,'66KZRhrsncXPDcdwHqtXzCh4XAbL0gny69AdwujwgNS2EmdhWaBfGk1gNS3U','hBwqDZuvBn7DNpHM1vOO','Mozilla/5.0 (Windows NT 10.0; WOW64; rv:54.0) Gecko/20100101 Firefox/54.0','2017-07-19 20:09:29',0),(71,1,'127.0.0.1','2017-07-19 23:09:29',1,2,'NzU12zPtwr0vntXm8JFgWgLLucKrttCDJypbgSOZzHYkp9FIG5cIGSDwaLCX','dpkpeWgu4GKCc4Ys9i5j','Mozilla/5.0 (Windows NT 10.0; WOW64; rv:54.0) Gecko/20100101 Firefox/54.0','2017-07-19 20:09:29',0),(70,1,'127.0.0.1','2017-07-19 23:09:29',1,2,'tmkKGikCuk4MBjFuroeg2xRIJVyxJPdYohsgnbqsJihrTtnuUjIh9Spn5m5g','Xx7uzidFH54bZclQSh6Z','Mozilla/5.0 (Windows NT 10.0; WOW64; rv:54.0) Gecko/20100101 Firefox/54.0','2017-07-19 20:09:29',0),(64,1,'::1','2017-07-19 23:09:29',1,1,'iPnq30atssabaCfZQIDnhOuJ6qr3kEAADqeWQWbCKFoCs699ozAveVuI7ffP','ej619czsp5m2n3YczNfR','Mozilla/5.0 (Windows NT 10.0; Win64; x64) AppleWebKit/537.36 (KHTML, like Gecko) Chrome/59.0.3071.115 Safari/537.36','2017-07-19 20:09:29',0),(63,1,'::1','2017-07-19 23:09:29',1,1,'9wpznDDYLFxZMPVM23xfdol95Yv4B5XY2RR8rRZKcR2PFcublAmKgH1Othtj','p47bDiHNXvmXBiAv6WR5','Mozilla/5.0 (Windows NT 10.0; Win64; x64) AppleWebKit/537.36 (KHTML, like Gecko) Chrome/59.0.3071.115 Safari/537.36','2017-07-19 20:09:29',0),(62,1,'::1','2017-07-19 23:09:29',1,2,'k2KspiCdr7mza9YlGym9yZcAjXurDnbpYG2sfj7qflGtoJAcrHwGYNyNCNJB','qn0XKaamMJWelifpGhXA','Mozilla/5.0 (Windows NT 10.0; Win64; x64) AppleWebKit/537.36 (KHTML, like Gecko) Chrome/59.0.3071.115 Safari/537.36','2017-07-19 20:09:29',0),(89,10,'127.0.0.1','2017-07-09 05:29:18',1,2,'fD3tuitQ2YweLOVhdxN4DTqIc5RL1JjqARP31DnIT8YExRDB2Ygl3K7iDjrs','bPtJPE5iq9qnTR5zqbF1','Mozilla/5.0 (Windows NT 10.0; WOW64; rv:54.0) Gecko/20100101 Firefox/54.0','2017-07-09 02:29:18',0),(90,11,'127.0.0.1','2017-07-09 05:29:51',1,2,'NnRmWyUJpA1S2ftPcifrVrzfXpqn3Y49vh2X7HogxBKbkdLX8wUOAK5iYuMl','svi4vRktnxEa576GKYnG','Mozilla/5.0 (Windows NT 10.0; WOW64; rv:54.0) Gecko/20100101 Firefox/54.0','2017-07-09 02:29:51',0),(91,12,'127.0.0.1','2017-07-09 05:30:52',1,2,'jgP2FRe7EFbDdvMouroBQsb1uM5QkrNbSlGWSIIXc84osOKiB9BviLkBgVGL','kvvkcsCxmMqIzfXIebIF','Mozilla/5.0 (Windows NT 10.0; WOW64; rv:54.0) Gecko/20100101 Firefox/54.0','2017-07-09 02:30:52',0),(92,11,'127.0.0.1','2017-07-09 05:31:02',2,0,NULL,NULL,'Mozilla/5.0 (Windows NT 10.0; WOW64; rv:54.0) Gecko/20100101 Firefox/54.0',NULL,0),(93,11,'127.0.0.1','2017-07-09 05:31:16',2,0,NULL,NULL,'Mozilla/5.0 (Windows NT 10.0; WOW64; rv:54.0) Gecko/20100101 Firefox/54.0',NULL,0),(94,11,'127.0.0.1','2017-07-09 05:31:19',2,0,NULL,NULL,'Mozilla/5.0 (Windows NT 10.0; WOW64; rv:54.0) Gecko/20100101 Firefox/54.0',NULL,0),(95,11,'127.0.0.1','2017-07-09 05:31:20',2,0,NULL,NULL,'Mozilla/5.0 (Windows NT 10.0; WOW64; rv:54.0) Gecko/20100101 Firefox/54.0',NULL,0),(96,11,'127.0.0.1','2017-07-09 05:31:20',2,0,NULL,NULL,'Mozilla/5.0 (Windows NT 10.0; WOW64; rv:54.0) Gecko/20100101 Firefox/54.0',NULL,0),(97,11,'127.0.0.1','2017-07-09 05:31:21',3,0,NULL,NULL,'Mozilla/5.0 (Windows NT 10.0; WOW64; rv:54.0) Gecko/20100101 Firefox/54.0',NULL,0),(98,11,'127.0.0.1','2017-07-09 05:31:30',2,0,NULL,NULL,'Mozilla/5.0 (Windows NT 10.0; WOW64; rv:54.0) Gecko/20100101 Firefox/54.0',NULL,0),(99,11,'127.0.0.1','2017-07-09 05:31:45',1,2,'IhOiQjHsReGcfJYiphq1iwHRK2YMgGuIrBnwICSxjzvdP56thYPXWlayTL72','D0i0TNGzeOXcuffV6xZq','Mozilla/5.0 (Windows NT 10.0; WOW64; rv:54.0) Gecko/20100101 Firefox/54.0','2017-07-09 02:31:45',0),(100,1,'127.0.0.1','2017-07-19 23:09:29',1,1,'zcTNUwsvjIWvXtiQqBDGj6HhbtvFfC99KX7uONAvGXeFrejVH2tfrtDpQDyh','0aAHPejClPN1GwLULSez','Mozilla/5.0 (Windows NT 10.0; WOW64; rv:54.0) Gecko/20100101 Firefox/54.0','2017-07-19 20:09:29',0),(101,1,'127.0.0.1','2017-07-09 05:58:17',2,0,NULL,NULL,'Mozilla/5.0 (Windows NT 10.0; WOW64; rv:54.0) Gecko/20100101 Firefox/54.0',NULL,0),(102,1,'127.0.0.1','2017-07-19 23:09:29',1,1,'cgwHiZFPlEvZInWd5E5SCw2Jx0uhuAK6N2GuX6qZemR67jqRtOmHGZYTi31Y','026yMnIk40cwjoq2dWju','Mozilla/5.0 (Windows NT 10.0; WOW64; rv:54.0) Gecko/20100101 Firefox/54.0','2017-07-19 20:09:29',0),(103,1,'127.0.0.1','2017-07-19 23:09:29',1,1,'nWRuN3XYLNjhX2jYjAED7Rke3i3wvrOUzDsMvEebs7cwFngWqf9foQflHZj3','uf62SdwlYgouO5FmaouD','Mozilla/5.0 (Windows NT 10.0; WOW64; rv:54.0) Gecko/20100101 Firefox/54.0','2017-07-19 20:09:29',0),(104,1,'::1','2017-07-19 23:09:29',1,2,'Bs3iStXdLRufAPAVpjD0hP1bboC9udyhSeUjKzIjTLAhp7MPKxVP7w5moh8m','AtzC8f72qrgl6glnUoLm','Mozilla/5.0 (Windows NT 10.0; Win64; x64) AppleWebKit/537.36 (KHTML, like Gecko) Chrome/59.0.3071.115 Safari/537.36','2017-07-19 20:09:29',0),(105,1,'::1','2017-07-19 23:09:29',1,1,'QBa9goEJuU4890KqdeotoG05Bza71iQsy0oYa87PFxzbtM3MLE3hnLiKm4e6','LjXhttC2cDHLTWpaMIT7','Mozilla/5.0 (Windows NT 10.0; Win64; x64) AppleWebKit/537.36 (KHTML, like Gecko) Chrome/59.0.3071.115 Safari/537.36','2017-07-19 20:09:29',0),(106,1,'::1','2017-07-19 23:09:29',1,1,'9TrZUHA07cmtFM4MMxWvuUg1KbwwftdYh8pb5gaS8wkb5DYPDQIxW7GFPbKf','mmFkm2iK3tZcvp9A0oOL','Mozilla/5.0 (Windows NT 10.0; Win64; x64) AppleWebKit/537.36 (KHTML, like Gecko) Chrome/59.0.3071.115 Safari/537.36','2017-07-19 20:09:29',0),(107,1,'127.0.0.1','2017-07-19 23:09:29',1,1,'zjhVliChp9UCgwIZWfnXALwGmAnypaD9QcDQJ8Wm3LQrmzdAUCZD0M5rv4Dl','TO1uC2q4bxXNHk8oLl6r','Mozilla/5.0 (Windows NT 10.0; WOW64; rv:54.0) Gecko/20100101 Firefox/54.0','2017-07-19 20:09:29',0),(108,3,'::1','2017-09-24 10:36:44',1,1,'dxxgJBussOaGeXxQXfptabQLtP0bPq4kNTw7iXzrz1BfEN5g9AtFV4Rf3f15','V87QnIyA2PlHOwjDe4AQ','Mozilla/5.0 (Windows NT 10.0; Win64; x64) AppleWebKit/537.36 (KHTML, like Gecko) Chrome/59.0.3071.115 Safari/537.36','2017-09-24 07:36:44',0),(109,3,'::1','2017-09-24 10:36:44',1,1,'QJR82CZw3CCiSQ8vubbvADZsK34ApeT2NsgU9H3jpDHCtZ3kpOQDLAcNGvjy','2YQB4lEYYnl5E1yB28iO','Mozilla/5.0 (Windows NT 10.0; Win64; x64) AppleWebKit/537.36 (KHTML, like Gecko) Chrome/59.0.3071.115 Safari/537.36','2017-09-24 07:36:44',0),(110,3,'::1','2017-09-24 10:36:44',1,1,'xjrnTHRvIFkcOcEgr8mkY6JDiH4Ym6MKvJHhuB2rIe7eabbQlTZsaZxEVVSe','zt8hkRraPlZcZuL4du0d','Mozilla/5.0 (Windows NT 10.0; Win64; x64) AppleWebKit/537.36 (KHTML, like Gecko) Chrome/59.0.3071.115 Safari/537.36','2017-09-24 07:36:44',0),(111,1,'::1','2017-07-19 23:09:29',1,1,'Ukd2OV7NfeqHhsE54FeFFpmOknLLwYST2wWlCLyZbwwsir9QXMkmURAAZRzf','ApX9FwiGTGEOVjnS63oa','Mozilla/5.0 (Windows NT 10.0; Win64; x64) AppleWebKit/537.36 (KHTML, like Gecko) Chrome/59.0.3071.115 Safari/537.36','2017-07-19 20:09:29',0),(112,3,'189.15.188.46','2017-09-24 10:36:44',1,1,'Y93V9QQxB9jH8etIVsDIRLhnMF7OBZlXirWrUC7fyKSZN6K1hyFLq8xUzuhE','j1W8jm0LdRtyfeDrVOlb','Mozilla/5.0 (Windows NT 10.0; Win64; x64) AppleWebKit/537.36 (KHTML, like Gecko) Chrome/59.0.3071.115 Safari/537.36','2017-09-24 07:36:44',0),(113,3,'187.21.60.162','2017-09-24 10:36:44',1,1,'g1Zi2s1NutseiLOWk3zCbvpWXmIQglUpsEgNn62nNH7L3LK72x62HbWF7oaO','1COzcJT4wauOXrPCiZyO','Mozilla/5.0 (Windows NT 10.0; WOW64; rv:54.0) Gecko/20100101 Firefox/54.0','2017-09-24 07:36:44',0),(114,NULL,'187.21.60.162','2017-07-15 14:54:01',0,0,NULL,NULL,'Mozilla/5.0 (Windows NT 10.0; WOW64; rv:54.0) Gecko/20100101 Firefox/54.0',NULL,0),(115,3,'187.21.60.162','2017-09-24 10:36:44',1,1,'VAgr7IOV9O4Y2MrL3rB7F6FtkG6qtAZmj1qpPosik1Ws6tjgLifByRaRF23R','qNHy3CegpcUm2UH7xp16','Mozilla/5.0 (Windows NT 10.0; WOW64; rv:54.0) Gecko/20100101 Firefox/54.0','2017-09-24 07:36:44',0),(116,1,'189.15.188.46','2017-07-19 23:09:29',1,1,'06Q6p3n3ae4dgnJ7rH5r4qACSCZyMJjk5Jw2oVcvC7xIhms6xc9Dx6BARLNl','wGw3LAh2NxmbGHa8A08n','Mozilla/5.0 (Windows NT 10.0; Win64; x64) AppleWebKit/537.36 (KHTML, like Gecko) Chrome/59.0.3071.115 Safari/537.36','2017-07-19 20:09:29',0),(117,3,'187.21.60.162','2017-09-24 10:36:44',1,1,'EbnSwlc14LZHsBX3XKb5K9zTygIx1B86O87tw5u3jGMKqbCesX2XBkPWkhxI','XthfkhBdFMXCLEjYwrxi','Mozilla/5.0 (Windows NT 10.0; Win64; x64) AppleWebKit/537.36 (KHTML, like Gecko) Chrome/59.0.3071.115 Safari/537.36','2017-09-24 07:36:44',0),(118,1,'189.15.188.46','2017-07-19 23:09:29',1,1,'30GdvqyvgwVn94sVPJ7VB9fSQBQxrrw484KJllETAxOmR8L9SnW2yWOeRgiB','IxkbrWJAgJ6ZhWIZYCiW','Mozilla/5.0 (Windows NT 10.0; WOW64; rv:54.0) Gecko/20100101 Firefox/54.0','2017-07-19 20:09:29',0),(119,1,'::1','2017-07-19 23:09:29',1,1,'wqYxlMgQvOHDij28LJiXElqsEGLW5uUYszZtq4tXI9OSeEImyZ3YC9fvZC1L','DTDS0tFphErj5znoHJlL','Mozilla/5.0 (Windows NT 10.0; Win64; x64) AppleWebKit/537.36 (KHTML, like Gecko) Chrome/59.0.3071.115 Safari/537.36','2017-07-19 20:09:29',0),(120,NULL,'::1','2017-07-16 17:09:29',0,0,NULL,NULL,'Mozilla/5.0 (Windows NT 10.0; Win64; x64) AppleWebKit/537.36 (KHTML, like Gecko) Chrome/59.0.3071.115 Safari/537.36',NULL,0),(121,1,'::1','2017-07-19 23:09:29',1,1,'M7rPBT2YObeBxNSuJLC9MozShD2T5ZcmWffmhUFCZZMlnzdb9KFJU1Szzbix','hVyETkthXaJxqGxS1bJu','Mozilla/5.0 (Windows NT 10.0; Win64; x64) AppleWebKit/537.36 (KHTML, like Gecko) Chrome/59.0.3071.115 Safari/537.36','2017-07-19 20:09:29',0),(122,1,'::1','2017-07-19 23:09:29',1,1,'RRXV9CIiGywD2obBlxCQSDfvMCSt189lOd4gsUo28M50wYwAYIzdQBGBD0IZ','1CFlvaFN34jTGAAOmILE','Mozilla/5.0 (Windows NT 10.0; Win64; x64) AppleWebKit/537.36 (KHTML, like Gecko) Chrome/59.0.3071.115 Safari/537.36','2017-07-19 20:09:29',0),(123,1,'::1','2017-07-19 23:09:29',1,1,'guITPxnwJsmD2ZwyGa4nqD3RFnMhwggwCMFrhnJtfoxlg12xteAihsjEe8xW','4W5argSMyj7fYEH9uCYL','Mozilla/5.0 (Windows NT 10.0; Win64; x64) AppleWebKit/537.36 (KHTML, like Gecko) Chrome/59.0.3071.115 Safari/537.36','2017-07-19 20:09:29',0),(124,3,'::1','2017-07-18 07:04:36',2,0,NULL,NULL,'Mozilla/5.0 (Windows NT 10.0; Win64; x64) AppleWebKit/537.36 (KHTML, like Gecko) Chrome/59.0.3071.115 Safari/537.36',NULL,0),(125,3,'::1','2017-09-24 10:36:44',1,1,'r20BfLU8XF0vN0Hl3UxBOhBwspiLs5nzOr3HvWsheivxicD9Zdf5d2UuiDb5','cVOPByPnjgaTubpa1BsW','Mozilla/5.0 (Windows NT 10.0; Win64; x64) AppleWebKit/537.36 (KHTML, like Gecko) Chrome/59.0.3071.115 Safari/537.36','2017-09-24 07:36:44',0),(126,3,'::1','2017-09-24 10:36:44',1,1,'agqba79a8gJ0YZHuagLxV87RpyDo1SjodiGxGeuELt8MUwzOSsmHMMAxQZoM','g6wTRD2BMFb7q5kQX6ha','Mozilla/5.0 (Windows NT 10.0; Win64; x64) AppleWebKit/537.36 (KHTML, like Gecko) Chrome/59.0.3071.115 Safari/537.36','2017-09-24 07:36:44',0),(127,3,'::1','2017-09-24 10:36:44',1,1,'sORcSMNKGlcdyDQEnHkCpSdq66AZBS8EBX2qNO2u4homTkt0V49Nk75ZIRv3','xS7SgZf8tM21BN8UTjFK','Mozilla/5.0 (Windows NT 10.0; Win64; x64) AppleWebKit/537.36 (KHTML, like Gecko) Chrome/59.0.3071.115 Safari/537.36','2017-09-24 07:36:44',0),(128,1,'::1','2017-07-19 23:09:29',1,1,'Yfh0FWt3YgfhuvLed0R7lxDZaSKgBpcFw5Uwkr55oiaky9rxMkl6sZSWZfEp','PJC3vfRNo23vgVO7Rm6a','Mozilla/5.0 (Windows NT 10.0; Win64; x64) AppleWebKit/537.36 (KHTML, like Gecko) Chrome/59.0.3071.115 Safari/537.36','2017-07-19 20:09:29',0),(129,1,'::1','2017-07-19 23:09:29',1,1,'GXv2ioLEPcS7eIp40woLgpbMB84vFnLi0ySI0ejvQeZcxqEybDEyvN8LDVaK','HJAc2Ufb5h28qzjxeduh','Mozilla/5.0 (Windows NT 10.0; Win64; x64) AppleWebKit/537.36 (KHTML, like Gecko) Chrome/59.0.3071.115 Safari/537.36','2017-07-19 20:09:29',0),(130,1,'127.0.0.1','2017-07-19 23:09:29',1,1,'c1LagTAlFh7PVkacTMleIG4UqKpNhxa9kntTFSgOUDKsjvlzM27TKMCkwSiC','1wuxyejR0MO5uIwEyt1D','Mozilla/5.0 (Windows NT 10.0; WOW64; rv:54.0) Gecko/20100101 Firefox/54.0','2017-07-19 20:09:29',0),(131,1,'127.0.0.1','2017-07-19 23:09:29',1,1,'Y9H2lu8KZrzR2RFwKV2JWOT3ZGJjo44jvI9kqr39wPm6Iao0TieakQ4uXi8i','bz0grxNoM136Ua6ppzA7','Mozilla/5.0 (Windows NT 10.0; WOW64; rv:54.0) Gecko/20100101 Firefox/54.0','2017-07-19 20:09:29',0),(132,1,'127.0.0.1','2017-07-19 23:09:29',1,1,'8hPNI11lCK2wCszkPobfkSg6L3l7B2jpvNALHl6K6LjCzicFRGrMQUexwsMp','UOe7nKCDsVFwuET8L7I3','Mozilla/5.0 (Windows NT 10.0; WOW64; rv:54.0) Gecko/20100101 Firefox/54.0','2017-07-19 20:09:29',0),(133,1,'127.0.0.1','2017-07-19 23:09:29',1,1,'unqxkuSde3HNcw0Y4A7ou7YSrBtLRlDSqtAUNtvpz1GaN65DCcLaikTrfjpu','3mcjn2jnKTg64PbMjC1G','Mozilla/5.0 (Windows NT 10.0; WOW64; rv:54.0) Gecko/20100101 Firefox/54.0','2017-07-19 20:09:29',0),(134,3,'127.0.0.1','2017-09-24 10:36:44',1,1,'gEOYWM41V5OvtDOTDJBs2XjvyQjMcHAjgvzt0Ks8UuGciUMsoG0DyRiRbc3C','SkDF4Ab5QEo9XBSVH6NJ','Mozilla/5.0 (Windows NT 10.0; WOW64; rv:54.0) Gecko/20100101 Firefox/54.0','2017-09-24 07:36:44',0),(135,1,'127.0.0.1','2017-07-19 23:09:29',1,1,'nCnMCffMucBpxouqKDsk8Qul19QbNXPaflGOLd2tdYm9Eo9rsqab1QAScQwD','2cqnPz7SRxBPCOm4Fqt4','Mozilla/5.0 (Windows NT 10.0; WOW64; rv:54.0) Gecko/20100101 Firefox/54.0','2017-07-19 20:09:29',0),(136,1,'127.0.0.1','2017-07-19 23:09:29',1,1,'G5Y9P2mRoRB1p2kMPt8DgQFcqxLpf79VbepMty0dFLLrw8EGDTkM9q6mxyvH','HOVS75h3361EOxy4iBv2','Mozilla/5.0 (Windows NT 10.0; WOW64; rv:54.0) Gecko/20100101 Firefox/54.0','2017-07-19 20:09:29',0),(137,1,'::1','2017-07-19 23:09:29',1,1,'qzkMS9vRRfJWYfEelifaVb2FNzLzKEPEq9GG144q33TuHGF451x0x5kVXnr7','nDJQaJqoRWfyso7I2For','Mozilla/5.0 (Windows NT 10.0; Win64; x64) AppleWebKit/537.36 (KHTML, like Gecko) Chrome/59.0.3071.115 Safari/537.36','2017-07-19 20:09:29',0),(138,1,'::1','2017-07-19 23:09:29',1,1,'n9mpEbdKT4oHFn3G1HOx6FG1AiDFamGybnTt6CcuGAGC6vPrDKQRpV9HP7E9','HgoQKARqSiCbPv9rpAqn','Mozilla/5.0 (Windows NT 10.0; Win64; x64) AppleWebKit/537.36 (KHTML, like Gecko) Chrome/59.0.3071.115 Safari/537.36','2017-07-19 20:09:29',0),(139,3,'127.0.0.1','2017-09-24 10:36:44',1,1,'Tk81PJuHZgqaAOsY8GCUwTYZqZI4ZpqSjHcj7ThQF50Q7q8c2Giqv49JqXco','MnKWnKqoMGLrmF0o4g0n','Mozilla/5.0 (Windows NT 10.0; WOW64; rv:54.0) Gecko/20100101 Firefox/54.0','2017-09-24 07:36:44',0),(140,1,'127.0.0.1','2017-07-19 23:09:29',1,1,'PqkSf6KNua8ZLkJgGLrizvzUVRW6MUYAUWvfReIj9k7fCUs1kgyfrzyXkvoz','OqADN06zucPy88rYaPQn','Mozilla/5.0 (Windows NT 10.0; WOW64; rv:54.0) Gecko/20100101 Firefox/54.0','2017-07-19 20:09:29',0),(141,3,'127.0.0.1','2017-09-24 10:36:44',1,1,'xG0kfrKB2hdJ3cU4Wez4O9KMMGk271KCm93KJnva3msO62Tv3Lr0xWjnTSCq','pN01LcJBXSXd0zvMcCgI','Mozilla/5.0 (Windows NT 10.0; WOW64; rv:54.0) Gecko/20100101 Firefox/54.0','2017-09-24 07:36:44',0),(142,3,'127.0.0.1','2017-09-24 10:36:44',1,1,'Z5U4MANeylzOMe2UDiLfgfzBfjHUbn2vD0G8vGIDvwW75MyRHhYvuB1gVhvr','FA5RNUJOIRUGhpgpn5IR','Mozilla/5.0 (Windows NT 10.0; WOW64; rv:54.0) Gecko/20100101 Firefox/54.0','2017-09-24 07:36:44',0),(143,3,'::1','2017-09-24 10:36:44',1,1,'Rbe4ml43bNeXjRmle0QxR3Id3do5AE9nFYY4TSLobVdOtgmPBSlz2HOw01ce','QKO0wqdfk0joeLujH2em','Mozilla/5.0 (Windows NT 10.0; Win64; x64) AppleWebKit/537.36 (KHTML, like Gecko) Chrome/59.0.3071.115 Safari/537.36','2017-09-24 07:36:44',0),(144,1,'127.0.0.1','2017-07-19 23:09:29',1,1,'RVHyhnmjzrmjzZiaAjpN0YQRq7fTaWBLpJLPwkYxsnyu5jAOwz86BbtDcgZ6','TFlGBXQzFop2YdF4Tfec','Mozilla/5.0 (Windows NT 10.0; WOW64; rv:54.0) Gecko/20100101 Firefox/54.0','2017-07-19 20:09:29',0),(145,1,'127.0.0.1','2017-07-19 23:09:29',1,1,'7ftFBXCv1oEI8OqwP8G2aPoZi22zHd4WQu5u6rmbyc4vnOEN8Omg6dX2RtXu','X2WltSPyY5q1dqyJNSpe','Mozilla/5.0 (Windows NT 10.0; WOW64; rv:54.0) Gecko/20100101 Firefox/54.0','2017-07-19 20:09:29',0),(146,1,'::1','2017-07-19 08:05:12',2,0,NULL,NULL,'Mozilla/5.0 (Windows NT 10.0; Win64; x64) AppleWebKit/537.36 (KHTML, like Gecko) Chrome/59.0.3071.115 Safari/537.36',NULL,0),(147,1,'::1','2017-07-19 23:09:29',1,1,'wtLLTGi77KX9Hdy93E94KjuH1XSY23NjIPBUoba178Ep7UxLo9pMd9z5vnIE','9Qznmng0tEggJT5g1svX','Mozilla/5.0 (Windows NT 10.0; Win64; x64) AppleWebKit/537.36 (KHTML, like Gecko) Chrome/59.0.3071.115 Safari/537.36','2017-07-19 20:09:29',0),(148,1,'127.0.0.1','2017-07-19 23:09:29',1,1,'yOEI7GDve4nva2awAqSQQNZJU2i9CsNF5IPcsx0V2mAJAw1vFyZFrMpAlMGO','DB96Jx4PbSwKhj1llNa8','Mozilla/5.0 (Windows NT 10.0; WOW64; rv:54.0) Gecko/20100101 Firefox/54.0','2017-07-19 20:09:29',0),(149,3,'127.0.0.1','2017-09-24 10:36:44',1,1,'FTmbQO2NSV0Fww88HgyC4N5FdloXHwIcK3IvbYgddqn59ykRXnx1TYpXmRyP','VvCbmreHmmv6K4V7fthB','Mozilla/5.0 (Windows NT 10.0; WOW64; rv:54.0) Gecko/20100101 Firefox/54.0','2017-09-24 07:36:44',0),(150,1,'127.0.0.1','2017-07-19 23:09:29',1,1,'i7EHdXWSI6A5wNnqdG1tLDpWpcKoSTOt4b0N04LgnJ72PcTekmIfyfxjGVqE','XWWzD4sKTBewvui9p5IG','Mozilla/5.0 (Windows NT 10.0; WOW64; rv:54.0) Gecko/20100101 Firefox/54.0','2017-07-19 20:09:29',0),(151,3,'127.0.0.1','2017-09-24 10:36:44',1,1,'YT8lB0nDeLLNPb7qOjnceKexo1tge462AFWOcdbDfHRVgpoM6n108ne3sfVi','HudLuJqYzMd2cTLrFMMv','Mozilla/5.0 (Windows NT 10.0; WOW64; rv:54.0) Gecko/20100101 Firefox/54.0','2017-09-24 07:36:44',0),(152,3,'127.0.0.1','2017-09-24 10:36:44',1,1,'wJQM7TR5clZgo6CfsGIollewDz6pGPbXrHNHhbofqcvrfwug5r0fFC5qr3ym','Zx4xonNo75ZV2LZoRQ9S','Mozilla/5.0 (Windows NT 10.0; WOW64; rv:54.0) Gecko/20100101 Firefox/54.0','2017-09-24 07:36:44',0),(153,1,'127.0.0.1','2017-07-19 23:09:29',1,1,'eZdnuzzgHmg7Djqxbqr5AW8xIKRVCUbQzUqSKytE5izZ9TZcnqoTcMIE4cB2','L6d1NBJBCRTl7XrPQRWq','Mozilla/5.0 (Windows NT 10.0; WOW64; rv:54.0) Gecko/20100101 Firefox/54.0','2017-07-19 20:09:29',0),(154,1,'::1','2017-07-19 23:09:29',1,1,'S6SA6Y6TbpKVhawOzUm04DHumumPwKRRgf0rnXmkNw18NAKWvQQkhgkUDDfY','DgvN9GXs6yndt8XxFSyS','Mozilla/5.0 (Windows NT 10.0; Win64; x64) AppleWebKit/537.36 (KHTML, like Gecko) Chrome/59.0.3071.115 Safari/537.36','2017-07-19 20:09:29',0),(155,1,'127.0.0.1','2017-07-19 23:09:29',1,1,'ISK53giOM6etgS2ABH5jq5snjlVjlfbxA2ISr7aehsM7gRO835dijr7qfGW9','K1J1isfeFGckUlGarhLx','Mozilla/5.0 (Windows NT 10.0; WOW64; rv:54.0) Gecko/20100101 Firefox/54.0','2017-07-19 20:09:29',0),(156,1,'127.0.0.1','2017-11-08 07:05:40',1,1,'f6ga6Ny56OwGAC1zCBRR7fDkanSj2Eu95WumSXBM4k086AUyBnlK12l9h4Gq','ZwFXDR5N4bdR6b6sR98M','Mozilla/5.0 (Windows NT 10.0; WOW64; rv:54.0) Gecko/20100101 Firefox/54.0','2017-11-08 02:05:40',0),(157,3,'::1','2017-09-24 10:36:44',1,1,'eL8t2j8v0XJVjdY6xfEAYRYxgr0qOl02ogXyn5sI9FtxbjsT3zCg3vLpEgod','tQnjYxhWMlZB8sosD83C','Mozilla/5.0 (Windows NT 10.0; Win64; x64) AppleWebKit/537.36 (KHTML, like Gecko) Chrome/59.0.3071.115 Safari/537.36','2017-09-24 07:36:44',0),(158,1,'::1','2017-11-08 07:05:40',1,1,'4fSlmBAkpt6ezjFsSDPZGa8TviDIdaGgUDEkMNPhGsq802StVg3Gq4vxzGl0','n2V5bqwo273U2EoPebEl','Mozilla/5.0 (Windows NT 10.0; Win64; x64) AppleWebKit/537.36 (KHTML, like Gecko) Chrome/59.0.3071.115 Safari/537.36','2017-11-08 02:05:40',0),(159,1,'127.0.0.1','2017-11-08 07:05:40',1,1,'EYcxmxWHablVbEPZvWzDyTRiRFrWcwfQdlGPoHei4UN4BrxgF4IHLLCkpplO','egQMMA5aHX1LoJC9CepJ','Mozilla/5.0 (Windows NT 10.0; WOW64; rv:54.0) Gecko/20100101 Firefox/54.0','2017-11-08 02:05:40',0),(160,3,'127.0.0.1','2017-09-24 10:36:44',1,1,'l6VKPYHwoiNa9dTlYSIvqn6M0wIx914CQvWp9oPqvfd2rlphBR90C0P2nyCU','DV38s8fyMViyD30S3wk5','Mozilla/5.0 (Windows NT 10.0; WOW64; rv:54.0) Gecko/20100101 Firefox/54.0','2017-09-24 07:36:44',0),(161,1,'::1','2017-11-08 07:05:40',1,1,'EIOY07salHsBedWLYrbkDvM3HjDTe21l02JUonleX4OOaVnoWBXy5LNIfRLU','1jqvqXZrd4I2S3Bh4vbm','Mozilla/5.0 (Windows NT 10.0; Win64; x64) AppleWebKit/537.36 (KHTML, like Gecko) Chrome/59.0.3071.115 Safari/537.36','2017-11-08 02:05:40',0),(162,1,'::1','2017-11-08 07:05:40',1,1,'yWwSzvR7nBnl2fJPwJn6qW9Pon7mg58fvASE1Q76VNSF7xm8iILpKIQMFIAW','pUUn6KOyKNZpfEv8NuaO','Mozilla/5.0 (Windows NT 10.0; WOW64; rv:54.0) Gecko/20100101 Firefox/54.0','2017-11-08 02:05:40',0),(163,1,'::1','2017-11-08 07:05:40',1,1,'9Tz9qH1a7uLwJ2KVzz2Nd0PP9UlOYqpHkzBmUxqDe0F2VOiGlXCNK3yGaYB4','0Z83IJG5iCLvYY5hy2nu','Mozilla/5.0 (Windows NT 10.0; Win64; x64) AppleWebKit/537.36 (KHTML, like Gecko) Chrome/59.0.3071.115 Safari/537.36','2017-11-08 02:05:40',0),(164,1,'127.0.0.1','2017-11-08 07:05:40',1,1,'A3kXtfN00sFSJvLAR8MxhQYSYVVjLywy2cjYn8MZg1Ub2naKpracCKq5chss','uQBNgacTfbyYI24yvtjn','Mozilla/5.0 (Windows NT 10.0; WOW64; rv:54.0) Gecko/20100101 Firefox/54.0','2017-11-08 02:05:40',0),(165,1,'127.0.0.1','2017-11-08 07:05:40',1,1,'Sdh5OH9txzkjuCyPmIVxFb5qUZOMOP6vt5kwwTcaBAjB7NhmdP2jfvkQcKU2','enDqIGqy0X9w1gSk0eqC','Mozilla/5.0 (Windows NT 10.0; WOW64; rv:54.0) Gecko/20100101 Firefox/54.0','2017-11-08 02:05:40',0),(166,3,'127.0.0.1','2017-09-24 10:36:44',1,1,'rXP0rpyJnMtdwBNHrHvOsAeHijeUWYtpbakzIagVbFTAOxfaiv7xpTtDGh4i','4RHDJrhTZv2JwPfgadAy','Mozilla/5.0 (Windows NT 10.0; WOW64; rv:54.0) Gecko/20100101 Firefox/54.0','2017-09-24 07:36:44',0),(167,1,'127.0.0.1','2017-11-08 07:05:40',1,1,'tba3zAtV2RetEoKcMzsIlR3AsuuKUsoUI6dbxREQBcieaUQPDO8Q6yiNEyMz','1NXQ2HmITImIoQPc08uh','Mozilla/5.0 (Windows NT 10.0; WOW64; rv:54.0) Gecko/20100101 Firefox/54.0','2017-11-08 02:05:40',0),(168,3,'::1','2017-09-24 10:36:44',1,1,'oD3fbdnUPKscsg3I46LOnfi1vmeEP3sDJmN6DzPvtBCaIRN91EUby2AqNZ13','PFdEo13z7K4acysGOldG','Mozilla/5.0 (Windows NT 10.0; Win64; x64) AppleWebKit/537.36 (KHTML, like Gecko) Chrome/59.0.3071.115 Safari/537.36','2017-09-24 07:36:44',0),(169,1,'::1','2017-11-08 07:05:40',1,1,'ziGJyYHroAE6cfWboIBckv3Fakke24Ny9Ju1xxEK4wEiSBFVXz9NqqmSh0x6','Pv3taOokO2yjKog6vPAT','Mozilla/5.0 (Windows NT 10.0; WOW64; rv:54.0) Gecko/20100101 Firefox/54.0','2017-11-08 02:05:40',0),(170,1,'127.0.0.1','2017-11-08 07:05:40',1,1,'YKN9ntjVmwB1lxG5nWwuZ9Vu3QGa1sJ8HGzRaTwq7br10cRc0biJuFAUSzRg','aAc91FLhL5NklcsrLoF4','Mozilla/5.0 (Windows NT 10.0; WOW64; rv:54.0) Gecko/20100101 Firefox/54.0','2017-11-08 02:05:40',0),(171,3,'::1','2017-09-24 10:36:44',1,1,'HnxWDjFACcNpjOnDECpTw8CCWAqj7i18zqLpHoL3VThh0MP1O2vkEqca53cw','xwHUURCdqXozuz7UqNLe','Mozilla/5.0 (Windows NT 10.0; Win64; x64) AppleWebKit/537.36 (KHTML, like Gecko) Chrome/59.0.3071.115 Safari/537.36','2017-09-24 07:36:44',0),(172,3,'::1','2017-09-24 10:36:44',1,1,'0L2InFu3umYiotG9ZC637aGrPjrDzLHmDcfIxxJsVKygELFh7TOAg7Pwfgmj','GaAVD3YVVS4aqd5nw1DD','Mozilla/5.0 (Windows NT 10.0; Win64; x64) AppleWebKit/537.36 (KHTML, like Gecko) Chrome/59.0.3071.115 Safari/537.36','2017-09-24 07:36:44',0),(173,3,'127.0.0.1','2017-09-24 10:36:44',1,1,'AtihrEOWgnNo7JFeQKT3aiNMW6K0niH7vxm6pLmtyaDJodMAIcOStkRzghk1','UeSm2zqpr9R32Cfyv2aw','Mozilla/5.0 (Windows NT 10.0; WOW64; rv:54.0) Gecko/20100101 Firefox/54.0','2017-09-24 07:36:44',0),(174,3,'127.0.0.1','2017-09-24 10:36:44',1,1,'YGvbqkfANWqscjAYZIiQNVleGcUkAp8fCcABHpuXqlx3LT6g5NdRawdVZ6cz','gG8Yov9JM6i0H3VJCpNv','Mozilla/5.0 (Windows NT 10.0; WOW64; rv:54.0) Gecko/20100101 Firefox/54.0','2017-09-24 07:36:44',0),(175,3,'127.0.0.1','2017-09-24 10:36:44',1,1,'Z2W3pwzJEDhoRBsskim5IafvPVU9rKnfRIbFFaqdFZh3UbBj6eqvjsBpue3E','wvwzwu5wln9jeIHtjoEI','Mozilla/5.0 (Windows NT 10.0; WOW64; rv:54.0) Gecko/20100101 Firefox/54.0','2017-09-24 07:36:44',0),(176,3,'::1','2017-09-24 10:36:44',1,1,'ZYo5xfpsCjuSeA7w5fl5fovHTbvY7qh1Fkt8HybTIJnCEB3QVrxWEyBZT8In','a51QFVp8GC77Sb68m8rS','Mozilla/5.0 (Windows NT 10.0; WOW64; rv:54.0) Gecko/20100101 Firefox/54.0','2017-09-24 07:36:44',0),(177,3,'::1','2017-09-24 10:36:44',1,1,'7c7SjXyAvC62e90WfFKCoy2v9gU0peBDivFVIPy6nLZEuo5yn8B6ooGfzXAJ','FtcvJ28d9ercQbV6opQ6','Mozilla/5.0 (Windows NT 10.0; WOW64; rv:54.0) Gecko/20100101 Firefox/54.0','2017-09-24 07:36:44',0),(178,3,'::1','2017-09-24 10:36:44',1,1,'vXZIz9qDZK2XZlvSLMgk45kmlI3b3hH2HmfpoYm4HfQlWf4nn1tflO0pEVV9','muIbj7B3baSfHKJ2CQfw','Mozilla/5.0 (Windows NT 10.0; WOW64; rv:54.0) Gecko/20100101 Firefox/54.0','2017-09-24 07:36:44',0),(179,3,'::1','2017-09-24 10:36:44',1,1,'Gd9vMfLvIDgI1nFeJxN1G8naHZOnAbaQxACBpgop9tuJpFtzniC2ayV7V69B','TeEhol3WUfV67QCeNcE6','Mozilla/5.0 (Windows NT 10.0; WOW64; rv:54.0) Gecko/20100101 Firefox/54.0','2017-09-24 07:36:44',0),(180,3,'::1','2017-09-24 10:36:44',1,1,'oJ73hKozCRsfp7xUTB5Mu0pjWglgCOGu98Tc2MiNqnRc5u9iKuihlXaIHYCe','jrfqVx219Fa4nddqJI84','Mozilla/5.0 (Windows NT 10.0; WOW64; rv:54.0) Gecko/20100101 Firefox/54.0','2017-09-24 07:36:44',0),(181,3,'::1','2017-09-24 10:36:44',1,1,'UxubDwW7H5N2LKcV2UJw814Oky5OUO5IK6S7nqLOdudADL9BxzACTxVeBcUb','crs7Ipf1zX3UCgHCfYVJ','Mozilla/5.0 (Windows NT 10.0; Win64; x64) AppleWebKit/537.36 (KHTML, like Gecko) Chrome/59.0.3071.115 Safari/537.36','2017-09-24 07:36:44',0),(182,3,'127.0.0.1','2017-09-24 10:36:44',1,1,'nJXAmYSWAmQvUMGK7wOkazcGtYXNHjAxfIgvZRPKJwBBSN624fncAagcCguo','uANSm11rjZ8iGOhCFftE','Mozilla/5.0 (Windows NT 10.0; WOW64; rv:54.0) Gecko/20100101 Firefox/54.0','2017-09-24 07:36:44',0),(183,3,'::1','2017-09-24 10:36:44',1,1,'IShrCncESfoABAgHsOt9dpat2uNXQU328A4zjMwann6viFgNDcQjhb4MfvdE','ZG9e8QEwtPOwQR7Ceb6L','Mozilla/5.0 (Windows NT 10.0; Win64; x64) AppleWebKit/537.36 (KHTML, like Gecko) Chrome/59.0.3071.115 Safari/537.36','2017-09-24 07:36:44',0),(184,3,'127.0.0.1','2017-09-24 10:36:44',1,1,'ZRqgx6ZDqUYFA9F0hAbETWG04WcHcDUwwPbX4EB8Xs3y3GgZrLwQX2wFFrwK','Dinh92uonEXtoJUdZlTz','Mozilla/5.0 (Windows NT 10.0; WOW64; rv:54.0) Gecko/20100101 Firefox/54.0','2017-09-24 07:36:44',0),(185,3,'127.0.0.1','2017-09-24 10:36:44',1,1,'Y8pI798JDNxame5gEtHz3cmYBM3rOZsiStMloDkCA4MvwCZqCWjYOdT5UKE6','WOmerBTucF2pvSdXk4rA','Mozilla/5.0 (Windows NT 10.0; WOW64; rv:54.0) Gecko/20100101 Firefox/54.0','2017-09-24 07:36:44',0),(186,3,'::1','2017-09-24 10:36:44',1,1,'5FkNYPpxigZTcIgmIjYH4lDkJkjolFWR7DE7nYolhAGVie9ZuBeMphei19Um','fxGgykq5fXX4QIFvwOS7','Mozilla/5.0 (Windows NT 10.0; Win64; x64) AppleWebKit/537.36 (KHTML, like Gecko) Chrome/59.0.3071.115 Safari/537.36','2017-09-24 07:36:44',0),(187,1,'::1','2017-11-08 07:05:40',1,1,'4ujzJKo6VEF5e7ACwShGF7ansJ9xE80qiwMhaG3ijF5kMdoDkL6sTLYk40z6','jFnNWOMKa5ErnodCsJmG','Mozilla/5.0 (Windows NT 10.0; WOW64; rv:54.0) Gecko/20100101 Firefox/54.0','2017-11-08 02:05:40',0),(188,3,'127.0.0.1','2017-09-24 10:36:44',1,1,'LCBKuy5m8dGOtuX15OiYKctDLWOqqpuqARV7I2z2zYZIdUfthGamJrPNmaQw','UzlmShhIVCmXrcipoOzU','Mozilla/5.0 (Windows NT 10.0; WOW64; rv:54.0) Gecko/20100101 Firefox/54.0','2017-09-24 07:36:44',0),(189,3,'::1','2017-09-24 10:36:44',1,1,'hgzzE1HXVKUP3ZCk3PWRwNCm4lNFIcALxa3gr4tSpjWlzEfvl2E6Guzb4Qli','AUgFun4SLQguzf709KTu','Mozilla/5.0 (Windows NT 10.0; Win64; x64) AppleWebKit/537.36 (KHTML, like Gecko) Chrome/59.0.3071.115 Safari/537.36','2017-09-24 07:36:44',0),(190,3,'::1','2017-09-24 10:36:44',1,1,'px8K1uaZ7nwRYCC9izxnycHy1kzbyz1Ufcil8jZA5phhhIbfSAsD1ME4WTAb','Rn7HKRYd3jFkd73Fyu2E','Mozilla/5.0 (Windows NT 10.0; WOW64; rv:54.0) Gecko/20100101 Firefox/54.0','2017-09-24 07:36:44',0),(191,3,'127.0.0.1','2017-09-24 10:36:44',1,1,'PippBUNmqsIAcTGsnoPzpZYJVaJ3vDz7Q1SPdcVrI3uo7tSZBjdPUqpJVrv1','FceEMPSxxbBoGXMWlkoL','Mozilla/5.0 (Windows NT 10.0; WOW64; rv:54.0) Gecko/20100101 Firefox/54.0','2017-09-24 07:36:44',0),(192,3,'::1','2017-09-24 10:36:44',1,1,'ibdXDnglBNxdVrrQoNS7exlzFlrLXen9LBcDemnL6uMWD4i5Z2mDKZYfmrEa','YTcVWeU5ECcUtUFPWJEz','Mozilla/5.0 (Windows NT 10.0; Win64; x64) AppleWebKit/537.36 (KHTML, like Gecko) Chrome/59.0.3071.115 Safari/537.36','2017-09-24 07:36:44',0),(193,3,'127.0.0.1','2017-09-24 10:36:44',1,1,'RDgiU9Dy4TnjWbAw7GIUKL5V1CY9Z1fgmzP21y4smEJ6hrSWfGQfdWweov8x','tsLspZZKIJLQgGhynjen','Mozilla/5.0 (Windows NT 10.0; WOW64; rv:54.0) Gecko/20100101 Firefox/54.0','2017-09-24 07:36:44',0),(194,3,'::1','2017-09-24 10:36:44',1,1,'moaMxDhWcHqzB0140BWFpTUUArAYL3atSX8KQscHa4HN20aN6oG3qDeedcqy','Nx8OWkbatKVP3qBBxuZN','Mozilla/5.0 (Windows NT 10.0; Win64; x64) AppleWebKit/537.36 (KHTML, like Gecko) Chrome/59.0.3071.115 Safari/537.36','2017-09-24 07:36:44',0),(195,3,'::1','2017-09-24 10:36:44',1,1,'vaQDkz3XBbWmNe4o40R94560IzmM5W0zyl2xw133OgafjO6JGL0oW2WQlyrF','cvQbdVEqD4LzWwiNT7wr','Mozilla/5.0 (Windows NT 10.0; WOW64; rv:54.0) Gecko/20100101 Firefox/54.0','2017-09-24 07:36:44',0),(196,3,'127.0.0.1','2017-09-24 10:36:44',1,1,'7uGjPf0IeANmZ0AtVC70VLzoigfeIjHgt9bnVsAGlBevcSa10s4aLg9czBcw','PST0u09XOMpFgVVjUMWA','Mozilla/5.0 (Windows NT 10.0; WOW64; rv:54.0) Gecko/20100101 Firefox/54.0','2017-09-24 07:36:44',0),(197,3,'::1','2017-08-05 02:35:39',2,0,NULL,NULL,'Mozilla/5.0 (Windows NT 10.0; Win64; x64) AppleWebKit/537.36 (KHTML, like Gecko) Chrome/59.0.3071.115 Safari/537.36',NULL,0),(198,3,'::1','2017-09-24 10:36:44',1,1,'FfdWrVYhnFotGfz42wnq53kveKRM1bVhpvNmrD4GfUqwBsQTviqcwON4lHxa','ODHNobd2oWO6dgIP8PAS','Mozilla/5.0 (Windows NT 10.0; Win64; x64) AppleWebKit/537.36 (KHTML, like Gecko) Chrome/59.0.3071.115 Safari/537.36','2017-09-24 07:36:44',0),(199,3,'::1','2017-09-24 10:36:44',1,1,'ZR9fRtQ4YVca3ADVLhSYUFbXI1Ne3D2yvKX5XA7hCDpui6AEM6xu4SGP12P2','dXdwFYKBIoETkDBgd1wC','Mozilla/5.0 (Windows NT 10.0; Win64; x64) AppleWebKit/537.36 (KHTML, like Gecko) Chrome/59.0.3071.115 Safari/537.36','2017-09-24 07:36:44',0),(200,3,'::1','2017-09-24 10:36:44',1,1,'VwRWGBcUkk9mKGJdnENrw6Q96j4U5dKlxVaqLSb3ye6BJ2A6v56KxHp0QGLo','9cjorX3cbRQB1yZrxZIs','Mozilla/5.0 (Windows NT 10.0; Win64; x64) AppleWebKit/537.36 (KHTML, like Gecko) Chrome/59.0.3071.115 Safari/537.36','2017-09-24 07:36:44',0),(201,3,'::1','2017-09-24 10:36:44',1,1,'UCqx74QmtxaOdD9A9Loc9eEiU3ZcZpbGkrwsIZOoHhFbdqrd0hWZ3DQCc2xn','gOMlb2wQ56TSr2S7xyeN','Mozilla/5.0 (Windows NT 10.0; Win64; x64) AppleWebKit/537.36 (KHTML, like Gecko) Chrome/59.0.3071.115 Safari/537.36','2017-09-24 07:36:44',0),(202,3,'::1','2017-09-24 10:36:44',1,1,'j7eKcqe0wciGQVInRR5OzfZVguMC6GX73Is9sZD533cMb3QYLKxBhlLHRy8H','IIKtBpVJlP05TZFUzQzn','Mozilla/5.0 (Windows NT 10.0; Win64; x64) AppleWebKit/537.36 (KHTML, like Gecko) Chrome/59.0.3071.115 Safari/537.36','2017-09-24 07:36:44',0),(203,3,'127.0.0.1','2017-09-24 10:36:44',1,1,'o4odiwmDwp3nnmSiPWbkal1jj36vNtzQFjVPtbVxBtpq1qefS1LmIvMeCE4G','FTYdLwSQjVYIKKZTP1h1','Mozilla/5.0 (Windows NT 10.0; WOW64; rv:54.0) Gecko/20100101 Firefox/54.0','2017-09-24 07:36:44',0),(204,3,'::1','2017-09-24 10:36:44',1,1,'9SkGhsr2Ol3076UzuvF0zLScr17fQ9TwaqqrvFiqKzpa9fC1cZrkXyHnd0iW','7THGKFN1WrNdUQc2Teqz','Mozilla/5.0 (Windows NT 10.0; Win64; x64) AppleWebKit/537.36 (KHTML, like Gecko) Chrome/59.0.3071.115 Safari/537.36','2017-09-24 07:36:44',0),(205,3,'::1','2017-09-24 10:36:44',1,1,'XcDuQY4YegXmnueW9oyTR8MqfQ733YJnMVAv3NZmevYQb1CRqXrhbd0aRxpT','MHfpHhaWCgl2BZr6bv15','Mozilla/5.0 (Windows NT 10.0; WOW64; rv:54.0) Gecko/20100101 Firefox/54.0','2017-09-24 07:36:44',0),(206,3,'::1','2017-09-24 10:36:44',1,1,'UGpwGklp7OJ8Y41v9gDmc5C9dwjlLXHe0FWGaiD6ALzECKFrb6dkDwfZka0K','Y73Ai99kxGbOAe2r7iPc','Mozilla/5.0 (Windows NT 10.0; Win64; x64) AppleWebKit/537.36 (KHTML, like Gecko) Chrome/59.0.3071.115 Safari/537.36','2017-09-24 07:36:44',0),(207,NULL,'::1','2017-08-07 18:50:16',0,0,NULL,NULL,'Mozilla/5.0 (Windows NT 10.0; WOW64; rv:54.0) Gecko/20100101 Firefox/54.0',NULL,0),(208,3,'::1','2017-09-24 10:36:44',1,1,'ufvm83Z7YKJXlQTwn3wUNlM4d24H1v7p6aaCWeTECgCgH00xu8N60dLoFrYo','9e5kAESBcigsBU5oNJk2','Mozilla/5.0 (Windows NT 10.0; WOW64; rv:54.0) Gecko/20100101 Firefox/54.0','2017-09-24 07:36:44',0),(209,3,'127.0.0.1','2017-09-24 10:36:44',1,1,'Ed0KKFdSRiappoBOi8KpugCD4lfK6yFK8BjJU5VqrVwEtngamNEC52pl82LA','5QnzXLe5YBXXDwSQ7o5z','Mozilla/5.0 (Windows NT 10.0; WOW64; rv:54.0) Gecko/20100101 Firefox/54.0','2017-09-24 07:36:44',0),(210,3,'187.21.60.162','2017-09-24 10:36:44',1,1,'JiOQqsjt1uSptFdvmEGj7DvIHpYkGxJ65rbalmKzuIcVVxAIi1UIyPG8Z41X','s08SSUXNel6O8moHUFcE','Mozilla/5.0 (Windows NT 10.0; Win64; x64) AppleWebKit/537.36 (KHTML, like Gecko) Chrome/59.0.3071.115 Safari/537.36','2017-09-24 07:36:44',0),(211,3,'177.106.157.26','2017-09-24 10:36:44',1,1,'HRhoW6PEg2MMetKHq55BfKej5TM8KKrKVI77lTJGzPpmCRckThGxBpxyoSXv','VnBVp49faBerSjqufiQV','Mozilla/5.0 (Windows NT 10.0; Win64; x64) AppleWebKit/537.36 (KHTML, like Gecko) Chrome/59.0.3071.115 Safari/537.36','2017-09-24 07:36:44',0),(212,3,'177.106.157.26','2017-09-24 10:36:44',1,1,'dyAG9GDeSubVEHTOW31AhGJRJV6RMvHzQtMZAjoUMXpaZ54gAZxLu8hsC2iM','oyJnEQYklMdLscLgsDoU','Mozilla/5.0 (Windows NT 10.0; WOW64; rv:54.0) Gecko/20100101 Firefox/54.0','2017-09-24 07:36:44',0),(213,3,'189.15.215.95','2017-09-24 10:36:44',1,1,'YYsHPKIflTAFJl3Wd91snhZUFWSqSyDxxUiBmOP1xK60kWuh7xIQiXLAkxR3','OKujz12V9vlYiTrKOiWE','Mozilla/5.0 (Windows NT 10.0; Win64; x64) AppleWebKit/537.36 (KHTML, like Gecko) Chrome/60.0.3112.90 Safari/537.36','2017-09-24 07:36:44',0),(214,3,'189.15.215.95','2017-09-24 10:36:44',1,1,'uYC6Ei4ZjJpfOCTaAzqiwx9moKxlm7v30GbdWeWsxFSCFVqZHZsJ0ua2Xf7f','yfRq38XrwpFbtkpDE6oy','Mozilla/5.0 (Windows NT 10.0; WOW64; rv:54.0) Gecko/20100101 Firefox/54.0','2017-09-24 07:36:44',0),(215,3,'187.21.60.162','2017-09-24 10:36:44',1,1,'d6tvZ3HWqRMYjZkVWHaeclLvdWbVipthi43WffgaNm5nUo4MoCl9sn5PWk8e','uVNaVH5AhvrqJ0oxH14d','Mozilla/5.0 (Windows NT 10.0; Win64; x64) AppleWebKit/537.36 (KHTML, like Gecko) Chrome/59.0.3071.115 Safari/537.36','2017-09-24 07:36:44',0),(216,1,'189.15.215.95','2017-11-08 07:05:40',1,1,'GlpcvyNwl878qiyR8rkq6tkz3yHGPVJBMRkJ7ONYxrpNCe7aiEFTgVhW9xiM','FH9duRgjaGL0CFFBcFT2','Mozilla/5.0 (Windows NT 10.0; Win64; x64) AppleWebKit/537.36 (KHTML, like Gecko) Chrome/60.0.3112.90 Safari/537.36','2017-11-08 02:05:40',0),(217,3,'187.21.60.162','2017-09-24 10:36:44',1,1,'fInUGBWU9SGNZdkFu5oU9TW4U2egFknRw8GYlGOa15KkDXS0OJQEIpXEdwAj','DyU9Vx5QY5e4kuMbxhW6','Mozilla/5.0 (Windows NT 10.0; Win64; x64) AppleWebKit/537.36 (KHTML, like Gecko) Chrome/59.0.3071.115 Safari/537.36','2017-09-24 07:36:44',0),(218,1,'189.15.215.95','2017-11-08 07:05:40',1,1,'L9pL84tN3fjOoSbDR4MdOvomhwguKkQlT23EF2gvZZoq1S3HBOubU9328CnY','XTzn8gb0nM1jik9zehum','Mozilla/5.0 (Windows NT 10.0; Win64; x64) AppleWebKit/537.36 (KHTML, like Gecko) Chrome/60.0.3112.90 Safari/537.36','2017-11-08 02:05:40',0),(219,3,'187.21.60.162','2017-09-24 10:36:44',1,1,'pvMJyMkmF3AngDIcJIKLWqprx9NJWZkYHvgPg5nfHYhglZ6FEUINaqmJZ0ph','zVgbuuUPlGmQMbxgkry9','Mozilla/5.0 (Windows NT 10.0; Win64; x64) AppleWebKit/537.36 (KHTML, like Gecko) Chrome/59.0.3071.115 Safari/537.36','2017-09-24 07:36:44',0),(220,1,'189.15.216.209','2017-11-08 07:05:40',1,1,'Ch7XdQGHhgy8WN7ExNn46Ha8eeMsWYZQw25q7YjAMPMfIw3l0OCyKKhkGMPD','gZF3oQkcxM7ItownVIcB','Mozilla/5.0 (Windows NT 10.0; Win64; x64) AppleWebKit/537.36 (KHTML, like Gecko) Chrome/60.0.3112.90 Safari/537.36','2017-11-08 02:05:40',0),(221,3,'187.21.45.221','2017-09-24 10:36:44',1,1,'A88nT1GYBeUPOOLCp6bk7UYSXrW9fp0iJPGjMN3GvsyEIGKvxOpjhq5ghHi0','cOKKDRfgrqQxCRR3uIFz','Mozilla/5.0 (Windows NT 10.0; Win64; x64) AppleWebKit/537.36 (KHTML, like Gecko) Chrome/59.0.3071.115 Safari/537.36','2017-09-24 07:36:44',0),(222,1,'189.15.216.209','2017-11-08 07:05:40',1,1,'Yn1NhGeH0Y7KZiKjzMB2gZkb84qG5xsHRM4IGr5VPftqxpGA7zOxNQf2oXsk','iFVwAZcnSX7SPvAv6bxB','Mozilla/5.0 (Windows NT 10.0; Win64; x64) AppleWebKit/537.36 (KHTML, like Gecko) Chrome/60.0.3112.90 Safari/537.36','2017-11-08 02:05:40',0),(223,3,'187.21.45.221','2017-09-24 10:36:44',1,1,'bJSW53f9UBXWZF7KsYe62ui9YKZb5nZEJP8y82eLPljSQ7YjVqgnBWUvZSS6','anINHM86Mip8sVYAmraN','Mozilla/5.0 (Windows NT 10.0; Win64; x64) AppleWebKit/537.36 (KHTML, like Gecko) Chrome/59.0.3071.115 Safari/537.36','2017-09-24 07:36:44',0),(224,3,'189.15.179.50','2017-09-24 10:36:44',1,1,'ICosiEuyz44AQpRiD79GOKZ0ymYTIlIC3ztWAgPVRK4s8AlubmkIUaLoFAU6','y5RE5AoNGaiMfCBVmgrP','Mozilla/5.0 (Windows NT 10.0; Win64; x64) AppleWebKit/537.36 (KHTML, like Gecko) Chrome/60.0.3112.90 Safari/537.36','2017-09-24 07:36:44',0),(225,1,'189.15.235.124','2017-11-08 07:05:40',1,1,'Nu7Gdpo0Dc8ZYEEqpKpXw1AnRBDzpLeHV243BiZU7WwWtdRXKW6bWVb90M2s','hezijeixi56Bowii3l73','Mozilla/5.0 (Windows NT 10.0; Win64; x64) AppleWebKit/537.36 (KHTML, like Gecko) Chrome/60.0.3112.90 Safari/537.36','2017-11-08 02:05:40',0),(226,3,'189.15.191.30','2017-09-24 10:36:44',1,1,'jaMNp29mLbUxHI0K9dhKaEUe78cS4hZ9RqiHzMhzo8HZ0kGqla2HJb9LgGyz','Io0tsC36W5PDbp55PRbk','Mozilla/5.0 (Windows NT 10.0; Win64; x64) AppleWebKit/537.36 (KHTML, like Gecko) Chrome/60.0.3112.90 Safari/537.36','2017-09-24 07:36:44',0),(227,3,'187.21.45.221','2017-09-24 10:36:44',1,1,'fDIhwOdaiBrNsMpTL0vSRfefhOiRgpIQ8uoWhkby5S5Qskghg7vYnTrvU3fO','mYR9CB4v9Lw0L2JgR0pI','Mozilla/5.0 (Windows NT 10.0; Win64; x64) AppleWebKit/537.36 (KHTML, like Gecko) Chrome/60.0.3112.90 Safari/537.36','2017-09-24 07:36:44',0),(228,3,'186.210.11.213','2017-09-24 10:36:44',1,1,'TWnliLSuboyrUpXQuQYl4t3ugH8S64Iccci86QyPrJFC8KSozQbseTAfFMil','D37yJMpHuaEHs20UzDFU','Mozilla/5.0 (Windows NT 10.0; Win64; x64) AppleWebKit/537.36 (KHTML, like Gecko) Chrome/60.0.3112.90 Safari/537.36','2017-09-24 07:36:44',0),(229,3,'186.210.11.213','2017-09-24 10:36:44',1,1,'2uYi1vEjFWRsKdDnxuNbHkzW7HaGJYtzO5MkzQEXYDnEGy8HrgSKUZ6T8TBa','tBQlYlSeO2blxlzPxuMF','Mozilla/5.0 (Windows NT 10.0; Win64; x64) AppleWebKit/537.36 (KHTML, like Gecko) Chrome/60.0.3112.90 Safari/537.36','2017-09-24 07:36:44',0),(230,3,'187.21.45.221','2017-09-24 10:36:44',1,1,'vz5fwZQxJdihl3kdnsrJGdDhnpnUyDRH2GxaeH8qCjdjdjiLyDmejOVlLogM','iZZdt90QESzBoRGAgWKJ','Mozilla/5.0 (Windows NT 10.0; Win64; x64) AppleWebKit/537.36 (KHTML, like Gecko) Chrome/60.0.3112.90 Safari/537.36','2017-09-24 07:36:44',0),(231,3,'189.15.189.188','2017-09-24 10:36:44',1,1,'2DdJBZQ7xlFE2bmVoyr8A8peYJfewQYSvZxbu9W9NPxNoYkEK8lRAqveFiih','8Ffk350GhHHnr7JqCSrL','Mozilla/5.0 (Windows NT 10.0; Win64; x64) AppleWebKit/537.36 (KHTML, like Gecko) Chrome/60.0.3112.90 Safari/537.36','2017-09-24 07:36:44',0),(232,NULL,'189.15.190.105','2017-08-15 07:46:09',0,0,NULL,NULL,'Mozilla/5.0 (Windows NT 10.0; Win64; x64) AppleWebKit/537.36 (KHTML, like Gecko) Chrome/60.0.3112.90 Safari/537.36',NULL,0),(233,3,'189.15.190.105','2017-09-24 10:36:44',1,1,'gzmUGEKz1BcG6VJ7byVK5evuNy2Knd9bOa2NLTTcFu2iaWcWcM8Qsb90ZV5S','IzEy8QHUAzexkbmjMZPK','Mozilla/5.0 (Windows NT 10.0; Win64; x64) AppleWebKit/537.36 (KHTML, like Gecko) Chrome/60.0.3112.90 Safari/537.36','2017-09-24 07:36:44',0),(234,3,'189.15.190.105','2017-09-24 10:36:44',1,1,'AScLQGyD8uFUj7PBMukcIbQB4SCji7acIMqsbEzyc2X0OymPsxhP6CX2H474','4NgsGhKg2OATaKyqNzNH','Mozilla/5.0 (Windows NT 10.0; Win64; x64) AppleWebKit/537.36 (KHTML, like Gecko) Chrome/60.0.3112.90 Safari/537.36','2017-09-24 07:36:44',0),(235,3,'189.15.190.105','2017-09-24 10:36:44',1,1,'zT1rnpXhR7Af11jnFhfEPSvYJdLF4XEMHB1XfeEykhdPnqZFeHLMxFlHstTq','JUsVB6oI1g9NU81wA2Wg','Mozilla/5.0 (Windows NT 10.0; Win64; x64) AppleWebKit/537.36 (KHTML, like Gecko) Chrome/60.0.3112.90 Safari/537.36','2017-09-24 07:36:44',0),(236,3,'177.106.149.127','2017-09-24 10:36:44',1,1,'Q9fEQHFPjddIQ45X2uXsANvew5zWJ8ifRRGCs3bIkJAcVdleAwqNtjLKbyIZ','kWl7dse0kkfJvqR0ZNiX','Mozilla/5.0 (Windows NT 10.0; Win64; x64) AppleWebKit/537.36 (KHTML, like Gecko) Chrome/60.0.3112.90 Safari/537.36','2017-09-24 07:36:44',0),(237,3,'177.106.155.62','2017-09-24 10:36:44',1,1,'Bi540xizIoF3h4eXeXwuQ5u6dIzjn4PP6kv6j6lMFurxsuaTtVCEslTqwj29','oFd7ULAiRP5njIneSPSS','Mozilla/5.0 (Windows NT 10.0; Win64; x64) AppleWebKit/537.36 (KHTML, like Gecko) Chrome/60.0.3112.90 Safari/537.36','2017-09-24 07:36:44',0),(238,3,'177.106.155.62','2017-09-24 10:36:44',1,1,'BoKsAie1XEYY6bKSxIQ1GEOXBH9lrmJPHDJxUW3k94cB6jGluIh7hnkaWJ9W','wNoQE8EbNsoyuhZWeFbx','Mozilla/5.0 (Windows NT 10.0; Win64; x64) AppleWebKit/537.36 (KHTML, like Gecko) Chrome/60.0.3112.101 Safari/537.36','2017-09-24 07:36:44',0),(239,3,'177.106.150.53','2017-09-24 10:36:44',1,1,'fU3SSKEC43J1zuqMa43ykgil2UICCYJyfWS09EhmX2RAKy4624vSK4xMRnxs','ziWVPRRiWI0zJInrl7Wf','Mozilla/5.0 (Windows NT 10.0; Win64; x64) AppleWebKit/537.36 (KHTML, like Gecko) Chrome/60.0.3112.101 Safari/537.36','2017-09-24 07:36:44',0),(240,3,'177.106.150.53','2017-09-24 10:36:44',1,1,'98Hq7iAQ9aLS97Ap4Rx7OYvbmo3r2F7lSKbcGUguf0oYz7cysrx3G2awE7Op','CoollvWISLNXqoREzzxh','Mozilla/5.0 (Windows NT 10.0; WOW64; rv:55.0) Gecko/20100101 Firefox/55.0','2017-09-24 07:36:44',0),(241,13,'187.21.45.221','2017-09-24 10:39:34',1,1,'B1aLItxp8mkvTAbJE9wgO8AgFS2EHkKln5xpwvvqZc04E2FkgUMxCPKWPvVp','bT9OgnHeZvrgxBsQlHOF','Mozilla/5.0 (Windows NT 10.0; Win64; x64) AppleWebKit/537.36 (KHTML, like Gecko) Chrome/60.0.3112.90 Safari/537.36','2017-09-24 07:39:34',0),(242,3,'187.21.45.221','2017-09-24 10:36:44',1,1,'LxPtGAtMyVcXt2z847KV9oxGk1LJwmE5c0GxgMkCBIFXrkP1fLlMDWqw667w','N4Ck1M0qlNe9K4J9zIFR','Mozilla/5.0 (Windows NT 10.0; Win64; x64) AppleWebKit/537.36 (KHTML, like Gecko) Chrome/60.0.3112.90 Safari/537.36','2017-09-24 07:36:44',0),(243,13,'187.21.45.221','2017-09-24 10:39:34',1,1,'76QMJtBYDSM1TlMWPMqDmFk8cOXdgrkqrQCSk7Sqep95Kb6njMtJ7CjQwOXW','JMIlagpyZGG6HJwXy3u1','Mozilla/5.0 (Windows NT 10.0; Win64; x64) AppleWebKit/537.36 (KHTML, like Gecko) Chrome/60.0.3112.90 Safari/537.36','2017-09-24 07:39:34',0),(244,13,'177.106.150.53','2017-09-24 10:39:34',1,1,'l7bA3UfgwgDeSrZN7yLdinvENY8sQcjlMzl3DzwVVCQjRv2YXfZMNjFE4WKa','wzPOUfqVwx8BHkmm8PBf','Mozilla/5.0 (Windows NT 10.0; WOW64; rv:55.0) Gecko/20100101 Firefox/55.0','2017-09-24 07:39:34',0),(245,3,'187.21.45.221','2017-09-24 10:36:44',1,1,'gB3J7RNeGaM9AeeQbbWp3Nz1HkIHnJQRwFFkYnoYL6735pRgcM0w9W7IPyHs','0Z3ZuAufCoEWXq1vXZ3s','Mozilla/5.0 (Windows NT 10.0; Win64; x64) AppleWebKit/537.36 (KHTML, like Gecko) Chrome/60.0.3112.90 Safari/537.36','2017-09-24 07:36:44',0),(246,13,'187.21.45.221','2017-09-24 10:39:34',1,1,'DuCGD1MWS5l2XsQjbNTZbOi2gQQosyTaRTIBy2vX2eoPrnkipAeKOcrStCLz','ZhScPkUwDWruNnp0PyuN','Mozilla/5.0 (Windows NT 10.0; Win64; x64) AppleWebKit/537.36 (KHTML, like Gecko) Chrome/60.0.3112.90 Safari/537.36','2017-09-24 07:39:34',0),(247,3,'187.21.45.221','2017-09-24 10:36:44',1,1,'i5DK7ziWbCyRf9zVwht3kxEO0vfZ55LylqYISLkbK1plhADDNADxEYCNX5gp','H26JGPJjP9VVEvx9IrAD','Mozilla/5.0 (Windows NT 10.0; Win64; x64) AppleWebKit/537.36 (KHTML, like Gecko) Chrome/60.0.3112.90 Safari/537.36','2017-09-24 07:36:44',0),(248,3,'187.21.45.221','2017-09-24 10:36:44',1,1,'Fdl4AieEESCyMvnMcvZpVswqTXJo5dyFlcdluC0GyLafTqy1HO6gcOv2gRKt','ekPJIiUSEa0QOqajjHOD','Mozilla/5.0 (Windows NT 10.0; Win64; x64) AppleWebKit/537.36 (KHTML, like Gecko) Chrome/60.0.3112.90 Safari/537.36','2017-09-24 07:36:44',0),(249,3,'177.106.150.53','2017-09-24 10:36:44',1,1,'rseUz3ig8lAKSJ2QZf22NfBgK3MXxCDsciXdTK45CwIhHDAITgjcZlTyqljK','XACMI0gKi6hojOfZgVPj','Mozilla/5.0 (Windows NT 10.0; Win64; x64) AppleWebKit/537.36 (KHTML, like Gecko) Chrome/60.0.3112.101 Safari/537.36','2017-09-24 07:36:44',0),(250,3,'187.21.45.221','2017-09-24 10:36:44',1,1,'XeDpIyDJuJGN7MaKu29u4jvKMB2RlmCSkBSZnt3uAy4aKVcmJp1oLqDcSNuF','SeIWBZTjOSWXYEGTBvMn','Mozilla/5.0 (Windows NT 10.0; Win64; x64) AppleWebKit/537.36 (KHTML, like Gecko) Chrome/60.0.3112.90 Safari/537.36','2017-09-24 07:36:44',0),(251,3,'177.106.153.27','2017-09-24 10:36:44',1,1,'IuO6Ho0TNrwgPbYo761nIeBMqkxldfdrFkEPl99f2sXL83TaKEHxsG4fFDeY','MlLIpRHRaC08G3Ntel69','Mozilla/5.0 (Windows NT 10.0; Win64; x64) AppleWebKit/537.36 (KHTML, like Gecko) Chrome/60.0.3112.101 Safari/537.36','2017-09-24 07:36:44',0),(252,3,'187.21.45.221','2017-09-24 10:36:44',1,1,'naz2dkVXZCCKtHQsrFNEBCePsN3EMIV7abDKA5mMjGwaJPJa85sBaHRgD3jP','l91tj3olXM5CMu6SsFvR','Mozilla/5.0 (Windows NT 10.0; Win64; x64) AppleWebKit/537.36 (KHTML, like Gecko) Chrome/60.0.3112.90 Safari/537.36','2017-09-24 07:36:44',0),(253,3,'177.106.151.55','2017-09-24 10:36:44',1,1,'3Rvg9fS5aAS9IbEmCi1WGLD0i5br1eANDIY856oBhZOPZhRdq6c1TTmtlq6h','0pCXklmwyPQkI4dY4hE6','Mozilla/5.0 (Windows NT 10.0; Win64; x64) AppleWebKit/537.36 (KHTML, like Gecko) Chrome/60.0.3112.101 Safari/537.36','2017-09-24 07:36:44',0),(254,3,'187.21.45.221','2017-09-24 10:36:44',1,1,'IwsFPOZl0CzuT0gskk9YrkL3cn5yqxFFCips3v46yIMnUOzEqfooaInNJOBi','FAVV3P3cOAwbvJ9FKuqu','Mozilla/5.0 (Windows NT 10.0; Win64; x64) AppleWebKit/537.36 (KHTML, like Gecko) Chrome/60.0.3112.90 Safari/537.36','2017-09-24 07:36:44',0),(255,3,'189.15.203.158','2017-08-22 17:40:14',2,0,NULL,NULL,'Mozilla/5.0 (Windows NT 10.0; Win64; x64) AppleWebKit/537.36 (KHTML, like Gecko) Chrome/60.0.3112.101 Safari/537.36',NULL,0),(256,3,'189.15.203.158','2017-09-24 10:36:44',1,1,'iXye2UHjV4NhFkbJ5beifxkAdDnMfif790960nKY5pLnEC2FNfCvXnSr7TwC','KJtTZPbraENKQs4wEruS','Mozilla/5.0 (Windows NT 10.0; Win64; x64) AppleWebKit/537.36 (KHTML, like Gecko) Chrome/60.0.3112.101 Safari/537.36','2017-09-24 07:36:44',0),(257,3,'187.21.45.221','2017-09-24 10:36:44',1,1,'LE1HxKJW1WfW8JYkRl7mZoN46zYgDSKlX43KdEoofKjEOPUsLEEfCSYW5kQm','OLy01eKK9GjlRGnSjbES','Mozilla/5.0 (Windows NT 10.0; Win64; x64) AppleWebKit/537.36 (KHTML, like Gecko) Chrome/60.0.3112.90 Safari/537.36','2017-09-24 07:36:44',0),(258,3,'187.21.45.221','2017-09-24 10:36:44',1,1,'CU7nkVITqQC8eAr0bwM4vzjWre7fmECc2wA58FZ2EYIcD1A8bdUGe2ADLP1R','CAWeOaozmyBOrwdPBgiR','Mozilla/5.0 (Windows NT 10.0; Win64; x64) AppleWebKit/537.36 (KHTML, like Gecko) Chrome/60.0.3112.101 Safari/537.36','2017-09-24 07:36:44',0),(259,NULL,'189.15.201.93','2017-08-24 10:37:24',0,0,NULL,NULL,'Mozilla/5.0 (Windows NT 10.0; Win64; x64) AppleWebKit/537.36 (KHTML, like Gecko) Chrome/60.0.3112.101 Safari/537.36',NULL,0),(260,3,'189.15.201.93','2017-09-24 10:36:44',1,1,'EwcvGfSXZFVg1lJhb2cVygS3NZjrjvvIZSJbAOm58VYicuS4Cj2jGRkjcQYK','ONZZ2hAdarS5Rk2G1aIA','Mozilla/5.0 (Windows NT 10.0; Win64; x64) AppleWebKit/537.36 (KHTML, like Gecko) Chrome/60.0.3112.101 Safari/537.36','2017-09-24 07:36:44',0),(261,3,'186.210.15.251','2017-09-24 10:36:44',1,1,'SRVfUEGwynqMMSUHWKuHCGOP0UBgWnAu9UUUk2FJMoX0c1P8iCeEpEk4XFE3','VExAHRi6bmCpjJjRB03S','Mozilla/5.0 (Windows NT 10.0; Win64; x64) AppleWebKit/537.36 (KHTML, like Gecko) Chrome/60.0.3112.101 Safari/537.36','2017-09-24 07:36:44',0),(262,3,'177.106.145.24','2017-09-24 10:36:44',1,1,'C46o1Pw99gcJlFhsAZxVMTgFioI9YqoUoL0fjUdNJZeug8m3PSQPaJdFF1SE','QU6h2ztGqxKZpEwzfcUH','Mozilla/5.0 (Windows NT 10.0; Win64; x64) AppleWebKit/537.36 (KHTML, like Gecko) Chrome/60.0.3112.101 Safari/537.36','2017-09-24 07:36:44',0),(263,3,'187.21.45.221','2017-09-24 10:36:44',1,1,'9asaD2itzbix5fsaxRXtJldU6ojMKxuxUHtbaBaafsMHJW8qfAvm88e2OEjC','6Lj9X3AkrMHp4FjSafMx','Mozilla/5.0 (Windows NT 10.0; Win64; x64) AppleWebKit/537.36 (KHTML, like Gecko) Chrome/60.0.3112.101 Safari/537.36','2017-09-24 07:36:44',0),(264,3,'187.21.45.221','2017-09-24 10:36:44',1,1,'C71xyhOj4Km8UbF3rBI2GUsNdHUl612TWloIOoR25ndgO0Im35GIk1ByRHkg','F0GZWiluJ0zHTQcYwVfN','Mozilla/5.0 (Windows NT 10.0; Win64; x64) AppleWebKit/537.36 (KHTML, like Gecko) Chrome/60.0.3112.101 Safari/537.36','2017-09-24 07:36:44',0),(265,3,'187.21.45.221','2017-09-24 10:36:44',1,1,'Nk1bJTc8GSUmvEKvYQp2HehDIDVLEKM2a2bF6Ew2AW5J5kdB4I8HCX2cs9Ig','KsbAyOXewzM0OSBYDAab','Mozilla/5.0 (Windows NT 10.0; Win64; x64) AppleWebKit/537.36 (KHTML, like Gecko) Chrome/60.0.3112.101 Safari/537.36','2017-09-24 07:36:44',0),(266,1,'177.106.145.24','2017-11-08 07:05:40',1,1,'BVYN01Y6ZoUn5b9WFeWAuDWFcfbNcCkTD5uy4CAAE208Z3xz981Uu1BFAgFA','Sgs9GHGPZsyQsDWXKJdU','Mozilla/5.0 (Windows NT 10.0; Win64; x64) AppleWebKit/537.36 (KHTML, like Gecko) Chrome/60.0.3112.101 Safari/537.36','2017-11-08 02:05:40',0),(267,1,'177.106.145.24','2017-11-08 07:05:40',1,1,'NPnaIqqiADfn9ASBfaEk8HdjY79ktGDmOv6hAtsVEjvtFliHHwLwXlrn4n5c','KZDlHpgap9SOeY8lm32j','Mozilla/5.0 (Windows NT 10.0; Win64; x64) AppleWebKit/537.36 (KHTML, like Gecko) Chrome/60.0.3112.101 Safari/537.36','2017-11-08 02:05:40',0),(268,3,'189.15.229.81','2017-09-24 10:36:44',1,1,'3KFHqVYe8XmD7iDhZV4pPnjsUXJmmQBn0WXMGtaTyZ2NyiIE19fxqxXKgeFG','5oU7hSjGdZB6HYkRtIPt','Mozilla/5.0 (Windows NT 10.0; Win64; x64) AppleWebKit/537.36 (KHTML, like Gecko) Chrome/60.0.3112.101 Safari/537.36','2017-09-24 07:36:44',0),(269,3,'187.21.45.221','2017-09-24 10:36:44',1,1,'FTpbl7qwvfCyWx2HNU4i33s7eJnibAuWir6V5XbGpOfOY28PK5zgjecfV0KB','SRU8gq95wGJQPcYbmDuf','Mozilla/5.0 (Windows NT 10.0; Win64; x64) AppleWebKit/537.36 (KHTML, like Gecko) Chrome/60.0.3112.101 Safari/537.36','2017-09-24 07:36:44',0),(270,3,'177.106.166.149','2017-09-24 10:36:44',1,1,'DtZjv78AIVSMaNVixqViEWys8OFusW5uoL2dULGwaGZjiD2CUgQQIcyJNnGa','qMEiPustWD0YnCmWxiCd','Mozilla/5.0 (Windows NT 10.0; Win64; x64) AppleWebKit/537.36 (KHTML, like Gecko) Chrome/60.0.3112.101 Safari/537.36','2017-09-24 07:36:44',0),(271,3,'187.21.45.221','2017-09-24 10:36:44',1,1,'1BAAmAuo05qjKozOxApQS1xaLfJd7HvsYEw9N9xfFEsYDj0RMO2YC3pMZi7F','kqnFOz58WCFOiWdqc3Se','Mozilla/5.0 (Windows NT 10.0; Win64; x64) AppleWebKit/537.36 (KHTML, like Gecko) Chrome/60.0.3112.101 Safari/537.36','2017-09-24 07:36:44',0),(272,1,'177.106.166.149','2017-11-08 07:05:40',1,1,'Zx0fXcjX5LOmb8ZyD3VUfoO2EKaqgsXOs3PKJafHGq05Wg8buMQ9GF9v1AJv','LNH7AlwrDaoJw2y2sA9Y','Mozilla/5.0 (Windows NT 10.0; Win64; x64) AppleWebKit/537.36 (KHTML, like Gecko) Chrome/60.0.3112.101 Safari/537.36','2017-11-08 02:05:40',0),(273,3,'187.21.45.221','2017-09-24 10:36:44',1,1,'9ymAFIowRhClXOwaUCcxLwQB0iQzpQinurjD3LCaXeBDHIiDPyqxQbBunvK9','60p6SGgPafklE7rIwvov','Mozilla/5.0 (Windows NT 10.0; Win64; x64) AppleWebKit/537.36 (KHTML, like Gecko) Chrome/60.0.3112.101 Safari/537.36','2017-09-24 07:36:44',0),(274,1,'177.106.166.149','2017-08-27 22:43:03',1,2,'EhoNnoGRNjTinQZbZuljoeIYpPgPt8Sg29trMQdEkL0GPf3kmr66gtaHZVMd','QkyCd8czxRAWHFeoD4hv','Mozilla/5.0 (Windows NT 10.0; Win64; x64) AppleWebKit/537.36 (KHTML, like Gecko) Chrome/60.0.3112.101 Safari/537.36','2017-08-27 19:43:03',12),(275,3,'187.21.45.221','2017-08-27 21:26:41',3,0,NULL,NULL,'Mozilla/5.0 (Windows NT 10.0; Win64; x64) AppleWebKit/537.36 (KHTML, like Gecko) Chrome/60.0.3112.101 Safari/537.36',NULL,0),(276,3,'187.21.45.221','2017-09-24 10:36:44',1,1,'aD8tvlMYudtG0qUHUDGOPxkBNU2Qg3sRCczFUL7gnqMbrZD8W0jRcgeGP1g0','lqxui3u6EMwsb2TXsbLX','Mozilla/5.0 (Windows NT 10.0; Win64; x64) AppleWebKit/537.36 (KHTML, like Gecko) Chrome/60.0.3112.101 Safari/537.36','2017-09-24 07:36:44',12),(277,1,'177.106.166.149','2017-08-28 03:15:45',1,2,'0QmzezhBSGvmPejdHcoB0sMGTxulzf4bVMO1nvGkc8QorbgU349RjYgjUsAT','CCEPRj78cksRpDZMGYSd','Mozilla/5.0 (Windows NT 10.0; Win64; x64) AppleWebKit/537.36 (KHTML, like Gecko) Chrome/60.0.3112.101 Safari/537.36','2017-08-28 00:15:45',12),(278,1,'177.106.166.149','2017-11-08 07:05:40',1,1,'VRzl2JyjQAyKwS2ITvlsz3i4z0m6m9kG4QBKSQkIDk1vUefNwIm4ur4RDWXq','2W2R1dDpyT9YlZpQivhj','Mozilla/5.0 (Windows NT 10.0; Win64; x64) AppleWebKit/537.36 (KHTML, like Gecko) Chrome/60.0.3112.101 Safari/537.36','2017-11-08 02:05:40',12),(279,1,'177.106.166.149','2017-08-28 03:56:34',1,2,'r7VDVpZaZnqRj41tVuKkq91dTqqSshrCq5wh3NG0NOh6f60KGYUQ7JQoJVdh','M6nnj6B1oHLcshVlN0oK','Mozilla/5.0 (Windows NT 10.0; Win64; x64) AppleWebKit/537.36 (KHTML, like Gecko) Chrome/60.0.3112.101 Safari/537.36','2017-08-28 00:56:34',12),(280,1,'177.106.166.149','2017-11-08 07:05:40',1,1,'CcjrW006xnjF90yHwQuX4LsaAB1w1cdqzWMirmz99oqaAgAZ2b9ve6IShNG7','SFtSPtu3Fgzu7f5GywZH','Mozilla/5.0 (Windows NT 10.0; Win64; x64) AppleWebKit/537.36 (KHTML, like Gecko) Chrome/60.0.3112.101 Safari/537.36','2017-11-08 02:05:40',12),(281,3,'187.21.45.221','2017-09-24 10:36:44',1,1,'gfXRXDNdlaLmekvCdnkY9c2aMdLFD7TCTU9YCFqdLqQrhhFT5xdH7dhA5EEL','bbe4PJnlVLXABs8wJtdo','Mozilla/5.0 (Windows NT 10.0; Win64; x64) AppleWebKit/537.36 (KHTML, like Gecko) Chrome/60.0.3112.101 Safari/537.36','2017-09-24 07:36:44',12),(282,1,'189.15.222.175','2017-11-08 07:05:40',1,1,'NLMRb72kZlhhZw4za515OxqDnAR3F6bdNOdvIsIGhwUqsKPKGBAkjcrnciev','TdEmd81NUQ4mxdPmLsAU','Mozilla/5.0 (Windows NT 10.0; Win64; x64) AppleWebKit/537.36 (KHTML, like Gecko) Chrome/60.0.3112.101 Safari/537.36','2017-11-08 02:05:40',12),(283,1,'189.15.206.162','2017-11-08 07:05:40',1,1,'v4bxiuGrPfyXkYvZfxFPAptDpTkBR0D30nlK7rlb6lfCs9htj88G6xABDAve','n51l63VNJNwp8VB8q3YW','Mozilla/5.0 (Windows NT 10.0; Win64; x64) AppleWebKit/537.36 (KHTML, like Gecko) Chrome/60.0.3112.113 Safari/537.36','2017-11-08 02:05:40',12),(284,3,'187.21.45.221','2017-09-24 10:36:44',1,1,'5jH8MXV1LyfSd64hbsGwLppSTuyyQDZFOq62MCGv368tfLrjhSMTUMKTxfL3','9Ag4IWprHmhUl3Lkh6gi','Mozilla/5.0 (Windows NT 10.0; Win64; x64) AppleWebKit/537.36 (KHTML, like Gecko) Chrome/60.0.3112.101 Safari/537.36','2017-09-24 07:36:44',12),(285,3,'187.21.45.221','2017-09-24 10:36:44',1,1,'5gwYN6N9qZs9qAIykWjz9aKIYVfI77OV7F2QJm0ZqQYa1VEmvJJWr8Yhao7A','m9ATpoz2cMsItC7YGz5Z','Mozilla/5.0 (Linux; Android 5.0.1; GT-I9515L Build/LRX22C) AppleWebKit/537.36 (KHTML, like Gecko) Chrome/60.0.3112.107 Mobile Safari/537.36','2017-09-24 07:36:44',12),(286,1,'186.210.9.77','2017-11-08 07:05:40',1,1,'jgefN239jQaQgvdc8vkHM8AwBMkoJVQWF48pwJbwRKozu54dgzSln8wt1CKE','69vICniu9jkOZFiVNi4S','Mozilla/5.0 (Windows NT 10.0; Win64; x64) AppleWebKit/537.36 (KHTML, like Gecko) Chrome/60.0.3112.113 Safari/537.36','2017-11-08 02:05:40',12),(287,1,'189.15.213.117','2017-11-08 07:05:40',1,1,'m65uBBzZrSUh5BLIRTHA5AKrd5P1Gnc6r5YH89jjWrinSgPySmfSXqOaBvkN','bwo3KAFEsXJEngLCEm8W','Mozilla/5.0 (Windows NT 10.0; Win64; x64) AppleWebKit/537.36 (KHTML, like Gecko) Chrome/60.0.3112.113 Safari/537.36','2017-11-08 02:05:40',12),(288,3,'187.21.41.89','2017-09-24 10:36:44',1,1,'NX6CqI7dlh327sPp85j72F71O9gdTsqlpFTr9F7Cqv2R9WwLWhXJjM48yvcw','rpOLdseo6CI3CXOfEB3k','Mozilla/5.0 (Windows NT 10.0; Win64; x64) AppleWebKit/537.36 (KHTML, like Gecko) Chrome/60.0.3112.101 Safari/537.36','2017-09-24 07:36:44',12),(289,1,'179.126.192.222','2017-09-01 09:24:23',1,2,'Ix6CuZLjFQNYPFfOaL1x2s1oO2tvLIK6Z5VFJF7oSZrd6Fjv0ENJ0o0I8VxU','3UpGAJz3Hu5mJrwiAWTk','Mozilla/5.0 (Windows NT 10.0; Win64; x64) AppleWebKit/537.36 (KHTML, like Gecko) Chrome/60.0.3112.113 Safari/537.36','2017-09-01 06:24:23',12),(290,3,'179.126.192.222','2017-09-24 10:36:44',1,1,'rncDoe0RHzKMYWlzE5rdR7zSgfbLRQ8SFNbxfOpjJNdTxHTGiz6jX6bsAJEq','sQbn7zkZ1JHZ4uXpDHPf','Mozilla/5.0 (Windows NT 10.0; Win64; x64) AppleWebKit/537.36 (KHTML, like Gecko) Chrome/60.0.3112.113 Safari/537.36','2017-09-24 07:36:44',14),(291,1,'179.126.207.185','2017-11-08 07:05:40',1,1,'RZKm8yXs94B0ioMkrPkd1k6nhzJHqbRtG6akvPien7GIxsOhQTFSthh90gB5','QIopbt9pNqfOCTeq49zw','Mozilla/5.0 (Windows NT 10.0; Win64; x64) AppleWebKit/537.36 (KHTML, like Gecko) Chrome/60.0.3112.113 Safari/537.36','2017-11-08 02:05:40',12),(292,3,'187.21.41.89','2017-09-24 10:36:44',1,1,'jMbfMqYB9RnoVZYIIyZe6zaVZB884pTkb7EFK34jBt67I956GLkA2tD3bUql','zVpja1DZIqQUDdFUTCzu','Mozilla/5.0 (Windows NT 10.0; Win64; x64) AppleWebKit/537.36 (KHTML, like Gecko) Chrome/60.0.3112.113 Safari/537.36','2017-09-24 07:36:44',12),(293,1,'189.15.200.208','2017-11-08 07:05:40',1,1,'orVR4F8lTtyZMoZDqVnH00WmSKCSyT1SAMPvDxmJmPZEWur412Jf8fT2cboN','VCyrj3gtduEYyn24XPIY','Mozilla/5.0 (Windows NT 10.0; Win64; x64) AppleWebKit/537.36 (KHTML, like Gecko) Chrome/60.0.3112.113 Safari/537.36','2017-11-08 02:05:40',12),(294,3,'187.21.41.89','2017-09-24 10:36:44',1,1,'MbX999ODkA0hwFY6MO15amZUjBO8EVNrH2WJr2cM6VljHwHqLs2x5FdmDEAo','ej7wNxOxk055lAeDzeDt','Mozilla/5.0 (Windows NT 10.0; WOW64; rv:55.0) Gecko/20100101 Firefox/55.0','2017-09-24 07:36:44',12),(295,1,'189.15.228.29','2017-11-08 07:05:40',1,1,'9vK4o7I5CxlkIFSP3S6WbvVy270wccWjFA2kDsgReXVWYUHrSlYIcQoiKh6k','rp2mvSYoKPVcVS9RY9UX','Mozilla/5.0 (Windows NT 10.0; Win64; x64) AppleWebKit/537.36 (KHTML, like Gecko) Chrome/60.0.3112.113 Safari/537.36','2017-11-08 02:05:40',12),(296,3,'187.21.41.89','2017-09-24 10:36:44',1,1,'I5lj2wru6fUCnAI1acKLqZwtwYPui7Z6V3H7MAeN5IpKGMcH94XrX7V5hj9U','ZjEdrrQB6g7AspEhX5s8','Mozilla/5.0 (Windows NT 10.0; Win64; x64) AppleWebKit/537.36 (KHTML, like Gecko) Chrome/60.0.3112.113 Safari/537.36','2017-09-24 07:36:44',12),(297,3,'187.21.41.89','2017-09-24 10:36:44',1,1,'i0GK8F5TSq5hovXUYYS1DcMPhJxOWlnJiOk0QWLgkgwBl4e1otVdLoJ7ShDs','WMrxtxeL6yP7RO7SYQx4','Mozilla/5.0 (Windows NT 10.0; Win64; x64) AppleWebKit/537.36 (KHTML, like Gecko) Chrome/60.0.3112.113 Safari/537.36','2017-09-24 07:36:44',12),(298,1,'179.126.204.86','2017-11-08 07:05:40',1,1,'EfsqacNVLpAwfd18jigWrDYTYYqgsxx5fQcVj1liDfLOTDN7qUq98Gbnbuw0','TwD2tbo0mIvIAM0DR478','Mozilla/5.0 (Windows NT 10.0; Win64; x64) AppleWebKit/537.36 (KHTML, like Gecko) Chrome/60.0.3112.113 Safari/537.36','2017-11-08 02:05:40',12),(299,1,'179.104.226.237','2017-11-08 07:05:40',1,1,'ELJuveqLePLylc3zvlcrSZWdb074y1A2is0oMAUd8bmmyDbGinY8Zmq11Ey4','qXrcns7npukOwHL4Um87','Mozilla/5.0 (Windows NT 10.0; Win64; x64) AppleWebKit/537.36 (KHTML, like Gecko) Chrome/61.0.3163.79 Safari/537.36','2017-11-08 02:05:40',12),(300,1,'189.15.233.31','2017-09-07 06:15:11',1,2,'HpPrtSfga73V8jWA0DIHnv0xbSS5PTyIifJyUz7TQKNh5OZaq21p5kgiTmS4','BNmVUbKE5UtRVb9gX813','Mozilla/5.0 (Windows NT 10.0; Win64; x64) AppleWebKit/537.36 (KHTML, like Gecko) Chrome/61.0.3163.79 Safari/537.36','2017-09-07 03:15:11',12),(301,3,'187.21.44.2','2017-09-24 10:36:44',1,1,'0rXzgNNNOPQAP9tOZN8ZZ8k4738dMoshwUCaBXe8I49QZCuPujx4UBQogB8Y','GhMgiBlYPetrRJYNMLv2','Mozilla/5.0 (Windows NT 10.0; Win64; x64) AppleWebKit/537.36 (KHTML, like Gecko) Chrome/60.0.3112.113 Safari/537.36','2017-09-24 07:36:44',12),(302,1,'189.15.224.64','2017-11-08 07:05:40',1,1,'SU6GpOpCRnQqGclchEHjEZvjpDxOKMjz3H3gz8bl4fz4925Zbh7Q1uv67bCA','6dFBBAt0kHNFZWOikDYZ','Mozilla/5.0 (Windows NT 10.0; Win64; x64) AppleWebKit/537.36 (KHTML, like Gecko) Chrome/61.0.3163.79 Safari/537.36','2017-11-08 02:05:40',12),(303,3,'187.21.44.2','2017-09-24 10:36:44',1,1,'qxTqumIyeFbWwpQ6qBAjRHVz9aXGhDYzvOH03Uvd3hErQDeaNU2BhaCdnY9R','m9NkHkwkxGhRyF9SrQBN','Mozilla/5.0 (Windows NT 10.0; Win64; x64) AppleWebKit/537.36 (KHTML, like Gecko) Chrome/60.0.3112.113 Safari/537.36','2017-09-24 07:36:44',12),(304,3,'187.21.44.2','2017-09-24 10:36:44',1,1,'VIvCzPTjQE6boGRtLeMd2xPcqXeLp8H44Sdj2fykIETcnfwqMBdr3gF5EOrH','h5zfGHrlLBBrfaH1qVdy','Mozilla/5.0 (Windows NT 10.0; Win64; x64) AppleWebKit/537.36 (KHTML, like Gecko) Chrome/60.0.3112.113 Safari/537.36','2017-09-24 07:36:44',12),(305,1,'189.15.224.64','2017-09-09 18:56:29',1,2,'PhWKvOnGoDRPqfQpR350c6uVE6CZi4XKIr242FHeJ8YUaTNM1ede5vt8JV5O','PuPJ867KfBZs7L20wcja','Mozilla/5.0 (Windows NT 10.0; Win64; x64) AppleWebKit/537.36 (KHTML, like Gecko) Chrome/61.0.3163.79 Safari/537.36','2017-09-09 15:56:29',12),(306,3,'189.15.224.64','2017-09-24 10:36:44',1,1,'mCCDcKVoNlGPvG031yb5c3ARikRjJGBo0QL3F7FIScWEjtR9lfTpSYouj4BF','esmcDRDlWMPNk6dBMYnS','Mozilla/5.0 (Windows NT 10.0; Win64; x64) AppleWebKit/537.36 (KHTML, like Gecko) Chrome/61.0.3163.79 Safari/537.36','2017-09-24 07:36:44',14),(307,3,'187.21.44.2','2017-09-24 10:36:44',1,1,'H3REvVU4gvMzrgMq8VS7MM9Hzv1TDT3b24KH3yTdMGUZOeAEGw9QXmEORDg6','iAor8TwNeQmadHgm5MDP','Mozilla/5.0 (Windows NT 10.0; Win64; x64) AppleWebKit/537.36 (KHTML, like Gecko) Chrome/60.0.3112.113 Safari/537.36','2017-09-24 07:36:44',12),(308,3,'187.21.44.2','2017-09-24 10:36:44',1,1,'ReXtW3eibgYEHT7NGlDGVag7Q4sOPoJMFVxt0sXOYJifw0vTh5diEkdiD4ye','pqEMiJgzaJP7VpcBCu9p','Mozilla/5.0 (Windows NT 10.0; Win64; x64) AppleWebKit/537.36 (KHTML, like Gecko) Chrome/60.0.3112.113 Safari/537.36','2017-09-24 07:36:44',12),(309,1,'189.15.219.175','2017-11-08 07:05:40',1,1,'40Gc3TXlMt9u5IwyvJcRZIEZoYjZ7TD4wUIUnjn0gqrceDrMWNqs3o3rqS7W','UJfeNOVHVju1XMKPd1Dg','Mozilla/5.0 (Windows NT 10.0; Win64; x64) AppleWebKit/537.36 (KHTML, like Gecko) Chrome/61.0.3163.79 Safari/537.36','2017-11-08 02:05:40',12),(310,3,'187.21.44.2','2017-09-24 10:36:44',1,1,'zRqshxl8WzNsLxaNDLDJgzQ6HTXB5ErjNcT8K4nhHWIx2ANQCq56JihOd3GB','rQw2kt6lRVdzYdUE7Dv9','Mozilla/5.0 (Windows NT 10.0; WOW64; rv:55.0) Gecko/20100101 Firefox/55.0','2017-09-24 07:36:44',12),(311,3,'187.21.44.2','2017-09-24 10:36:44',1,1,'kjjBFEXpzKIoevrWu1PFkYPPfTSN2PyubBAEMKLYHAMbrvnk13YAbuFBtz7O','C3TaQpJIZeYkpaeqVrzz','Mozilla/5.0 (Windows NT 10.0; Win64; x64) AppleWebKit/537.36 (KHTML, like Gecko) Chrome/60.0.3112.113 Safari/537.36','2017-09-24 07:36:44',12),(312,3,'187.21.44.2','2017-09-24 10:36:44',1,1,'6cQh18RPzeJOq1SHtsjO44QtI2Xe5aobs3gevWatd6JR5oTYgCuTDab42sUK','mHCRxoEWYWcGNgroRcK4','Mozilla/5.0 (Windows NT 10.0; Win64; x64) AppleWebKit/537.36 (KHTML, like Gecko) Chrome/60.0.3112.113 Safari/537.36','2017-09-24 07:36:44',12),(313,1,'189.15.219.175','2017-09-11 03:24:00',1,2,'mfa0ixgGGtbYAJ4SELtwFHcHCWeWiIcDXQfP7vFi8OtKqdIuOOULq4Dr4nSk','ZNsLJycJ0jwoHEhSiZ5W','Mozilla/5.0 (Windows NT 10.0; Win64; x64) AppleWebKit/537.36 (KHTML, like Gecko) Chrome/61.0.3163.79 Safari/537.36','2017-09-11 00:24:00',12),(314,1,'189.15.219.175','2017-09-11 03:49:09',1,2,'spuLuQnqCPJEepz28QIU2oRgW92YOWCUP3hr3xP47ayY6Os1LvUXhcRKmGqU','KcbUqCmZOm5h9ZO1oY9w','Mozilla/5.0 (Windows NT 10.0; Win64; x64) AppleWebKit/537.36 (KHTML, like Gecko) Chrome/61.0.3163.79 Safari/537.36','2017-09-11 00:49:09',12),(315,1,'189.15.219.175','2017-09-11 04:52:57',1,2,'V8oh2AJvbHNEYPK9R8d7G7yNZ5gq8CPTh5kOgVVaQWpEJhlbmz914DxVTej9','ZNsT7g33npgITOFPYBrd','Mozilla/5.0 (Windows NT 10.0; Win64; x64) AppleWebKit/537.36 (KHTML, like Gecko) Chrome/61.0.3163.79 Safari/537.36','2017-09-11 01:52:57',12),(316,3,'187.21.44.2','2017-09-24 10:36:44',1,1,'KfU7ZqOhxiPqVkCPowYCUcSt4eF5NuXGChkRquANEQRcxg1RKCFb7C0fTsQn','7Z3Ajl2OsaYMvH1oq6uf','Mozilla/5.0 (Windows NT 10.0; Win64; x64) AppleWebKit/537.36 (KHTML, like Gecko) Chrome/60.0.3112.113 Safari/537.36','2017-09-24 07:36:44',12),(317,1,'189.15.214.45','2017-11-08 07:05:40',1,1,'0gR2lfBNLnl3EZU1oScL68xX6H56CRZTHz91v57LHV6UoRwscaUuVTbGGIih','RjgLmLNeAA4IdvkCyjzA','Mozilla/5.0 (Windows NT 10.0; Win64; x64) AppleWebKit/537.36 (KHTML, like Gecko) Chrome/61.0.3163.79 Safari/537.36','2017-11-08 02:05:40',12),(318,3,'138.97.92.5','2017-09-24 10:36:44',1,1,'wikpcJLscB0VZBoeUdMKis00N0o5XOYkMdj7Z0J8HN8XHuNxYw1dbLImKbnU','zduvu7Ly5aqKCnrVh9v4','Mozilla/5.0 (Windows NT 10.0; Win64; x64) AppleWebKit/537.36 (KHTML, like Gecko) Chrome/60.0.3112.113 Safari/537.36','2017-09-24 07:36:44',12),(319,3,'187.21.44.2','2017-09-24 10:36:44',1,1,'ETrhguy66VrTk5ZAVqwFjdHRGwQEHUS4I2ZmjGZLL4A9Fysxlvc6HpQQEvkC','c2w7cMsSd8ydQ00GexoJ','Mozilla/5.0 (Windows NT 10.0; Win64; x64) AppleWebKit/537.36 (KHTML, like Gecko) Chrome/60.0.3112.113 Safari/537.36','2017-09-24 07:36:44',12),(320,3,'191.7.192.126','2017-09-24 10:36:44',1,1,'DPe8EkMbAWsvCAtgP6C4IMFKYf3BIr8xTnLTzfQtbeMC1k8hZpqInrqzuYUB','oMgXXLM2dWSHkw7itglK','Mozilla/5.0 (Windows NT 10.0; Win64; x64) AppleWebKit/537.36 (KHTML, like Gecko) Chrome/60.0.3112.113 Safari/537.36','2017-09-24 07:36:44',12),(321,3,'187.21.44.2','2017-09-24 10:36:44',1,1,'dSVQw2rBlLwUVkSHZMy9gR0xzHoASgt1UGAF6wr2s5r2wQ3E94rwrsJumMd6','ttKutv8JrQZqKCdbqPdb','Mozilla/5.0 (Windows NT 10.0; Win64; x64) AppleWebKit/537.36 (KHTML, like Gecko) Chrome/60.0.3112.113 Safari/537.36','2017-09-24 07:36:44',0),(322,3,'187.21.44.2','2017-09-24 10:36:44',1,2,'QTufe2DZrDwpcksIC5RBVMM1bj1NrpzeN3hDl86diT01qBc3s9wYu0Zg2Lll','xySdCl2djTMHEwRq2sAr','Mozilla/5.0 (Windows NT 10.0; Win64; x64) AppleWebKit/537.36 (KHTML, like Gecko) Chrome/60.0.3112.113 Safari/537.36','2017-09-24 07:36:44',12),(323,1,'189.15.214.45','2017-11-08 07:05:40',1,1,'g0bItalgxpyZ7vkeYTn5QPgLHmEwfa7SCHd6rDmvXM84L3rqHG9mBxuk2WlR','6ThSfkURPo65F7WL2IR5','Mozilla/5.0 (Windows NT 10.0; Win64; x64) AppleWebKit/537.36 (KHTML, like Gecko) Chrome/61.0.3163.79 Safari/537.36','2017-11-08 02:05:40',12),(324,1,'189.15.229.36','2017-11-08 07:05:40',1,1,'MEzQYq2cKL6ZF2MoWYtVCMsoHeLdZCY9S6WLVZGCrjpHF1caYb7NSZWnpof7','t7tNgYOFavxauMcGmugK','Mozilla/5.0 (Windows NT 10.0; Win64; x64) AppleWebKit/537.36 (KHTML, like Gecko) Chrome/61.0.3163.79 Safari/537.36','2017-11-08 02:05:40',12),(325,3,'187.21.44.2','2017-09-24 10:36:44',1,2,'YcDrB06cOoCsAuKNCEPjFxaSGKIAhoFUSTHmFA5lv0jYygoAZOkSRNHEtzQv','E1OsvyKYhdauasJGfP1r','Mozilla/5.0 (Windows NT 10.0; Win64; x64) AppleWebKit/537.36 (KHTML, like Gecko) Chrome/60.0.3112.113 Safari/537.36','2017-09-24 07:36:44',12),(326,1,'189.15.229.36','2017-09-13 21:01:31',1,2,'5NWsmhgOs48QDKEZUute9bv8gXPIBjIR7Rb8LrcO6EAMZHw1SclxxkRTrqYq','XOi7xHXIA4Ez4nLFYeao','Mozilla/5.0 (Windows NT 10.0; Win64; x64) AppleWebKit/537.36 (KHTML, like Gecko) Chrome/61.0.3163.79 Safari/537.36','2017-09-13 18:01:31',12),(327,1,'189.15.229.36','2017-11-08 07:05:40',1,1,'VJ09d62PfRxYt7hdQx2BKlGiFEZpITjrH7HGiWf9Q3IpctdqknWjnUtIilDb','95kabZ5yoZsRbNpRV6qm','Mozilla/5.0 (Windows NT 10.0; Win64; x64) AppleWebKit/537.36 (KHTML, like Gecko) Chrome/61.0.3163.79 Safari/537.36','2017-11-08 02:05:40',12),(328,3,'187.21.44.2','2017-09-24 10:36:44',1,2,'7ASwER63Sy2BVqAx2A0lxjzIFj6HbBSqih6TQ4w8AQlwkvIERltzug23ELgW','9BpdGMBkxmbUC4IFvfD4','Mozilla/5.0 (Windows NT 10.0; Win64; x64) AppleWebKit/537.36 (KHTML, like Gecko) Chrome/60.0.3112.113 Safari/537.36','2017-09-24 07:36:44',0),(329,3,'187.21.44.2','2017-09-24 10:36:44',1,1,'wOwbDw3cm5NGuTNuqTDgTUHIlgQ3ec9l7odMVJ5dZqLBrT54y5n4UFQuVnKo','RQFEDpJR2K0XkQE2k10J','Mozilla/5.0 (Windows NT 10.0; Win64; x64) AppleWebKit/537.36 (KHTML, like Gecko) Chrome/60.0.3112.113 Safari/537.36','2017-09-24 07:36:44',12),(330,3,'187.21.44.2','2017-09-24 10:36:44',1,1,'dLRlb8QpolZck4ckCC7KpVQzufJSS795v6aRgvF6feej5aXcXjw3wlQx3OrC','2KkQDTTyfTQqV7wVJUJ7','Mozilla/5.0 (Windows NT 10.0; Win64; x64) AppleWebKit/537.36 (KHTML, like Gecko) Chrome/60.0.3112.113 Safari/537.36','2017-09-24 07:36:44',12),(331,1,'179.126.202.117','2017-11-08 07:05:40',1,1,'4cSbPWELaL4NC8s7rCtjF4XkLlE64FfqzwSHJB3yEz8GnL3g1qfVs6SiQmtX','RTZ29wQdqZXhYLzy8kQJ','Mozilla/5.0 (Windows NT 10.0; Win64; x64) AppleWebKit/537.36 (KHTML, like Gecko) Chrome/61.0.3163.79 Safari/537.36','2017-11-08 02:05:40',12),(332,NULL,'191.54.72.134','2017-09-14 17:20:05',0,0,NULL,NULL,'Mozilla/5.0 (Windows NT 6.1; WOW64) AppleWebKit/537.36 (KHTML, like Gecko) Chrome/28.0.1500.63 Safari/537.36',NULL,0),(333,NULL,'191.54.72.134','2017-09-14 17:20:06',0,0,NULL,NULL,'Mozilla/5.0 (Windows NT 6.1; WOW64) AppleWebKit/537.36 (KHTML, like Gecko) Chrome/28.0.1500.63 Safari/537.36',NULL,0),(334,NULL,'189.41.52.244','2017-09-14 17:20:06',0,0,NULL,NULL,'Mozilla/5.0 (Windows NT 6.1; WOW64) AppleWebKit/537.36 (KHTML, like Gecko) Chrome/28.0.1500.63 Safari/537.36',NULL,0),(335,3,'187.21.44.2','2017-09-24 10:36:44',1,1,'CWCqnoAz4rtIXYm0weMyfH7Mld6oT25Hi5LRvidfcSq5x60sljQ4qlyLP9rx','J6wK38tuIII4lEYyGzaZ','Mozilla/5.0 (Windows NT 10.0; Win64; x64) AppleWebKit/537.36 (KHTML, like Gecko) Chrome/60.0.3112.113 Safari/537.36','2017-09-24 07:36:44',12),(336,3,'168.121.104.38','2017-09-24 10:36:44',1,1,'1px40JzHcsMIbiDDWYREhXa3DbkTl5QTICfqky4GU1vO46HFY3bdgfZznx8Y','70PTiPKbzwCX3IM8DgJe','Mozilla/5.0 (Windows NT 10.0; Win64; x64) AppleWebKit/537.36 (KHTML, like Gecko) Chrome/60.0.3112.113 Safari/537.36','2017-09-24 07:36:44',12),(337,3,'187.21.44.2','2017-09-24 10:36:44',1,1,'OsvNIJ3wM1DRm6eoX0NTUNEwXHsAXDyYDdx559kQdrXtf2ak27yAyELzvNze','h9BxlNbi5ilcVvkj4RTW','Mozilla/5.0 (Windows NT 10.0; Win64; x64) AppleWebKit/537.36 (KHTML, like Gecko) Chrome/60.0.3112.113 Safari/537.36','2017-09-24 07:36:44',12),(338,1,'189.15.227.123','2017-09-15 17:15:05',1,2,'Gk9jCzAK5xZewknrxlPlkky7C7hNDYKUEIUPlcmdqEnlIBtckVfJsY0O854P','tMOAucniKsWJ2S8iWgNP','Mozilla/5.0 (Windows NT 10.0; Win64; x64) AppleWebKit/537.36 (KHTML, like Gecko) Chrome/61.0.3163.91 Safari/537.36','2017-09-15 14:15:05',12),(339,1,'189.15.227.123','2017-11-08 07:05:40',1,1,'2QzkY76MvTkSrTgovzKBVYgdPcRBSu7YcIzHu035kkvHeYhn7yIF6HXutOLa','oqw0zlt4iB6NFr5ZPdvs','Mozilla/5.0 (Windows NT 10.0; Win64; x64) AppleWebKit/537.36 (KHTML, like Gecko) Chrome/61.0.3163.91 Safari/537.36','2017-11-08 02:05:40',12),(340,3,'187.21.44.2','2017-09-24 10:36:44',1,1,'HyrB1VuGalwc0lXogvfkTbAMT7M871UFelksfOn86sNuOD2Im8VYCCwl3kKk','ONA2Bqp7UIPiTo4cRup1','Mozilla/5.0 (Windows NT 10.0; Win64; x64) AppleWebKit/537.36 (KHTML, like Gecko) Chrome/60.0.3112.113 Safari/537.36','2017-09-24 07:36:44',12),(341,3,'187.21.44.2','2017-09-24 10:36:44',1,1,'oXzf6WWJtrHx4FEJJOjfhACXL4zRV6ks0Jr2erhc4prY2RIH3GjdlpPowXXq','HeVCR5G2zKl9a3IkO8Ol','Mozilla/5.0 (Windows NT 10.0; WOW64; rv:55.0) Gecko/20100101 Firefox/55.0','2017-09-24 07:36:44',12),(342,3,'187.21.44.2','2017-09-24 10:36:44',1,1,'Kc3OpqlUVWyr20TtVTsGfuPzbpc2K5u69vli9t7Hvr0BDqmAsFurxqz9zZ2b','zEVzmphj8oQh5izOtkhe','Mozilla/5.0 (Windows NT 10.0; Win64; x64) AppleWebKit/537.36 (KHTML, like Gecko) Chrome/60.0.3112.113 Safari/537.36','2017-09-24 07:36:44',12),(343,3,'187.21.44.2','2017-09-24 10:36:44',1,1,'Y2Qzw9TRlUD4JtCs2BJhYAUWgCWEBkoXjG2mlNilkCHPlQAYEmd0oI5B7TyD','Ey6ZBQVj1zqTDn1aaxLH','Mozilla/5.0 (Windows NT 10.0; Win64; x64) AppleWebKit/537.36 (KHTML, like Gecko) Chrome/60.0.3112.113 Safari/537.36','2017-09-24 07:36:44',12),(344,3,'187.21.44.2','2017-09-24 10:36:44',1,2,'ZTUMDkARwyGVdaluop1DJyvlmPsynuGsDYqDnvyto7pGY8Q8nrHmdc3Ik2RJ','Va0GiXVJGCMKUUHQ8CjW','Mozilla/5.0 (Windows NT 10.0; Win64; x64) AppleWebKit/537.36 (KHTML, like Gecko) Chrome/60.0.3112.113 Safari/537.36','2017-09-24 07:36:44',12),(345,1,'179.126.201.185','2017-11-08 07:05:40',1,1,'lqOAlzgYbM5fcstAcK8mpJreZ8f8OkGC92lmcWWGoTmfs040isnkGPd2qJ2i','TUmIkWyOI43lV2gRgh8K','Mozilla/5.0 (Windows NT 10.0; Win64; x64) AppleWebKit/537.36 (KHTML, like Gecko) Chrome/61.0.3163.100 Safari/537.36','2017-11-08 02:05:40',12),(346,1,'179.104.227.67','2017-09-22 14:08:06',1,2,'eVn2rx1eoWFvunokR99tIqKMzbwcHO08CKccN2BfRamby3TLIpZe3q4tj2K6','TDL0bWwDrJOLbIjwQiCA','Mozilla/5.0 (Windows NT 10.0; Win64; x64) AppleWebKit/537.36 (KHTML, like Gecko) Chrome/61.0.3163.100 Safari/537.36','2017-09-22 11:08:06',12),(347,1,'179.104.227.67','2017-11-08 07:05:40',1,1,'Pj1KG3scTibU77hxhDWWb9Til1SaLh4WhbuNvxrapy7gQgdpfkG0Vzcs4mDh','qYLxtw59ZoB1FuneMdXs','Mozilla/5.0 (Windows NT 10.0; Win64; x64) AppleWebKit/537.36 (KHTML, like Gecko) Chrome/61.0.3163.100 Safari/537.36','2017-11-08 02:05:40',12),(348,NULL,'187.21.44.2','2017-09-23 09:41:33',0,0,NULL,NULL,'Mozilla/5.0 (Windows NT 10.0; Win64; x64) AppleWebKit/537.36 (KHTML, like Gecko) Chrome/60.0.3112.113 Safari/537.36',NULL,0),(349,NULL,'187.21.44.2','2017-09-23 09:41:40',0,0,NULL,NULL,'Mozilla/5.0 (Windows NT 10.0; Win64; x64) AppleWebKit/537.36 (KHTML, like Gecko) Chrome/60.0.3112.113 Safari/537.36',NULL,0),(350,3,'187.21.44.2','2017-09-24 10:36:44',1,1,'oxBBaCdQxiqNTTgDtwDEYfXLZiSizG7ISygrJQT7q7l8wMDI7JyFP4mNW1cf','AVSGIGumxJT8eq0CLFmP','Mozilla/5.0 (Windows NT 10.0; Win64; x64) AppleWebKit/537.36 (KHTML, like Gecko) Chrome/60.0.3112.113 Safari/537.36','2017-09-24 07:36:44',12),(351,3,'187.21.44.2','2017-09-24 10:36:44',1,1,'T7dLJMXHRJAijMsKTWAGIuaFm8vVd0OzS1FARbsnnbK3Bhrvs2xTYlUCvj7r','SlsmbwrHDkkGzxagESFN','Mozilla/5.0 (Windows NT 10.0; Win64; x64) AppleWebKit/537.36 (KHTML, like Gecko) Chrome/60.0.3112.113 Safari/537.36','2017-09-24 07:36:44',12),(352,1,'189.15.200.83','2017-09-23 14:41:55',1,2,'gPClxcQLKr2kIz545Cfl9t1EZUy4cUWyD2oKu2p4Hww73tNv86H8nfRqE7mo','u3CGAnDoVEwqKfZkyaBL','Mozilla/5.0 (Windows NT 10.0; Win64; x64) AppleWebKit/537.36 (KHTML, like Gecko) Chrome/61.0.3163.100 Safari/537.36','2017-09-23 11:41:55',12),(353,NULL,'187.21.44.2','2017-09-23 13:47:21',0,0,NULL,NULL,'Mozilla/5.0 (Windows NT 10.0; Win64; x64) AppleWebKit/537.36 (KHTML, like Gecko) Chrome/60.0.3112.113 Safari/537.36',NULL,0),(354,3,'187.21.44.2','2017-09-24 10:36:44',1,2,'aWWUpEJ6QnTlx5rM2PSg5OVHjj5XYyBfIwtxqgPgMSZfAkMupQWzm06RPhWt','jzQ79NQBlAa8aDFEucDq','Mozilla/5.0 (Windows NT 10.0; Win64; x64) AppleWebKit/537.36 (KHTML, like Gecko) Chrome/60.0.3112.113 Safari/537.36','2017-09-24 07:36:44',12),(355,1,'189.15.200.83','2017-11-08 07:05:40',1,1,'XGLmTanGOGTtAfPAvqXHyNoq9aRiUELoeCYz3Qrq1WukXHdoEE8FjSffvUv1','BwHQsRO1CUvJlKBC34B0','Mozilla/5.0 (Windows NT 10.0; Win64; x64) AppleWebKit/537.36 (KHTML, like Gecko) Chrome/61.0.3163.100 Safari/537.36','2017-11-08 02:05:40',12),(356,3,'187.21.44.2','2017-09-24 10:36:44',1,2,'bfb234Z5L9FcCWIVI7nIwEMlLaaLBm3ZCe95POA5zPmO1PcyZjKJ9BT6SAM0','p5g2OwErn9tTJOylFbRU','Mozilla/5.0 (Windows NT 10.0; Win64; x64) AppleWebKit/537.36 (KHTML, like Gecko) Chrome/60.0.3112.113 Safari/537.36','2017-09-24 07:36:44',12),(357,1,'189.15.200.83','2017-11-08 07:05:40',1,1,'JCZ3i5eRXQucBHghKQFgCpj7TXFuldUPWlFubQ3gk1vmiT2xBfAqW8foKe8u','b6yziF9GPYL0fR3IKVAR','Mozilla/5.0 (Windows NT 10.0; WOW64; Trident/7.0; rv:11.0) like Gecko','2017-11-08 02:05:40',0),(358,1,'189.15.200.83','2017-11-08 07:05:40',1,1,'7oL5nKSYUTwzusrIXBgo6pLiyq0RiyFcBkAfUZQu8ee2AiP7oRjuaUsqseSQ','QNqeNCIiNHDvLJFFRvHp','Mozilla/5.0 (Windows NT 10.0; Win64; x64) AppleWebKit/537.36 (KHTML, like Gecko) Chrome/61.0.3163.100 Safari/537.36','2017-11-08 02:05:40',12),(359,1,'189.15.200.83','2017-11-08 07:05:40',1,1,'MXJflYq10h4IaV5LeBN6tzIlIWANeSCdjbgGBs4kLC7PqlLO8M1AtVngdIZr','M6kUP63uLJXQv1AkQzFS','Mozilla/5.0 (Windows NT 10.0; Win64; x64) AppleWebKit/537.36 (KHTML, like Gecko) Chrome/61.0.3163.100 Safari/537.36','2017-11-08 02:05:40',12),(360,1,'189.15.200.83','2017-11-08 07:05:40',1,1,'EwcDYOvb3o1csmgQpT96NY5nurMoCtBhDHkvtOzCd5SKlKNOXKtRgCQt8yON','OGBDBLQtOCye6tVgp9uD','Mozilla/5.0 (Windows NT 10.0; Win64; x64) AppleWebKit/537.36 (KHTML, like Gecko) Chrome/61.0.3163.100 Safari/537.36','2017-11-08 02:05:40',12),(361,3,'187.21.44.2','2017-09-24 10:36:44',1,2,'Z0A8ihTSpEhnXruvGTBMs71VmXzZhrVqdFKNnxvwzlNom9dd5RZKHUdSoJqZ','RNeFG4BHyil89KSi22fM','Mozilla/5.0 (Windows NT 10.0; Win64; x64) AppleWebKit/537.36 (KHTML, like Gecko) Chrome/60.0.3112.113 Safari/537.36','2017-09-24 07:36:44',0),(362,13,'187.21.44.2','2017-09-24 10:35:53',2,0,NULL,NULL,'Mozilla/5.0 (Windows NT 10.0; Win64; x64) AppleWebKit/537.36 (KHTML, like Gecko) Chrome/60.0.3112.113 Safari/537.36',NULL,0),(363,13,'187.21.44.2','2017-09-24 10:35:59',2,0,NULL,NULL,'Mozilla/5.0 (Windows NT 10.0; Win64; x64) AppleWebKit/537.36 (KHTML, like Gecko) Chrome/60.0.3112.113 Safari/537.36',NULL,0),(364,NULL,'187.21.44.2','2017-09-24 10:36:07',0,0,NULL,NULL,'Mozilla/5.0 (Windows NT 10.0; Win64; x64) AppleWebKit/537.36 (KHTML, like Gecko) Chrome/60.0.3112.113 Safari/537.36',NULL,0),(365,3,'187.21.44.2','2017-09-24 10:36:44',1,1,'MsELo1HOjjZYPvDf8OrWQ4F7Eo8Nbzqs1cguvT05fb4ZdikGKP8z42HYpkGN','rolwrxtprVGOWnk6Jkqi','Mozilla/5.0 (Windows NT 10.0; Win64; x64) AppleWebKit/537.36 (KHTML, like Gecko) Chrome/60.0.3112.113 Safari/537.36','2017-09-24 07:36:44',12),(366,NULL,'187.21.44.2','2017-09-24 10:36:49',0,0,NULL,NULL,'Mozilla/5.0 (Windows NT 10.0; Win64; x64) AppleWebKit/537.36 (KHTML, like Gecko) Chrome/60.0.3112.113 Safari/537.36',NULL,0),(367,3,'187.21.44.2','2017-09-24 10:39:44',1,2,'jLXsoYMX5tBj4jbNf7WkKwoppMyLvTRF7VQbkrUwxRy6403nprkHDvuE3ypR','SFxulzwbhwYvi74GkNAy','Mozilla/5.0 (Windows NT 10.0; Win64; x64) AppleWebKit/537.36 (KHTML, like Gecko) Chrome/60.0.3112.113 Safari/537.36','2017-09-24 07:39:44',0),(368,13,'187.21.44.2','2017-09-24 10:40:35',1,2,'c3aBhwEGoGVoCjkN4lN45QuDtUxdEWl5jXPDqIhkl4RLKYhR0AwUBDc0ouu0','Co5lKl0QRgCzUMNSf20k','Mozilla/5.0 (Windows NT 10.0; Win64; x64) AppleWebKit/537.36 (KHTML, like Gecko) Chrome/60.0.3112.113 Safari/537.36','2017-09-24 07:40:35',12),(369,3,'187.21.44.2','2017-09-24 11:34:14',1,2,'daNq3GqjkZ0Zdq3yp8ijAPA9LIrKtVlcIraJEatnawPaJJKeBy4OythB6Xc1','TkkfHvugHO7zluLSobqw','Mozilla/5.0 (Windows NT 10.0; Win64; x64) AppleWebKit/537.36 (KHTML, like Gecko) Chrome/60.0.3112.113 Safari/537.36','2017-09-24 08:34:14',14),(370,3,'187.21.44.2','2017-09-24 11:34:24',1,1,'uuwZmzNhqGzV4Qq89Jsknjyogt3xArBhtmVXZ7kBI2Ln4K2KC1DaXHXhh7Dz','y0pW5GoDsoohjTm7uUUc','Mozilla/5.0 (Windows NT 10.0; Win64; x64) AppleWebKit/537.36 (KHTML, like Gecko) Chrome/60.0.3112.113 Safari/537.36',NULL,12),(371,3,'187.21.44.2','2017-09-24 13:48:35',2,0,NULL,NULL,'Mozilla/5.0 (Windows NT 10.0; Win64; x64) AppleWebKit/537.36 (KHTML, like Gecko) Chrome/60.0.3112.113 Safari/537.36',NULL,0),(372,NULL,'187.21.44.2','2017-09-24 13:48:39',0,0,NULL,NULL,'Mozilla/5.0 (Windows NT 10.0; Win64; x64) AppleWebKit/537.36 (KHTML, like Gecko) Chrome/60.0.3112.113 Safari/537.36',NULL,0),(373,NULL,'187.21.44.2','2017-09-24 13:48:45',0,0,NULL,NULL,'Mozilla/5.0 (Windows NT 10.0; Win64; x64) AppleWebKit/537.36 (KHTML, like Gecko) Chrome/60.0.3112.113 Safari/537.36',NULL,0),(374,3,'187.21.44.2','2017-09-24 13:49:10',1,1,'AQJieXl9v1iBpxqSxLggcX8hRFMmmZhw9ckKKpuMxevpoOfq72VuxMOOR7FA','jvFKLqVAdCK6RJJ1gKeZ','Mozilla/5.0 (Windows NT 10.0; Win64; x64) AppleWebKit/537.36 (KHTML, like Gecko) Chrome/60.0.3112.113 Safari/537.36',NULL,12),(375,3,'187.21.44.2','2017-09-24 15:04:07',1,1,'KwN1dSNe2EKsVKUZEajchzxxlLcWfXEH8WgEC7iM9lpCAcsEzqgRfHYg5cT6','jUgYVQkXJ0jvFuULkqb2','Mozilla/5.0 (Windows NT 10.0; Win64; x64) AppleWebKit/537.36 (KHTML, like Gecko) Chrome/60.0.3112.113 Safari/537.36',NULL,12),(376,1,'189.15.218.144','2017-11-08 07:05:40',1,1,'DCXv12wHxu0Z7zgaN0zVaAYv3LVsDzDV6thKM0WqQzmu1gJXxfEOYX3I1FKp','mABiZrL0iRWvFHjHMXHC','Mozilla/5.0 (Windows NT 10.0; Win64; x64) AppleWebKit/537.36 (KHTML, like Gecko) Chrome/61.0.3163.100 Safari/537.36','2017-11-08 02:05:40',12),(377,3,'187.21.44.2','2017-09-27 23:19:12',1,2,'gJZH55jlQMUjRjIy3HX0jQrjsXgdOeOQhlEHLBAdOek826tyDCHb0uXUIqju','vx24geKlrDoIWJDZUnEY','Mozilla/5.0 (Windows NT 10.0; Win64; x64) AppleWebKit/537.36 (KHTML, like Gecko) Chrome/60.0.3112.113 Safari/537.36','2017-09-27 20:19:12',12),(378,1,'179.126.194.251','2017-11-08 07:05:40',1,1,'64cOfkbrmuNkNTrEf4Huzqz8wodoKXka5oM9X2rYfbVSHlRrjKFVsZ0tFUk7','ZOcFNP2wVBEYJxTktYvp','Mozilla/5.0 (Windows NT 10.0; Win64; x64) AppleWebKit/537.36 (KHTML, like Gecko) Chrome/61.0.3163.100 Safari/537.36','2017-11-08 02:05:40',12),(379,3,'187.21.44.2','2017-09-26 09:57:10',1,1,'0hcYP1fTkZsbsv0SgeGrNy9CmlHerCCTl3qEIN3JWOwCQY9vUb1snRCEdEnE','eOv577u1BuOvQ0A1pJ9C','Mozilla/5.0 (Windows NT 10.0; Win64; x64) AppleWebKit/537.36 (KHTML, like Gecko) Chrome/60.0.3112.113 Safari/537.36',NULL,0),(380,1,'177.106.144.243','2017-09-27 03:01:25',1,2,'CqakSVyGgpMOSXBl38bsqCzvoj6bdduE8iub4MNL8Q1Z0SP2ZdjSArRjtuWc','EhdZf5PuMyciT3Vi4tor','Mozilla/5.0 (Windows NT 10.0; Win64; x64) AppleWebKit/537.36 (KHTML, like Gecko) Chrome/61.0.3163.100 Safari/537.36','2017-09-27 00:01:25',12),(381,1,'177.106.144.243','2017-09-27 03:01:49',1,2,'Wz9qaY3XiIrDjDQuEVR8ziDEsJyhFuJFFDjppXOwUBEd72nNkaDJcSaiIuHa','fpsLRLceiyQ8XmhR67b9','Mozilla/5.0 (Windows NT 10.0; Win64; x64) AppleWebKit/537.36 (KHTML, like Gecko) Chrome/61.0.3163.100 Safari/537.36','2017-09-27 00:01:49',0),(382,1,'177.106.144.243','2017-11-08 07:05:40',1,1,'zsrkzP90pIqaWZtBSTTBWKNiNbUGEmXErJ5FYwhBh5o8OABLwjaYfsNdHXH3','9QNRkIzehLi74mDaQ57N','Mozilla/5.0 (Windows NT 10.0; Win64; x64) AppleWebKit/537.36 (KHTML, like Gecko) Chrome/61.0.3163.100 Safari/537.36','2017-11-08 02:05:40',12),(383,1,'189.15.187.104','2017-09-27 12:52:44',1,2,'ATO9S8AlSETF2r8R6lkxkvSPzCzsOolshDTU4zLvmCjmC4KVFhrjbzn0diVF','u3UZZ7yDHY0Dtp0A1cuD','Mozilla/5.0 (Windows NT 10.0; Win64; x64) AppleWebKit/537.36 (KHTML, like Gecko) Chrome/61.0.3163.100 Safari/537.36','2017-09-27 09:52:44',12),(384,1,'189.15.187.104','2017-11-08 07:05:40',1,1,'ewxqodXR3NT3oUt1pKJkp48WUCy0kwTL5AHa6aIZodR3LXQ1ocoJnmQXhX5g','SXeueQo0xJT8vD1M6f6X','Mozilla/5.0 (Windows NT 10.0; Win64; x64) AppleWebKit/537.36 (KHTML, like Gecko) Chrome/61.0.3163.100 Safari/537.36','2017-11-08 02:05:40',12),(385,13,'187.21.44.2','2017-09-27 23:19:53',1,2,'Mf2fFdTOec0lhQApyYzQLJfMiAZWAl8eY6fd3WRUtuEmlbZqWnZX5Q6mtx5q','rUU96FJaqAsUsJQ9kK5y','Mozilla/5.0 (Windows NT 10.0; Win64; x64) AppleWebKit/537.36 (KHTML, like Gecko) Chrome/60.0.3112.113 Safari/537.36','2017-09-27 20:19:53',12),(386,3,'187.21.44.2','2017-09-27 23:20:07',1,1,'wAi0vX1UsCOLjOQ0GYpoj6FuyYqdxeJWKYOOFY9JnFAsxWtEP0qifzUQo9HK','qEptsiGeTFMh9Ary3Que','Mozilla/5.0 (Windows NT 10.0; Win64; x64) AppleWebKit/537.36 (KHTML, like Gecko) Chrome/60.0.3112.113 Safari/537.36',NULL,12),(387,13,'187.21.44.2','2017-11-14 12:40:59',1,1,'mk2l4DoupB7DzvL0QUnAcKok7NojUSsCyD2a62lRtMBtwaX9pqgey7kXnpeC','ewjCXakmTf4fiP2AH1iQ','Mozilla/5.0 (Windows NT 10.0; WOW64; rv:55.0) Gecko/20100101 Firefox/55.0','2017-11-14 07:40:59',12),(388,1,'189.15.187.104','2017-11-08 07:05:40',1,1,'uaY43gLqoM8bwM1W4N1EEonBSimb3pu6Z6tWw9t5C34o62y3ojZhlRpPcNqH','dHL3l84eKZoB6xG0qFTm','Mozilla/5.0 (Windows NT 10.0; WOW64; rv:55.0) Gecko/20100101 Firefox/55.0','2017-11-08 02:05:40',12),(389,13,'187.21.44.2','2017-11-14 12:40:59',1,1,'r2YoCbcgRFHPWCggD8wLLvZN7RzY44AHEenzBuWo9T94c6VdEriGxzfsIZIp','7xSAmao67sY1NDqdEggK','Mozilla/5.0 (Windows NT 10.0; Win64; x64) AppleWebKit/537.36 (KHTML, like Gecko) Chrome/60.0.3112.113 Safari/537.36','2017-11-14 07:40:59',12),(390,1,'177.106.155.151','2017-11-08 07:05:40',1,1,'F7dMQEeTTtDQjyFYGDs4AejU4DmnaRGq0ufpcCF6vVJ7ep9Pfzve4F8vLUb2','BNWCC7DQthWj6yQqF9i5','Mozilla/5.0 (Windows NT 10.0; Win64; x64) AppleWebKit/537.36 (KHTML, like Gecko) Chrome/61.0.3163.100 Safari/537.36','2017-11-08 02:05:40',12),(391,3,'187.21.44.2','2017-09-29 19:15:06',1,1,'PMuePzqXiDmNhqk8aZddZUc5N4OmLXkON9CbcfZDYBtfgSpEw7OUUPjZck5K','iT7oAk6XgsmSlBG0gehB','Mozilla/5.0 (Windows NT 10.0; Win64; x64) AppleWebKit/537.36 (KHTML, like Gecko) Chrome/61.0.3163.100 Safari/537.36',NULL,12),(392,1,'177.191.134.209','2017-11-08 07:05:40',1,1,'n3pYihqtuo3P6zTVpbtaKP4EfC8Mzu1716sI7Z0GKdkEc4vAnbK1vuQb5PwM','j9bA7cHHJsFRIClYMGHO','Mozilla/5.0 (Windows NT 10.0; Win64; x64) AppleWebKit/537.36 (KHTML, like Gecko) Chrome/61.0.3163.100 Safari/537.36','2017-11-08 02:05:40',12),(393,3,'187.21.44.2','2017-09-29 23:02:31',1,1,'coChrDIzriDl6w3coNjCcsw9qClLBvdUD1vVPQndA49X0aXxLsG8ROR0pzsM','kuRha67FHEifrlllAujN','Mozilla/5.0 (Windows NT 10.0; Win64; x64) AppleWebKit/537.36 (KHTML, like Gecko) Chrome/61.0.3163.100 Safari/537.36',NULL,0),(394,3,'187.21.44.2','2017-09-29 23:24:23',1,1,'Iz1KdQQ0eiQMToUFP8WLCfXgIVRfWhdxuvDek1t88h6u4OaZgFmW06aTYP3X','kp6peySDx6THEM3jJNE5','Mozilla/5.0 (Windows NT 10.0; Win64; x64) AppleWebKit/537.36 (KHTML, like Gecko) Chrome/61.0.3163.100 Safari/537.36',NULL,12),(395,3,'187.21.44.2','2017-10-01 20:57:40',2,0,NULL,NULL,'Mozilla/5.0 (Windows NT 10.0; Win64; x64) AppleWebKit/537.36 (KHTML, like Gecko) Chrome/61.0.3163.100 Safari/537.36',NULL,0),(396,3,'187.21.44.2','2017-10-01 20:57:50',1,1,'KAWrv6X3MWi9vUHFsdAEVaVcvJeBmQ9jxpQmXj7qpy6b3x0BzUg3ywUVfPha','Dg80uUqpYUtkJvJEFPxq','Mozilla/5.0 (Windows NT 10.0; Win64; x64) AppleWebKit/537.36 (KHTML, like Gecko) Chrome/61.0.3163.100 Safari/537.36',NULL,12),(397,3,'187.21.44.2','2017-10-02 19:27:10',2,0,NULL,NULL,'Mozilla/5.0 (Windows NT 10.0; Win64; x64) AppleWebKit/537.36 (KHTML, like Gecko) Chrome/61.0.3163.100 Safari/537.36',NULL,0),(398,3,'187.21.44.2','2017-10-02 19:27:18',1,1,'SZawCxGg5lSf7ub8MPAF5Xr0Vt8OwXvYMZlha9LjJBCTC442LyaZewtPOuLF','xy5CxVY2DkrjWCQUWEmI','Mozilla/5.0 (Windows NT 10.0; Win64; x64) AppleWebKit/537.36 (KHTML, like Gecko) Chrome/61.0.3163.100 Safari/537.36',NULL,12),(399,1,'177.106.147.40','2017-11-08 07:05:40',1,1,'YYX01OBCfy0XfEDk2rKGvoeDgyqeheWYNyVPGHFTFMn1mZD8GYrn5gZkLekH','WixG377MDG9XMG440IT6','Mozilla/5.0 (Windows NT 10.0; Win64; x64) AppleWebKit/537.36 (KHTML, like Gecko) Chrome/61.0.3163.100 Safari/537.36','2017-11-08 02:05:40',12),(400,1,'189.15.188.77','2017-10-03 05:45:39',1,2,'qBVhzJYUDziZKxFx32lTYo1o6kqqttUlCKS4uBgZOJtsCz0kKsg49tTlh9hC','EYf1417tYgYniwf8uHo0','Mozilla/5.0 (Windows NT 10.0; Win64; x64) AppleWebKit/537.36 (KHTML, like Gecko) Chrome/61.0.3163.100 Safari/537.36','2017-10-03 01:45:39',12),(401,1,'189.15.188.77','2017-10-03 05:51:04',1,2,'t3wPYwABxQiOQmHvdVne2xTtmBVaFve21cxQXg0iGVGLFs6UhVfVlrtiQCXX','CfiIcE6qM7el2UZzGjhR','Mozilla/5.0 (Windows NT 10.0; Win64; x64) AppleWebKit/537.36 (KHTML, like Gecko) Chrome/61.0.3163.100 Safari/537.36','2017-10-03 01:51:04',12),(402,3,'187.21.44.2','2017-10-03 16:48:15',2,0,NULL,NULL,'Mozilla/5.0 (Windows NT 10.0; Win64; x64) AppleWebKit/537.36 (KHTML, like Gecko) Chrome/61.0.3163.100 Safari/537.36',NULL,0),(403,3,'187.21.44.2','2017-10-03 16:48:24',1,1,'uOtV10oPWJfSoBbqsoPLGnZb3aqMwf8bVBMJBBXuU5L5TsamxaO864LjIgwv','OeeChV2FMS5cGoyDyZYh','Mozilla/5.0 (Windows NT 10.0; Win64; x64) AppleWebKit/537.36 (KHTML, like Gecko) Chrome/61.0.3163.100 Safari/537.36',NULL,12),(404,3,'187.21.44.2','2017-10-03 22:16:12',1,1,'xk5Zy5xBQnuwyGIqsO5CupgNjDn4hNkbRbf0jMpNApIQkEKU6ckqdslZHvDn','GHNHMtvrFFjtU24UQmXE','Mozilla/5.0 (Windows NT 10.0; Win64; x64) AppleWebKit/537.36 (KHTML, like Gecko) Chrome/61.0.3163.100 Safari/537.36',NULL,12),(405,1,'189.15.212.209','2017-10-04 13:48:40',1,2,'u4l4K7gj2pke1p87NOuuw0vCOOZFXorXTgbPMnkp5BYVRy8aRDcLsnFhCDK7','1LDJF9epGpGulO8OE4cK','Mozilla/5.0 (Windows NT 10.0; Win64; x64) AppleWebKit/537.36 (KHTML, like Gecko) Chrome/61.0.3163.100 Safari/537.36','2017-10-04 09:48:40',12),(406,1,'189.15.212.209','2017-11-08 07:05:40',1,1,'sFw45hwzG3AkQFUChGwv2HkDtB5xn0oBnXQE9vDO4Xgyf0aexRaAJDluS4Cy','8agGeEp8iOS02ESQ2mNO','Mozilla/5.0 (Windows NT 10.0; Win64; x64) AppleWebKit/537.36 (KHTML, like Gecko) Chrome/61.0.3163.100 Safari/537.36','2017-11-08 02:05:40',12),(407,3,'187.21.44.2','2017-10-05 15:51:10',1,1,'ttamtfIfFuY8yUPLvqU5CcCnEvRH2uzeCVr6R0ADSeqDji4okMOvyyLfd22y','rEsyh2ikr8QknKMbYoj8','Mozilla/5.0 (Windows NT 10.0; Win64; x64) AppleWebKit/537.36 (KHTML, like Gecko) Chrome/61.0.3163.100 Safari/537.36',NULL,12),(408,3,'187.21.44.2','2017-10-06 09:11:57',1,1,'ySXsfa8WvVWErdrBj9WpZQgw8F7NIKORnyzWpFzuStqeG6tpyhxqwChDjxzb','uYrtg7w8sQkjNTCRUm4Z','Mozilla/5.0 (Windows NT 10.0; Win64; x64) AppleWebKit/537.36 (KHTML, like Gecko) Chrome/61.0.3163.100 Safari/537.36',NULL,12),(409,3,'187.21.44.2','2017-10-09 16:26:25',1,1,'DIYJ6fGm0VgRoqL2EPjj1We8qX4yFZhLssEg8KxLSL55MkwPtApSDYvrO4x3','uMQoR5gT2gsrt3ODTqsf','Mozilla/5.0 (Windows NT 10.0; Win64; x64) AppleWebKit/537.36 (KHTML, like Gecko) Chrome/61.0.3163.100 Safari/537.36',NULL,12),(410,1,'189.15.207.85','2017-11-08 07:05:40',1,1,'2X55kUJVxYaT5hHERByG6OdaM5gsVVqgR9ya7XtJMkwMqFQNapSOEgSIGmLi','LtpUieKMteq7k6eDjQke','Mozilla/5.0 (Windows NT 10.0; Win64; x64) AppleWebKit/537.36 (KHTML, like Gecko) Chrome/61.0.3163.100 Safari/537.36','2017-11-08 02:05:40',12),(411,3,'187.21.44.2','2017-10-10 17:30:40',1,2,'wk7uWvuoRlFiQj2Q9JxC50VQsaWPU4WRoteimRIM5W0X573259fQZztvGZq9','cVLUQwMNyVzpnY0jsXle','Mozilla/5.0 (Windows NT 10.0; Win64; x64) AppleWebKit/537.36 (KHTML, like Gecko) Chrome/61.0.3163.100 Safari/537.36','2017-10-10 13:30:40',12),(412,3,'138.97.92.5','2017-10-10 14:14:18',1,1,'L6llpmikysCryfoVCbRMikiNLEGPQ62XzXIhSGER4tz83WxPxZH1t9BDEGDH','XP8ExXjU4JRfUbJj18ci','Mozilla/5.0 (Windows NT 6.3; Win64; x64) AppleWebKit/537.36 (KHTML, like Gecko) Chrome/61.0.3163.100 Safari/537.36',NULL,12),(413,1,'189.41.4.133','2017-11-08 07:05:40',1,1,'w1fqAyhtbnVCihAwTNDzafsOJMfAAW3LKPNyUiDI3ZhejkERxRB3AzRUXOYT','2Wwa9FNR8BexOLuXx54r','Mozilla/5.0 (Windows NT 10.0; Win64; x64) AppleWebKit/537.36 (KHTML, like Gecko) Chrome/61.0.3163.100 Safari/537.36','2017-11-08 02:05:40',12),(414,3,'187.21.44.2','2017-10-10 17:30:53',1,1,'NhcTKgKEv5WCy6PGkkcabSROm3R8Taqs9V1aL1nMHkrcqUkqwa7XjYWN6R1X','Vp6LycudO5nFQSoopAnB','Mozilla/5.0 (Windows NT 10.0; Win64; x64) AppleWebKit/537.36 (KHTML, like Gecko) Chrome/61.0.3163.100 Safari/537.36',NULL,12),(415,1,'189.15.15.22','2017-10-12 00:38:59',1,2,'DJHtCVGjU3qwQ4p54Hb6eE92gUJs4GmGiQMS9DjZ9MuODwcl0G6RzRtygSfi','dRQnfZ3EZb0RsUQdTU9g','Mozilla/5.0 (Windows NT 10.0; Win64; x64) AppleWebKit/537.36 (KHTML, like Gecko) Chrome/61.0.3163.100 Safari/537.36','2017-10-11 20:38:59',14),(416,3,'187.21.44.2','2017-10-12 00:37:11',1,1,'re6D6U6QNpFW8IsglQOqTBq0aFtbZRsx5gCcOoeVxRLRCvScx8In8rG1xGzt','XOSUcAZQdtnXCpQkwP1R','Mozilla/5.0 (Windows NT 10.0; Win64; x64) AppleWebKit/537.36 (KHTML, like Gecko) Chrome/61.0.3163.100 Safari/537.36',NULL,14),(417,3,'187.21.44.2','2017-10-16 02:06:53',1,1,'iWwaGQBcwzeFoTSGbSZ0hznUD0cxy5fDGJWkEc3dQRDvPJbRUHVD5zRaJzbQ','MgEKYDuWCJMjVdH5X1Vd','Mozilla/5.0 (Windows NT 10.0; Win64; x64) AppleWebKit/537.36 (KHTML, like Gecko) Chrome/61.0.3163.100 Safari/537.36',NULL,12),(418,3,'187.21.44.2','2017-10-16 04:34:56',2,0,NULL,NULL,'Mozilla/5.0 (Windows NT 10.0; Win64; x64) AppleWebKit/537.36 (KHTML, like Gecko) Chrome/61.0.3163.100 Safari/537.36',NULL,0),(419,3,'187.21.44.2','2017-10-16 04:35:07',1,1,'9D2GCu4KM8iE4YqbmgmLOSE6eNANqqEL6er5jWaQLiwChlXdp2n1rX15OJ3g','AcpS6vcg38EmSAqbneSE','Mozilla/5.0 (Windows NT 10.0; Win64; x64) AppleWebKit/537.36 (KHTML, like Gecko) Chrome/61.0.3163.100 Safari/537.36',NULL,12),(420,3,'187.21.44.2','2017-10-17 03:13:05',1,1,'BX1em1Ih9ohPv7L0gVODVoWhavxzJzciniTwLRNYJajTfl4dkrNyhmkU4msE','w0FhgG1R3wp6dIPrOs4m','Mozilla/5.0 (Windows NT 10.0; Win64; x64) AppleWebKit/537.36 (KHTML, like Gecko) Chrome/61.0.3163.100 Safari/537.36',NULL,12),(421,1,'177.106.147.36','2017-11-08 07:05:40',1,1,'t8pFMsDBeA6T2psYPE4rzVfhD0IOdNDaUJ20TjOaN92f79M1A1aK3tPoM62i','HsqPHzZZ2ftf3g6MbplJ','Mozilla/5.0 (Windows NT 10.0; Win64; x64) AppleWebKit/537.36 (KHTML, like Gecko) Chrome/61.0.3163.100 Safari/537.36','2017-11-08 02:05:40',12),(422,3,'187.21.44.2','2017-10-17 04:02:16',1,1,'EGgGnFF8ZNpMdwJ5KCcSx1BDEayGtLk9GFYFfI4wY9ybsWtL5nRPmBxLcZmq','X0KxHMPqfmWUhuKGRQpA','Mozilla/5.0 (Windows NT 10.0; Win64; x64) AppleWebKit/537.36 (KHTML, like Gecko) Chrome/61.0.3163.100 Safari/537.36',NULL,12),(423,1,'177.106.147.36','2017-11-08 07:05:40',1,1,'VXAMGgE43f43h1oXwqTwOQbWa8dg2EJKErJO8y4zLEZRTkYr84MMPiXRVZ5B','u6lvjABdOYb9wotYvHoJ','Mozilla/5.0 (Windows NT 10.0; Win64; x64) AppleWebKit/537.36 (KHTML, like Gecko) Chrome/61.0.3163.100 Safari/537.36','2017-11-08 02:05:40',12),(424,3,'187.21.44.2','2017-10-17 04:55:40',1,1,'kEvXWEvwiWvq3PZ1HgGigH8PCnilBok098P5q8lduSABhPjKjiwBJxRhA3av','zzBK5wDX7TXbocoESbpr','Mozilla/5.0 (Windows NT 10.0; Win64; x64) AppleWebKit/537.36 (KHTML, like Gecko) Chrome/61.0.3163.100 Safari/537.36',NULL,12),(425,3,'187.21.44.2','2017-10-17 13:34:24',1,1,'JvRTC2ZUKxWHs9D3m3ETYXohBh68LgOhIRE6ygQxf0ntBMp9oydkLzJksze4','KJsAL0oCHKrv8kNwZQse','Mozilla/5.0 (Windows NT 10.0; Win64; x64) AppleWebKit/537.36 (KHTML, like Gecko) Chrome/61.0.3163.100 Safari/537.36',NULL,12),(426,3,'187.21.44.2','2017-10-19 10:26:00',1,1,'QtgfNMOi70oMST9VeM3MzWxmSvLvLdnippF76HHdnL6BvC0BSus28qtPLO6w','gP1Sgzdgn9cePQHCmJ6V','Mozilla/5.0 (Windows NT 10.0; Win64; x64) AppleWebKit/537.36 (KHTML, like Gecko) Chrome/61.0.3163.100 Safari/537.36',NULL,12),(427,3,'187.21.44.2','2017-10-19 08:16:47',1,1,'rQ6OvlrHaQhWErl4IkaoieZ9cOEM1KzVSMKlw1Gmnu7Tk9Hp0TfLiYBbsgVD','I8wTzAQynnLa0KYN62gV','Mozilla/5.0 (Windows NT 10.0; Win64; x64) AppleWebKit/537.36 (KHTML, like Gecko) Chrome/61.0.3163.100 Safari/537.36',NULL,0),(428,3,'187.21.44.2','2017-10-20 12:04:43',1,1,'Wbxwnu7qq5c8uTp6cOqkEFVy6zWrE6NsjY6nD1MwutJlglG9N5ke49rlq7Ye','5NdzkTKgAwhxMXVWJpCT','Mozilla/5.0 (Windows NT 10.0; Win64; x64) AppleWebKit/537.36 (KHTML, like Gecko) Chrome/61.0.3163.100 Safari/537.36',NULL,12),(429,3,'187.21.44.2','2017-10-20 11:07:02',1,2,'p7w9t9e64vfuw7BbxseUc0dDuwGgkWviaK84DZ3LVgZU0uJzInaPYmcVVuL3','uamSeB9geKoWo1i89I9H','Mozilla/5.0 (Windows NT 10.0; Win64; x64) AppleWebKit/537.36 (KHTML, like Gecko) Chrome/61.0.3163.100 Safari/537.36','2017-10-20 07:07:02',12),(430,3,'187.21.44.2','2017-10-20 11:09:41',1,1,'5jXkXPFfe5JREfb9lrJjTMGvcMIrTpWrObGc1Is7Ynx2XUf8bVT21EUKMeUL','KhMkRA28OWHo61MjxdOd','Mozilla/5.0 (Windows NT 10.0; Win64; x64) AppleWebKit/537.36 (KHTML, like Gecko) Chrome/61.0.3163.100 Safari/537.36',NULL,12),(431,3,'187.21.44.2','2017-10-21 12:53:23',1,1,'vRYajy8qWOs6dC4JCcCkptjHhrB3tx9czQc2TAc9YCXz3fU9vre026NZc70i','cMuR0ogX2eLkxy1Jgb15','Mozilla/5.0 (Windows NT 10.0; Win64; x64) AppleWebKit/537.36 (KHTML, like Gecko) Chrome/61.0.3163.100 Safari/537.36',NULL,12),(432,3,'187.21.44.2','2017-10-22 14:09:35',1,1,'x2XwcpVd1daxoLCVIbTpCdRouv73eADF704eziu5uBrjVlx5yjAGdN3ENSeC','msxoxkQJkGhEi9H0cyDn','Mozilla/5.0 (Windows NT 10.0; Win64; x64) AppleWebKit/537.36 (KHTML, like Gecko) Chrome/61.0.3163.100 Safari/537.36',NULL,12),(433,3,'187.21.44.2','2017-10-23 17:34:56',1,1,'EkCWGeJj8C1Gm2t1zyDYKMhCgvrert6ujFqHH6i2KtYvXzSjSxd0S5GMpwe6','NCDoUW8gUBbtvE2LiUPN','Mozilla/5.0 (Windows NT 10.0; Win64; x64) AppleWebKit/537.36 (KHTML, like Gecko) Chrome/61.0.3163.100 Safari/537.36',NULL,12),(434,3,'187.21.44.2','2017-10-23 18:45:24',1,1,'9s3ThMpzG6rBXQnpoYXVHxM7987EVqaiimzZJFPs6vIfxkFtuLY1sTJH5w2l','rKF0iDsKL8eGbtniAHNG','Mozilla/5.0 (Windows NT 10.0; Win64; x64) AppleWebKit/537.36 (KHTML, like Gecko) Chrome/61.0.3163.100 Safari/537.36',NULL,12),(435,3,'187.21.44.2','2017-10-24 12:32:02',1,1,'gNOP9rERgUkm8R0o55TTNSzaHcGpuwlxBLQv4P2Y7wn0K1revc2gKEwc0wE1','n0U5PkEJojyH76o58081','Mozilla/5.0 (Windows NT 10.0; Win64; x64) AppleWebKit/537.36 (KHTML, like Gecko) Chrome/61.0.3163.100 Safari/537.36',NULL,12),(436,3,'187.21.44.2','2017-10-24 23:38:41',1,1,'tId1pNLoN19TZcvsHLxE9jsJ1cbytlCIRZm86tzO2g2m1M8KthjuajFnS4IH','qsF4jfYqEHNdJeHVrL4B','Mozilla/5.0 (Windows NT 10.0; Win64; x64) AppleWebKit/537.36 (KHTML, like Gecko) Chrome/61.0.3163.100 Safari/537.36',NULL,12),(437,3,'187.21.44.2','2017-10-27 05:31:54',1,1,'S8rpp4MDKqeBxHSkotDXTra6Knv6W2K0Tr45rrAfOcxc9C7AcfDAXHudOV9j','1gZzlrE7wzufgXJjplXP','Mozilla/5.0 (Windows NT 10.0; Win64; x64) AppleWebKit/537.36 (KHTML, like Gecko) Chrome/61.0.3163.100 Safari/537.36',NULL,0),(438,1,'186.210.14.200','2017-11-08 07:05:40',1,1,'VnDgMdhKJU95RaKkSAEDY3uFxbhhx5QrOmCc9T9D8JoiSttaptmiQ9P5aR0d','C14In8lLa9eAGAXPp7O5','Mozilla/5.0 (Windows NT 10.0; Win64; x64) AppleWebKit/537.36 (KHTML, like Gecko) Chrome/61.0.3163.100 Safari/537.36','2017-11-08 02:05:40',12),(439,NULL,'187.21.44.2','2017-10-29 16:35:26',0,0,NULL,NULL,'Mozilla/5.0 (Windows NT 10.0; Win64; x64) AppleWebKit/537.36 (KHTML, like Gecko) Chrome/61.0.3163.100 Safari/537.36',NULL,0),(440,1,'189.15.226.158','2017-11-08 07:05:40',1,1,'al8GYA0FMcOeeNP4dOOklKVkuhnwZhf4Ua6ld6cumYBkpcln131HCB4PWiQO','se8aHYrnUJPwMlIwfVFb','Mozilla/5.0 (Windows NT 10.0; Win64; x64) AppleWebKit/537.36 (KHTML, like Gecko) Chrome/61.0.3163.100 Safari/537.36','2017-11-08 02:05:40',0),(441,3,'187.21.44.2','2017-10-30 00:31:20',1,1,'XELOXXccLKgFBiGGAm9H6RjJkwuPcE8BB8PjbsueOUvvkoQJUkPDTImRBKeP','DEMlsnXudhSQx4rdSB48','Mozilla/5.0 (Windows NT 10.0; Win64; x64) AppleWebKit/537.36 (KHTML, like Gecko) Chrome/61.0.3163.100 Safari/537.36',NULL,0),(442,1,'189.15.210.132','2017-10-30 05:01:34',1,2,'dYHy1UbGRmSSxnB8x5Tj4LPmFKRNt2jPW8NJbbv8l3mlqWW9Xq2zOFTt2Mf8','VGKuNIMGZa8QveTH6QIL','Mozilla/5.0 (Windows NT 10.0; Win64; x64) AppleWebKit/537.36 (KHTML, like Gecko) Chrome/61.0.3163.100 Safari/537.36','2017-10-30 01:01:34',12),(443,3,'187.21.44.2','2017-10-31 00:16:36',1,1,'MQ7O85s6HVQ02Dusf7drfi0agf3uOyAFJaZGv3Z2Jw1DXBzWjLfGHAjwolJ0','1t2SOtDBqcTwFtqKxc9f','Mozilla/5.0 (Windows NT 10.0; Win64; x64) AppleWebKit/537.36 (KHTML, like Gecko) Chrome/61.0.3163.100 Safari/537.36',NULL,12),(444,3,'187.21.44.2','2017-10-31 20:48:49',1,1,'Ie0XgPrxqXratNbxdKiy4UFvAsGCBsM0Jj3MBfBGxlgnYLU6eQsj69dy9jpq','KpWqJuap2JSzzusHziMK','Mozilla/5.0 (Windows NT 10.0; Win64; x64) AppleWebKit/537.36 (KHTML, like Gecko) Chrome/61.0.3163.100 Safari/537.36',NULL,12),(445,3,'189.15.201.133','2017-11-01 05:28:12',1,1,'Tdnsv9AlhtYP3xw2SS8DxYLvNl9ao5OMjI5dLM3U35B6NvifyEOrjvldTWix','N9YKeUFEdqkSGE66uHEy','Mozilla/5.0 (Windows NT 10.0; Win64; x64) AppleWebKit/537.36 (KHTML, like Gecko) Chrome/61.0.3163.100 Safari/537.36',NULL,12),(446,13,'187.21.44.2','2017-11-01 19:58:42',2,0,NULL,NULL,'Mozilla/5.0 (Windows NT 10.0; Win64; x64) AppleWebKit/537.36 (KHTML, like Gecko) Chrome/61.0.3163.100 Safari/537.36',NULL,0),(447,13,'187.21.44.2','2017-11-01 19:58:47',2,0,NULL,NULL,'Mozilla/5.0 (Windows NT 10.0; Win64; x64) AppleWebKit/537.36 (KHTML, like Gecko) Chrome/61.0.3163.100 Safari/537.36',NULL,0),(448,3,'187.21.44.2','2017-11-01 19:59:02',1,1,'fJCmrzF1B3QyGMuiYXdXdXtG8b3hx0pkpxR5QeAsO9HGL0VAf0IYkyfywV59','QQOM7PCgKF9qc6rrmZCC','Mozilla/5.0 (Windows NT 10.0; Win64; x64) AppleWebKit/537.36 (KHTML, like Gecko) Chrome/61.0.3163.100 Safari/537.36',NULL,12),(449,3,'189.15.201.133','2017-11-01 23:46:43',2,0,NULL,NULL,'Mozilla/5.0 (Windows NT 10.0; Win64; x64) AppleWebKit/537.36 (KHTML, like Gecko) Chrome/61.0.3163.100 Safari/537.36',NULL,0),(450,1,'189.15.201.133','2017-11-08 07:05:40',1,1,'kxg6fMb9cGZIufcfZUpTURkaGNTu2QY3zVW646LrxvKh2uArzjXOOBgRar9K','9SzN22QQNv4P8aNdLGVp','Mozilla/5.0 (Windows NT 10.0; Win64; x64) AppleWebKit/537.36 (KHTML, like Gecko) Chrome/61.0.3163.100 Safari/537.36','2017-11-08 02:05:40',12),(451,3,'189.15.197.253','2017-11-03 04:08:39',2,0,NULL,NULL,'Mozilla/5.0 (Windows NT 10.0; Win64; x64) AppleWebKit/537.36 (KHTML, like Gecko) Chrome/61.0.3163.100 Safari/537.36',NULL,0),(452,3,'189.15.197.253','2017-11-03 04:08:43',2,0,NULL,NULL,'Mozilla/5.0 (Windows NT 10.0; Win64; x64) AppleWebKit/537.36 (KHTML, like Gecko) Chrome/61.0.3163.100 Safari/537.36',NULL,0),(453,1,'189.15.197.253','2017-11-08 07:05:40',1,1,'vD1iglkiRr0VkZ1jNSp3jdZx0k4Q91tDHM1cjYAmWiPSaYWdHLLKXZAb7Xej','my6znbeRgsL69sDgvZbN','Mozilla/5.0 (Windows NT 10.0; Win64; x64) AppleWebKit/537.36 (KHTML, like Gecko) Chrome/61.0.3163.100 Safari/537.36','2017-11-08 02:05:40',12),(454,3,'187.21.44.2','2017-11-03 04:35:19',1,1,'CgwWAamgVZyfxLePr0BqN4zsXxeDjwd5Ch76xFeDiEYfPt8pzlcjFIAIkHAT','tATseEAdspz5q2pqdx4g','Mozilla/5.0 (Windows NT 10.0; Win64; x64) AppleWebKit/537.36 (KHTML, like Gecko) Chrome/61.0.3163.100 Safari/537.36',NULL,12),(455,3,'187.21.44.2','2017-11-03 04:46:21',1,1,'syUEHSPKBTpn0OyfprRVZ49QieQPAxysw7EsLGO17qq85bIz8fBUxNln1YVP','QPgkaAUWmGkmb5RjmiJV','Mozilla/5.0 (Windows NT 10.0; WOW64; Trident/7.0; rv:11.0) like Gecko',NULL,0),(456,3,'187.21.44.2','2017-11-03 04:46:38',1,1,'K7ZXze6ZbT3TzneIQ9aqsREezTuueIY31MM8xBngvB2jQl6Sp0stVPrqrefk','jiZctUYT4JuSARDLpYtB','Mozilla/5.0 (Windows NT 10.0; WOW64; Trident/7.0; rv:11.0) like Gecko',NULL,0),(457,3,'187.21.44.2','2017-11-03 04:49:24',1,1,'HLJ2Pivb5l0ojO0w3mwCVMcCGbOdxA8ddxOiRDb6ozxyLACFx00yIn7E1ZL4','G1pvrKHA3e3De0q7qlpC','Mozilla/5.0 (Windows NT 10.0; WOW64; Trident/7.0; rv:11.0) like Gecko',NULL,0),(458,3,'187.21.44.2','2017-11-03 04:49:32',1,1,'qO5Tz09PFzwScz14VK4Ja3S6JIhobw6vNYTFjvCULt3ILQOPZUAQ40jBfUn1','wdcwoA7KTOnzuQnpFURm','Mozilla/5.0 (Windows NT 10.0; WOW64; Trident/7.0; rv:11.0) like Gecko',NULL,0),(459,1,'189.15.208.28','2017-11-03 17:30:58',1,2,'aL9K35BSOH0qGqbTGcQJxyWjlJuP0e6Mj1T55vnGhLpzchI3lxUzmmkHeIOT','Amnm98ZjmE0lYtYsqInB','Mozilla/5.0 (Windows NT 10.0; Win64; x64) AppleWebKit/537.36 (KHTML, like Gecko) Chrome/61.0.3163.100 Safari/537.36','2017-11-03 13:30:58',12),(460,1,'189.15.208.28','2017-11-08 07:05:40',1,1,'rs8e9ga803kjnSgRgb18y6ooYkPackFirObBrGky9JbB4XQthevApUP1RcP3','lqzVcpMJlhgNQFa87G3w','Mozilla/5.0 (Windows NT 10.0; Win64; x64) AppleWebKit/537.36 (KHTML, like Gecko) Chrome/61.0.3163.100 Safari/537.36','2017-11-08 02:05:40',12),(461,3,'187.21.44.2','2017-11-03 21:41:57',1,1,'xNjhF0w8z8gpysFfCbxRGYAUZGwqvNMniVRuGdQ1PYyguTLYzsmfAWrbIVQX','Jdstr2lHnJGtRu9i2W8e','Mozilla/5.0 (Windows NT 10.0; Win64; x64) AppleWebKit/537.36 (KHTML, like Gecko) Chrome/61.0.3163.100 Safari/537.36',NULL,12),(462,3,'187.21.44.2','2017-11-07 01:24:23',1,1,'S2lZsRzExkvF4L8SvVf7rUarQyO9RQxcZj4q475Z1wL8my2wKowxfOmTS6VC','xEPh7Eh95pirvMPIdtxB','Mozilla/5.0 (Windows NT 10.0; Win64; x64) AppleWebKit/537.36 (KHTML, like Gecko) Chrome/61.0.3163.100 Safari/537.36',NULL,0),(463,3,'187.21.44.2','2017-11-07 22:03:53',2,0,NULL,NULL,'Mozilla/5.0 (Windows NT 10.0; Win64; x64) AppleWebKit/537.36 (KHTML, like Gecko) Chrome/61.0.3163.100 Safari/537.36',NULL,0),(464,3,'187.21.44.2','2017-11-07 22:04:45',1,1,'uLaP3JAGhU49Z9o4OEMv0mnjn0gbAhkuafaCRaxFAd11DKS29OZEaStpcGbC','8lFNAZmkvSHlKQhr7MR8','Mozilla/5.0 (Windows NT 10.0; Win64; x64) AppleWebKit/537.36 (KHTML, like Gecko) Chrome/61.0.3163.100 Safari/537.36',NULL,12),(465,3,'187.21.44.2','2017-11-07 22:58:54',1,1,'YFf5bama4RryJXyf1kBJ06sbTXblfeKXOmpkG0VHspAy8got4ednojdugF18','oBakMEvI6DIoztqfyHUs','Mozilla/5.0 (Windows NT 10.0; Win64; x64) AppleWebKit/537.36 (KHTML, like Gecko) Chrome/61.0.3163.100 Safari/537.36',NULL,12),(466,1,'189.15.6.180','2017-11-08 07:05:40',1,1,'oKD8KL1GITIDGN5jTI0uwyQiyPRBQ1qO7iCMJ91MMrFOwP64k4tJysPEa4sq','WBeqy97ocnNG6ydIr55m','Mozilla/5.0 (Windows NT 10.0; Win64; x64) AppleWebKit/537.36 (KHTML, like Gecko) Chrome/61.0.3163.100 Safari/537.36','2017-11-08 02:05:40',12),(467,3,'187.21.44.2','2017-11-07 23:50:55',1,1,'S6gEW2CfJFZ85tOH1Hyznxa6BFBxqdPxrqBS3vZVQHpl7BZbpOaFBjVjAGvH','7TU4xkWmbIBRZOpHXGpk','Mozilla/5.0 (Windows NT 10.0; Win64; x64) AppleWebKit/537.36 (KHTML, like Gecko) Chrome/61.0.3163.100 Safari/537.36',NULL,0),(468,3,'187.21.44.2','2017-11-08 01:41:03',1,1,'LzyPBugNMPeAwsUnrPvnIDC8k2dK78QlOv0FkEwHU3TRcmbcvfauZvIVhrW5','lCSnekka6uiCKcBUESdg','Mozilla/5.0 (Windows NT 10.0; Win64; x64) AppleWebKit/537.36 (KHTML, like Gecko) Chrome/61.0.3163.100 Safari/537.36',NULL,12),(469,3,'187.21.44.2','2017-11-08 02:40:09',1,2,'gWFnqJ7ePKiMA9otsqHkiE8Vz7REw8FwOAbM97GVo1Hp0mK7JCnC29QLpg7x','GNPUsrZE1RYminfOTf89','Mozilla/5.0 (Windows NT 10.0; Win64; x64) AppleWebKit/537.36 (KHTML, like Gecko) Chrome/61.0.3163.100 Safari/537.36','2017-11-07 21:40:09',12),(470,3,'187.21.44.2','2017-11-08 02:43:43',1,1,'73gGJqjXOXwOBpGEjNWKiUoB5PYS2auzQgxch4gWJxHBeULLq9ORsBIO80zQ','bUbflStWFHs04vxlRMU3','Mozilla/5.0 (Windows NT 10.0; Win64; x64) AppleWebKit/537.36 (KHTML, like Gecko) Chrome/61.0.3163.100 Safari/537.36',NULL,12),(471,1,'::1','2017-11-08 07:05:40',1,1,'BpcJzyYNrmSmzjSVvM7VSmqdMTW1cApkMloAMACHMAqTlLD03A8Ny8f590BP','GpJVIJIq9fvN6EvVFEZ1','Mozilla/5.0 (Windows NT 10.0; Win64; x64) AppleWebKit/537.36 (KHTML, like Gecko) Chrome/61.0.3163.100 Safari/537.36','2017-11-08 02:05:40',0),(472,1,'::1','2017-11-08 06:21:27',1,2,'NOFi9VSdPowgC7eprHkKk5yHDuYARuPiO1ZW5S8bDhe6FiHhWZVX977IJYsF','JMhntQ2GrB41Yx9fLJTT','Mozilla/5.0 (Windows NT 10.0; Win64; x64) AppleWebKit/537.36 (KHTML, like Gecko) Chrome/61.0.3163.100 Safari/537.36','2017-11-08 01:21:27',0),(473,1,'::1','2017-11-08 07:05:40',1,1,'nEi5YVCofAuYEqAwjBucbe0Amv8fqNTHosLilVEQignn0Ba7IrtKVgXp1uEX','fd3m61HMFUbBI5iwMVJE','Mozilla/5.0 (Windows NT 10.0; Win64; x64) AppleWebKit/537.36 (KHTML, like Gecko) Chrome/61.0.3163.100 Safari/537.36','2017-11-08 02:05:40',0),(474,NULL,'189.15.207.190','2017-11-08 03:32:41',0,0,NULL,NULL,'Mozilla/5.0 (Windows NT 10.0; Win64; x64) AppleWebKit/537.36 (KHTML, like Gecko) Chrome/61.0.3163.100 Safari/537.36',NULL,0),(475,NULL,'189.15.207.190','2017-11-08 03:32:47',0,0,NULL,NULL,'Mozilla/5.0 (Windows NT 10.0; Win64; x64) AppleWebKit/537.36 (KHTML, like Gecko) Chrome/61.0.3163.100 Safari/537.36',NULL,0),(476,NULL,'189.15.207.190','2017-11-08 03:32:51',0,0,NULL,NULL,'Mozilla/5.0 (Windows NT 10.0; Win64; x64) AppleWebKit/537.36 (KHTML, like Gecko) Chrome/61.0.3163.100 Safari/537.36',NULL,0),(477,1,'189.15.207.190','2017-11-08 03:47:22',1,2,'AJ7w0w73KgsfH7tyKX0TLGqIFU6Z1KhJ31N941ro08dIkso9lJh8Soedgp7p','Yf4TSqy3nHZIX7lMj837','Mozilla/5.0 (Windows NT 10.0; Win64; x64) AppleWebKit/537.36 (KHTML, like Gecko) Chrome/61.0.3163.100 Safari/537.36','2017-11-07 22:47:22',0),(478,1,'187.21.44.2','2017-11-08 07:05:40',1,1,'juHzecLraRi4BMpCT9F8mwq2s3MqHx3UQRxYPKC1MgXK1dW2jTA0t1100Dpk','ek0lOodSAb95hDDBDqej','Mozilla/5.0 (Windows NT 10.0; Win64; x64) AppleWebKit/537.36 (KHTML, like Gecko) Chrome/61.0.3163.100 Safari/537.36','2017-11-08 02:05:40',0),(479,1,'189.15.207.190','2017-11-08 03:50:30',1,2,'JPJhZmBFME8MwVixYBmu1ipunvEzlizOA6Uy831kCeK6dU53Y0XS8jj6ZbsR','zw34UVvDD2aRBs8afWtp','Mozilla/5.0 (Windows NT 10.0; Win64; x64) AppleWebKit/537.36 (KHTML, like Gecko) Chrome/61.0.3163.100 Safari/537.36','2017-11-07 22:50:30',0),(480,1,'187.21.44.2','2017-11-08 07:05:40',1,1,'C2Cq0WEETSblXNzIjexuvASimSd3YMsWhC85WQNk7CtpzcnebUj5LbFRZKfz','07lKxO0QoE4ef0p6Kdx2','Mozilla/5.0 (Windows NT 10.0; Win64; x64) AppleWebKit/537.36 (KHTML, like Gecko) Chrome/61.0.3163.100 Safari/537.36','2017-11-08 02:05:40',0),(481,1,'187.21.44.2','2017-11-08 07:06:01',1,2,'Zwant6nnhTJ4tfKNudgBFEtw25WDQs6iVy4MdQvZlacyRDANZDAE6zAeNMl9','v22zKPb4Fr8QdJz7rkug','Mozilla/5.0 (Windows NT 10.0; Win64; x64) AppleWebKit/537.36 (KHTML, like Gecko) Chrome/61.0.3163.100 Safari/537.36','2017-11-08 02:06:01',0),(482,1,'187.21.44.2','2017-11-08 07:06:05',1,1,'7oiL2vf9I2I6uy1yjlJWIm827K6zN05iMWz3nb0zXjDQfvWirlFE3dfCnzQU','0sLi5FaeX2TiGTFRurQX','Mozilla/5.0 (Windows NT 10.0; Win64; x64) AppleWebKit/537.36 (KHTML, like Gecko) Chrome/61.0.3163.100 Safari/537.36',NULL,0),(483,1,'187.21.44.2','2017-11-10 09:12:46',2,0,NULL,NULL,'Mozilla/5.0 (Windows NT 10.0; Win64; x64) AppleWebKit/537.36 (KHTML, like Gecko) Chrome/61.0.3163.100 Safari/537.36',NULL,0),(484,NULL,'187.21.44.2','2017-11-10 09:13:00',0,0,NULL,NULL,'Mozilla/5.0 (Windows NT 10.0; Win64; x64) AppleWebKit/537.36 (KHTML, like Gecko) Chrome/61.0.3163.100 Safari/537.36',NULL,0),(485,1,'187.21.44.2','2017-11-10 09:13:11',2,0,NULL,NULL,'Mozilla/5.0 (Windows NT 10.0; Win64; x64) AppleWebKit/537.36 (KHTML, like Gecko) Chrome/61.0.3163.100 Safari/537.36',NULL,0),(486,13,'187.21.44.2','2017-11-10 09:15:34',2,0,NULL,NULL,'Mozilla/5.0 (Windows NT 10.0; Win64; x64) AppleWebKit/537.36 (KHTML, like Gecko) Chrome/61.0.3163.100 Safari/537.36',NULL,0),(487,13,'187.21.44.2','2017-11-10 09:15:38',2,0,NULL,NULL,'Mozilla/5.0 (Windows NT 10.0; Win64; x64) AppleWebKit/537.36 (KHTML, like Gecko) Chrome/61.0.3163.100 Safari/537.36',NULL,0),(488,1,'187.21.44.2','2017-11-10 09:16:15',2,0,NULL,NULL,'Mozilla/5.0 (Windows NT 10.0; Win64; x64) AppleWebKit/537.36 (KHTML, like Gecko) Chrome/61.0.3163.100 Safari/537.36',NULL,0),(489,1,'187.21.44.2','2017-11-10 09:16:25',2,0,NULL,NULL,'Mozilla/5.0 (Windows NT 10.0; Win64; x64) AppleWebKit/537.36 (KHTML, like Gecko) Chrome/61.0.3163.100 Safari/537.36',NULL,0),(490,1,'187.21.44.2','2017-11-10 09:16:32',2,0,NULL,NULL,'Mozilla/5.0 (Windows NT 10.0; Win64; x64) AppleWebKit/537.36 (KHTML, like Gecko) Chrome/61.0.3163.100 Safari/537.36',NULL,0),(491,1,'187.21.44.2','2017-11-10 09:16:42',2,0,NULL,NULL,'Mozilla/5.0 (Windows NT 10.0; Win64; x64) AppleWebKit/537.36 (KHTML, like Gecko) Chrome/61.0.3163.100 Safari/537.36',NULL,0),(492,NULL,'187.21.44.2','2017-11-10 12:48:43',0,0,NULL,NULL,'Mozilla/5.0 (Windows NT 10.0; Win64; x64) AppleWebKit/537.36 (KHTML, like Gecko) Chrome/61.0.3163.100 Safari/537.36',NULL,0),(493,NULL,'187.21.44.2','2017-11-10 12:49:44',0,0,NULL,NULL,'Mozilla/5.0 (Windows NT 10.0; Win64; x64) AppleWebKit/537.36 (KHTML, like Gecko) Chrome/61.0.3163.100 Safari/537.36',NULL,0),(494,13,'187.21.44.2','2017-11-10 12:49:51',2,0,NULL,NULL,'Mozilla/5.0 (Windows NT 10.0; Win64; x64) AppleWebKit/537.36 (KHTML, like Gecko) Chrome/61.0.3163.100 Safari/537.36',NULL,0),(495,13,'187.21.44.2','2017-11-10 12:49:55',2,0,NULL,NULL,'Mozilla/5.0 (Windows NT 10.0; Win64; x64) AppleWebKit/537.36 (KHTML, like Gecko) Chrome/61.0.3163.100 Safari/537.36',NULL,0),(496,13,'187.21.44.2','2017-11-10 12:49:59',2,0,NULL,NULL,'Mozilla/5.0 (Windows NT 10.0; Win64; x64) AppleWebKit/537.36 (KHTML, like Gecko) Chrome/61.0.3163.100 Safari/537.36',NULL,0),(497,1,'187.21.44.2','2017-11-10 12:50:07',2,0,NULL,NULL,'Mozilla/5.0 (Windows NT 10.0; Win64; x64) AppleWebKit/537.36 (KHTML, like Gecko) Chrome/61.0.3163.100 Safari/537.36',NULL,0),(498,1,'187.21.44.2','2017-11-10 13:21:38',2,0,NULL,NULL,'Mozilla/5.0 (Windows NT 10.0; Win64; x64) AppleWebKit/537.36 (KHTML, like Gecko) Chrome/61.0.3163.100 Safari/537.36',NULL,0),(499,1,'187.21.44.2','2017-11-10 13:50:54',2,0,NULL,NULL,'Mozilla/5.0 (Windows NT 10.0; Win64; x64) AppleWebKit/537.36 (KHTML, like Gecko) Chrome/61.0.3163.100 Safari/537.36',NULL,0),(500,3,'187.21.44.2','2017-11-10 13:55:34',1,1,'oWKgak7BJjqSuWEwaMsUtmPMAC6p7ZcQToaSmZJKp0lI3WUor8uG2zYlp6zJ','fPtxZMwtJhzwSo8WxsG9','Mozilla/5.0 (Windows NT 10.0; Win64; x64) AppleWebKit/537.36 (KHTML, like Gecko) Chrome/61.0.3163.100 Safari/537.36',NULL,0),(501,1,'187.21.44.2','2017-11-10 13:57:29',1,1,'mhIssGjI4ChxN1jZ8qXzkUi6oDREV281eGBtdBhTrUjq3ocvEbriwPrpUJtu','0DBWW4JgsdGbPIuUnvI0','Mozilla/5.0 (Windows NT 10.0; Win64; x64) AppleWebKit/537.36 (KHTML, like Gecko) Chrome/61.0.3163.100 Safari/537.36',NULL,0),(502,1,'187.21.44.2','2017-11-10 16:19:44',1,1,'ooSBTe7bNgdkWHHX2evrMcW311xVonhLFgqgTmSdqa68en4I1jyx0GuGDtis','vYkOmLOKe2AWaipBZFni','Mozilla/5.0 (Windows NT 10.0; Win64; x64) AppleWebKit/537.36 (KHTML, like Gecko) Chrome/61.0.3163.100 Safari/537.36',NULL,0),(503,1,'187.21.44.2','2017-11-11 16:12:33',1,1,'CvcynVh7dvBkJgj3NeKZ4H12VwTxgVe7RcbCTjbaMzUtFZg70CIdUwsrftKt','bhrCvZPW5XxiFhSUnqAm','Mozilla/5.0 (Windows NT 10.0; Win64; x64) AppleWebKit/537.36 (KHTML, like Gecko) Chrome/61.0.3163.100 Safari/537.36',NULL,0),(504,1,'179.126.207.216','2017-11-11 16:35:19',1,1,'ET1r5KzHugBswbBNzfd6aqY8uLScDaOFXPeEJsRiDQ42VfIdQB9vlQwzoSrD','3Jz7lEh4U2L7gRuAD9v9','Mozilla/5.0 (Windows NT 10.0; Win64; x64) AppleWebKit/537.36 (KHTML, like Gecko) Chrome/61.0.3163.100 Safari/537.36',NULL,0),(505,1,'187.21.44.2','2017-11-13 19:46:32',1,1,'6a7HOPgGe95Z15YdmJMN22nKcYDOzFscG3HLmxEvKhdUwcMS6YBy4JleUV2m','eXaB1h4oBbQmTg0cRvgQ','Mozilla/5.0 (Windows NT 10.0; Win64; x64) AppleWebKit/537.36 (KHTML, like Gecko) Chrome/61.0.3163.100 Safari/537.36',NULL,0),(506,1,'187.21.44.2','2017-11-14 12:36:28',2,0,NULL,NULL,'Mozilla/5.0 (Windows NT 10.0; Win64; x64) AppleWebKit/537.36 (KHTML, like Gecko) Chrome/61.0.3163.100 Safari/537.36',NULL,0),(507,1,'187.21.44.2','2017-11-14 12:41:07',1,2,'bf7NjSSBdJDoRXQszKtxamdVOJtkjfBzQZYSolzL84yx5yUn0xSqAU2Z4CRe','vfU08hBw6TfO1pS24A3h','Mozilla/5.0 (Windows NT 10.0; Win64; x64) AppleWebKit/537.36 (KHTML, like Gecko) Chrome/61.0.3163.100 Safari/537.36','2017-11-14 07:41:07',0),(508,13,'187.21.44.2','2017-11-14 12:41:27',1,2,'TGdx7IuCDoaz6qEL8NYUOhhoNtVvBzyPt02KzUpNd0xlHqRuBcmJZRQ4edY2','i36VBD3H2g2765SJR9Rs','Mozilla/5.0 (Windows NT 10.0; Win64; x64) AppleWebKit/537.36 (KHTML, like Gecko) Chrome/61.0.3163.100 Safari/537.36','2017-11-14 07:41:27',0),(509,1,'187.21.44.2','2017-11-14 12:42:15',1,2,'cUay8dTJUIiZwwAgFsaPyvtGzL3nl6O0e9kT8oxxdQsjIgoebdmRooPrbNn9','Z0BbVLT4gIyTx5MsAlba','Mozilla/5.0 (Windows NT 10.0; Win64; x64) AppleWebKit/537.36 (KHTML, like Gecko) Chrome/61.0.3163.100 Safari/537.36','2017-11-14 07:42:15',0),(510,13,'187.21.44.2','2017-11-14 12:43:31',1,2,'wiLT0bDeyMMjnrpcnXwy5kyGgwySl4wU4zjfT8oa9blAJWjuNbRdMhG00U5Q','8c7iVN7aFmwn5UXCsB2c','Mozilla/5.0 (Windows NT 10.0; Win64; x64) AppleWebKit/537.36 (KHTML, like Gecko) Chrome/61.0.3163.100 Safari/537.36','2017-11-14 07:43:31',0),(511,1,'187.21.44.2','2017-11-14 12:43:39',1,1,'wsBpHzxBFDFHwV9nPtqL9isndC019zVN5PveTykAUPAhZX2AwYuL5xhuv9Xm','iZ8EBINTGUaoNMjHRGNU','Mozilla/5.0 (Windows NT 10.0; Win64; x64) AppleWebKit/537.36 (KHTML, like Gecko) Chrome/61.0.3163.100 Safari/537.36',NULL,0),(512,1,'187.21.44.2','2017-11-17 01:20:57',1,1,'26Y6zyQ10vif898osRz5yF3169NnHVIOmav40dIECLNomhKvX7h36i6rgInE','wui2P99mPdbimO3TssYb','Mozilla/5.0 (Windows NT 10.0; Win64; x64) AppleWebKit/537.36 (KHTML, like Gecko) Chrome/62.0.3202.94 Safari/537.36',NULL,0),(513,1,'187.21.44.2','2017-11-21 23:39:42',1,1,'GqddH8PfsF3LulDlu4jApeTiUlOM8srwWns7KRULObamQtGFqKuGPpLxyjxe','Vm27encyvMWj53FZN4We','Mozilla/5.0 (Windows NT 10.0; Win64; x64) AppleWebKit/537.36 (KHTML, like Gecko) Chrome/62.0.3202.94 Safari/537.36',NULL,0),(514,1,'187.21.44.2','2017-11-22 19:44:45',1,1,'I3ek4ipTRr0H31L7pmMBepeNHgtAxskUh5sVLBMrNmfWH4h1VrFpYpzJbXph','mkz0lMPLIu3s7w4jPPwl','Mozilla/5.0 (Windows NT 10.0; Win64; x64) AppleWebKit/537.36 (KHTML, like Gecko) Chrome/62.0.3202.94 Safari/537.36',NULL,0),(515,1,'187.21.44.2','2017-11-23 06:15:54',1,1,'21esudLoEefLT8KS2Lj76aTOr5hvEcz6il4rCq0BKIIoaUptjCKzDMl4xYu8','GbkKLI6T5XoixDp7anPx','Mozilla/5.0 (Windows NT 10.0; Win64; x64) AppleWebKit/537.36 (KHTML, like Gecko) Chrome/62.0.3202.94 Safari/537.36',NULL,0),(516,1,'189.41.5.83','2017-11-24 01:38:21',1,1,'1ULWLWYHWMCwPta8g8giCiWfkPq2xoIn4uQ3258XUVRNOTM9VbBvQjDOWmnC','ZgdSDDoaiCIGMHcBasK5','Mozilla/5.0 (Windows NT 10.0; Win64; x64) AppleWebKit/537.36 (KHTML, like Gecko) Chrome/62.0.3202.94 Safari/537.36',NULL,0),(517,1,'187.21.44.2','2017-11-25 02:25:57',1,1,'zZZgPxKkSS2LkWygVJ7AC3N2M9QWBD47HodyQUrLvrORFKirAOwXdbP0RO0N','2iyl3SyKJbX3se7UDv3G','Mozilla/5.0 (Windows NT 10.0; Win64; x64) AppleWebKit/537.36 (KHTML, like Gecko) Chrome/62.0.3202.94 Safari/537.36',NULL,0),(518,1,'187.21.44.2','2017-11-27 05:33:18',1,1,'7SwXhSJJVjIonV4UdOVvLhloEiussXbKN0XOrv7eyyGyAv4jK3OCZ9HJuzSq','vb1eMGHIH1oFX1TYXvM9','Mozilla/5.0 (Windows NT 10.0; Win64; x64) AppleWebKit/537.36 (KHTML, like Gecko) Chrome/62.0.3202.94 Safari/537.36',NULL,0),(519,1,'187.21.44.2','2017-11-28 10:59:18',1,1,'AQVfgOQAg1hL6hsiuGtiZaJMwafXHPUzlGa6d6JqJJCT2YjUYksh1bDN388G','Sk7yqpYwrKvGQ7SlHxJj','Mozilla/5.0 (Windows NT 10.0; Win64; x64) AppleWebKit/537.36 (KHTML, like Gecko) Chrome/62.0.3202.94 Safari/537.36',NULL,0),(520,1,'187.21.44.2','2017-11-28 17:24:40',1,1,'edwy18tNFG9FHhJtkOjpmZWrxYy8VwJITfH4CYdtuXtix2urxNa7UP4IhHvG','SMUH9Gqh0s1retXNaPWu','Mozilla/5.0 (Windows NT 10.0; Win64; x64) AppleWebKit/537.36 (KHTML, like Gecko) Chrome/62.0.3202.94 Safari/537.36',NULL,0),(521,1,'187.21.44.2','2017-12-12 14:18:55',1,1,'NN2Bl2HjgDzLJ9pVA9zqLqQZ4K0oV4giZ1eOFvSFmFagmbGuiq0Dh3BDHmbI','uR5SPJtulw0sZvDDSi92','Mozilla/5.0 (Windows NT 10.0; Win64; x64) AppleWebKit/537.36 (KHTML, like Gecko) Chrome/63.0.3239.84 Safari/537.36',NULL,0),(522,1,'187.21.44.2','2017-12-15 20:58:38',1,1,'utpMBUC8B6tjKgeaP36pUgS56EQlfMtatq6uDxaDOcZznLACQyUscCgCUSOq','AOPONkaplLkPuFB0HuKG','Mozilla/5.0 (Windows NT 10.0; Win64; x64) AppleWebKit/537.36 (KHTML, like Gecko) Chrome/63.0.3239.84 Safari/537.36',NULL,0),(523,NULL,'187.21.44.2','2017-12-16 19:30:06',0,0,NULL,NULL,'Mozilla/5.0 (Windows NT 10.0; Win64; x64) AppleWebKit/537.36 (KHTML, like Gecko) Chrome/63.0.3239.84 Safari/537.36',NULL,0),(524,1,'187.21.44.2','2017-12-16 19:30:22',1,1,'UBW59zC0bbSxbieQdZ2g9JbI0J0WCq58mMDWN9GhrZGNJgDqrpnWxAvCp73g','iQ6GiDnXcS7xCr9TVatM','Mozilla/5.0 (Windows NT 10.0; Win64; x64) AppleWebKit/537.36 (KHTML, like Gecko) Chrome/63.0.3239.84 Safari/537.36',NULL,0),(525,1,'187.21.44.2','2018-01-04 17:54:14',1,1,'LluL7ECehTWOzX5htoODYxM70jDlrXKYVra3bcLubuZidr5FQdIL6oa9Ct31','Hm5OOIFhNP4Z70dDdN8N','Mozilla/5.0 (Windows NT 10.0; Win64; x64) AppleWebKit/537.36 (KHTML, like Gecko) Chrome/63.0.3239.84 Safari/537.36',NULL,0),(526,1,'179.104.41.174','2018-01-05 00:35:37',1,1,'r75Sj2bKZZf8VyAo81Q0K5rFEUcLN3i3J1wMRuvIJgUXKTWrrvog59L3EPZW','Qr6dWraNb0TAEynYEwmV','Mozilla/5.0 (Windows NT 10.0; Win64; x64) AppleWebKit/537.36 (KHTML, like Gecko) Chrome/63.0.3239.108 Safari/537.36',NULL,0),(527,1,'189.15.231.114','2018-01-08 17:23:33',1,1,'RvV0GZePlKue8MyVNO8xXwfAvugvpit9lS0cZIrjlRITdhRMBk8cGi1k0Auv','kprx1nPVa76IoeWPYMHa','Mozilla/5.0 (Windows NT 10.0; Win64; x64) AppleWebKit/537.36 (KHTML, like Gecko) Chrome/63.0.3239.132 Safari/537.36',NULL,0),(528,1,'187.21.44.2','2018-01-16 06:31:57',1,1,'t1hBO5KMPYSUMftE9nNUBh39vJJe5WuA8EcQimf7JX0EM3SuWf6CkoY0YBLY','ECaPLkXQWH5QjXjVknlJ','Mozilla/5.0 (Windows NT 10.0; Win64; x64) AppleWebKit/537.36 (KHTML, like Gecko) Chrome/63.0.3239.132 Safari/537.36',NULL,0),(529,1,'189.15.224.104','2018-01-19 17:36:40',1,1,'FyGHjCvBngkHOav54hyKpa9s3XXMs6yVD69WNFMEu316THkFyOuk0msP5KXm','TgwCWX3j8PBvmf8GBcgP','Mozilla/5.0 (Windows NT 10.0; Win64; x64) AppleWebKit/537.36 (KHTML, like Gecko) Chrome/63.0.3239.132 Safari/537.36',NULL,0),(530,1,'187.21.44.2','2018-01-20 14:09:58',1,1,'2uKlPaOEyMSosbZSPJTHWbZrysn7qjfSjkQ99CIVfpmmT1a1A1JDYDkQv2i1','OxhqpduI7rrRa6jIXxRt','Mozilla/5.0 (Windows NT 10.0; Win64; x64) AppleWebKit/537.36 (KHTML, like Gecko) Chrome/63.0.3239.132 Safari/537.36',NULL,0),(531,1,'187.21.42.238','2018-01-27 21:44:07',1,1,'vC8YVzSoQ8ikXEZSnWt5G1OZqiRfCT6KCaU4Wugkw0UNR6AvGZQCKyKyj0L4','0h1gPxBZogqfgxEMaxnW','Mozilla/5.0 (Windows NT 10.0; Win64; x64) AppleWebKit/537.36 (KHTML, like Gecko) Chrome/63.0.3239.132 Safari/537.36',NULL,0),(532,NULL,'187.21.42.238','2018-01-29 19:43:16',0,0,NULL,NULL,'Mozilla/5.0 (Windows NT 10.0; Win64; x64) AppleWebKit/537.36 (KHTML, like Gecko) Chrome/63.0.3239.132 Safari/537.36',NULL,0),(533,1,'187.21.42.238','2018-01-29 19:43:28',1,1,'Y5z0u0bmthGlCsHDNiBjnCkynifWcEUqcvHxEL2AHJjSD3CzjRJezgFSStbn','dJ4jBg1SEy0ugleIaoYs','Mozilla/5.0 (Windows NT 10.0; Win64; x64) AppleWebKit/537.36 (KHTML, like Gecko) Chrome/63.0.3239.132 Safari/537.36',NULL,0),(534,1,'177.106.172.195','2018-02-02 02:04:18',1,1,'2khDEz8FE3ZJIo5seAlh73prFnmQ6XSbeoi0OE5aOUZ8l3Eh2GmXkCZ8Gbz8','DIEjD3E4AdFarNTldF9k','Mozilla/5.0 (Windows NT 10.0; Win64; x64) AppleWebKit/537.36 (KHTML, like Gecko) Chrome/63.0.3239.132 Safari/537.36',NULL,0),(535,1,'177.106.172.195','2018-02-02 23:21:08',1,1,'hMaYw4Sx013zpMb6vazpsO5rMfhDOZJ7zdTEIEAQW2gbpvtBOMVmmc3FI2j2','hRWROMCODXhGIBa97fq1','Mozilla/5.0 (Windows NT 10.0; Win64; x64) AppleWebKit/537.36 (KHTML, like Gecko) Chrome/63.0.3239.132 Safari/537.36',NULL,0),(536,1,'189.15.7.77','2018-02-03 04:39:24',1,1,'9PWDAZrvKlWwIdxzZAQVKRC6w523ngo7vfsi6rXFEcWSeA5lniFYs467GdMs','UmaNuyzP6cm4RZ4Ghm8N','Mozilla/5.0 (Windows NT 10.0; Win64; x64) AppleWebKit/537.36 (KHTML, like Gecko) Chrome/63.0.3239.132 Safari/537.36',NULL,0),(537,1,'187.36.83.106','2018-04-03 09:43:33',1,1,'XBEuRr80QCsz6ZC3lkwuBYNAQKHsLb8sGpaNQ5td1RYzB8Se6ha9yUcNn3yK','7puZDMKv2xNq3G7Yl1U2','Mozilla/5.0 (Windows NT 10.0; Win64; x64) AppleWebKit/537.36 (KHTML, like Gecko) Chrome/65.0.3325.181 Safari/537.36',NULL,0),(538,1,'187.36.86.75','2018-05-22 06:29:52',1,1,'huyWe6uphu0DNCBK0rItwznUZDO7TdHWAHCrZOcdoh0tsvtaX2Zp6sEymOQZ','hBngsJu5QSLIDd2glwuF','Mozilla/5.0 (Windows NT 10.0; Win64; x64) AppleWebKit/537.36 (KHTML, like Gecko) Chrome/66.0.3359.170 Safari/537.36',NULL,0),(539,1,'187.36.86.75','2018-05-24 08:17:53',2,0,NULL,NULL,'Mozilla/5.0 (Windows NT 10.0; Win64; x64) AppleWebKit/537.36 (KHTML, like Gecko) Chrome/66.0.3359.170 Safari/537.36',NULL,0),(540,1,'187.36.86.75','2018-05-24 08:18:14',2,0,NULL,NULL,'Mozilla/5.0 (Windows NT 10.0; Win64; x64) AppleWebKit/537.36 (KHTML, like Gecko) Chrome/66.0.3359.170 Safari/537.36',NULL,0),(541,1,'187.36.86.75','2018-05-24 08:18:34',1,1,'DTInc5YdgVmJEyZYH4J9wYT6EITgZ1cg2s5UJvsjkKNhjJpIKWAgF0R61DMW','MrtLCtm21o2Eg654Dzfd','Mozilla/5.0 (Windows NT 10.0; Win64; x64) AppleWebKit/537.36 (KHTML, like Gecko) Chrome/66.0.3359.170 Safari/537.36',NULL,0),(542,1,'187.36.86.75','2018-05-28 14:51:27',2,0,NULL,NULL,'Mozilla/5.0 (Windows NT 10.0; Win64; x64) AppleWebKit/537.36 (KHTML, like Gecko) Chrome/66.0.3359.181 Safari/537.36',NULL,0),(543,1,'187.36.86.75','2018-05-28 14:51:36',2,0,NULL,NULL,'Mozilla/5.0 (Windows NT 10.0; Win64; x64) AppleWebKit/537.36 (KHTML, like Gecko) Chrome/66.0.3359.181 Safari/537.36',NULL,0),(544,1,'187.36.86.75','2018-05-28 14:51:55',2,0,NULL,NULL,'Mozilla/5.0 (Windows NT 10.0; Win64; x64) AppleWebKit/537.36 (KHTML, like Gecko) Chrome/66.0.3359.181 Safari/537.36',NULL,0),(545,1,'187.36.86.75','2018-05-28 14:52:08',2,0,NULL,NULL,'Mozilla/5.0 (Windows NT 10.0; Win64; x64) AppleWebKit/537.36 (KHTML, like Gecko) Chrome/66.0.3359.181 Safari/537.36',NULL,0),(546,1,'187.36.86.75','2018-05-28 14:52:53',2,0,NULL,NULL,'Mozilla/5.0 (Windows NT 10.0; Win64; x64) AppleWebKit/537.36 (KHTML, like Gecko) Chrome/66.0.3359.181 Safari/537.36',NULL,0),(547,1,'187.36.86.75','2018-05-28 14:54:52',3,0,NULL,NULL,'Mozilla/5.0 (Windows NT 10.0; Win64; x64) AppleWebKit/537.36 (KHTML, like Gecko) Chrome/66.0.3359.181 Safari/537.36',NULL,0),(548,1,'187.36.86.75','2018-05-28 15:01:14',2,0,NULL,NULL,'Mozilla/5.0 (Windows NT 10.0; Win64; x64) AppleWebKit/537.36 (KHTML, like Gecko) Chrome/66.0.3359.181 Safari/537.36',NULL,0),(549,1,'187.36.86.75','2018-05-28 15:03:46',2,0,NULL,NULL,'Mozilla/5.0 (Windows NT 10.0; Win64; x64; rv:60.0) Gecko/20100101 Firefox/60.0',NULL,0),(550,1,'187.36.86.75','2018-05-28 15:05:25',2,0,NULL,NULL,'Mozilla/5.0 (Windows NT 10.0; Win64; x64) AppleWebKit/537.36 (KHTML, like Gecko) Chrome/66.0.3359.181 Safari/537.36',NULL,0),(551,1,'187.36.86.75','2018-05-28 15:13:31',1,1,'69IrHTkNgK9XApToUBhhbP6XJ9L5KmoS8QmM2AKXqsJDn1eegRscwOWXXkmR','l8FuGCDuqikk35v50jeU','Mozilla/5.0 (Windows NT 10.0; Win64; x64) AppleWebKit/537.36 (KHTML, like Gecko) Chrome/66.0.3359.181 Safari/537.36',NULL,0),(552,1,'187.36.86.75','2018-05-28 18:50:51',1,1,'YkGj7lSNVEYJ9TSVhn8tvoutc862NbFkYbJcCN4993U9ih2861tnYAhMlgig','GDp0QHnTQ2QbbLYElqQt','Mozilla/5.0 (Windows NT 10.0; Win64; x64) AppleWebKit/537.36 (KHTML, like Gecko) Chrome/66.0.3359.181 Safari/537.36',NULL,0),(553,1,'187.36.86.75','2018-06-01 15:51:10',2,0,NULL,NULL,'Mozilla/5.0 (Windows NT 10.0; Win64; x64) AppleWebKit/537.36 (KHTML, like Gecko) Chrome/66.0.3359.181 Safari/537.36',NULL,0),(554,1,'187.36.86.75','2018-06-01 16:22:18',1,1,'ZaVGVksVfe66BTzR2nqdjwV2sUvyawo49QBu12tb8S4mYRQe29XLPjCoLyRA','si21fibYbhrwPbU7uT6r','Mozilla/5.0 (Windows NT 10.0; Win64; x64) AppleWebKit/537.36 (KHTML, like Gecko) Chrome/66.0.3359.181 Safari/537.36',NULL,0),(555,1,'187.36.86.75','2018-06-01 20:48:48',1,1,'aTbXAPS4IpGCc0hS18SQceu296o3ZjKNddcl7Z9Gfua7GOjp6z4S6ywYjv3U','Fr1ZMsWSq6apSZkhrUDQ','Mozilla/5.0 (Windows NT 10.0; Win64; x64) AppleWebKit/537.36 (KHTML, like Gecko) Chrome/66.0.3359.181 Safari/537.36',NULL,0),(556,1,'187.36.86.75','2018-06-01 21:00:47',1,1,'bbzocoR7LnnUEWtUXQtyJ64NGYAwNr7uS2sEiMdbBfpfWwlzVNt95FgXz9U9','rJEAGGy88gAcqvUZxzC8','Mozilla/5.0 (Windows NT 10.0; Win64; x64) AppleWebKit/537.36 (KHTML, like Gecko) Chrome/66.0.3359.181 Safari/537.36',NULL,0),(557,1,'187.36.86.75','2018-06-01 21:05:59',1,1,'l7pEllHTQeMQiU6AC1VNncMkdHRfIutUV0wIKO6svP47hqD8RyRzj80JZeCk','YIvLiHP5TQt1RKOGuGer','Mozilla/5.0 (Windows NT 10.0; Win64; x64) AppleWebKit/537.36 (KHTML, like Gecko) Chrome/66.0.3359.181 Safari/537.36',NULL,0),(558,1,'187.36.86.75','2018-06-01 21:06:49',1,1,'Qk2Q3nZrN639IfAFl14Pla27m4NEDuFtxsGTlPve7Ct6PPTGyLkCmZD534pJ','Ys2JfPLsv6Rybrg1xnsR','Mozilla/5.0 (Windows NT 10.0; Win64; x64) AppleWebKit/537.36 (KHTML, like Gecko) Chrome/66.0.3359.181 Safari/537.36',NULL,0),(559,1,'187.36.86.75','2018-06-01 21:10:43',1,1,'ZlQhxq8GP0Ow4badhYqJurtenY4EgVEUeXsIkunTW0ROEBPMhFSjKN8SYqfn','H7HZIeYIrbMFSGPBNkm3','Mozilla/5.0 (Windows NT 10.0; Win64; x64) AppleWebKit/537.36 (KHTML, like Gecko) Chrome/66.0.3359.181 Safari/537.36',NULL,0),(560,1,'187.36.86.75','2018-06-02 13:55:12',1,1,'8pQPmAEoIxuPFrKSJj80HEOQWQ6qrIB35BbiVYzBJdxDgoSLaECMn79MPeoL','YOrBeuyo3tTEh39IPr7l','Mozilla/5.0 (Windows NT 10.0; Win64; x64) AppleWebKit/537.36 (KHTML, like Gecko) Chrome/66.0.3359.181 Safari/537.36',NULL,0),(561,1,'189.15.176.59','2018-06-02 18:24:18',1,1,'xilzbvRgCxqeR12qS2SLKv9MpGBnEp4ZPm6erPZWii638O9moqTr0SA3fq04','e5NIsD1mtwe7n7OmaaMV','Mozilla/5.0 (Windows NT 10.0; Win64; x64) AppleWebKit/537.36 (KHTML, like Gecko) Chrome/67.0.3396.62 Safari/537.36',NULL,0),(562,1,'187.36.86.75','2018-06-02 18:25:22',1,1,'VspqY3dbe37rLCLo5uBOHhY8w8aDbtFhO5cwzYXApUT0qMkohmtBy3SemADo','xao2iOQVb9yHXp05iFpO','Mozilla/5.0 (Windows NT 10.0; Win64; x64) AppleWebKit/537.36 (KHTML, like Gecko) Chrome/66.0.3359.181 Safari/537.36',NULL,0),(563,1,'187.36.86.75','2018-06-02 18:27:57',1,1,'oOkun99KhEgr3Xm7tILI6TLGD9nJCIzq2OuUZL8mwqObvQqKs74d1GGY9927','0NxzdRfbNvJt5Fhr4b2j','Mozilla/5.0 (Windows NT 10.0; Win64; x64) AppleWebKit/537.36 (KHTML, like Gecko) Chrome/66.0.3359.181 Safari/537.36',NULL,0),(564,1,'187.36.86.75','2018-06-07 01:16:54',1,1,'OoPC76ZmjOOFyqfmOlA7YKOozeH4TwxMUqJcec1iv4EVdrk8mffZRIJUwp5e','f3WJxQXVIaLduFlc3Czk','Mozilla/5.0 (Windows NT 10.0; Win64; x64) AppleWebKit/537.36 (KHTML, like Gecko) Chrome/66.0.3359.181 Safari/537.36',NULL,0),(565,1,'189.15.111.62','2018-06-07 03:59:19',2,0,NULL,NULL,'Mozilla/5.0 (Windows NT 10.0; Win64; x64) AppleWebKit/537.36 (KHTML, like Gecko) Chrome/67.0.3396.62 Safari/537.36',NULL,0),(566,1,'189.15.111.62','2018-06-07 03:59:26',1,1,'CxEr8iGGanWxJhrIp1VVCnK47jopzIzT77LuHUKgxnGDHjQnuzTuj5UnjI8s','UiQXWRWh2xhh4N97XQAa','Mozilla/5.0 (Windows NT 10.0; Win64; x64) AppleWebKit/537.36 (KHTML, like Gecko) Chrome/67.0.3396.62 Safari/537.36',NULL,0),(567,1,'187.36.86.75','2018-06-08 17:03:17',1,1,'RlykQrbfRoEqpgClpHHdx9bTqjWmZ3W4udIDEU472Uh2bGaZMTD2P0fvBD4V','vc4IKFzrRyzVKmve2jBv','Mozilla/5.0 (Windows NT 10.0; Win64; x64) AppleWebKit/537.36 (KHTML, like Gecko) Chrome/66.0.3359.181 Safari/537.36',NULL,0),(568,1,'187.36.86.75','2018-06-10 07:27:24',1,1,'x65KIUvK3Wi5SKeHb8vcUBdA1bcwfSJ7EB0SgyPtfRaovbHbYWeJFvaT5E0d','8qtov2o5eR6N6V5vfKSv','Mozilla/5.0 (Windows NT 10.0; Win64; x64) AppleWebKit/537.36 (KHTML, like Gecko) Chrome/66.0.3359.181 Safari/537.36',NULL,0),(569,1,'187.36.86.75','2018-06-16 23:28:50',1,1,'EWheS5PkazLji4zTRbi2qHmP4Dx9gJs8U33l5MoCNG6v5YU539PduhnpoeKw','RqftGkzpRvVHM7EYMYDi','Mozilla/5.0 (Windows NT 10.0; Win64; x64) AppleWebKit/537.36 (KHTML, like Gecko) Chrome/66.0.3359.181 Safari/537.36',NULL,0),(570,1,'187.36.86.75','2018-06-25 01:37:44',1,1,'Kapxjhv5XlTgPxyj61yklenzCk3MSbZ5NULdmREEZcUbxmEwriVE0HYvizik','B5HCCGlDpq7gknWctvuT','Mozilla/5.0 (Windows NT 10.0; Win64; x64) AppleWebKit/537.36 (KHTML, like Gecko) Chrome/67.0.3396.87 Safari/537.36',NULL,0),(571,1,'187.36.86.75','2018-06-26 04:20:20',2,0,NULL,NULL,'Mozilla/5.0 (Windows NT 10.0; Win64; x64) AppleWebKit/537.36 (KHTML, like Gecko) Chrome/67.0.3396.87 Safari/537.36',NULL,0),(572,1,'187.36.86.75','2018-06-26 04:20:33',2,0,NULL,NULL,'Mozilla/5.0 (Windows NT 10.0; Win64; x64) AppleWebKit/537.36 (KHTML, like Gecko) Chrome/67.0.3396.87 Safari/537.36',NULL,0),(573,1,'187.36.86.75','2018-06-26 04:30:24',1,2,'TOBAAlAbdDwngFhZApzwulRGS6cSMPyDqugfUp2IhF7ijnPwA6fcXC0MqUJC','r4vj0W1yc3pfwV96rF1n','Mozilla/5.0 (Windows NT 10.0; Win64; x64) AppleWebKit/537.36 (KHTML, like Gecko) Chrome/67.0.3396.87 Safari/537.36','2018-06-26 01:30:24',0),(574,1,'187.36.86.75','2018-06-26 04:30:40',1,1,'8GthcDmarVS4N3JaZIuPizJk3SezlkHRswqh6oESyH3E8mDpipQZF3mSDZjH','p6gAE9by5NrrJQBTkTEA','Mozilla/5.0 (Windows NT 10.0; Win64; x64) AppleWebKit/537.36 (KHTML, like Gecko) Chrome/67.0.3396.87 Safari/537.36',NULL,0),(575,1,'187.36.86.75','2018-06-26 05:20:39',1,1,'OzevmaRatXIXfk9RfFTUYojFWH74vUtH3cQicOg4gHgmF5KfzF3N5xL9qq2G','T7Sr0bYBYxqYpM2m0LRH','Mozilla/5.0 (Windows NT 10.0; Win64; x64) AppleWebKit/537.36 (KHTML, like Gecko) Chrome/67.0.3396.87 Safari/537.36',NULL,0),(576,1,'189.15.185.121','2018-06-26 05:24:18',2,0,NULL,NULL,'Mozilla/5.0 (Windows NT 10.0; Win64; x64) AppleWebKit/537.36 (KHTML, like Gecko) Chrome/67.0.3396.87 Safari/537.36',NULL,0),(577,1,'189.15.185.121','2018-06-26 05:24:41',1,1,'LlSKUv67aE6F0ZCHF8FZpZA308dDPlivs9ZiS1bNoKUcMpb8LIOEaC7qwd0x','VVO4rOWL3Q1Y2OoHQlXl','Mozilla/5.0 (Windows NT 10.0; Win64; x64) AppleWebKit/537.36 (KHTML, like Gecko) Chrome/67.0.3396.87 Safari/537.36',NULL,0),(578,1,'187.36.86.75','2018-06-26 07:04:11',1,1,'szBYBRRG4JCT95n9vskZTwZuslYpEM97cwAxvRkDd5BDYEfjoMKIZ4Qze1m6','ZbHH9isaV47ggtPAkO80','Mozilla/5.0 (Windows NT 10.0; Win64; x64) AppleWebKit/537.36 (KHTML, like Gecko) Chrome/67.0.3396.87 Safari/537.36',NULL,0),(579,1,'187.36.86.75','2018-06-27 15:56:13',1,1,'3XU2DgnFU0RegQKOJCnLOrBHGh18MtAL2xUYiyqdwBqDN4AkVWBkIzRCpAPS','0pdOsBcPpMtd0H3qM6MD','Mozilla/5.0 (Windows NT 10.0; Win64; x64) AppleWebKit/537.36 (KHTML, like Gecko) Chrome/67.0.3396.87 Safari/537.36',NULL,0),(580,1,'187.36.86.75','2018-06-29 20:54:25',1,1,'ZiEoRMH9JYIflgMJ6N5BElmuigH3abf82byyU7EcEJjWWltUOlfTNtIGLSN2','SXv7jLf5HZwKUe37MfQW','Mozilla/5.0 (Windows NT 10.0; Win64; x64) AppleWebKit/537.36 (KHTML, like Gecko) Chrome/67.0.3396.87 Safari/537.36',NULL,0),(581,1,'189.15.181.228','2018-06-29 21:05:15',1,1,'nmP2vGkQnb3EZ4XswxV14K2sMjddCUhusXIuxDijMI8UMssJbIAzkPIwLZTX','IyGlRhQDEh4658b3C74G','Mozilla/5.0 (Windows NT 10.0; Win64; x64) AppleWebKit/537.36 (KHTML, like Gecko) Chrome/67.0.3396.87 Safari/537.36',NULL,0),(582,1,'189.15.181.228','2018-06-29 21:16:07',1,1,'Yv3n9YF2FuHUKinqZQrkGToH5Y9PeKGQ8oOTQ0ibwfkD1edP7sQSdgS18Xra','4abUK3Ly11IobfMm95Ir','Mozilla/5.0 (Windows NT 10.0; Win64; x64) AppleWebKit/537.36 (KHTML, like Gecko) Chrome/67.0.3396.87 Safari/537.36',NULL,0),(583,1,'187.36.86.75','2018-06-29 21:41:22',1,1,'XKgLRxuuTCQP0tnMOQQdhAXPZ2hu3M5vmGGDLfMSbVz5aYtsnG4pOiVjO9QU','hZNaT36K9FWNLmD63NYg','Mozilla/5.0 (Windows NT 10.0; Win64; x64) AppleWebKit/537.36 (KHTML, like Gecko) Chrome/67.0.3396.87 Safari/537.36',NULL,0),(584,1,'187.36.86.75','2018-07-05 12:00:19',1,1,'s7ehlkia3vCLjfqdKeyCXEt99B9Vxvd41XFuxFia397WXgWb53YWtyFPFo50','UMcDxkPlEZXyh18wK8ed','Mozilla/5.0 (Windows NT 10.0; Win64; x64) AppleWebKit/537.36 (KHTML, like Gecko) Chrome/67.0.3396.99 Safari/537.36',NULL,0),(585,1,'187.36.86.75','2018-07-06 11:48:56',1,1,'w7R203Dgg9EFII37Ui4stKsuXnD3yUYxKaT2XTedaUyVIoUPgxDzcrIeOHEy','0Cd2c8tNQcFxG0yJQBQb','Mozilla/5.0 (Windows NT 10.0; Win64; x64) AppleWebKit/537.36 (KHTML, like Gecko) Chrome/67.0.3396.99 Safari/537.36',NULL,0),(586,1,'187.36.86.75','2018-07-11 00:50:57',1,1,'wc8lFX5SpzTG9c1MU72T2H9suzgGVgREcv0OGYRvvLvgBQ8mBKH8wfXXSuDS','9CIExssmY6Ol97WCNT2d','Mozilla/5.0 (Windows NT 10.0; Win64; x64) AppleWebKit/537.36 (KHTML, like Gecko) Chrome/67.0.3396.99 Safari/537.36',NULL,0),(587,1,'187.36.86.75','2018-07-12 16:18:07',1,1,'WSE17kLCP3Ke40wGNdhg184xGmx7S2As7rCOsVWGfy0zaC45zgPIcMLbAIsT','CIt4OVjg5V2Y7bQIESzI','Mozilla/5.0 (Windows NT 10.0; Win64; x64) AppleWebKit/537.36 (KHTML, like Gecko) Chrome/67.0.3396.99 Safari/537.36',NULL,0),(588,1,'189.15.102.25','2018-07-13 16:52:41',1,1,'ilVKrt5sihRKPXKb9PFMAI2qcLQ5m5as3cv6LzCeyEVorfBYTvB9lyHrZFqj','T4IHFrfxmEAWgexdwho7','Mozilla/5.0 (Windows NT 10.0; Win64; x64) AppleWebKit/537.36 (KHTML, like Gecko) Chrome/67.0.3396.99 Safari/537.36',NULL,0),(589,1,'187.36.86.75','2018-07-14 21:24:21',1,1,'fV9d3IoNaZ51cDVFdNudl6BHaV9XAc94CPzN3JWtErSorP7i0lpZ31n7vl96','lkN665BGPCgjYiJn4Kvq','Mozilla/5.0 (Windows NT 10.0; Win64; x64) AppleWebKit/537.36 (KHTML, like Gecko) Chrome/67.0.3396.99 Safari/537.36',NULL,0),(590,1,'187.36.86.75','2018-07-16 18:25:03',1,1,'CMGRuZMq1dL6FhAMCq8PAl46dmeExwkLeaGgGzr49AQ6W6U3e5YduC069MF0','LBMwcRkHkPCO5gJpbdhe','Mozilla/5.0 (Windows NT 10.0; Win64; x64) AppleWebKit/537.36 (KHTML, like Gecko) Chrome/67.0.3396.99 Safari/537.36',NULL,0),(591,1,'187.36.80.6','2018-07-20 01:04:25',1,1,'s3e8Lv7fwMv2cVm95UwRJjrGZj0pBRGqzEzAwX7MFrNrVjAx8CsHiP1cnJVP','G6lsL3uJUAs6SGpXar7R','Mozilla/5.0 (Windows NT 10.0; Win64; x64) AppleWebKit/537.36 (KHTML, like Gecko) Chrome/67.0.3396.99 Safari/537.36',NULL,0),(592,1,'187.36.80.6','2018-07-21 23:27:45',1,1,'PBKVwqxOt65c8C5ahrMG4Hu43UuZPORWC8PNAk3c2O23XItqOzKpRYWvIQRO','bYCbS5SKMyWEXDEpIzAL','Mozilla/5.0 (Windows NT 10.0; Win64; x64) AppleWebKit/537.36 (KHTML, like Gecko) Chrome/67.0.3396.99 Safari/537.36',NULL,0),(593,1,'187.36.80.6','2018-07-25 05:05:26',1,1,'x8IVS2jvaFwptUG3s40NA4nrlKwy94JQ99vdW1rZgwjnLGzkpOGOnKCePK7s','UnV5PiZAtS4SB0baSo4S','Mozilla/5.0 (Windows NT 10.0; Win64; x64) AppleWebKit/537.36 (KHTML, like Gecko) Chrome/67.0.3396.99 Safari/537.36',NULL,0),(594,1,'187.36.80.6','2018-08-01 09:25:23',1,1,'wWCMc3Y8F2RNYZg1NjFBVxNedYjLxiQd0H4bgkeihkKY4l83haGfeQwZP5E0','C6GDr06a1MKNsH1Fdyas','Mozilla/5.0 (Windows NT 10.0; Win64; x64) AppleWebKit/537.36 (KHTML, like Gecko) Chrome/67.0.3396.99 Safari/537.36',NULL,0),(595,1,'187.36.80.6','2018-08-01 10:12:37',1,1,'MFfHIg89pvT22w42J5bCWPmOkXryNm6FjEB1XyjO6L0O2xknzgpLQh9doaFD','twstDIThJX4GjTiHPZcS','Mozilla/5.0 (Windows NT 10.0; Win64; x64) AppleWebKit/537.36 (KHTML, like Gecko) Chrome/67.0.3396.99 Safari/537.36',NULL,0),(596,1,'187.36.80.6','2018-08-01 10:39:32',1,1,'ZFE2dOnP3CTG72LfKq8c9MYpOxFBNV0wKyYzLesFC7JMylFxLvsIdnFViAHM','yWVr2vKgBepTq0BbPbnu','Mozilla/5.0 (Windows NT 10.0; Win64; x64) AppleWebKit/537.36 (KHTML, like Gecko) Chrome/67.0.3396.99 Safari/537.36',NULL,0),(597,1,'187.36.80.6','2018-08-01 16:47:53',1,1,'yST6w5pEmRinJLWaIzR8auWDXgnu5XlZHnbNlH2iNwNmzkVF6BueaBjpsHUa','x4BmfBLejqlZtqVaGYt3','Mozilla/5.0 (Windows NT 10.0; Win64; x64) AppleWebKit/537.36 (KHTML, like Gecko) Chrome/67.0.3396.99 Safari/537.36',NULL,0),(598,1,'187.36.80.6','2018-08-01 18:19:02',1,1,'ScKZm8BmklNjTxcqv57o2FmeMOKzZ0cAtzopOKkKb9FXXsxruZFb5XL0m23w','OBy15i6wTrPKLc8IW09Z','Mozilla/5.0 (Windows NT 10.0; Win64; x64) AppleWebKit/537.36 (KHTML, like Gecko) Chrome/67.0.3396.99 Safari/537.36',NULL,0),(599,1,'177.106.145.126','2018-08-16 01:14:38',2,0,NULL,NULL,'Mozilla/5.0 (Windows NT 10.0; Win64; x64) AppleWebKit/537.36 (KHTML, like Gecko) Chrome/68.0.3440.106 Safari/537.36',NULL,0),(600,1,'177.106.145.126','2018-08-16 01:14:50',2,0,NULL,NULL,'Mozilla/5.0 (Windows NT 10.0; Win64; x64) AppleWebKit/537.36 (KHTML, like Gecko) Chrome/68.0.3440.106 Safari/537.36',NULL,0),(601,1,'187.36.80.6','2018-08-16 03:11:11',1,1,'LL1JXp80A3Z2vZwMAmOLjg7jy2rdyKwYIanzVZO2bKgZZ85QjtLX3ENb5yyX','mdBty0kijMqnZ8WiyaJM','Mozilla/5.0 (Windows NT 10.0; Win64; x64) AppleWebKit/537.36 (KHTML, like Gecko) Chrome/68.0.3440.106 Safari/537.36',NULL,0),(602,1,'177.106.145.126','2018-08-16 03:15:04',1,1,'9qTCumjN9CJhHiwV9cPwfjFHBsJRFSjuSbkrAeQew6PsZNj66Azkfm2wyxpr','nb9Kuseg0rcL9y1Vkr6K','Mozilla/5.0 (Windows NT 10.0; Win64; x64) AppleWebKit/537.36 (KHTML, like Gecko) Chrome/68.0.3440.106 Safari/537.36',NULL,0),(603,1,'187.36.80.6','2018-08-16 21:12:00',1,1,'TdnGB6S4LQ0xmMfbRxt8BM0EcLGxRTyLwyfBMdwChBIokq4DfmxdO0WCj7Iu','veEbfNsv0acktz2bpiS8','Mozilla/5.0 (Windows NT 10.0; Win64; x64) AppleWebKit/537.36 (KHTML, like Gecko) Chrome/68.0.3440.106 Safari/537.36',NULL,0),(604,1,'189.15.225.169','2018-08-17 17:14:37',1,1,'7OJXT6FMiMZHC5ZRtkw0h1Vl3BhoRwoqCMfFXcRJIuW5rJoKGzTUdSHVvRK8','qmDbR0D1lJtEqyywcmKm','Mozilla/5.0 (Windows NT 10.0; Win64; x64) AppleWebKit/537.36 (KHTML, like Gecko) Chrome/68.0.3440.106 Safari/537.36',NULL,0),(605,1,'187.36.80.6','2018-08-18 20:15:34',1,1,'I72KzEHDLFbUdXUUiAu2qT22YbwQgeNzsfo25l5dCsBtpix25GkCu3joLeeI','266houwUBCcnnsXwXzKJ','Mozilla/5.0 (Windows NT 10.0; Win64; x64) AppleWebKit/537.36 (KHTML, like Gecko) Chrome/68.0.3440.106 Safari/537.36',NULL,0),(606,1,'187.36.80.6','2018-08-21 05:17:52',1,1,'LM84dBwwcYWPxxhYLweiagGkpA6OdP4XdW8gdogJWTNAjgoHxjRv1Hz9Pd54','i699wl9eJBgjjSwzIIOy','Mozilla/5.0 (Windows NT 10.0; Win64; x64) AppleWebKit/537.36 (KHTML, like Gecko) Chrome/68.0.3440.106 Safari/537.36',NULL,0),(607,1,'187.36.80.6','2018-08-21 07:23:17',1,1,'x1c8O34TwTTv0SvYqcdwRJCUNSuZrSTSUhcTOBr1FuX5gPdzJ6Qtp1VKRlQA','ojap8mGcHZfow8mmkaTj','Mozilla/5.0 (Windows NT 10.0; Win64; x64) AppleWebKit/537.36 (KHTML, like Gecko) Chrome/68.0.3440.106 Safari/537.36',NULL,0),(608,1,'187.36.80.6','2018-08-27 10:18:28',1,1,'pYzEicfhuqGzO4CKqCUVSgTsZG51hZ964XApjlNNjLTUNTaFPjKn7UtmFG8L','8O1D8ZvwI7VLVUY9VWWS','Mozilla/5.0 (Windows NT 10.0; Win64; x64) AppleWebKit/537.36 (KHTML, like Gecko) Chrome/68.0.3440.106 Safari/537.36',NULL,0),(609,1,'187.36.80.6','2018-08-28 10:00:14',1,1,'WQOJ304tZH3MSlycdL8Q6pv7qUzJmyQN2xrO7Im7qMnDDXCKYuLW4H4TpFLW','vyFtrIo62FHi1KCvWvHU','Mozilla/5.0 (Windows NT 10.0; Win64; x64) AppleWebKit/537.36 (KHTML, like Gecko) Chrome/68.0.3440.106 Safari/537.36',NULL,0),(610,1,'187.36.80.6','2018-08-30 06:59:38',1,1,'o8wdoWl3CLbuCFcOCHIs8gYm7dzadBggwyzpoq7EOgU9uMcLSaWCFx2cGjdW','jh3y6d9xzQR5QYPgjc3a','Mozilla/5.0 (Windows NT 10.0; Win64; x64) AppleWebKit/537.36 (KHTML, like Gecko) Chrome/68.0.3440.106 Safari/537.36',NULL,0),(611,1,'187.36.80.6','2018-09-03 18:46:35',1,1,'zrVlYT4FdNwSpJlxV0n3AS1WK2YP8PhJOir9P5VLZWRNaFqbhCk8O5ywocsT','NEzO9nMbzg1LRpRyxuK3','Mozilla/5.0 (Windows NT 10.0; Win64; x64) AppleWebKit/537.36 (KHTML, like Gecko) Chrome/68.0.3440.106 Safari/537.36',NULL,0),(612,1,'189.41.3.181','2018-09-03 23:29:31',2,0,NULL,NULL,'Mozilla/5.0 (Windows NT 10.0; Win64; x64) AppleWebKit/537.36 (KHTML, like Gecko) Chrome/68.0.3440.106 Safari/537.36',NULL,0),(613,1,'189.41.3.181','2018-09-03 23:29:44',1,1,'pk7AknLO9QpzxKzNvmKGGODKmENdeJaRzyRnAn2xyRbXw5jAoS333jGe0CGA','duRodoIkLhqGqqxWF1wA','Mozilla/5.0 (Windows NT 10.0; Win64; x64) AppleWebKit/537.36 (KHTML, like Gecko) Chrome/68.0.3440.106 Safari/537.36',NULL,0),(614,1,'187.36.80.6','2018-09-12 01:52:43',1,1,'XeyBgNui5tcqK4VHptRWmYqKXcvPm40OkQxvJSIN3eodQXYjIE9QukC5JLKG','4Tl2QcNNRWCMYpH13rlp','Mozilla/5.0 (Windows NT 10.0; Win64; x64) AppleWebKit/537.36 (KHTML, like Gecko) Chrome/68.0.3440.106 Safari/537.36',NULL,0),(615,1,'187.36.80.6','2018-09-13 19:24:01',1,1,'sN6NU0MlkPzMkguT3ljYUobAHVWOLufsbNiChJCRZidoKse3yhrJKqLtZtlO','zGadq9pPrhhp7tjTtlWX','Mozilla/5.0 (Windows NT 10.0; Win64; x64) AppleWebKit/537.36 (KHTML, like Gecko) Chrome/68.0.3440.106 Safari/537.36',NULL,0),(616,1,'187.36.80.6','2018-09-15 19:42:35',1,1,'sStMEnvZjzO58L5YM60Myg8ssTR0nlivxmFVLesDhWUYDcsvd8eD3UPwLuMt','biVZ8cOJfanRtTNq6rLo','Mozilla/5.0 (Windows NT 10.0; Win64; x64) AppleWebKit/537.36 (KHTML, like Gecko) Chrome/68.0.3440.106 Safari/537.36',NULL,0),(617,1,'177.191.246.26','2018-09-21 19:53:08',1,1,'3UIkK1YlxnVZjVhXn6afNDGme28kOb9do1XKTIbIrAOW9F6sTLbdG1Z8AZ1n','PZQ2Ryo63el60LflKN5k','Mozilla/5.0 (Windows NT 10.0; Win64; x64) AppleWebKit/537.36 (KHTML, like Gecko) Chrome/69.0.3497.100 Safari/537.36',NULL,0),(618,1,'189.41.182.121','2018-09-22 19:55:35',2,0,NULL,NULL,'Mozilla/5.0 (Windows NT 10.0; Win64; x64) AppleWebKit/537.36 (KHTML, like Gecko) Chrome/69.0.3497.100 Safari/537.36',NULL,0),(619,1,'189.41.182.121','2018-09-22 19:55:59',2,0,NULL,NULL,'Mozilla/5.0 (Windows NT 10.0; Win64; x64) AppleWebKit/537.36 (KHTML, like Gecko) Chrome/69.0.3497.100 Safari/537.36',NULL,0),(620,1,'191.176.32.32','2018-12-02 13:40:34',1,1,'a1sibL8cGXJ6399ueLCViMqRpFe4rsaowZGkSMFS00Dkrmut3Fwaxqxyh2L9','NufmByuuOjX0QfYkLTDK','Mozilla/5.0 (Windows NT 10.0; Win64; x64) AppleWebKit/537.36 (KHTML, like Gecko) Chrome/70.0.3538.102 Safari/537.36',NULL,0),(621,1,'191.176.32.32','2018-12-09 21:02:08',1,1,'vRw6cy8ksnGSImuMuOMwWD2EqG2nypKG9FxJ31giZaqptNy85pnXww7r0lkb','H1i5s9Si8498DpSkA06f','Mozilla/5.0 (Windows NT 10.0; Win64; x64) AppleWebKit/537.36 (KHTML, like Gecko) Chrome/70.0.3538.110 Safari/537.36',NULL,0),(622,1,'191.176.32.32','2019-02-06 22:22:58',2,0,NULL,NULL,'Mozilla/5.0 (Windows NT 10.0; Win64; x64) AppleWebKit/537.36 (KHTML, like Gecko) Chrome/71.0.3578.98 Safari/537.36',NULL,0),(623,1,'191.176.32.32','2019-02-06 22:23:05',2,0,NULL,NULL,'Mozilla/5.0 (Windows NT 10.0; Win64; x64) AppleWebKit/537.36 (KHTML, like Gecko) Chrome/71.0.3578.98 Safari/537.36',NULL,0),(624,1,'191.176.32.32','2019-02-06 22:23:09',2,0,NULL,NULL,'Mozilla/5.0 (Windows NT 10.0; Win64; x64) AppleWebKit/537.36 (KHTML, like Gecko) Chrome/71.0.3578.98 Safari/537.36',NULL,0),(625,1,'191.176.32.32','2019-02-06 22:23:19',2,0,NULL,NULL,'Mozilla/5.0 (Windows NT 10.0; Win64; x64) AppleWebKit/537.36 (KHTML, like Gecko) Chrome/71.0.3578.98 Safari/537.36',NULL,0),(626,1,'191.176.32.32','2019-02-06 22:25:01',2,0,NULL,NULL,'Mozilla/5.0 (Windows NT 10.0; Win64; x64) AppleWebKit/537.36 (KHTML, like Gecko) Chrome/71.0.3578.98 Safari/537.36',NULL,0),(627,1,'191.176.32.32','2019-02-06 22:25:59',2,0,NULL,NULL,'Mozilla/5.0 (Windows NT 10.0; Win64; x64) AppleWebKit/537.36 (KHTML, like Gecko) Chrome/71.0.3578.98 Safari/537.36',NULL,0),(628,1,'191.176.32.32','2019-02-06 22:30:29',1,1,'7UHiZKtxMjMrNjWkwuqWEg1YhYnSohuskiIHYUGMexGcHmSk3AVfOLHQgug5','Nzep2CaZA24Bea496qI5','Mozilla/5.0 (Windows NT 10.0; Win64; x64) AppleWebKit/537.36 (KHTML, like Gecko) Chrome/71.0.3578.98 Safari/537.36',NULL,0),(629,1,'191.176.32.32','2019-02-08 20:30:30',1,1,'i49NycLyX5E6e1fPu3fzhJTWCibxUaCNOfn3U6NVpbliR6eXUNaKeSEDIh3Y','Ye9FvdiSSnHCxNFCt5LP','Mozilla/5.0 (Windows NT 10.0; Win64; x64) AppleWebKit/537.36 (KHTML, like Gecko) Chrome/71.0.3578.98 Safari/537.36',NULL,0),(630,1,'177.235.118.190','2019-08-15 20:25:01',1,1,'q8XovJS17pkz4NOfuHVVcaJlmkda0ykm5AXehhn141CigNE0lEiSY79xTehA','DF7Viob3Y9M7I3DeHB7r','Mozilla/5.0 (Windows NT 10.0; Win64; x64) AppleWebKit/537.36 (KHTML, like Gecko) Chrome/75.0.3770.142 Safari/537.36',NULL,0),(631,1,'177.235.118.144','2021-08-19 19:19:47',1,1,'IYJEUcx3Dvect3s5whLIyL4l91CvvZfyng3ymC4nxs723ops9zPUnQ3dGPCZ','yeAS9NK9BATgCklGPlzn','Mozilla/5.0 (Windows NT 10.0; Win64; x64) AppleWebKit/537.36 (KHTML, like Gecko) Chrome/92.0.4515.131 Safari/537.36',NULL,0);

--
-- Table structure for table `audios`
--

CREATE TABLE `audios` (
  `id` int(11) NOT NULL AUTO_INCREMENT,
  `data` timestamp NOT NULL DEFAULT current_timestamp(),
  `titulo` text DEFAULT NULL,
  `descricao` text DEFAULT NULL,
  `secao` varchar(100) NOT NULL DEFAULT '0',
  `entidade` int(11) NOT NULL DEFAULT 0,
  PRIMARY KEY (`id`)
) ENGINE=MyISAM AUTO_INCREMENT=53 DEFAULT CHARSET=latin1 COLLATE=latin1_swedish_ci ROW_FORMAT=DYNAMIC;

--
-- Dumping data for table `audios`
--

INSERT INTO `audios` (`id`, `data`, `titulo`, `descricao`, `secao`, `entidade`) VALUES (44,'2017-08-23 03:00:00','Cursos gratuítos','Faça sua inscrição para cursos gratuitos fornecidos pelo governo do Estado em parceria com a Prefeitura Municipal.','Áudios',12),(45,'2016-12-23 02:00:00','Mensagem de Natal','Mensagem de Natal da Prefeitura Municipal a todos os cidadãos.','Áudios',12),(46,'2017-08-24 03:00:00','Hino Nacional Brasileiro','Hino Nacional Brasileiro executado pela banda do Exército Nacional.','Áudios',12),(47,'2017-09-09 03:00:00','Título do Áudio','Segunda entidade','Áudios',14);

--
-- Table structure for table `audios_arquivos`
--

CREATE TABLE `audios_arquivos` (
  `id` int(11) NOT NULL AUTO_INCREMENT,
  `audio` int(11) NOT NULL,
  `path` text NOT NULL,
  `arquivo` text NOT NULL,
  `legenda` text DEFAULT NULL,
  `tipo` varchar(50) DEFAULT NULL,
  `data` date DEFAULT NULL,
  PRIMARY KEY (`id`)
) ENGINE=MyISAM AUTO_INCREMENT=541 DEFAULT CHARSET=latin1 COLLATE=latin1_swedish_ci ROW_FORMAT=DYNAMIC;

--
-- Dumping data for table `audios_arquivos`
--

INSERT INTO `audios_arquivos` (`id`, `audio`, `path`, `arquivo`, `legenda`, `tipo`, `data`) VALUES (538,47,'zHD/audios/14/47/','HAHA (0448691001505007026).mp3',NULL,NULL,'2017-09-09'),(533,44,'zHD/audios/12/44/','mp3-cursos (0118079001503543083).mp3','Cursos grtuitos',NULL,'2017-08-23'),(535,45,'zHD/audios/12/45/','mp3-entao-e-natal (0814129001503545070).mp3','Música Natalina',NULL,'2017-08-24'),(536,45,'zHD/audios/12/45/','mp3-Natal (0075246001503545077).mp3','Música Natalina',NULL,'2017-08-24'),(537,46,'zHD/audios/12/46/','mp3-hino-nacional (0515333001503550162).mp3','Hino Nacional Brasileiro',NULL,'2017-08-24');

--
-- Table structure for table `blocos`
--

CREATE TABLE `blocos` (
  `id` int(11) NOT NULL AUTO_INCREMENT,
  `usuario` int(11) NOT NULL DEFAULT 0,
  `secao` int(11) NOT NULL DEFAULT 0,
  `texto` text DEFAULT NULL,
  `entidade` int(11) NOT NULL,
  PRIMARY KEY (`id`)
) ENGINE=MyISAM AUTO_INCREMENT=471 DEFAULT CHARSET=latin1 COLLATE=latin1_swedish_ci ROW_FORMAT=DYNAMIC;

--
-- Dumping data for table `blocos`
--

INSERT INTO `blocos` (`id`, `usuario`, `secao`, `texto`, `entidade`) VALUES (469,1,162,'<p>Contatos<br>(61) 3536-3196<br>(61) 98251-2032 Whatsapp</p>',12),(470,1,163,'<p><b>Contatos</b><br>Telefone (61) 3536-3196<br></p><p>Celular/Whatsapp (61) 98251-2032<br>E-mail jpweb@jpweb.com.br<br><br><br><b>Horário de Atendimento</b><br>Suporte 24 horas por dia, 7 dias.<br>Comercial das 99h às 19h.</p><p></p><p></p>',12),(468,1,161,'<p></p><h3><b>JP Web Sites e Sistemas Pré-desenvolvidos</b></h3><p>Telefone (61) 3536-3196<br>Celular e Whatsapp Corporativo (61) 98251-2032<br>jpweb@jpweb.com.br<br><br></p><h3><b>Horário de Expediente</b></h3><p>Suporte 24 horas todos os dias da semana.<br>Comercial das 9h às 19h</p><p></p>',12);

--
-- Table structure for table `blocos_secoes`
--

CREATE TABLE `blocos_secoes` (
  `id` int(11) NOT NULL AUTO_INCREMENT,
  `nome` varchar(250) NOT NULL,
  `entidade` int(11) NOT NULL DEFAULT 0,
  PRIMARY KEY (`id`)
) ENGINE=MyISAM AUTO_INCREMENT=164 DEFAULT CHARSET=latin1 COLLATE=latin1_swedish_ci ROW_FORMAT=DYNAMIC;

--
-- Dumping data for table `blocos_secoes`
--

INSERT INTO `blocos_secoes` (`id`, `nome`, `entidade`) VALUES (163,'Contato Rodapé',12),(161,'Contatos',12),(162,'Contatos Home',12);

--
-- Table structure for table `carrossel`
--

CREATE TABLE `carrossel` (
  `id` int(11) NOT NULL AUTO_INCREMENT,
  `data` timestamp NOT NULL DEFAULT current_timestamp(),
  `titulo` text NOT NULL,
  `secao` varchar(100) NOT NULL DEFAULT '0',
  `entidade` int(11) NOT NULL DEFAULT 0,
  PRIMARY KEY (`id`)
) ENGINE=MyISAM AUTO_INCREMENT=60 DEFAULT CHARSET=latin1 COLLATE=latin1_swedish_ci ROW_FORMAT=DYNAMIC;

--
-- Dumping data for table `carrossel`
--

INSERT INTO `carrossel` (`id`, `data`, `titulo`, `secao`, `entidade`) VALUES (57,'2018-05-22 06:30:44','Carossel','Home',12),(58,'2018-05-24 08:19:03','Automóveis 2','Home1',12),(59,'2018-05-28 15:13:59','Imóveis','Imóveis',12);

--
-- Table structure for table `carrossel_arquivos`
--

CREATE TABLE `carrossel_arquivos` (
  `id` int(11) NOT NULL AUTO_INCREMENT,
  `carrossel` int(11) NOT NULL,
  `path` text NOT NULL,
  `arquivo` text NOT NULL,
  `titulo` text DEFAULT NULL,
  `subtitulo` text DEFAULT NULL,
  `link` text DEFAULT NULL,
  `ordem` int(11) NOT NULL DEFAULT 0,
  PRIMARY KEY (`id`)
) ENGINE=MyISAM AUTO_INCREMENT=211 DEFAULT CHARSET=latin1 COLLATE=latin1_swedish_ci ROW_FORMAT=DYNAMIC;

--
-- Dumping data for table `carrossel_arquivos`
--

INSERT INTO `carrossel_arquivos` (`id`, `carrossel`, `path`, `arquivo`, `titulo`, `subtitulo`, `link`, `ordem`) VALUES (196,58,'zHD/carrossel/12/58/','Carrossel (0862967001527149971).jpg','Sites pré-desenvolvidos','Instalados em até 4 horas',NULL,0),(197,58,'zHD/carrossel/12/58/','Carrossel (0031689001527149972).jpg','Portfólio','Veja nosso portfólio e escolha o seu',NULL,1),(205,59,'zHD/carrossel/12/59/','Carrossel (0116354001527533475).jpg',NULL,NULL,NULL,0),(200,59,'zHD/carrossel/12/59/','Carrossel (0255795001527520464).jpg',NULL,NULL,NULL,3),(202,59,'zHD/carrossel/12/59/','Carrossel (0935742001527521442).jpg',NULL,NULL,NULL,2),(204,59,'zHD/carrossel/12/59/','Carrossel (0127871001527521956).jpg',NULL,NULL,NULL,1),(208,57,'zHD/carrossel/12/57/','Carrossel (0385069001549492296).jpg','José da Silva','Deputado Federal',NULL,1),(210,57,'zHD/carrossel/12/57/','Carrossel (0707446001549658062).jpg','Deputado José da Silva','Uma bandeira em favor da Educação, Cultura e Ciência',NULL,0);

--
-- Table structure for table `classificados`
--

CREATE TABLE `classificados` (
  `id` int(11) NOT NULL AUTO_INCREMENT,
  `usuario` int(11) NOT NULL DEFAULT 0,
  `titulo` text NOT NULL,
  `tag` text NOT NULL,
  `subtitulo` text DEFAULT NULL,
  `texto` longtext DEFAULT NULL,
  `codigo` varchar(25) NOT NULL,
  `secao` text NOT NULL,
  `valor` text DEFAULT NULL,
  `capa` int(11) DEFAULT 0,
  `data` date DEFAULT NULL,
  `destaque` int(11) DEFAULT 0,
  `entidade` int(11) NOT NULL,
  `status` int(11) DEFAULT 1,
  `contador` int(11) DEFAULT 0,
  PRIMARY KEY (`id`)
) ENGINE=MyISAM AUTO_INCREMENT=419 DEFAULT CHARSET=latin1 COLLATE=latin1_swedish_ci ROW_FORMAT=DYNAMIC;

--
-- Dumping data for table `classificados`
--

INSERT INTO `classificados` (`id`, `usuario`, `titulo`, `tag`, `subtitulo`, `texto`, `codigo`, `secao`, `valor`, `capa`, `data`, `destaque`, `entidade`, `status`, `contador`) VALUES (413,1,'Lorem ipsão dolor sít amçet, consectetur adipiscing elit.','loremipsaodolorsitamcetconsecteturadipiscingelit._3','teste 1','<p>Lorem ipsão dolor sít amçet, consectetur adipiscing elit. Sed vehicula id odio quis rhoncus. Donec ullamcorper, lectus in dictum porta, urna nisl tincidunt metus, at iaculis nunc sem vitae diam. Etiam quam orci, volutpat a justo non, pretium condimentum felis. Duis id elementum arcu. Mauris pharetra dui molestie tortor imperdiet. </p><p><br></p><p>Duis non laoreet eros. Vestibulum porta neque eleifend erat tempus, vitae sagittis elit sodales. Sed convallis erat quis iaculis vestibulum. Curabitur sit amet purus et tellus consectetur vehicula. Suspendisse condimentum bibendum ante in adipiscing. Aliquam dignissim nisl eget arcu convallis, in viverra risus consequat. Pellentesque dictum gravida lacinia.</p>','1hMx3BOTTBzppQLzYCfGxq8Qr','Produtos','R$ 189,00',392,'2018-06-26',1,12,1,534),(414,1,'Lorem ipsão dolor sít amçet, consectetur adipiscing elit. Sed vehic','loremipsaodolorsitamcetconsecteturadipiscingelit.sedvehic_1','teste 2','<p>Lorem ipsão dolor sít amçet, consectetur adipiscing elit. Sed vehicula id odio quis rhoncus. Donec ullamcorper, lectus in dictum porta, urna nisl tincidunt metus, at iaculis nunc sem vitae diam. Etiam quam orci, volutpat a justo non, pretium condimentum felis. Duis id elementum arcu. Mauris pharetra dui molestie tortor imperdiet. </p><p><br></p><p>Duis non laoreet eros. Vestibulum porta neque eleifend erat tempus, vitae sagittis elit sodales. Sed convallis erat quis iaculis vestibulum. Curabitur sit amet purus et tellus consectetur vehicula. Suspendisse condimentum bibendum ante in adipiscing. Aliquam dignissim nisl eget arcu convallis, in viverra risus consequat. Pellentesque dictum gravida lacinia.</p>','DLlJLdxIop34MGYrvnIjkSaVI','Produtos','R$ 187,00',397,'2018-06-26',1,12,1,387),(415,1,'Lorem ipsão dolor sít amçet, consectetur adipiscing elit. Sed vehicula id odio','loremipsaodolorsitamcetconsecteturadipiscingelit.sedvehiculaidodio','Lorem ipsão dolor sít amçet, consectetur adipiscing elit. Sed vehicula id odio','<p>Lorem ipsão dolor sít amçet, consectetur adipiscing elit. Sed vehicula id odio quis rhoncus. Donec ullamcorper, lectus in dictum porta, urna nisl tincidunt metus, at iaculis nunc sem vitae diam. Etiam quam orci, volutpat a justo non, pretium condimentum felis. Duis id elementum arcu. Mauris pharetra dui molestie tortor imperdiet. </p><p><br></p><p>Duis non laoreet eros. Vestibulum porta neque eleifend erat tempus, vitae sagittis elit sodales. Sed convallis erat quis iaculis vestibulum. Curabitur sit amet purus et tellus consectetur vehicula. Suspendisse condimentum bibendum ante in adipiscing. Aliquam dignissim nisl eget arcu convallis, in viverra risus consequat. Pellentesque dictum gravida lacinia.</p>','R9COLKitdOk3wYmA1SF9AA4en','Produtos','R$ 1.110,00',402,'2018-06-26',1,12,1,423),(416,1,'Lorem ipsão dolor sít amçet, consectetur adipiscing elit. S','loremipsaodolorsitamcetconsecteturadipiscingelit.s_2','Lorem ipsão dolor sít amçet, consectetur adipiscing elit. Sed vehicula id odio quis rhoncus.','<p>Lorem ipsão dolor sít amçet, consectetur adipiscing elit. Sed vehicula id odio quis rhoncus. Donec ullamcorper, lectus in dictum porta, urna nisl tincidunt metus, at iaculis nunc sem vitae diam. Etiam quam orci, volutpat a justo non, pretium condimentum felis. Duis id elementum arcu. Mauris pharetra dui molestie tortor imperdiet. </p><p><br></p><p>Duis non laoreet eros. Vestibulum porta neque eleifend erat tempus, vitae sagittis elit sodales. Sed convallis erat quis iaculis vestibulum. Curabitur sit amet purus et tellus consectetur vehicula. Suspendisse condimentum bibendum ante in adipiscing. Aliquam dignissim nisl eget arcu convallis, in viverra risus consequat. Pellentesque dictum gravida lacinia.</p>','ZVNRNbwf8xmADVweOOLuC3SNi','Produtos','R$ 1.200.000,00',407,'2018-06-26',1,12,1,427),(418,1,'teste','teste','teste','<p>teste</p>','113VuGLfPdOKU7CDsyezVIGMn','Produto','125,00',0,'2018-07-13',1,12,1,395);

--
-- Table structure for table `classificados_arquivos`
--

CREATE TABLE `classificados_arquivos` (
  `id` int(11) NOT NULL AUTO_INCREMENT,
  `codigo` varchar(25) NOT NULL,
  `path` text NOT NULL,
  `arquivo` text NOT NULL,
  `legenda` text DEFAULT NULL,
  `tipo` varchar(50) DEFAULT NULL,
  PRIMARY KEY (`id`)
) ENGINE=MyISAM AUTO_INCREMENT=413 DEFAULT CHARSET=latin1 COLLATE=latin1_swedish_ci ROW_FORMAT=DYNAMIC;

--
-- Dumping data for table `classificados_arquivos`
--

INSERT INTO `classificados_arquivos` (`id`, `codigo`, `path`, `arquivo`, `legenda`, `tipo`) VALUES (395,'1hMx3BOTTBzppQLzYCfGxq8Qr','zHD/classificados/12/1hMx3BOTTBzppQLzYCfGxq8Qr/imagens/','temp4 (0772058001530002196).jpg',NULL,'imagem'),(394,'1hMx3BOTTBzppQLzYCfGxq8Qr','zHD/classificados/12/1hMx3BOTTBzppQLzYCfGxq8Qr/imagens/','temp3 (0769596001530002196).jpg',NULL,'imagem'),(393,'1hMx3BOTTBzppQLzYCfGxq8Qr','zHD/classificados/12/1hMx3BOTTBzppQLzYCfGxq8Qr/imagens/','temp1 (0675939001530002196).jpg',NULL,'imagem'),(392,'1hMx3BOTTBzppQLzYCfGxq8Qr','zHD/classificados/12/1hMx3BOTTBzppQLzYCfGxq8Qr/imagens/','0569285001530002186.jpg',NULL,'capa'),(396,'1hMx3BOTTBzppQLzYCfGxq8Qr','zHD/classificados/12/1hMx3BOTTBzppQLzYCfGxq8Qr/imagens/','temp2 (0805741001530002196).jpg',NULL,'imagem'),(397,'DLlJLdxIop34MGYrvnIjkSaVI','zHD/classificados/12/DLlJLdxIop34MGYrvnIjkSaVI/imagens/','0527531001530002249.jpg',NULL,'capa'),(398,'DLlJLdxIop34MGYrvnIjkSaVI','zHD/classificados/12/DLlJLdxIop34MGYrvnIjkSaVI/imagens/','temp1 (0119764001530002260).jpg',NULL,'imagem'),(399,'DLlJLdxIop34MGYrvnIjkSaVI','zHD/classificados/12/DLlJLdxIop34MGYrvnIjkSaVI/imagens/','temp4 (0147537001530002260).jpg',NULL,'imagem'),(400,'DLlJLdxIop34MGYrvnIjkSaVI','zHD/classificados/12/DLlJLdxIop34MGYrvnIjkSaVI/imagens/','temp3 (0138956001530002260).jpg',NULL,'imagem'),(401,'DLlJLdxIop34MGYrvnIjkSaVI','zHD/classificados/12/DLlJLdxIop34MGYrvnIjkSaVI/imagens/','temp2 (0159070001530002260).jpg',NULL,'imagem'),(402,'R9COLKitdOk3wYmA1SF9AA4en','zHD/classificados/12/R9COLKitdOk3wYmA1SF9AA4en/imagens/','0155977001530002311.jpg',NULL,'capa'),(403,'R9COLKitdOk3wYmA1SF9AA4en','zHD/classificados/12/R9COLKitdOk3wYmA1SF9AA4en/imagens/','temp1 (0959634001530002318).jpg',NULL,'imagem'),(404,'R9COLKitdOk3wYmA1SF9AA4en','zHD/classificados/12/R9COLKitdOk3wYmA1SF9AA4en/imagens/','temp4 (0956520001530002318).jpg',NULL,'imagem'),(405,'R9COLKitdOk3wYmA1SF9AA4en','zHD/classificados/12/R9COLKitdOk3wYmA1SF9AA4en/imagens/','temp3 (0977382001530002318).jpg',NULL,'imagem'),(406,'R9COLKitdOk3wYmA1SF9AA4en','zHD/classificados/12/R9COLKitdOk3wYmA1SF9AA4en/imagens/','temp2 (0955946001530002318).jpg',NULL,'imagem'),(407,'ZVNRNbwf8xmADVweOOLuC3SNi','zHD/classificados/12/ZVNRNbwf8xmADVweOOLuC3SNi/imagens/','0691770001530002364.jpg',NULL,'capa'),(412,'113VuGLfPdOKU7CDsyezVIGMn','zHD/classificados/12/113VuGLfPdOKU7CDsyezVIGMn/imagens/','DSC00616 (0831554001531500853).jpg',NULL,'imagem');

--
-- Table structure for table `classificados_links`
--

CREATE TABLE `classificados_links` (
  `id` int(11) NOT NULL AUTO_INCREMENT,
  `codigo` varchar(25) NOT NULL,
  `titulo` text DEFAULT NULL,
  `link` text NOT NULL,
  PRIMARY KEY (`id`)
) ENGINE=MyISAM AUTO_INCREMENT=114 DEFAULT CHARSET=latin1 COLLATE=latin1_swedish_ci ROW_FORMAT=DYNAMIC;

--
-- Dumping data for table `classificados_links`
--


--
-- Table structure for table `classificados_videos`
--

CREATE TABLE `classificados_videos` (
  `id` int(11) NOT NULL AUTO_INCREMENT,
  `codigo` varchar(25) NOT NULL,
  `titulo` text DEFAULT NULL,
  `link` text NOT NULL,
  PRIMARY KEY (`id`)
) ENGINE=MyISAM AUTO_INCREMENT=123 DEFAULT CHARSET=latin1 COLLATE=latin1_swedish_ci ROW_FORMAT=DYNAMIC;

--
-- Dumping data for table `classificados_videos`
--

INSERT INTO `classificados_videos` (`id`, `codigo`, `titulo`, `link`) VALUES (121,'pWbd2UpvKpgCpYEiUGI2pN8B0','Vídeo Ferrari','2P7dhHitOTk'),(122,'pWbd2UpvKpgCpYEiUGI2pN8B0','Vídeo Ferrari','WSo8dTU_ouo');

--
-- Table structure for table `contatos`
--

CREATE TABLE `contatos` (
  `id` int(11) NOT NULL AUTO_INCREMENT,
  `usuario` int(11) NOT NULL DEFAULT 0,
  `secao` int(11) NOT NULL DEFAULT 0,
  `texto` text DEFAULT NULL,
  `entidade` int(11) NOT NULL,
  PRIMARY KEY (`id`)
) ENGINE=MyISAM AUTO_INCREMENT=460 DEFAULT CHARSET=latin1 COLLATE=latin1_swedish_ci ROW_FORMAT=DYNAMIC;

--
-- Dumping data for table `contatos`
--

INSERT INTO `contatos` (`id`, `usuario`, `secao`, `texto`, `entidade`) VALUES (459,1,154,'<p>JP WEB Agência Digital (Sites prontos para Advogados)<br>Telefone (61) 3536-3196 / WhatsApp (61) 98251-2032 / jpweb@jpweb.com.br<br>Brasília / DF</p>',12),(458,1,153,'<p>Contatos1</p>',12);

--
-- Table structure for table `contatos_secoes`
--

CREATE TABLE `contatos_secoes` (
  `id` int(11) NOT NULL AUTO_INCREMENT,
  `nome` varchar(250) NOT NULL,
  `entidade` int(11) NOT NULL DEFAULT 0,
  PRIMARY KEY (`id`)
) ENGINE=MyISAM AUTO_INCREMENT=155 DEFAULT CHARSET=latin1 COLLATE=latin1_swedish_ci ROW_FORMAT=DYNAMIC;

--
-- Dumping data for table `contatos_secoes`
--

INSERT INTO `contatos_secoes` (`id`, `nome`, `entidade`) VALUES (154,'Contatos Rodapé',12),(153,'Contatos',12);

--
-- Table structure for table `downloads`
--

CREATE TABLE `downloads` (
  `id` int(11) NOT NULL AUTO_INCREMENT,
  `usuario` int(11) NOT NULL DEFAULT 0,
  `secao` int(11) NOT NULL DEFAULT 0,
  `titulo` text NOT NULL,
  `texto` text DEFAULT NULL,
  `codigo` varchar(25) NOT NULL,
  `data` date DEFAULT NULL,
  `entidade` int(11) NOT NULL,
  PRIMARY KEY (`id`)
) ENGINE=MyISAM AUTO_INCREMENT=474 DEFAULT CHARSET=latin1 COLLATE=latin1_swedish_ci ROW_FORMAT=DYNAMIC;

--
-- Dumping data for table `downloads`
--

INSERT INTO `downloads` (`id`, `usuario`, `secao`, `titulo`, `texto`, `codigo`, `data`, `entidade`) VALUES (470,1,159,'Arquivos',NULL,'eoj4t9VOEjiAwEX6k6ohjkd27','2017-11-15',12),(472,1,162,'Seção Contratos',NULL,'TBArmOX7NQlYec9KZywc8Y8AZ','2018-06-29',12),(473,1,162,'teste',NULL,'0COrLjRtv8oTm1dHZF7ijhXP2','2018-02-02',12);

--
-- Table structure for table `downloads_arquivos`
--

CREATE TABLE `downloads_arquivos` (
  `id` int(11) NOT NULL AUTO_INCREMENT,
  `codigo` varchar(25) NOT NULL,
  `path` text NOT NULL,
  `arquivo` text NOT NULL,
  `legenda` text DEFAULT NULL,
  `tipo` varchar(50) DEFAULT NULL,
  `data` date DEFAULT NULL,
  `views` int(11) NOT NULL DEFAULT 0,
  PRIMARY KEY (`id`)
) ENGINE=MyISAM AUTO_INCREMENT=737 DEFAULT CHARSET=latin1 COLLATE=latin1_swedish_ci ROW_FORMAT=DYNAMIC;

--
-- Dumping data for table `downloads_arquivos`
--

INSERT INTO `downloads_arquivos` (`id`, `codigo`, `path`, `arquivo`, `legenda`, `tipo`, `data`, `views`) VALUES (735,'eoj4t9VOEjiAwEX6k6ohjkd27','zHD/downloads/12/eoj4t9VOEjiAwEX6k6ohjkd27/arquivos/','ginasio (0429338001510773921).JPG','Foto da construção','arquivo','2017-11-15',35),(734,'eoj4t9VOEjiAwEX6k6ohjkd27','zHD/downloads/12/eoj4t9VOEjiAwEX6k6ohjkd27/arquivos/','ilustrativo5 (0151876001510773684).pdf','Ficha de Matrícula (ilustrativo)','arquivo','2017-11-13',1),(732,'eoj4t9VOEjiAwEX6k6ohjkd27','zHD/downloads/12/eoj4t9VOEjiAwEX6k6ohjkd27/arquivos/','ilustrativo3 (0331505001510773683).pdf','Memorial descritivo (ilustrativo)','arquivo','2017-11-15',1),(731,'eoj4t9VOEjiAwEX6k6ohjkd27','zHD/downloads/12/eoj4t9VOEjiAwEX6k6ohjkd27/arquivos/','ilustrativo1 (0326481001510773683).pdf','Planta da construção (ilustrativo)','arquivo','2017-11-15',3),(730,'eoj4t9VOEjiAwEX6k6ohjkd27','zHD/downloads/12/eoj4t9VOEjiAwEX6k6ohjkd27/arquivos/','ilustrativo2 (0635351001510773682).pdf','Exames médicos (ilustrativo)','arquivo','2017-11-14',1),(736,'TBArmOX7NQlYec9KZywc8Y8AZ','zHD/downloads/12/TBArmOX7NQlYec9KZywc8Y8AZ/arquivos/','ilustrativo1 (0626393001517089499).pdf','Contratos','arquivo','2018-01-27',1);

--
-- Table structure for table `downloads_secoes`
--

CREATE TABLE `downloads_secoes` (
  `id` int(11) NOT NULL AUTO_INCREMENT,
  `nome` varchar(250) NOT NULL,
  `entidade` int(11) NOT NULL DEFAULT 0,
  PRIMARY KEY (`id`)
) ENGINE=MyISAM AUTO_INCREMENT=163 DEFAULT CHARSET=latin1 COLLATE=latin1_swedish_ci ROW_FORMAT=DYNAMIC;

--
-- Dumping data for table `downloads_secoes`
--

INSERT INTO `downloads_secoes` (`id`, `nome`, `entidade`) VALUES (159,'Documentos',12),(162,'Contratos',12);

--
-- Table structure for table `enquetes`
--

CREATE TABLE `enquetes` (
  `id` int(11) NOT NULL AUTO_INCREMENT,
  `usuario` int(11) NOT NULL DEFAULT 0,
  `titulo` text NOT NULL,
  `tag` text NOT NULL,
  `texto` text DEFAULT NULL,
  `secao` int(11) NOT NULL,
  `data` datetime DEFAULT current_timestamp(),
  `entidade` int(11) NOT NULL,
  `status` int(11) DEFAULT 1,
  PRIMARY KEY (`id`)
) ENGINE=MyISAM AUTO_INCREMENT=397 DEFAULT CHARSET=latin1 COLLATE=latin1_swedish_ci ROW_FORMAT=DYNAMIC;

--
-- Dumping data for table `enquetes`
--

INSERT INTO `enquetes` (`id`, `usuario`, `titulo`, `tag`, `texto`, `secao`, `data`, `entidade`, `status`) VALUES (392,3,'Quais os principais problemas em nosso Município?','quaisosprincipaisproblemasemnossomunicipio','Dê sua opinião e ajude-nos a definir as prioridades do nosso Município.',156,'2017-10-02 00:00:00',12,1),(393,3,'Que Banda deve tocar no no aniversário do Município?','quebandadevetocarnonoaniversariodomunicipio','Dê sua opinião sobre qual Banda você gostaria de ver tocando em nosso Município, ou envie mensagem no Fale Conosco se ela não estiver aqui.',156,'2017-10-03 00:00:00',12,1);

--
-- Table structure for table `enquetes_opcoes`
--

CREATE TABLE `enquetes_opcoes` (
  `id` int(11) NOT NULL AUTO_INCREMENT,
  `enquete` int(11) NOT NULL DEFAULT 0,
  `titulo` text DEFAULT NULL,
  `votos` int(11) NOT NULL DEFAULT 0,
  PRIMARY KEY (`id`)
) ENGINE=MyISAM AUTO_INCREMENT=147 DEFAULT CHARSET=latin1 COLLATE=latin1_swedish_ci ROW_FORMAT=DYNAMIC;

--
-- Dumping data for table `enquetes_opcoes`
--

INSERT INTO `enquetes_opcoes` (`id`, `enquete`, `titulo`, `votos`) VALUES (139,393,'Banda Calcinha Preta',362),(138,393,'Banda Limão com Mel',140),(137,393,'Aviões do Forró',476),(133,392,'Postos de Saúde',197),(134,392,'Transporte Escolar',49),(135,392,'Asfalto nas ruas',95),(136,392,'Abastecimento de Água',195),(140,393,'Vicente Nery e Cheiro de Menina',97);

--
-- Table structure for table `enquetes_secoes`
--

CREATE TABLE `enquetes_secoes` (
  `id` int(11) NOT NULL AUTO_INCREMENT,
  `nome` varchar(250) NOT NULL,
  `entidade` int(11) NOT NULL DEFAULT 0,
  PRIMARY KEY (`id`)
) ENGINE=MyISAM AUTO_INCREMENT=157 DEFAULT CHARSET=latin1 COLLATE=latin1_swedish_ci ROW_FORMAT=DYNAMIC;

--
-- Dumping data for table `enquetes_secoes`
--

INSERT INTO `enquetes_secoes` (`id`, `nome`, `entidade`) VALUES (156,'Enquetes',12);

--
-- Table structure for table `enquetes_votos`
--

CREATE TABLE `enquetes_votos` (
  `id` int(11) NOT NULL AUTO_INCREMENT,
  `enquete` int(11) NOT NULL DEFAULT 0,
  `ip` varchar(50) NOT NULL,
  `data` timestamp NOT NULL DEFAULT current_timestamp() ON UPDATE current_timestamp(),
  PRIMARY KEY (`id`)
) ENGINE=MyISAM AUTO_INCREMENT=21 DEFAULT CHARSET=latin1 COLLATE=latin1_swedish_ci ROW_FORMAT=DYNAMIC;

--
-- Dumping data for table `enquetes_votos`
--

INSERT INTO `enquetes_votos` (`id`, `enquete`, `ip`, `data`) VALUES (7,389,'179.126.204.86','2017-09-05 07:28:51'),(6,389,'187.21.41.89','2017-09-04 23:33:58'),(8,389,'179.104.226.237','2017-09-06 15:43:28'),(9,389,'187.21.44.2','2017-09-12 04:37:44'),(10,389,'179.126.202.117','2017-09-14 15:45:39'),(11,392,'187.21.44.2','2017-10-02 03:28:33'),(12,392,'189.15.188.77','2017-10-03 03:48:57'),(13,393,'187.21.44.2','2017-10-03 04:33:28'),(14,394,'187.21.44.2','2017-10-10 13:28:48'),(15,395,'187.21.44.2','2017-10-10 13:30:56'),(16,396,'187.21.44.2','2017-10-10 17:11:24'),(17,396,'189.41.4.133','2017-10-10 17:12:00'),(18,393,'189.41.4.133','2017-10-10 17:12:29'),(19,393,'187.36.80.6','2018-08-18 07:23:40'),(20,392,'187.36.80.6','2018-08-18 07:24:08');

--
-- Table structure for table `faleconosco`
--

CREATE TABLE `faleconosco` (
  `id` int(11) NOT NULL AUTO_INCREMENT,
  `secao` int(11) NOT NULL DEFAULT 0,
  `nome` varchar(200) DEFAULT NULL,
  `email` varchar(300) DEFAULT NULL,
  `telefone` varchar(300) DEFAULT NULL,
  `mensagem` text DEFAULT NULL,
  `resposta` text DEFAULT NULL,
  `usuario` int(11) DEFAULT 0,
  `entidade` int(11) NOT NULL,
  `status` int(11) NOT NULL DEFAULT 0,
  `data_mensagem` timestamp NULL DEFAULT current_timestamp(),
  `data_resposta` datetime DEFAULT NULL,
  `envio` int(11) NOT NULL DEFAULT 0,
  PRIMARY KEY (`id`)
) ENGINE=MyISAM AUTO_INCREMENT=479 DEFAULT CHARSET=latin1 COLLATE=latin1_swedish_ci ROW_FORMAT=DYNAMIC;

--
-- Dumping data for table `faleconosco`
--


--
-- Table structure for table `faleconosco_secoes`
--

CREATE TABLE `faleconosco_secoes` (
  `id` int(11) NOT NULL AUTO_INCREMENT,
  `nome` varchar(250) NOT NULL,
  `entidade` int(11) NOT NULL DEFAULT 0,
  PRIMARY KEY (`id`)
) ENGINE=MyISAM AUTO_INCREMENT=156 DEFAULT CHARSET=latin1 COLLATE=latin1_swedish_ci ROW_FORMAT=DYNAMIC;

--
-- Dumping data for table `faleconosco_secoes`
--

INSERT INTO `faleconosco_secoes` (`id`, `nome`, `entidade`) VALUES (155,'Mensagens',12);

--
-- Table structure for table `faq`
--

CREATE TABLE `faq` (
  `id` int(11) NOT NULL AUTO_INCREMENT,
  `secao` int(11) NOT NULL DEFAULT 0,
  `pergunta` text DEFAULT NULL,
  `resposta` text DEFAULT NULL,
  `entidade` int(11) NOT NULL,
  `status` int(11) NOT NULL DEFAULT 0,
  PRIMARY KEY (`id`)
) ENGINE=MyISAM AUTO_INCREMENT=482 DEFAULT CHARSET=latin1 COLLATE=latin1_swedish_ci ROW_FORMAT=DYNAMIC;

--
-- Dumping data for table `faq`
--

INSERT INTO `faq` (`id`, `secao`, `pergunta`, `resposta`, `entidade`, `status`) VALUES (478,158,'O que é Portal da Transparência','O Portal da Transparência é a ferramenta de divulgação das informações públicas do Governo Municipal, Estadual ou Federal. Por meio do Portal, o cidadão pode exercer o controle social, essencial para a prevenção e combate à corrupção. O Portal também é o meio pelo qual o cidadão participa das ações de governo, aprimorando a gestão.',12,1),(479,158,'Quais as informações disponíveis no Portal da Transparência?','No Portal da Transparência o cidadão tem acesso a diversos dados, agrupados pelas áreas \"Receita e Orçamentos\", \"Despesas e Repasses\", \"Compras\", \"Pessoal\", \"Áreas Temáticas\" e \"Mapas\". Tudo construído de forma a ser mais claro e objetivo, sendo acessível a qualquer pessoa. Para facilitar ainda mais o entendimento.  Também é possível acessar um Glossário com a definição de vários termos relativos à fiscalização e à execução orçamentária e financeira.',12,1),(480,158,'Que lei prevê a publicação de informações no Portal da Transparência?','As principais legislações são: Lei Complementar nº 131/2009, conhecida como Lei da Transparência, que alterou a Lei Complementar nº 101/2000 (Lei de Responsabilidade Fiscal). Essa lei instituiu a obrigatoriedade de todos os entes (União, Estados e Municípios) e todos os Poderes (Executivo, Judiciário, Legislativo e Ministério Público) divulgarem informações sobre a arrecadação e a despesa públicas; Lei de Acesso à Informação (Lei Federal nº 12.527/2011). A Lei de Acesso à Informação regula o acesso às informações públicas, impondo a publicidade da informação como regra e o sigilo a exceção. A lei prevê, ainda, que deve ser dado amplo acesso à informação pública. A lei também ampliou o leque de informações que devem ser disponibilizadas nos Portais da Transparência e nos sites dos órgãos e entidades.',12,1),(481,158,'Como posso fazer uma sugestão ou crítica sobre o Portal da Transparência?','Sugestões, críticas, denúncias, elogios, reclamações, solicitações podem ser feitas na Ouvidoria do Portal. Demandas e ocorrências pode ser feito no SIC na Prefeitura Municipal ou no e-SIC diretamente no Portal ou ainda no Fale Conosco. Na Ouvidoria e e-SIC o cidadão pode enviar e receber arquivos (documentos, fotos, etc) que pode ser acompanhado online com o número do seu protocolo.',12,1);

--
-- Table structure for table `faq_secoes`
--

CREATE TABLE `faq_secoes` (
  `id` int(11) NOT NULL AUTO_INCREMENT,
  `nome` varchar(250) NOT NULL,
  `entidade` int(11) NOT NULL DEFAULT 0,
  PRIMARY KEY (`id`)
) ENGINE=MyISAM AUTO_INCREMENT=159 DEFAULT CHARSET=latin1 COLLATE=latin1_swedish_ci ROW_FORMAT=DYNAMIC;

--
-- Dumping data for table `faq_secoes`
--

INSERT INTO `faq_secoes` (`id`, `nome`, `entidade`) VALUES (158,'FAQ',12);

--
-- Table structure for table `galerias`
--

CREATE TABLE `galerias` (
  `id` int(11) NOT NULL AUTO_INCREMENT,
  `data` timestamp NOT NULL DEFAULT current_timestamp(),
  `titulo` text DEFAULT NULL,
  `descricao` text DEFAULT NULL,
  `secao` varchar(100) NOT NULL DEFAULT '0',
  `entidade` int(11) NOT NULL DEFAULT 0,
  PRIMARY KEY (`id`)
) ENGINE=MyISAM AUTO_INCREMENT=47 DEFAULT CHARSET=latin1 COLLATE=latin1_swedish_ci ROW_FORMAT=DYNAMIC;

--
-- Dumping data for table `galerias`
--

INSERT INTO `galerias` (`id`, `data`, `titulo`, `descricao`, `secao`, `entidade`) VALUES (42,'2017-08-21 03:00:00','Como é viajar em primeira classe.','O conforto e o luxo nas viagens aéreas em primeira classe.','Galerias',12),(46,'2017-11-22 02:00:00','Pontão Brasília','O Pontão é um conjunto de Bares e Restaurantes a beira da Lago Paranoá em Brasília','Galerias',12);

--
-- Table structure for table `galerias_arquivos`
--

CREATE TABLE `galerias_arquivos` (
  `id` int(11) NOT NULL AUTO_INCREMENT,
  `galeria` int(11) NOT NULL,
  `path` text NOT NULL,
  `arquivo` text NOT NULL,
  `legenda` text DEFAULT NULL,
  PRIMARY KEY (`id`)
) ENGINE=MyISAM AUTO_INCREMENT=131 DEFAULT CHARSET=latin1 COLLATE=latin1_swedish_ci ROW_FORMAT=DYNAMIC;

--
-- Dumping data for table `galerias_arquivos`
--

INSERT INTO `galerias_arquivos` (`id`, `galeria`, `path`, `arquivo`, `legenda`) VALUES (108,42,'zHD/galerias/12/42/','007 (0413490001503288275).jpg',NULL),(107,42,'zHD/galerias/12/42/','001 (0878654001503288273).jpg',NULL),(106,42,'zHD/galerias/12/42/','003 (0449363001503288273).jpg',NULL),(109,42,'zHD/galerias/12/42/','008 (0858165001503288276).jpg',NULL),(110,42,'zHD/galerias/12/42/','002 (0196377001503288277).jpg',NULL),(111,42,'zHD/galerias/12/42/','010 (0910373001503288278).jpg',NULL),(112,42,'zHD/galerias/12/42/','009 (0298633001503288279).jpg',NULL),(113,42,'zHD/galerias/12/42/','012 (0993656001503288279).jpg',NULL),(114,42,'zHD/galerias/12/42/','005 (0406897001503288280).jpg',NULL),(115,42,'zHD/galerias/12/42/','004 (0165901001503288280).jpg',NULL),(116,42,'zHD/galerias/12/42/','011 (0499468001503288281).jpg',NULL),(117,42,'zHD/galerias/12/42/','006 (0088515001503288282).jpg',NULL),(121,46,'zHD/galerias/12/46/','002 (0977030001511380051).jpg',NULL),(122,46,'zHD/galerias/12/46/','005 (0767941001511380053).jpg',NULL),(123,46,'zHD/galerias/12/46/','003 (0568592001511380052).jpg',NULL),(124,46,'zHD/galerias/12/46/','004 (0774543001511380053).jpg',NULL),(125,46,'zHD/galerias/12/46/','001 (0349643001511380053).jpg',NULL),(126,46,'zHD/galerias/12/46/','006 (0651279001511380057).jpg',NULL),(127,46,'zHD/galerias/12/46/','008 (0150681001511380059).jpg',NULL),(128,46,'zHD/galerias/12/46/','007 (0562261001511380059).jpg',NULL),(129,46,'zHD/galerias/12/46/','009 (0559809001511380059).jpg',NULL),(130,46,'zHD/galerias/12/46/','010 (0547671001511380060).jpg',NULL);

--
-- Table structure for table `links`
--

CREATE TABLE `links` (
  `id` int(11) NOT NULL AUTO_INCREMENT,
  `secao` varchar(100) NOT NULL DEFAULT '0',
  `titulo` text NOT NULL,
  `url` text NOT NULL,
  `entidade` int(11) NOT NULL DEFAULT 0,
  PRIMARY KEY (`id`)
) ENGINE=MyISAM AUTO_INCREMENT=78 DEFAULT CHARSET=latin1 COLLATE=latin1_swedish_ci ROW_FORMAT=DYNAMIC;

--
-- Dumping data for table `links`
--

INSERT INTO `links` (`id`, `secao`, `titulo`, `url`, `entidade`) VALUES (76,'Links Úteis','Presidência da república','http://www2.planalto.gov.br/',12),(73,'Links Úteis','Receita Federal','https://idg.receita.fazenda.gov.br/',12),(75,'Links Úteis','Sebrae','http://www.sebrae.com.br/sites/PortalSebrae',12);

--
-- Table structure for table `localizacao`
--

CREATE TABLE `localizacao` (
  `id` int(11) NOT NULL AUTO_INCREMENT,
  `usuario` int(11) NOT NULL DEFAULT 0,
  `secao` int(11) NOT NULL DEFAULT 0,
  `codigo` text DEFAULT NULL,
  `entidade` int(11) NOT NULL,
  PRIMARY KEY (`id`)
) ENGINE=MyISAM AUTO_INCREMENT=453 DEFAULT CHARSET=latin1 COLLATE=latin1_swedish_ci ROW_FORMAT=DYNAMIC;

--
-- Dumping data for table `localizacao`
--

INSERT INTO `localizacao` (`id`, `usuario`, `secao`, `codigo`, `entidade`) VALUES (452,1,153,'<iframe src=\"https://www.google.com/maps/embed?pb=!1m18!1m12!1m3!1d3839.054669840139!2d-47.92812958505565!3d-15.80107108904708!2m3!1f0!2f0!3f0!3m2!1i1024!2i768!4f13.1!3m3!1m2!1s0x935a30773bcba147%3A0xbd02c886baf3c9ed!2sCLSW+302!5e0!3m2!1spt-BR!2sbr!4v1534828585703\" width=\"100%\" height=\"450\" frameborder=\"0\" style=\"border:0\" allowfullscreen></iframe>',12);

--
-- Table structure for table `localizacao_secoes`
--

CREATE TABLE `localizacao_secoes` (
  `id` int(11) NOT NULL AUTO_INCREMENT,
  `nome` varchar(250) NOT NULL,
  `entidade` int(11) NOT NULL DEFAULT 0,
  PRIMARY KEY (`id`)
) ENGINE=MyISAM AUTO_INCREMENT=154 DEFAULT CHARSET=latin1 COLLATE=latin1_swedish_ci ROW_FORMAT=DYNAMIC;

--
-- Dumping data for table `localizacao_secoes`
--

INSERT INTO `localizacao_secoes` (`id`, `nome`, `entidade`) VALUES (153,'Localização',12);

--
-- Table structure for table `mural`
--

CREATE TABLE `mural` (
  `id` int(11) NOT NULL AUTO_INCREMENT,
  `secao` int(11) NOT NULL DEFAULT 0,
  `pergunta` text DEFAULT NULL,
  `data_pergunta` timestamp NULL DEFAULT current_timestamp(),
  `data_resposta` datetime DEFAULT NULL,
  `nome` varchar(200) DEFAULT NULL,
  `email` varchar(300) DEFAULT NULL,
  `resposta` text DEFAULT NULL,
  `usuario` int(11) DEFAULT 0,
  `entidade` int(11) NOT NULL,
  `status` int(11) NOT NULL DEFAULT 0,
  PRIMARY KEY (`id`)
) ENGINE=MyISAM AUTO_INCREMENT=491 DEFAULT CHARSET=latin1 COLLATE=latin1_swedish_ci ROW_FORMAT=DYNAMIC;

--
-- Dumping data for table `mural`
--

INSERT INTO `mural` (`id`, `secao`, `pergunta`, `data_pergunta`, `data_resposta`, `nome`, `email`, `resposta`, `usuario`, `entidade`, `status`) VALUES (468,153,'Existe alguma previsão para contratação dos professores que foram aprovados no concurso este ano?','2017-08-24 07:20:46','2017-10-03 02:37:50','Antonio Paulo','jpweb@jpweb.com.br','Vamos fazer as contratações no inicio do próximo ano.',1,12,1),(470,153,'Favor informar se haverá concurso público neste ano e para quais áareas.','2017-08-24 07:59:48','2017-08-24 05:06:59','Maria Eduarda','jpweb@jpweb.com.br','<p>Estamos avaliando ainda, mas informamos no nosso portal.</p>',3,12,1),(471,153,'Parabéns pela iniciativa de modernizar nossas praças.','2017-08-24 08:05:07','2017-08-24 05:06:27','José Carlos','jpweb@jpweb.com.br','<p>Obrigado pelo sua manifestação de aprovação, nos honra muito.</p>',3,12,1),(467,153,'Favor informar o dia e local do show que está programado para as comemorações de aniversário do município.','2017-08-24 06:52:14','2017-08-24 03:54:21','Marco Antonio','jpweb@jpweb.com.br','<p>Ainda estamos definindo bandas, shows e demais programação dos eventos, assim como os locais e estaremos divulgando em nosso site.</p>',3,12,1),(485,153,'te','2018-08-07 17:19:43',NULL,'Jorge Miguel','jpweb@jpweb.com.br',NULL,0,12,0),(486,153,'te','2018-08-07 17:19:55',NULL,'Jorge Miguel','jpweb@jpweb.com.br',NULL,0,12,0),(487,153,'tt','2018-08-18 07:25:19',NULL,'Jorge Miguel','jpweb@jpweb.com.br',NULL,0,12,0),(488,153,'teste','2018-08-19 08:24:28',NULL,'asd','asd@sf.com',NULL,0,12,0),(489,153,'teste','2018-08-19 08:24:44',NULL,'asd','asd@sf.com',NULL,0,12,0),(490,153,'sdf','2018-08-19 08:29:42',NULL,'Jorge Miguel','jpweb@jpweb.com.br',NULL,0,12,0);

--
-- Table structure for table `mural_secoes`
--

CREATE TABLE `mural_secoes` (
  `id` int(11) NOT NULL AUTO_INCREMENT,
  `nome` varchar(250) NOT NULL,
  `entidade` int(11) NOT NULL DEFAULT 0,
  PRIMARY KEY (`id`)
) ENGINE=MyISAM AUTO_INCREMENT=155 DEFAULT CHARSET=latin1 COLLATE=latin1_swedish_ci ROW_FORMAT=DYNAMIC;

--
-- Dumping data for table `mural_secoes`
--

INSERT INTO `mural_secoes` (`id`, `nome`, `entidade`) VALUES (153,'Mural',12);

--
-- Table structure for table `news`
--

CREATE TABLE `news` (
  `id` int(11) NOT NULL AUTO_INCREMENT,
  `codigo` varchar(25) NOT NULL,
  `titulo` text NOT NULL,
  `texto` text DEFAULT NULL,
  `header` int(11) DEFAULT NULL,
  `footer` int(11) DEFAULT NULL,
  `data` timestamp NOT NULL DEFAULT current_timestamp(),
  `status` int(11) NOT NULL DEFAULT 1,
  `entidade` int(11) NOT NULL DEFAULT 1,
  PRIMARY KEY (`id`)
) ENGINE=MyISAM AUTO_INCREMENT=9 DEFAULT CHARSET=latin1 COLLATE=latin1_swedish_ci;

--
-- Dumping data for table `news`
--

INSERT INTO `news` (`id`, `codigo`, `titulo`, `texto`, `header`, `footer`, `data`, `status`, `entidade`) VALUES (8,'bEbGb16Y3lGhBXiZcEyEL8hED','Teste Editado!','<p>Duis non laoreet eros. Vestibulum porta neque eleifend erat tempus, vitae sagittis elit sodales. Sed convallis erat quis iaculis vestibulum. Curabitur sit amet purus et tellus consectetur vehicula. Suspendisse condimentum bibendum ante in adipiscing. Aliquam dignissim nisl eget arcu convallis, in viverra risus consequat. Pellentesque dictum gravida lacinia.<br></p>',0,0,'2017-09-11 04:02:42',1,12);

--
-- Table structure for table `news_arquivos`
--

CREATE TABLE `news_arquivos` (
  `id` int(11) NOT NULL AUTO_INCREMENT,
  `codigo` varchar(25) NOT NULL,
  `path` text NOT NULL,
  `arquivo` text NOT NULL,
  `tipo` int(11) NOT NULL,
  PRIMARY KEY (`id`)
) ENGINE=MyISAM AUTO_INCREMENT=641 DEFAULT CHARSET=latin1 COLLATE=latin1_swedish_ci ROW_FORMAT=DYNAMIC;

--
-- Dumping data for table `news_arquivos`
--

INSERT INTO `news_arquivos` (`id`, `codigo`, `path`, `arquivo`, `tipo`) VALUES (637,'oODkTeMRyHtO0yvysEyMpTNNd','zHD/news/12/oODkTeMRyHtO0yvysEyMpTNNd/','0808218001504077775_h.jpg',1),(638,'oODkTeMRyHtO0yvysEyMpTNNd','zHD/news/12/oODkTeMRyHtO0yvysEyMpTNNd/','0808218001504077775_f.jpg',2),(640,'ETB3v9s4JV2pneZCrIEC5Nfol','zHD/news/12/ETB3v9s4JV2pneZCrIEC5Nfol/','0804547001504081753_f.jpg',2);

--
-- Table structure for table `news_emails`
--

CREATE TABLE `news_emails` (
  `id` int(11) NOT NULL AUTO_INCREMENT,
  `email` text NOT NULL,
  `status` int(11) NOT NULL DEFAULT 1,
  `entidade` int(11) NOT NULL DEFAULT 0,
  PRIMARY KEY (`id`)
) ENGINE=MyISAM AUTO_INCREMENT=42 DEFAULT CHARSET=latin1 COLLATE=latin1_swedish_ci ROW_FORMAT=DYNAMIC;

--
-- Dumping data for table `news_emails`
--

INSERT INTO `news_emails` (`id`, `email`, `status`, `entidade`) VALUES (36,'jpweb@jpweb.com.br',1,12),(41,'artesaosimao@msn.com',1,12),(38,'jmhpretto@hotmail.com',1,12);

--
-- Table structure for table `news_emails_grupos`
--

CREATE TABLE `news_emails_grupos` (
  `id` int(11) NOT NULL AUTO_INCREMENT,
  `email` int(11) NOT NULL,
  `grupo` int(11) NOT NULL,
  PRIMARY KEY (`id`)
) ENGINE=MyISAM AUTO_INCREMENT=51 DEFAULT CHARSET=latin1 COLLATE=latin1_swedish_ci;

--
-- Dumping data for table `news_emails_grupos`
--

INSERT INTO `news_emails_grupos` (`id`, `email`, `grupo`) VALUES (50,36,13),(49,38,13);

--
-- Table structure for table `news_envios`
--

CREATE TABLE `news_envios` (
  `id` int(11) NOT NULL AUTO_INCREMENT,
  `campanha` int(11) NOT NULL DEFAULT 0,
  `email` int(11) NOT NULL DEFAULT 0,
  `envio` datetime DEFAULT NULL,
  `status` int(11) NOT NULL DEFAULT 0,
  PRIMARY KEY (`id`)
) ENGINE=MyISAM AUTO_INCREMENT=26 DEFAULT CHARSET=latin1 COLLATE=latin1_swedish_ci COMMENT='0 = aberto\r\n1 = enviado\r\n2 = desinscrito\r\n3 = inválido';

--
-- Dumping data for table `news_envios`
--

INSERT INTO `news_envios` (`id`, `campanha`, `email`, `envio`, `status`) VALUES (23,8,36,'2017-09-13 03:58:01',1),(24,8,38,'2017-09-13 03:58:01',1),(25,8,41,'2017-09-13 03:58:01',1);

--
-- Table structure for table `news_grupos`
--

CREATE TABLE `news_grupos` (
  `id` int(11) NOT NULL AUTO_INCREMENT,
  `nome` text NOT NULL,
  `entidade` int(11) NOT NULL DEFAULT 0,
  PRIMARY KEY (`id`)
) ENGINE=MyISAM AUTO_INCREMENT=14 DEFAULT CHARSET=latin1 COLLATE=latin1_swedish_ci ROW_FORMAT=DYNAMIC;

--
-- Dumping data for table `news_grupos`
--

INSERT INTO `news_grupos` (`id`, `nome`, `entidade`) VALUES (13,'JP Web',12);

--
-- Table structure for table `news_registros`
--

CREATE TABLE `news_registros` (
  `id` int(11) NOT NULL AUTO_INCREMENT,
  `campanha` int(11) NOT NULL DEFAULT 0,
  `mes` int(11) NOT NULL DEFAULT 0,
  `ano` int(11) NOT NULL DEFAULT 0,
  `envios` int(11) NOT NULL DEFAULT 0,
  PRIMARY KEY (`id`)
) ENGINE=MyISAM AUTO_INCREMENT=26 DEFAULT CHARSET=latin1 COLLATE=latin1_swedish_ci ROW_FORMAT=FIXED COMMENT='0 = aberto\r\n1 = enviado\r\n2 = desinscrito\r\n3 = inválido';

--
-- Dumping data for table `news_registros`
--

INSERT INTO `news_registros` (`id`, `campanha`, `mes`, `ano`, `envios`) VALUES (24,8,9,2017,48);

--
-- Table structure for table `noticias`
--

CREATE TABLE `noticias` (
  `id` int(11) NOT NULL AUTO_INCREMENT,
  `usuario` int(11) NOT NULL DEFAULT 0,
  `titulo` text NOT NULL,
  `tag` text NOT NULL,
  `subtitulo` text DEFAULT NULL,
  `texto` longtext DEFAULT NULL,
  `codigo` varchar(25) NOT NULL,
  `secao` text NOT NULL,
  `capa` int(11) DEFAULT 0,
  `data` datetime DEFAULT current_timestamp(),
  `destaque` int(11) DEFAULT 0,
  `entidade` int(11) NOT NULL,
  `status` int(11) DEFAULT 1,
  `contador` int(11) DEFAULT 0,
  PRIMARY KEY (`id`)
) ENGINE=MyISAM AUTO_INCREMENT=421 DEFAULT CHARSET=latin1 COLLATE=latin1_swedish_ci;

--
-- Dumping data for table `noticias`
--

INSERT INTO `noticias` (`id`, `usuario`, `titulo`, `tag`, `subtitulo`, `texto`, `codigo`, `secao`, `capa`, `data`, `destaque`, `entidade`, `status`, `contador`) VALUES (375,1,'Chega ao município novas ambulâncias adquiridas pelo Prefeito','chega-ao-municipio-novas-ambulancias-adquiridas-pelo-prefeito','\"O Prefeito Municipal recebeu hoje, e entregou aos cidadãos do município as ambulâncias adquiridas, que já estão a serviço de todos\"','<p>Lorem ipsão dolor sít amçet, consectetur adipiscing elit. Sed vehicula id odio quis rhoncus. Donec ullamcorper, lectus in dictum porta, urna nisl tincidunt metus, at iaculis nunc sem vitae diam. Etiam quam orci, volutpat a justo non, pretium condimentum felis. Duis id elementum arcu. Mauris pharetra dui molestie tortor imperdiet. <br></p><p> </p><p>Duis non laoreet eros. Vestibulum porta neque eleifend erat tempus, vitae sagittis elit sodales. Sed convallis erat quis iaculis vestibulum. Curabitur sit amet purus et tellus consectetur vehicula. Suspendisse condimentum bibendum ante in adipiscing. Aliquam dignissim nisl eget arcu convallis, in viverra risus consequat. Pellentesque dictum gravida lacinia.</p><p> </p><p>Vocês usaram nosso paíse e nosso povo, sugando e chupando-os como a um picolé, quando só sobrou o palito, jogaram fora. Foram sugando tudo, enquanto deu. A copa e as olimpíadas tinham um objetivo claro, a facilidade de roubar e paralelamente o ópio do povo, a alienação no esporte. Sugaram a Petrobraz, que foi construida palmo a palmo durante décadas</p>','3veWzrOxgmrWPJD5Lt1TKbIKZ','Notícias',289,'2017-11-22 19:15:00',1,12,1,1066),(376,1,'Esporte é essencial para crianças e adolescentes.','esporteeessencialparacriancaseadolescentes.','Para isso ser tornar um hábito, é fundamental o incentivo dos pais e principalmente que os mesmos também sejam pessoas ativas. ','<p>As crianças seguem os modelos e estilos de vida que lhe são apresentadas no seu convívio familiar.</p><p><br></p><p>Todos sabemos que a prática de atividades esportivas deveria ser um hábito adquirido na nossa infância e que desde lá, nos auxiliaria em nossa qualidade de vida por toda vida. Além de promover a saúde, o bem estar físico, melhorar a coordenação motora e desenvolver o metabolismo de nossas crianças e jovens, o esporte pode contribuir muito para a saúde emocional e psicológica de seus praticantes.</p><p><br></p><p>Motivos para incentivar a prática do esporte na infância</p><p>O Esporte é um direito de toda criança e adolescente, previsto na Constituição do Brasil e também no ECA (Estatuto da Criança e do Adolescente), nós adultos, deveríamos nos mobilizar e zelar para que esses direitos sejam colocados em prática como políticas públicas.<br></p><p><br></p><p>O esporte é ainda subutilizado como meio para complementar a educação formal e também como meio para prevenção e promoção da saúde. Segundo dados da Unesco para cada $ 1  investido em programas de práticas esportivas são economizados $3 em gastos com saúde pública. Portanto, vamos incentivar  nossas crianças e jovens a se movimentarem mais, será bom para a sociedade como um todo.</p><p><br></p><p>O esporte é uma ferramenta que pode auxiliar também na educação, várias pesquisas constataram que crianças ativas vão melhor na escola do que as crianças que pouco se movimentam, ou seja, as crianças que praticam  atividades esportivas por pelo menos duas vezes na semana desenvolvem mais rápido as capacidades cognitivas relacionadas a aprendizagem escolar. Portanto, frequentar as aulas de Educação Física na escola e fazer atividades esportivas fora do período escolar são fundamentais também para o desenvolvimento de habilidades intelectuais.</p><p><br></p><p>A obesidade também é outro ponto importante, infelizmente,  52% dos adultos brasileiros estão acima do peso e isso tem ocorrido cada vez mais com as crianças e jovens. A obesidade é uma epidemia e deveria ser tratada como um problema de saúde pública com politicas de prevenção e promoção da saúde que atingissem nossa sociedade como um todo.</p><p><br></p><p>Habilidades sociais desenvolvidas na prática do esporte</p><p>Além dos benefícios de saúde física, melhora na qualidade de vida, o esporte ainda ajudará em aspectos do desenvolvimento da moral e sociabilidade nas crianças e jovens. Gostaria de citar alguns aqui:<br></p><p><br></p><p>Respeito aos companheiros, adversários e figuras de autoridade;</p><p>Saber ouvir e falar;</p><p>Exercitar tomadas de decisão;</p><p>Aprender a priorizar, lidar com tempo;</p><p>Desenvolvimento e fortalecimento de laços afetivos;</p><p>Empatia;</p><p>Obter prazer e bem-estar com a prática;</p><p>Compromisso com o meio ambiente e com o público/coletivo;</p><p>Promover a autoconfiança e autoestima;</p><p>Contribuir para o desenvolvimento humano.</p><p><br></p><p>Como ser bons pais na hora de motivas a prática do esporte?</p><p><br></p><p>Alguns estudos verificaram que os pais podem desempenhar um papel altamente positivo e/ou negativo na experiência esportiva das crianças e adolescentes. O desafio é identificar as formas com que os pais podem afetar positivamente a experiência das crianças e encorajá-los a empregarem essas práticas. Simultaneamente, deve-se verificar ações negativas e facilitar os esforços para eliminá-las.</p><p><br></p><p>Existe conduta adequada para os pais de jovens atletas? Será que eles podem torcer? Como devem se comportar em torneios? Qual atitude deve ser tomada diante de vitórias e derrotas de seus filhos?</p><p><br></p><p>Infelizmente, não é incomum presenciar comportamentos inadequados de pais em competições acompanhando seus filhos. As atitudes erradas podem ir desde um destempero com seu rebento após uma derrota, até brigas entre pais de atletas por decisões de arbitragem etc. Será que os genitores que tomam esse tipo de atitude sabem o quanto e como estão influenciando seus filhos?</p><p><br></p><p>Criança, esporte, tenis, psicólogo do esporte onlineA Psicologia do Desenvolvimento já demonstrou que as atitudes dos pais em diferentes contextos irão influenciar os comportamentos dos filhos muito mais do que as palavras proferidas.</p><p>Muitos comportamentos das crianças são aprendidos por simples observação e até por imitação de seus pais ou responsáveis.</p><p><br></p><p>Quando nascem, infelizmente as crianças não vêm com um manual de instruções de envolvimento nos esportes, e a maioria dos pais teve pouco treinamento em como ter sucesso com os filhos nesse contexto. Além disso, à medida que as crianças se desenvolvem e amadurecem, o papel dos pais no esporte muda.</p><p><br></p><p>Conselhos para pais e jovens</p><p><br></p><p>Ganhar não é tudo</p><p>Parece repetitivo dizer isso, mas é um erro muito comum. Concentre-se fundamentalmente na maneira como seu filho jogou e não nos resultados das partidas. Premie o esforço e o trabalho duro antes do êxito.</p><p><br></p><p>Trabalhe com responsabilidades para desenvolver autoconfiança</p><p>Dê a seu filho responsabilidades que, com o tempo, aumentarão sua autoconfiança, autoestima e independência, não deixe que ele dependa demasiadamente de você, não evite encontrar-se ou falar com o treinador, mas evite pensar que o treinador é um simples empregado e que tem, unicamente, interesse profissional.</p><p><br></p><p>O limite positivo de ser competitivo</p><p>Assegure-se de que a competição seja uma experiência positiva para seu filho, fundamentalmente no desenvolvimento pessoal, enfatize aspectos importantes como a esportividade, ética, melhora pessoal, responsabilidade, espírito de equipe.</p><p><br></p><p>O esporte deve ser uma experiência positiva</p><p>Estabeleça linhas de comunicação claras e tente reunir-se regularmente com o treinador para saber a evolução de seu filho e comentar sobre seus objetivos. O papel do treinador é muito importante no desenvolvimento emocional das crianças e jovens que irá se relacionar. Por isso, é fundamental conhecer sobre suas experiências profissionais, seus métodos de trabalho, sua carreira e formação. O treinador deve ser uma pessoa extremamente paciente, cativante e motivadora.</p><p><br></p><p>Desenvolva a moral através do comportamento esportivo</p><p>Não faça vista grossa aos comportamentos inadequados de seu filho (uso de violência,  usar palavrões, ou faltar com respeito com colegas ou adversários), não esqueça de que aspectos importantes do desenvolvimento do jovem por dar prioridade ao esporte que escolheu.</p><p><br></p><p>Ouça a opinião deles com atenção</p><p>Compreenda que os filhos não têm somente o direito de treinar, mas também o de não treinar, anime-o a experimentar outros esportes para que conheça mais pessoas e participe de outras atividades, evite obrigá-lo a treinar somente uma modalidade, quanto mais experiencias tiver, melhor para o seu desenvolvimento motor e para a sua saúde.</p><p><br></p><p>Dê suporte emocional</p><p>Esteja preparado para apoiar e ajudar emocionalmente, especialmente quando seu filho tiver problemas, evite usar o castigo, a falta de carinho,  ausência de afeto e amor como meios para que seu filho se esforce mais ou jogue melhor. Compreenda que os esportistas necessitam de tranquilidade quando perdem uma competição e um tapinha carinhoso nas costas ou uma frase de ânimo são suficientes quando um jogador sai da partida derrotado.</p><p><br></p><p>Ajude-o a desenvolver consciência dos benefícios do esporte</p><p>Ajude o seu filho a identificar as competências que adquiriu com a prática desportiva pois potenciará autoconfiança na medida em que estará a associar esforça a um ganho específico de competência, facilitando a transferência deste processo para outras áreas de vida (ex: escola). Compare o progresso de seu filho com suas próprias habilidades e objetivos, mas evite comparar o progresso dele com o de outros colegas.</p><p><br></p><p>Seja pai ou mãe e não técnico</p><p>Mantenha-se no seu papel de pai, mãe ou responsável. Evite ser o técnico de seu filho (discutindo a técnica, estratégia, etc). Não aumente o sentimento de culpa do jovem, fazendo-o perceber que deve a você tempo, dinheiro ou outros sacrifícios que tenha feito por ele.</p><p><br></p><p>Participe dos jogos</p><p>Assista as competições e mantenha a calma tanto em situações positivas quanto negativas, para mostrar que, independentemente do resultado, você se interessa e valoriza o esforço, evite sair da partida caso seu filho não esteja jogando bem, enfatize o fato de que, ganhe ou perca, seu carinho por ele será igual e evite ficar com raiva ou tratá-lo de modo diferente quando perder.</p>','H5oCjW1nAeOm8dwTkhFvMKWcO','Notícias',296,'2017-11-22 06:49:00',0,12,1,656),(377,1,'A adolescência acontece no indivíduo principalmente no terreno da escola.','a-adolescencia-acontece-no-individuo-principalmente-no-terreno-da-escola.','A escola para o jovem é um território que acolhe tudo e onde eles se sentem à vontade para exercitar suas vivências e convivências. É nesse território em que se dão encontros e relações, que o jovem questiona valores e começa a construir seu projeto de vida.','<p>Quem sou eu? O que eu posso ser? O que fazer para ser o que eu quero? O que eu quero para o meu futuro? Como posso me preparar para realizar meu projeto de vida? No ensino médio, é a escola, quando geradora de questionamentos, pensamentos, sentimentos e ações, que ajuda o adolescente a chegar a essas questões e a buscar suas próprias respostas.<br></p><p><br></p><p>Como uma obra em construção, a adolescência acontece no indivíduo principalmente no terreno da escola, onde o jovem passa boa parte de seu dia fora de casa. Há quem compare o processo individual àquele que se dá na coletividade contemporânea.</p><p><br></p><p>O adolescente passa por uma redefinição da imagem corporal assim como são redefinidas as configurações urbanas e as fronteiras territoriais. Ele está se individualizando, rompendo vínculos e buscando autonomia, em um processo similar ao da descolonização, quando uma comunidade rompe com a metrópole para obter sua independência política e econômica.</p><p><br></p><p>O adolescente também está na fase de comparar valores para estabelecer seu próprio código de ética, enquanto a humanidade coloca o foco nos códigos internacionais para nortear a vida no planeta e os direitos individuais e coletivos.</p><p><br></p><p>Na adolescência, o jovem busca identificação e segurança em grupos de iguais, assim como fazem os países ao criar blocos regionais no cenário internacional. E os garotos e garotas criticam as crenças dos pais, enquanto as comunidades modernas questionam ideologias e dogmas da velha ordem mundial.</p><p><br></p><p>Partilhando projetos </p><p>Todos esses movimentos e transformações são vividos pelo filho ou filha adolescente ao lado dos professores, veículos de novos valores para comparar com os trazidos de casa, e dos colegas, que se tornam a referência campeã nessa fase da vida.</p><p><br></p><p>Desse universo, o jovem obtém o conjunto de conhecimentos que interessa: os pedagógicos e os aprendizados que não estão no currículo - é isso precisamente que a escola representa para ele, como aponta uma outra pesquisa realizada em 2006, na Universidade Federal do Pará, com 725 estudantes de seis escolas de ensino médio da rede pública. Para os adolescentes, a escola é o principal espaço de construção e partilha de conhecimentos sobre a vida futura.</p><p><br></p><p>Monitoria dos pais </p><p>A família, claro, continua eterna referência, mas é o tempo de acompanhar tudo com um novo desafio: de perto, mas dos bastidores. Significa auxiliar o filho na compreensão do significado desse novo estágio de vida, dos desafios propostos, das alternativas possíveis frente às novas exigências.</p><p><br></p><p>Não cabe e não é responsabilidade dos pais fazer pelo filho, mas instigá-lo a enfrentar as situações, a descobrir suas potencialidades.</p><p><br></p><p>No início do ensino médio, esse acompanhamento tende a ser mais próximo, mas no segundo e principalmente no terceiro ano ele deve funcionar muito mais como uma monitoria, para o jovem perceber a preocupação da família, a possibilidade de ter a quem recorrer caso seja necessário, mas também adquirir confiança e autonomia para enfrentar a vida adulta.</p><p><br></p><p>Manter essa referência é importante, pois no estágio posterior, a universidade, não existe ou pouco existe a possibilidade de os pais acompanharem o que acontece. Se o diálogo, a troca de idéias e projetos, foi construído durante o ensino médio, a distância na relação familiar será menor, diminuindo a chance de conflitos.</p><p><br></p><p>E a Internet, palco global de encontro, conhecimentos e relações, não esvazia o papel da escola na formação e educação do adolescente? Não, muito pelo contrário. Com o advento da comunicação via MSN, orkut e outras formas virtuais, o papel dessa referência se aprofunda. Porque na escola as relações são \"concretas\", face a face!</p><p><br></p><p>É nesse ambiente que seu filho aprende a se virar de verdade para resolver problemas com independência, checando e ampliando o conhecimento, ouvindo, negociando, cedendo, participando, cooperando, perseverando, respeitando. Aprende a ser solidário e consciente de seus direitos, deveres e responsabilidades. Em outras palavras: ganha a chance de tornar-se um cidadão do futuro.</p><p><br></p><p>Fonte: Patrícia Mortara, psicóloga e professora</p>','nkFfOid4pgAacsOjy1U2ASquH','Notícias',300,'2017-11-22 07:00:00',1,12,1,650),(378,1,'Por que uma criança deve estudar?','porqueumacriancadeveestudar','Para ser formada como cidadão que terá um papel na sociedade, trabalhando para ter o seu sustento, para realizar os seus sonhos e para colaborar com os menos favorecidos.<br /><br />\r\n','<p>O estudo não tem um fim em si mesmo, do tipo, o estudo dignifica o homem. Não, o trabalho dignifica o homem. Ou seja, o que você realiza dignifica, o que você é capaz de produzir lhe agrega mais dignidade para sua vida. Logo, numa determinada fase de sua vida você supostamente deveria se preparar para numa outra fase, produzir e gerar valor.</p><p><br></p><p>O estudo sem propósito é perda de tempo. Esta afirmação soa quase como uma heresia escandalosa aos ouvidos de quem por anos foi condicionado a pensar no estudo como atividade fim e não como meio. Estudar por estudar é típico de alguém que ainda não encontrou o seu propósito e por isso continua fazendo as coisas por fazer.</p><p><br></p><p>No entanto, o ato de estudar, ou seja, participar de uma classe a fim de adquirir informações sobre as disciplinas definidas pelo governo está muito longe de ser o suficiente para preparar alguém para adquirir esta relevância na sociedade. Até porque, a definição do currículo escolar foi feita há quase um século. Porém, o mundo mudou, as necessidades mudaram, as ferramentas são outras e a quantidade de informação as quais nossos jovens são expostos é muito maior.</p><p><br></p><p>Conseguir que os filhos se esforcem, se concentrem, aprendam e consigam alcançar seus objetivos nos estudos não é uma tarefa tão fácil para eles nem para os seus pais. </p><p><br></p><p>Para que as crianças tenham êxito nos estudos basicamente é necessário que elas disponham da capacidade intelectual necessária para poder estudar, que estejam motivadas, e adquiram conhecimentos durante o seu tempo de estudos e saibam dominar hábitos de trabalho e estudo. </p><p><br></p><p>Ambiente de estudo para os deveres das crianças</p><p><br></p><p>Onde-e-como-as-crianças-devem-estudar A</p><p><br></p><p>O ambiente, entendido como o lugar onde a criança deve se concentrar nos seus deveres e nos seus estudos a cada dia sem distrações é de fundamental importância para que ela consiga os seus objetivos. Uma boa organização em função do tempo e do ritmo de estudo também é um importante ingrediente na realização das suas tarefas escolares. A criança, com a ajuda dos pais deve planejar ou programar o horário de estudo.</p><p><br></p><p>Recomendações para conseguir um bom ambiente de estudo</p><p><br></p><p>- Local. O lugar de estudo deve ser sempre o mesmo para que não existam novos elementos de distração cada vez que a criança vá estudar ou fazer as tarefas. </p><p><br></p><p>- Móveis. O dormitório deve contar com alguns elementos básicos (mesa, escrivaninha e cadeira). A criança deve ter todas as coisas necessárias em mãos.</p><p><br></p><p>- Serenidade. O ambiente do recinto deve ser silencioso (longe da televisão, rádio, telefone e outros ruídos). </p><p><br></p><p>- Tranquilidade. O lugar deve permitir a concentração e a atenção (evitar a presença de elementos que possam distrair). </p><p><br></p><p>- Ambiente. O local de estudos (que pode ser o quarto da criança) deve ter uma ventilação e temperatura adequada, assim como uma boa iluminação natural, se possível. </p><p><br></p><p>Recomendações para planejar as sessões de estudo </p><p><br></p><p>1. Organização. Para planejar o tempo de estudo é necessário marcar um tempo determinado para cada matéria em função da sua dificuldade. </p><p><br></p><p>2. Planejamento. Convém elaborar um calendário que a criança deverá seguir. Deve-se tentar, na medida do possível, conseguir todos os objetivos ou metas propostas. Ser constante nessa tarefa criará um hábito muito importante de organização e de ordem. </p><p><br></p><p>Dificuldade média: 60 minutos</p><p>Descanso: 10 a 15 minutos</p><p>Dificuldade grande: 90 minutos</p><p>Descanso: 15 a 20 minutos</p><p>Dificuldade baixa: 30 minutos</p><p>Descanso: 5 a 10 minutos</p><p><br></p><p>3. Ritmo de trabalho. O planejamento do estudo deve ser feito à medida de cada um, no seu ritmo de trabalho e aprendizagem. Deve levar em conta as circunstâncias pessoais e as atividades complementares. Para os primeiros anos do curso secundário, dez ou doze horas de estudo semanal são suficientes.</p><p><br></p><p>4. Tempo de descanso. Um bom planejamento, além do tempo para o estudo, a criança deve reservar tempo para o lazer e o descanso. É necessário descansar pelo menos 8 horas por dia. </p><p><br></p><p>5. Ordem de prioridades. Fazer a lista dos trabalhos diários seguindo a ordem dos mais urgentes até os menos urgentes e por ordem de dificuldade. Ou seja, os mais difíceis no início, já que a criança estará mais desperta e com a cabeça mais fresca. Os trabalhos devem se intercalar de forma variada. Não se devem estudar de maneira seguida duas matérias muito difíceis. </p><p><br></p><p>6. Flexibilidade e adaptação. Todo planejamento deve ser flexível. A criança e os pais podem se ajustar a possíveis mudanças ou a dificuldades não previstas.</p><p><br></p><p>fonte: Edupla – Educação Planejada</p>','0vRMU5t9zWf4qv8hsYgsSRihm','Notícias',325,'2017-11-19 07:02:00',2,12,1,690),(379,1,'Água com açúcar para acalmar os nervos, saiba mais sobre isto para a sua saúde.','agua-com-acucar-para-acalmar-os-nervos--saiba-mais-sobre-isto-para-a-sua-saude.','A ideia de que colocar açúcar transforma água em sedativo não faz sentido: açúcar fornece energia para o corpo, e isso nada tem de sedativo.','<p>Não. Ao ser metabolizado por nosso organismo, o açúcar serve como fonte de energia… e só. Ele não tem nenhuma propriedade sedativa. “Esse velho truque caseiro pode até ter algum fundamento se a pessoa tiver hipoglicemia (falta de açúcar no sangue) ou passar o dia inteiro sem se alimentar. <br><br><p><p>A fome faz com que haja liberação de adrenalina, que provoca suadouro, irritação ou tremedeiras. Nesse caso, o açúcar combateria os sintomas, acalmando a pessoa. Mas se for alguém bem nutrido, o proverbial copo de água com açúcar não faz o menor sentido”, afirma o clínico geral Antônio Carlos Lopes, chefe da Clínica Médica da Universidade Federal de São Paulo (Unifesp). Isso não impede que a água açucarada tenha um efeito placebo – isto é, acabe funcionando por auto-sugestão. Se a pessoa quiser se tranqüilizar, vale mais a pena respirar fundo ou contar até dez.<br><br>Aqui, entra em cena o famoso efeito placebo: a pessoa que toma a mistura acredita que vai ficar mais tranquila – e acaba ficando mesmo. Mas há quem veja um fundo de verdade no mito. “Pessoas ansiosas tendem a precisar de um aporte maior de serotonina, um neurotransmissor responsável pela sensação de prazer e bem-estar. E o açúcar favorece a liberação de serotonina”, diz o médico Durval Ribas Filho, presidente da Associação Brasileira de Nutrologia.<br><br>Agora, se quiser garantir o efeito calmante, melhor mesmo misturar o açúcar com chá de camomila ou de erva-cidreira. Esses, sim, deixam a pessoa calminha, calminha.</p></p></p>','WBW4OiRWVtpgBJvCZptwiMlG8','Notícias',326,'2017-11-22 07:05:00',0,12,1,967),(380,1,'Contra a dengue a prevenção é a única arma que existe.','contraadengueaprevencaoeaunicaarmaqueexiste.','A melhor forma de se evitar a dengue é combater os focos de acúmulo de água, locais propícios para a criação do mosquito transmissor da doença.','<p>Para isso, é importante não acumular água em latas, embalagens, copos plásticos, tampinhas de refrigerantes, pneus velhos, vasinhos de plantas, jarros de flores, garrafas, caixas d´água, tambores, latões, cisternas, sacos plásticos e lixeiras, entre outros.</p><p> </p><p>1. Não deixe acúmulo de água. A água da chuva pode se acumular em garrafas, pneus, ou qualquer outro reservatório. Após os períodos de chuva, verifique se não ficou água acumulada em algum local.</p><p> </p><p>2. Ponha areia nos vasos das plantas. Em vez de usar água para as plantas, use areia ou pó de café nos pires dos vasos e, então, coloque água. A água contida é suficiente para manter as plantas vivas, mas sem ser um ponto de depósito dos ovos do mosquito da dengue.</p><p> </p><p>3. Faça furos nos pneus velhos. Os furos permitem que a água acumulada escorra, não ficando parada e, assim, evitando que o mosquito se reproduza.</p><p> </p><p>4. Cuidado com a caixa d’água. A caixa d’água é um excelente reservatório para os ovos da dengue. Mantenha-a sempre fechada e a limpe frequentemente com produtos especializados para a limpeza de caixas. Isso também vale para poços, cisternas e caçambas que se acumulam água.</p><p> </p><p>5. Remova folhas e galhos das calhas. Esses objetos, assim como outros (flores, pedaços de garrafa, etc) impedem que água escoe e então, se acumula. Verifique semanalmente o estado de calhas, canos e ralos.</p><p> </p><p>6. Evite cultivar plantas aquáticas. A água das plantas aquáticas é limpa e propícia para a reprodução da dengue. Durante o pico da dengue, plante outros tipos de planta.</p><p> </p><p>7. Mantenha latas e garrafas emborcadas para baixo. Isso evita que a água da chuva se acumule e fique parada por muito tempo. O ideal é jogar garrafas, latas e latões fora ou não deixá-los expostos.</p><p> </p><p>8. Use telas protetoras. A tela protetora evita que os mosquitos entrem na sua casa, mas não impedem que ele se reproduza. O uso de telas e tecidos nas janelas é uma medida complementar e deve ser associada às outras práticas para evitar a reprodução do Aedes.</p><p> </p><p>9. Cuide das piscinas. As piscinas são normalmente difíceis de tratar por possuem um volume grande de água. Se você não a está utilizando, cubra-a com uma lona. Trate a água da piscina com cloro e outros desinfetantes de água.</p><p> </p><p>10. Preste atenção ao lixo. Muitas pessoas pensam que os lixos, por acumularem água suja, não apresentam perigo à dengue. Mas a verdade é que se há água acumulada, há a possibilidade de reprodução do mosquito. Para isso, vede os sacos de lixo e não os deixe expostos.</p>','dRxlqLjQJIfcQ5b8EAEDqsVNk','Notícias',327,'2017-11-18 07:10:00',2,12,1,661),(381,1,'Está comprovado que refrigerantes fazem muito mal a sua saúde e da sua família.','estacomprovadoquerefrigerantesfazemmuitomalasuasaudeedasuafamilia.','Você gosta de refrigerante? Tem o hábito de bebê-lo? Dizem que se conselho fosse bom não seria dado, e sim vendido. Isso não é verdade, pois vamos dar um ótimo conselho aos fãs de refrigerante: parem de beber essa bebida imediatamente!','<p>E não importa se o refri é diet, pois é ruim do mesmo jeito, até pior para alguns especialistas. O refrigerante é uma invenção baseada meramente no sabor. Não há nele nenhuma virtude, nenhum benefício para a saúde. Alguns, como os à base de cola, se superam em termos de malefícios à saúde. Mas por que as pessoas, mesmo as bem-informadas, insistem em beber refrigerante?</p><p><br></p><p>Simples: muita propaganda e o principal - refrigerante vicia. E os à base de cola - de novo eles - são os que mais viciam. Ou seja, o ato de deixar de tomar refrigerante exige, antes de tudo, força de vontade. Mas não vamos nos afastar do tema desta matéria: os males do refrigerante. São muitos, muitos mesmo. Por isso, destacaremos aqui apenas os principais:</p><p> </p><p>- Osteoporose - O consumo de bebidas excessivamente doces aumenta o risco de sofrer de osteoporose, devido à ação do ácido fosfórico, que impede a correta absorção do cálcio, enfraquecendo os ossos. Um estudo da Tufts University descobriu que mulheres que bebiam apenas 3 refrigerantes por semana tinham uma perda óssea média de 4% (em regiões como os quadris), a mais que ao grupo de mulheres que ingeriam outro tipo de bebida. </p><p><br></p><p>- Obesidade - O consumo de refrigerantes está amplamente associado ao aumento de peso e à obesidade. Naturalmente, o aumento das calorias consumidas leva ao aumento de peso, mas, mesmo os refrigerantes diet podem ocasionar este problema. Recentes estudos demonstraram uma associação entre o os refrigerantes sem açúcar e o aumento da cintura. </p><p><br></p><p>- Diabetes - Um estudo feito com 90 mil mulheres mostrou que, as que ingeriam uma ou mais bebidas com açúcar (como sucos ou refrigerantes), estavam mais propensas a desenvolver diabetes tipo 2. As bebidas com açúcar aumentam o nível de glicose em jejum e a resistência à insulina. </p><p><br></p><p>- Infarto - Pesquisadores da Universidade de Harvard descobriram que o consumo diário de uma bebida com açúcar aumenta em 20% as chances de sofrer um ataque cardíaco durante um período de 22 anos. Este risco aumenta conforme a quantidade de bebidas doces consumidas diariamente. </p><p><br></p><p>- Triglicerídeos - Mesmo que a pessoa não aumente seu peso, os refrigerantes com açúcar podem ser prejudiciais para a saúde cardiovascular, especialmente nas mulheres. As mulheres que consomem bebidas com açúcar são mais propensas a desenvolver níveis elevados de triglicerídeos. </p><p><br></p><p>- Cáries - O açúcar contido nos refrigerantes transforma qualquer consumidor em alvo perfeito de cáries dentária. </p><p><br></p><p>- Cálculos renais - A maior parte dos refrigerantes contém oxalato, que pode ocasionar problemas como cálculos renais. </p><p><br></p><p>- Insônia - Os refrigerantes também podem provocar transtornos do sono -como insônia- devido aos altos índices de açúcar que contêm. </p><p><br></p><p>- Gastrite - A enorme concentração de açúcar, aditivos e o pH ácido podem provocar distúrbios digestivos, como a gastrite.</p><p><br></p><p>fonte: Reconcavonews</p>','jd4tXsmYdexIfZR5A2iSxpj6R','Notícias',314,'2017-11-22 07:13:00',0,12,1,602),(382,1,'Autoridades chinesas apresentaram o modelo de um ônibus capaz de trafegar sobre outros veículos.','autoridadeschinesasapresentaramomodelodeumonibuscapazdetrafegarsobreoutrosveiculos.','O ônibus do futuro tem a mesma função do metrô, mas com custos menores.','<p>Uma empresa chinesa construiu um projeto de ônibus elevado que não vai parar em engarrafamentos. Ele funcionará por meio de um sistema de trilhos que lhe permitirão andar acima dos automóveis particulares, informou a emissora governamental CCTV, assista o vídeo abaixo.</p><p><br></p><p>O modelo de Ônibus de Passagem Elevado (TEB, na sigla em inglês) foi apresentado em escala de miniatura na 19ª Exposição Internacional de Alta Tecnologia de Pequim, onde os visitantes puderam observar um minúsculo TEB em funcionamento.</p><p><br></p><p>Este tipo de ônibus se movimenta através de trilhos que se situam entre si a uma distância de duas pistas para carros e a uma altura considerável, sustentado por duas paredes encaixadas nos trilhos.</p><p><br></p><p>O amplo espaço que fica abaixo do corpo do ônibus permite que os carros avancem sob a máquina, ou - se houver engarrafamentos - que o ônibus avance sobre eles.</p><p><br></p><p>Segundo os dados desta empresa de tecnologia divulgados à \"CCTV\", este transporte público teria uma capacidade de 1.200 pessoas por comboio.</p><p><br></p><p>Também assegura que o tempo de instalação é de um ano e que o primeiro começará a ser construído no final deste ano, na cidade de Qinhuangdao (província nordeste de Hebei).</p><p><br></p><p>Segundo a agência de notícias Xinhua, o TEB seria composto por quatro vagões ligados com comprimento total de entre 58 e 62 metros, uma altura de entre 4,5 e 4,7 metros e largura de 7,8 metros. O espaço inferior pelo qual passariam os veículos terá altura de entre 2,1 e 2,2 metros.</p>','FdjhCLCXCB5Ja5PPnJ8gOU2DB','Notícias',320,'2017-11-21 07:18:00',2,12,1,891),(417,1,'Direito Criminal','direito-criminal','','<p>Crime de Sonegação fiscal e demais crimes tributários.</p><p>Crimes de trânsito (lesão ou homicídio de trânsito).</p><p>Crimes contra a Administração Pública (desacato e peculato).</p><p>Crimes contra a honra (injúria, calúnia e difamação).</p><p>Crimes contra a liberdade individual (ameaça).</p><p>Crimes ambientais (crimes contra a Administração Ambiental, crimes contra a fauna e a flora; crimes contra o ordenamento urbano e o patrimônio cultural; crimes de poluição.).</p><p>Defesa em procedimentos administrativos.</p><p>Violência doméstica, omissão de socorro e maus-tratos.</p><p>Crimes contra o patrimônio (apropriação indébita, estelionato, furto, roubo, extorsão, dano, fraude e receptação).</p><p>Lei de Drogas (tráfico e porte).</p><p>E todo e qualquer tipo penal no Direito brasileiro.</p>','dfzzdfbSDhPzHqUqbjkKJekGe','Áreas de Atuação',0,'2018-07-16 16:06:00',0,12,1,397),(405,1,'Nossa equipe (Ilustrativo)','nossaequipeilustrativo','Veja a nossa Equipe Pedagógica de nossa Escola/Creche, suas atribuições e fotos.','<p><b>Antonio Carlos</b></p><p>Lorem ipsum dolor sit amet, consectetur adipiscing elit. Sed vehicula id odio quis rhoncus. Donec ullamcorper, lectus in dictum porta, urna nisl tincidunt metus, at iaculis nunc sem vitae diam.</p><p><br></p><p><b>Maria Souza e Silva</b></p><p>Etiam quam orci, volutpat a justo non, pretium condimentum felis. Duis id elementum arcu. Mauris pharetra dui molestie tortor imperdiet gravida. Duis non laoreet eros.</p><p><br></p><p><b>Juliana Vasconelos dos Santos</b></p><p>Vestibulum porta neque eleifend erat tempus, vitae sagittis elit sodales. Sed convallis erat quis iaculis vestibulum. Curabitur sit amet purus et tellus consectetur vehicula.</p><p><br></p><p><b>Carla de Souza Pimentel</b></p><p>Suspendisse condimentum bibendum ante in adipiscing. Aliquam dignissim nisl eget arcu convallis, in viverra risus consequat. Pellentesque dictum gravida lacinia.</p><p><br></p><p><b>Márcia Oliveira dos Santos</b></p><p>Proin rhoncus rhoncus ligula, sit amet volutpat nisi sagittis mattis. Sed justo lacus, vulputate non consequat nec, condimentum a metus. Fusce id consequat erat, id dignissim metus.</p><p><br></p><p><b>Antonio Carlos dos Santos\r\n</b><br class=\"Apple-interchange-newline\"></p><p>Donec viverra fermentum convallis. Curabitur non diam auctor, venenatis augue eget, lobortis magna. Nulla sed luctus mauris. Integer a mauris eget tortor scelerisque vehicula.</p><p><br></p><p><b>Mariana de Souza e Silva</b></p><p>Sed dapibus leo risus, id tristique mi laoreet quis. Pellentesque eu lorem lacinia orci sodales vestibulum. Etiam id erat eu augue consequat iaculis. Suspendisse ut risus sit amet urna sodales hendrerit sed placerat sapien.</p>','OO3TY4qZitEmHLm2NZmILsNSa','Nossa Equipe',347,'2017-11-14 15:26:00',0,12,1,740),(406,1,'Nossa Estrutura','nossaestrutura','','<p>Lorem ipsão dolor sít amçet, consectetur adipiscing elit. Sed vehicula id odio quis rhoncus. Donec ullamcorper, lectus in dictum porta, urna nisl tincidunt metus, at iaculis nunc sem vitae diam. Etiam quam orci, volutpat a justo non, pretium condimentum felis. Duis id elementum arcu. Mauris pharetra dui molestie tortor imperdiet. </p><p><br></p><p>Duis non laoreet eros. Vestibulum porta neque eleifend erat tempus, vitae sagittis elit sodales. Sed convallis erat quis iaculis vestibulum. Curabitur sit amet purus et tellus consectetur vehicula. Suspendisse condimentum bibendum ante in adipiscing. Aliquam dignissim nisl eget arcu convallis, in viverra risus consequat. Pellentesque dictum gravida lacinia.</p>','yHUoIBhLQjp1HhY9mVBLg9LxU','Estrutura',354,'2017-11-14 21:49:00',0,12,1,717),(407,1,'Missão, Visão e Valores','missaovisaoevalores','','<p>Lorem ipsão dolor sít amçet, consectetur adipiscing elit. Sed vehicula id odio quis rhoncus. Donec ullamcorper, lectus in dictum porta, urna nisl tincidunt metus, at iaculis nunc sem vitae diam. Etiam quam orci, volutpat a justo non, pretium condimentum felis. Duis id elementum arcu. Mauris pharetra dui molestie tortor imperdiet. </p><p><br></p><p>Duis non laoreet eros. Vestibulum porta neque eleifend erat tempus, vitae sagittis elit sodales. Sed convallis erat quis iaculis vestibulum. Curabitur sit amet purus et tellus consectetur vehicula. Suspendisse condimentum bibendum ante in adipiscing. Aliquam dignissim nisl eget arcu convallis, in viverra risus consequat. Pellentesque dictum gravida lacinia.</p>','zUixsiYAsmXAD0IlIdCiPUwv9','Missão e Valores',355,'2017-11-14 23:20:00',0,12,1,1658),(408,1,'Quem Somos','quemsomos','Lorem ipsão dolor sít amçet, consectetur adipiscing elit. Sed vehicula id odio quis rhoncus. ','<p>Lorem ipsão dolor sít amçet, consectetur adipiscing elit. Sed vehicula id odio quis rhoncus. Donec ullamcorper, lectus in dictum porta, urna nisl tincidunt metus, at iaculis nunc sem vitae diam. Etiam quam orci, volutpat a justo non, pretium condimentum felis. Duis id elementum arcu. Mauris pharetra dui molestie tortor imperdiet. </p><p><br></p><p>Duis non laoreet eros. Vestibulum porta neque eleifend erat tempus, vitae sagittis elit sodales. Sed convallis erat quis iaculis vestibulum. Curabitur sit amet purus et tellus consectetur vehicula. Suspendisse condimentum bibendum ante in adipiscing. Aliquam dignissim nisl eget arcu convallis, in viverra risus consequat. Pellentesque dictum gravida lacinia.</p>','siNDIMMifiKcKHDPlpSjNCG9q','Quem Somos',356,'2017-11-14 23:25:00',0,12,1,1074),(411,1,'Venha estudar conosco, da Educação Infantil até a Faculdade','venhaestudarconoscodaeducacaoinfantilateafaculdade','Veja nossos planos e condições','<p>Lorem ipsão dolor sít amçet, consectetur adipiscing elit. Sed vehicula id odio quis rhoncus. Donec ullamcorper, lectus in dictum porta, urna nisl tincidunt metus, at iaculis nunc sem vitae diam. Etiam quam orci, volutpat a justo non, pretium condimentum felis. Duis id elementum arcu. Mauris pharetra dui molestie tortor imperdiet. </p><p><br></p><p>Duis non laoreet eros. Vestibulum porta neque eleifend erat tempus, vitae sagittis elit sodales. Sed convallis erat quis iaculis vestibulum. Curabitur sit amet purus et tellus consectetur vehicula. Suspendisse condimentum bibendum ante in adipiscing. Aliquam dignissim nisl eget arcu convallis, in viverra risus consequat. Pellentesque dictum gravida lacinia.</p><p><br></p><p>Lorem ipsão dolor sít amçet, consectetur adipiscing elit. Sed vehicula id odio quis rhoncus. Donec ullamcorper, lectus in dictum porta, urna nisl tincidunt metus, at iaculis nunc sem vitae diam. Etiam quam orci, volutpat a justo non, pretium condimentum felis. Duis id elementum arcu. Mauris pharetra dui molestie tortor imperdiet. </p><p><br></p><p>Duis non laoreet eros. Vestibulum porta neque eleifend erat tempus, vitae sagittis elit sodales. Sed convallis erat quis iaculis vestibulum. </p>','WPm2gEIQTveq1P3aitBdPMcPC','Marketing',359,'2018-01-30 08:16:00',1,12,1,571),(419,1,'Direito Comercial','direito-comercial','','<p>Voltado para os aspectos jurídicos do comércio. Defendemos os empresários e sociedades diante dos seus interesses comerciais e auxiliar em questões como abertura e fechamento de um estabelecimento, elaboração de contratos e estatutos sociais, marcas, patentes e processos de falência e recuperação de empresa.<br></p>','84NZXG6XEYixIIy4Rux6CaJ12','Áreas de Atuação',0,'2018-07-16 16:12:00',0,12,1,414),(415,1,'Direto Tributário','diretotributario','','<p>Defesas administrativas, impugnando e recorrendo de autuações fiscais do Estado nas três esferas, Receita Federal, Estados e Municípios e anulação de atos ilegais imposto ao contribuinte, como sanções inconstitucionais restringindo o exercício de direitos legais ou lavratura de autos de infração.</p><p><br></p><p>Para persuadir empresários a pagarem uma alta carga tributária, o Estado brasileiro disciplinou como crime, em algumas normas jurídicas, as atividades dos sócios, administradores, gerentes e demais responsáveis pelas pessoas jurídicas.&nbsp; Nossa atuação contempla a defesa no processo criminal e o resguardo das liberdades das pessoas físicas vinculadas à empresa por intermédio de habeas corpus.<br></p><p><br></p><p><b>Atuação</b></p><p>Defesa de execuções fiscais</p><p>Compensação de Tributos</p><p>Liberação de notas fiscais</p><p>Re-enquadramento no simples nacional</p><p>Anulação de leilão</p><p>Substituição de penhora</p><p>Conciliação Judicial do debito tributário</p><p>Crime Tributário</p>','TDCqZgVhCnTtL6GEpEu4EYdq8','Áreas de Atuação',0,'2018-07-16 15:58:00',0,12,1,408),(416,1,'Direito Trabalhista','direito-trabalhista','','<p>Atuação em defesa dos Empresários</p><p><br></p><p>Ações em favor dos Empregados:</p><p>Dispensa sem justa causa;</p><p>Aviso Prévio;</p><p>Reclamatórias trabalhistas;</p><p>Pagamento do salário de modo irregular;</p><p>Adicionais: insalubridade e periculosidade;</p><p>Décimo terceiro salário;</p><p>FGTS;</p><p>Férias;</p><p>Horas Extras;</p><p>Dano moral por assédio moral e/ou sexual.</p>','dHLMwU1ozcRY016SLX6EAhzn8','Áreas de Atuação',0,'2018-07-16 16:03:00',0,12,1,398),(418,1,'Direito Civil','direito-civil_1','','<p>Sustação do protesto.&nbsp;</p><p>Responsabilidade civil.</p><p>Ações de execução de títulos de crédito (duplicatas e cheques , notas promissórias).</p><p>Ações por danos morais, a boa-fé ou a dignidade das pessoas físicas ou jurídicas.</p><p>Ações de consignação em pagamento.</p><p>Reintegração de posse;</p><p>Execuções;</p><p>Pareceres e consultas;</p><p>Fusão, cisão e incorporação;</p><p>Execução de título extra e judicial;</p><p>Indenizações;</p><p>Impugnação/embargos a execução;</p><p>Contratos;</p><p>Consignação em pagamento;</p><p>Falência;</p><p>Notificação extra e judicial;</p><p>Recuperação Judicial;</p><p>Confecção de contratos de compra e venda, minutas de testamento, de escrituras e confissão de dívida;</p><p>Declaração de insolvência civil;</p><p>Interdição de pessoas;</p><p>Busca e Apreensão;</p><p>Usucapião;</p><p>Anulação de penhoras, anulação de leilões, despejos, etc.</p>','CqxWkIOiLuqr3Ft3aHH8OcClW','Áreas de Atuação',0,'2018-07-16 16:10:00',0,12,1,459);

--
-- Table structure for table `noticias_arquivos`
--

CREATE TABLE `noticias_arquivos` (
  `id` int(11) NOT NULL AUTO_INCREMENT,
  `codigo` varchar(25) NOT NULL,
  `path` text NOT NULL,
  `arquivo` text NOT NULL,
  `legenda` text DEFAULT NULL,
  `tipo` varchar(50) DEFAULT NULL,
  PRIMARY KEY (`id`)
) ENGINE=MyISAM AUTO_INCREMENT=369 DEFAULT CHARSET=latin1 COLLATE=latin1_swedish_ci;

--
-- Dumping data for table `noticias_arquivos`
--

INSERT INTO `noticias_arquivos` (`id`, `codigo`, `path`, `arquivo`, `legenda`, `tipo`) VALUES (306,'0vRMU5t9zWf4qv8hsYgsSRihm','zHD/noticias/12/0vRMU5t9zWf4qv8hsYgsSRihm/imagens/','img4 (0209543001502445864).jpg',NULL,'imagem'),(305,'0vRMU5t9zWf4qv8hsYgsSRihm','zHD/noticias/12/0vRMU5t9zWf4qv8hsYgsSRihm/imagens/','img3 (0188581001502445864).jpg',NULL,'imagem'),(304,'0vRMU5t9zWf4qv8hsYgsSRihm','zHD/noticias/12/0vRMU5t9zWf4qv8hsYgsSRihm/imagens/','img2 (0914626001502445863).jpg',NULL,'imagem'),(303,'nkFfOid4pgAacsOjy1U2ASquH','zHD/noticias/12/nkFfOid4pgAacsOjy1U2ASquH/imagens/','img3 (0390870001502445729).jpg',NULL,'imagem'),(302,'nkFfOid4pgAacsOjy1U2ASquH','zHD/noticias/12/nkFfOid4pgAacsOjy1U2ASquH/imagens/','img4 (0388732001502445729).jpg',NULL,'imagem'),(301,'nkFfOid4pgAacsOjy1U2ASquH','zHD/noticias/12/nkFfOid4pgAacsOjy1U2ASquH/imagens/','img2 (0173663001502445729).jpg',NULL,'imagem'),(289,'3veWzrOxgmrWPJD5Lt1TKbIKZ','zHD/noticias/12/3veWzrOxgmrWPJD5Lt1TKbIKZ/imagens/','capa.jpg',NULL,'capa'),(300,'nkFfOid4pgAacsOjy1U2ASquH','zHD/noticias/12/nkFfOid4pgAacsOjy1U2ASquH/imagens/','capa.jpg',NULL,'capa'),(298,'H5oCjW1nAeOm8dwTkhFvMKWcO','zHD/noticias/12/H5oCjW1nAeOm8dwTkhFvMKWcO/imagens/','img2 (0242609001502445224).jpg','Jovens ciclistas','imagem'),(299,'H5oCjW1nAeOm8dwTkhFvMKWcO','zHD/noticias/12/H5oCjW1nAeOm8dwTkhFvMKWcO/imagens/','img3 (0289656001502445224).jpg','Capoeira','imagem'),(293,'3veWzrOxgmrWPJD5Lt1TKbIKZ','zHD/noticias/12/3veWzrOxgmrWPJD5Lt1TKbIKZ/imagens/','not-ambulancias2 (0511996001502404695).jpg','Ambulâncias novas','imagem'),(294,'3veWzrOxgmrWPJD5Lt1TKbIKZ','zHD/noticias/12/3veWzrOxgmrWPJD5Lt1TKbIKZ/imagens/','not-ambulancias4 (0571006001502404695).jpg','Interior da ambulância','imagem'),(295,'3veWzrOxgmrWPJD5Lt1TKbIKZ','zHD/noticias/12/3veWzrOxgmrWPJD5Lt1TKbIKZ/imagens/','not-ambulancias3 (0615376001502404695).jpg','Interior da ambulância','imagem'),(296,'H5oCjW1nAeOm8dwTkhFvMKWcO','zHD/noticias/12/H5oCjW1nAeOm8dwTkhFvMKWcO/imagens/','capa.jpg',NULL,'capa'),(297,'H5oCjW1nAeOm8dwTkhFvMKWcO','zHD/noticias/12/H5oCjW1nAeOm8dwTkhFvMKWcO/imagens/','img4 (0208172001502445224).jpg','A vitória esperada','imagem'),(307,'WBW4OiRWVtpgBJvCZptwiMlG8','zHD/noticias/12/WBW4OiRWVtpgBJvCZptwiMlG8/imagens/','img2 (0208423001502446055).jpg',NULL,'imagem'),(308,'WBW4OiRWVtpgBJvCZptwiMlG8','zHD/noticias/12/WBW4OiRWVtpgBJvCZptwiMlG8/imagens/','img3 (0375633001502446055).jpg',NULL,'imagem'),(309,'WBW4OiRWVtpgBJvCZptwiMlG8','zHD/noticias/12/WBW4OiRWVtpgBJvCZptwiMlG8/imagens/','img4 (0417780001502446055).jpg',NULL,'imagem'),(310,'dRxlqLjQJIfcQ5b8EAEDqsVNk','zHD/noticias/12/dRxlqLjQJIfcQ5b8EAEDqsVNk/imagens/','img2 (0721146001502446326).jpg',NULL,'imagem'),(311,'dRxlqLjQJIfcQ5b8EAEDqsVNk','zHD/noticias/12/dRxlqLjQJIfcQ5b8EAEDqsVNk/imagens/','img5 (0793472001502446326).jpg',NULL,'imagem'),(312,'dRxlqLjQJIfcQ5b8EAEDqsVNk','zHD/noticias/12/dRxlqLjQJIfcQ5b8EAEDqsVNk/imagens/','img3 (0684401001502446326).jpg',NULL,'imagem'),(313,'dRxlqLjQJIfcQ5b8EAEDqsVNk','zHD/noticias/12/dRxlqLjQJIfcQ5b8EAEDqsVNk/imagens/','img4 (0816816001502446326).jpg',NULL,'imagem'),(314,'jd4tXsmYdexIfZR5A2iSxpj6R','zHD/noticias/12/jd4tXsmYdexIfZR5A2iSxpj6R/imagens/','capa.jpg',NULL,'capa'),(315,'jd4tXsmYdexIfZR5A2iSxpj6R','zHD/noticias/12/jd4tXsmYdexIfZR5A2iSxpj6R/imagens/','img2 (0539807001502446514).jpg',NULL,'imagem'),(316,'jd4tXsmYdexIfZR5A2iSxpj6R','zHD/noticias/12/jd4tXsmYdexIfZR5A2iSxpj6R/imagens/','img3 (0809492001502446514).jpg',NULL,'imagem'),(317,'jd4tXsmYdexIfZR5A2iSxpj6R','zHD/noticias/12/jd4tXsmYdexIfZR5A2iSxpj6R/imagens/','img4 (0613874001502446514).jpg',NULL,'imagem'),(318,'jd4tXsmYdexIfZR5A2iSxpj6R','zHD/noticias/12/jd4tXsmYdexIfZR5A2iSxpj6R/imagens/','img6 (0622052001502446514).jpg',NULL,'imagem'),(319,'jd4tXsmYdexIfZR5A2iSxpj6R','zHD/noticias/12/jd4tXsmYdexIfZR5A2iSxpj6R/arquivos/','refrigerante (0122719001502446572).pdf','Especialistas listam malefícios do refrigerante diet.','arquivo'),(320,'FdjhCLCXCB5Ja5PPnJ8gOU2DB','zHD/noticias/12/FdjhCLCXCB5Ja5PPnJ8gOU2DB/imagens/','capa.jpg','Ônibus Chinês','capa'),(321,'FdjhCLCXCB5Ja5PPnJ8gOU2DB','zHD/noticias/12/FdjhCLCXCB5Ja5PPnJ8gOU2DB/imagens/','img1 (0405893001502446763).jpg',NULL,'imagem'),(322,'FdjhCLCXCB5Ja5PPnJ8gOU2DB','zHD/noticias/12/FdjhCLCXCB5Ja5PPnJ8gOU2DB/imagens/','img4 (0721090001502446763).jpg',NULL,'imagem'),(323,'FdjhCLCXCB5Ja5PPnJ8gOU2DB','zHD/noticias/12/FdjhCLCXCB5Ja5PPnJ8gOU2DB/imagens/','img3 (0640173001502446763).jpg',NULL,'imagem'),(324,'FdjhCLCXCB5Ja5PPnJ8gOU2DB','zHD/noticias/12/FdjhCLCXCB5Ja5PPnJ8gOU2DB/imagens/','img5 (0709634001502446763).jpg',NULL,'imagem'),(325,'0vRMU5t9zWf4qv8hsYgsSRihm','zHD/noticias/12/0vRMU5t9zWf4qv8hsYgsSRihm/imagens/','capa.jpg',NULL,'capa'),(326,'WBW4OiRWVtpgBJvCZptwiMlG8','zHD/noticias/12/WBW4OiRWVtpgBJvCZptwiMlG8/imagens/','capa.jpg','Água com açúcar','capa'),(327,'dRxlqLjQJIfcQ5b8EAEDqsVNk','zHD/noticias/12/dRxlqLjQJIfcQ5b8EAEDqsVNk/imagens/','capa.jpg',NULL,'capa'),(331,'3veWzrOxgmrWPJD5Lt1TKbIKZ','zHD/noticias/12/3veWzrOxgmrWPJD5Lt1TKbIKZ/imagens/','Logo (0051620001504421581).jpg',NULL,'audio'),(337,'3veWzrOxgmrWPJD5Lt1TKbIKZ','zHD/noticias/12/3veWzrOxgmrWPJD5Lt1TKbIKZ/arquivos/','ambulancia (0378337001507637196).pdf','Ambulancia','arquivo'),(338,'3veWzrOxgmrWPJD5Lt1TKbIKZ','zHD/noticias/12/3veWzrOxgmrWPJD5Lt1TKbIKZ/arquivos/','ambulancia1 (0870112001507637308).pdf','Ambulância rotina de limpeza','arquivo'),(347,'OO3TY4qZitEmHLm2NZmILsNSa','zHD/noticias/12/OO3TY4qZitEmHLm2NZmILsNSa/imagens/','0537880001532119430.jpg','José Carlos (ilustrativo)','capa'),(354,'yHUoIBhLQjp1HhY9mVBLg9LxU','zHD/noticias/12/yHUoIBhLQjp1HhY9mVBLg9LxU/imagens/','0711214001510703485.jpg','Estrutura','capa'),(355,'zUixsiYAsmXAD0IlIdCiPUwv9','zHD/noticias/12/zUixsiYAsmXAD0IlIdCiPUwv9/imagens/','0450329001510708896.jpg','Missão, Visão e Valores','capa'),(350,'yHUoIBhLQjp1HhY9mVBLg9LxU','zHD/noticias/12/yHUoIBhLQjp1HhY9mVBLg9LxU/imagens/','estrutura1 (0986541001510703430).jpg',NULL,'imagem'),(351,'yHUoIBhLQjp1HhY9mVBLg9LxU','zHD/noticias/12/yHUoIBhLQjp1HhY9mVBLg9LxU/imagens/','estrutura4 (0694813001510703432).jpg',NULL,'imagem'),(352,'yHUoIBhLQjp1HhY9mVBLg9LxU','zHD/noticias/12/yHUoIBhLQjp1HhY9mVBLg9LxU/imagens/','estrutura3 (0413353001510703431).jpg',NULL,'imagem'),(353,'yHUoIBhLQjp1HhY9mVBLg9LxU','zHD/noticias/12/yHUoIBhLQjp1HhY9mVBLg9LxU/imagens/','estrutura5 (0105780001510703433).jpg',NULL,'imagem'),(356,'siNDIMMifiKcKHDPlpSjNCG9q','zHD/noticias/12/siNDIMMifiKcKHDPlpSjNCG9q/imagens/','0511566001510709147.jpg','Quem somos','capa'),(359,'WPm2gEIQTveq1P3aitBdPMcPC','zHD/noticias/12/WPm2gEIQTveq1P3aitBdPMcPC/imagens/','0310118001517309492.jpg',NULL,'capa'),(360,'OO3TY4qZitEmHLm2NZmILsNSa','zHD/noticias/12/OO3TY4qZitEmHLm2NZmILsNSa/imagens/','equipe1 (0866255001532119639).jpg',NULL,'imagem'),(361,'OO3TY4qZitEmHLm2NZmILsNSa','zHD/noticias/12/OO3TY4qZitEmHLm2NZmILsNSa/imagens/','equipe3 (0174458001532119640).jpg',NULL,'imagem'),(362,'OO3TY4qZitEmHLm2NZmILsNSa','zHD/noticias/12/OO3TY4qZitEmHLm2NZmILsNSa/imagens/','equipe4 (0203118001532119640).jpg',NULL,'imagem'),(363,'OO3TY4qZitEmHLm2NZmILsNSa','zHD/noticias/12/OO3TY4qZitEmHLm2NZmILsNSa/imagens/','equipe2 (0180696001532119640).jpg',NULL,'imagem');

--
-- Table structure for table `noticias_links`
--

CREATE TABLE `noticias_links` (
  `id` int(11) NOT NULL AUTO_INCREMENT,
  `codigo` varchar(25) NOT NULL,
  `titulo` text DEFAULT NULL,
  `link` text NOT NULL,
  PRIMARY KEY (`id`)
) ENGINE=MyISAM AUTO_INCREMENT=114 DEFAULT CHARSET=latin1 COLLATE=latin1_swedish_ci ROW_FORMAT=DYNAMIC;

--
-- Dumping data for table `noticias_links`
--

INSERT INTO `noticias_links` (`id`, `codigo`, `titulo`, `link`) VALUES (110,'i4uWc37UT2dnN8yFoKXTuTWAd','LINK','haha!'),(111,'H5oCjW1nAeOm8dwTkhFvMKWcO','O lado invisível na performance de um atleta','http://tribunaexpresso.pt/opiniao/2016-09-21-O-lado-invisivel-da-performance-de-um-atleta-o-papel-dos-pais?platform=hootsuite'),(112,'H5oCjW1nAeOm8dwTkhFvMKWcO','A inatividade física custa caro','http://www1.folha.uol.com.br/colunas/drauziovarella/2016/10/1818437-a-inatividade-fisica-custou-para-o-mundo-us-675-bilhoes.shtml'),(113,'WBW4OiRWVtpgBJvCZptwiMlG8','Matéria do Globo Rural sobre água com açúcar.','http://revistagloborural.globo.com/Noticias/noticia/2015/01/agua-com-acucar-acalma.html');

--
-- Table structure for table `noticias_videos`
--

CREATE TABLE `noticias_videos` (
  `id` int(11) NOT NULL AUTO_INCREMENT,
  `codigo` varchar(25) NOT NULL,
  `titulo` text DEFAULT NULL,
  `link` text NOT NULL,
  PRIMARY KEY (`id`)
) ENGINE=MyISAM AUTO_INCREMENT=122 DEFAULT CHARSET=latin1 COLLATE=latin1_swedish_ci ROW_FORMAT=DYNAMIC;

--
-- Dumping data for table `noticias_videos`
--

INSERT INTO `noticias_videos` (`id`, `codigo`, `titulo`, `link`) VALUES (111,'i4uWc37UT2dnN8yFoKXTuTWAd','Título do Vídeo','1Ngn3fZIK2E'),(112,'H5oCjW1nAeOm8dwTkhFvMKWcO','O esporte na vida da criança e adolescente','3luG6iJBaok'),(113,'H5oCjW1nAeOm8dwTkhFvMKWcO','A importância do esporte para a criança','yx1cGfwSBPQ'),(114,'WBW4OiRWVtpgBJvCZptwiMlG8','Água com açúcar acalma? ou verdade?','PmWyiIpDq_c'),(115,'WBW4OiRWVtpgBJvCZptwiMlG8','Água com açúcar acalma? Mito ou verdade?','PmWyiIpDq_c'),(116,'dRxlqLjQJIfcQ5b8EAEDqsVNk','Conheça melhor o mosquito da dengue','X8mcrkJSzIM'),(117,'jd4tXsmYdexIfZR5A2iSxpj6R','Regrigerante faz mal a saúde','jrt2Asc9LEY'),(118,'FdjhCLCXCB5Ja5PPnJ8gOU2DB','Vídeo 1 sobre o ônibus','C09tsvuMYwo'),(119,'FdjhCLCXCB5Ja5PPnJ8gOU2DB','Vídeo 2 sobre o ônibus','vfxTeNWKabU'),(120,'FdjhCLCXCB5Ja5PPnJ8gOU2DB','Vídeo 3 sobre o ônibus','lPdl3uxW3aI'),(121,'3veWzrOxgmrWPJD5Lt1TKbIKZ','Como funciona uma ambulância','39Ixz-DdEt0');

--
-- Table structure for table `ouvidoria`
--

CREATE TABLE `ouvidoria` (
  `id` int(11) NOT NULL AUTO_INCREMENT,
  `anonimo` int(11) NOT NULL DEFAULT 0,
  `finalidade` int(11) DEFAULT NULL,
  `status` int(11) NOT NULL DEFAULT 0,
  `pessoa` varchar(20) DEFAULT NULL,
  `nome` varchar(200) DEFAULT NULL,
  `documento` varchar(200) DEFAULT NULL,
  `email` varchar(300) DEFAULT NULL,
  `telefone` varchar(300) DEFAULT NULL,
  `cep` varchar(300) DEFAULT NULL,
  `endereco` varchar(300) DEFAULT NULL,
  `bairro` varchar(300) DEFAULT NULL,
  `complemento` varchar(300) DEFAULT NULL,
  `cidade` varchar(300) DEFAULT NULL,
  `uf` varchar(300) DEFAULT NULL,
  `codigo` varchar(25) DEFAULT NULL,
  `titulo` text DEFAULT NULL,
  `texto` text DEFAULT NULL,
  `protocolo` varchar(8) NOT NULL,
  `data` timestamp NOT NULL DEFAULT current_timestamp(),
  `entidade` int(11) NOT NULL,
  `envio` int(11) NOT NULL DEFAULT 0,
  PRIMARY KEY (`id`)
) ENGINE=MyISAM AUTO_INCREMENT=9722 DEFAULT CHARSET=latin1 COLLATE=latin1_swedish_ci ROW_FORMAT=DYNAMIC;

--
-- Dumping data for table `ouvidoria`
--


--
-- Table structure for table `ouvidoria_arquivos`
--

CREATE TABLE `ouvidoria_arquivos` (
  `id` int(11) NOT NULL AUTO_INCREMENT,
  `codigo` varchar(25) NOT NULL,
  `path` text NOT NULL,
  `arquivo` text NOT NULL,
  `legenda` text DEFAULT NULL,
  `tipo` varchar(50) DEFAULT NULL,
  `data` date DEFAULT NULL,
  PRIMARY KEY (`id`)
) ENGINE=MyISAM AUTO_INCREMENT=624 DEFAULT CHARSET=latin1 COLLATE=latin1_swedish_ci ROW_FORMAT=DYNAMIC;

--
-- Dumping data for table `ouvidoria_arquivos`
--


--
-- Table structure for table `ouvidoria_finalidades`
--

CREATE TABLE `ouvidoria_finalidades` (
  `id` int(11) NOT NULL AUTO_INCREMENT,
  `nome` varchar(250) NOT NULL,
  `entidade` int(11) NOT NULL DEFAULT 0,
  PRIMARY KEY (`id`)
) ENGINE=MyISAM AUTO_INCREMENT=163 DEFAULT CHARSET=latin1 COLLATE=latin1_swedish_ci ROW_FORMAT=DYNAMIC;

--
-- Dumping data for table `ouvidoria_finalidades`
--

INSERT INTO `ouvidoria_finalidades` (`id`, `nome`, `entidade`) VALUES (1,'Críticas',12),(155,'Denúncias',12),(156,'Elogios',12),(157,'Reclamações',12),(158,'Solicitações',12),(159,'Sugestões',12),(161,'Críticas',12);

--
-- Table structure for table `ouvidoria_respostas`
--

CREATE TABLE `ouvidoria_respostas` (
  `id` int(11) NOT NULL AUTO_INCREMENT,
  `ouvidoria` int(11) NOT NULL DEFAULT 0,
  `usuario` int(11) NOT NULL DEFAULT 0,
  `resposta` text NOT NULL,
  `codigo` varchar(25) NOT NULL,
  `data` timestamp NOT NULL DEFAULT current_timestamp() ON UPDATE current_timestamp(),
  PRIMARY KEY (`id`)
) ENGINE=MyISAM AUTO_INCREMENT=188 DEFAULT CHARSET=latin1 COLLATE=latin1_swedish_ci ROW_FORMAT=DYNAMIC;

--
-- Dumping data for table `ouvidoria_respostas`
--


--
-- Table structure for table `ouvidoria_status`
--

CREATE TABLE `ouvidoria_status` (
  `id` int(11) NOT NULL AUTO_INCREMENT,
  `nome` varchar(250) NOT NULL,
  `entidade` int(11) NOT NULL DEFAULT 0,
  `padrao` int(11) NOT NULL DEFAULT 0,
  PRIMARY KEY (`id`)
) ENGINE=MyISAM AUTO_INCREMENT=162 DEFAULT CHARSET=latin1 COLLATE=latin1_swedish_ci ROW_FORMAT=DYNAMIC;

--
-- Dumping data for table `ouvidoria_status`
--

INSERT INTO `ouvidoria_status` (`id`, `nome`, `entidade`, `padrao`) VALUES (1,'Pendente',12,0),(2,'Finalizado',12,0),(160,'Recebido',12,1);

--
-- Table structure for table `popup`
--

CREATE TABLE `popup` (
  `id` int(11) NOT NULL AUTO_INCREMENT,
  `usuario` int(11) NOT NULL DEFAULT 0,
  `titulo` text NOT NULL,
  `link` text DEFAULT NULL,
  `tag` text NOT NULL,
  `texto` text DEFAULT NULL,
  `codigo` varchar(25) NOT NULL,
  `secao` int(11) NOT NULL,
  `data` datetime DEFAULT current_timestamp(),
  `entidade` int(11) NOT NULL,
  `imagem` int(11) DEFAULT 0,
  `status` int(11) DEFAULT 1,
  `contador` int(11) DEFAULT 0,
  `app_id` int(11) DEFAULT 0,
  `app_alvo` int(11) DEFAULT 0,
  PRIMARY KEY (`id`)
) ENGINE=MyISAM AUTO_INCREMENT=406 DEFAULT CHARSET=latin1 COLLATE=latin1_swedish_ci ROW_FORMAT=DYNAMIC;

--
-- Dumping data for table `popup`
--

INSERT INTO `popup` (`id`, `usuario`, `titulo`, `link`, `tag`, `texto`, `codigo`, `secao`, `data`, `entidade`, `imagem`, `status`, `contador`, `app_id`, `app_alvo`) VALUES (398,1,'Natal','','natal','<p>teste</p>','v4o05ddcRD0rJyJC4XfVtL7A9',157,'2018-06-01 00:00:00',12,0,1,48,0,0),(404,3,'Notícias ou Enquetes','pag.php?pg=blog/view&tag=chegaaomunicipionovasambulanciasadquiridaspeloprefeito','noticiasouenquetes','','g2h3vZTgRPPst31F6kN95ddVq',157,'2017-10-10 00:00:00',12,0,0,85,12,392);

--
-- Table structure for table `popup_arquivos`
--

CREATE TABLE `popup_arquivos` (
  `id` int(11) NOT NULL AUTO_INCREMENT,
  `codigo` varchar(25) NOT NULL,
  `path` text NOT NULL,
  `arquivo` text NOT NULL,
  `legenda` text DEFAULT NULL,
  `tipo` varchar(50) DEFAULT NULL,
  PRIMARY KEY (`id`)
) ENGINE=MyISAM AUTO_INCREMENT=355 DEFAULT CHARSET=latin1 COLLATE=latin1_swedish_ci ROW_FORMAT=DYNAMIC;

--
-- Dumping data for table `popup_arquivos`
--

INSERT INTO `popup_arquivos` (`id`, `codigo`, `path`, `arquivo`, `legenda`, `tipo`) VALUES (352,'v4o05ddcRD0rJyJC4XfVtL7A9','zHD/popup/12/v4o05ddcRD0rJyJC4XfVtL7A9/','popup-natal1 (0456271001505211848).jpg',NULL,'imagem');

--
-- Table structure for table `popup_secoes`
--

CREATE TABLE `popup_secoes` (
  `id` int(11) NOT NULL AUTO_INCREMENT,
  `nome` varchar(250) NOT NULL,
  `entidade` int(11) NOT NULL DEFAULT 0,
  PRIMARY KEY (`id`)
) ENGINE=MyISAM AUTO_INCREMENT=158 DEFAULT CHARSET=latin1 COLLATE=latin1_swedish_ci ROW_FORMAT=DYNAMIC;

--
-- Dumping data for table `popup_secoes`
--

INSERT INTO `popup_secoes` (`id`, `nome`, `entidade`) VALUES (157,'Home',12);

--
-- Table structure for table `popup_setup`
--

CREATE TABLE `popup_setup` (
  `id` int(11) NOT NULL AUTO_INCREMENT,
  `abertura` int(11) NOT NULL,
  `intervalo` int(11) NOT NULL DEFAULT 0,
  `cache` int(11) NOT NULL DEFAULT 0,
  `entidade` int(11) NOT NULL DEFAULT 0,
  PRIMARY KEY (`id`)
) ENGINE=MyISAM AUTO_INCREMENT=157 DEFAULT CHARSET=latin1 COLLATE=latin1_swedish_ci ROW_FORMAT=DYNAMIC;

--
-- Dumping data for table `popup_setup`
--

INSERT INTO `popup_setup` (`id`, `abertura`, `intervalo`, `cache`, `entidade`) VALUES (155,0,60,0,12),(156,15,600,0,14);

--
-- Table structure for table `videos`
--

CREATE TABLE `videos` (
  `id` int(11) NOT NULL AUTO_INCREMENT,
  `data` timestamp NOT NULL DEFAULT current_timestamp(),
  `secao` varchar(100) NOT NULL DEFAULT '0',
  `titulo` text NOT NULL,
  `descricao` text DEFAULT NULL,
  `codigo` varchar(100) NOT NULL,
  `entidade` int(11) NOT NULL DEFAULT 0,
  PRIMARY KEY (`id`)
) ENGINE=MyISAM AUTO_INCREMENT=52 DEFAULT CHARSET=latin1 COLLATE=latin1_swedish_ci ROW_FORMAT=DYNAMIC;

--
-- Dumping data for table `videos`
--

INSERT INTO `videos` (`id`, `data`, `secao`, `titulo`, `descricao`, `codigo`, `entidade`) VALUES (46,'2015-05-05 03:00:00','Vídeos','Construção de ponte','Construção de ponte pré-moldada','LhyOMK9RTjE',12),(48,'2017-08-13 03:00:00','Vídeos','Concreto leve','Concreto leve','iMi3pE8n1E0',12),(49,'2017-08-13 03:00:00','Vídeos','Campanha contra a dengue','Campanha contra a dengue','7g9Iwcf0Tj4',12),(50,'2017-09-04 03:00:00','Vídeos','Construção de estrada','Construção de estrada na Austrália','cV1Q6X9znzw',12);

--
-- Dumping events for database 'jpwnet_leg'
--

--
-- Dumping routines for database 'jpwnet_leg'
--


