
--
-- Table structure for table `noticias_arquivos`
--

CREATE TABLE `noticias_arquivos` (
  `id` int(11) NOT NULL AUTO_INCREMENT,
  `codigo` varchar(25) NOT NULL,
  `path` text NOT NULL,
  `arquivo` text NOT NULL,
  `legenda` text DEFAULT NULL,
  `tipo` varchar(50) DEFAULT NULL,
  PRIMARY KEY (`id`),
  KEY `codigo` (`codigo`)
) ENGINE=MyISAM AUTO_INCREMENT=880 DEFAULT CHARSET=latin1 COLLATE=latin1_swedish_ci;

--
-- Dumping data for table `noticias_arquivos`
--

INSERT INTO `noticias_arquivos` (`id`, `codigo`, `path`, `arquivo`, `legenda`, `tipo`) VALUES (306,'0vRMU5t9zWf4qv8hsYgsSRihm','zHD/noticias/12/0vRMU5t9zWf4qv8hsYgsSRihm/imagens/','img4 (0209543001502445864).jpg',NULL,'imagem'),(305,'0vRMU5t9zWf4qv8hsYgsSRihm','zHD/noticias/12/0vRMU5t9zWf4qv8hsYgsSRihm/imagens/','img3 (0188581001502445864).jpg',NULL,'imagem'),(304,'0vRMU5t9zWf4qv8hsYgsSRihm','zHD/noticias/12/0vRMU5t9zWf4qv8hsYgsSRihm/imagens/','img2 (0914626001502445863).jpg',NULL,'imagem'),(303,'nkFfOid4pgAacsOjy1U2ASquH','zHD/noticias/12/nkFfOid4pgAacsOjy1U2ASquH/imagens/','img3 (0390870001502445729).jpg',NULL,'imagem'),(302,'nkFfOid4pgAacsOjy1U2ASquH','zHD/noticias/12/nkFfOid4pgAacsOjy1U2ASquH/imagens/','img4 (0388732001502445729).jpg',NULL,'imagem'),(301,'nkFfOid4pgAacsOjy1U2ASquH','zHD/noticias/12/nkFfOid4pgAacsOjy1U2ASquH/imagens/','img2 (0173663001502445729).jpg',NULL,'imagem'),(300,'nkFfOid4pgAacsOjy1U2ASquH','zHD/noticias/12/nkFfOid4pgAacsOjy1U2ASquH/imagens/','capa.jpg',NULL,'capa'),(298,'H5oCjW1nAeOm8dwTkhFvMKWcO','zHD/noticias/12/H5oCjW1nAeOm8dwTkhFvMKWcO/imagens/','img2 (0242609001502445224).jpg','Jovens ciclistas','imagem'),(299,'H5oCjW1nAeOm8dwTkhFvMKWcO','zHD/noticias/12/H5oCjW1nAeOm8dwTkhFvMKWcO/imagens/','img3 (0289656001502445224).jpg','Capoeira','imagem'),(831,'hHoFaacV6BZyjkLiN7eIYHBsB','zHD/noticias/1/hHoFaacV6BZyjkLiN7eIYHBsB/imagens/','0580267001681163114.jpg',NULL,'capa'),(829,'msT925OAYBLLOoh7J9zJdW3gi','zHD/noticias/1/msT925OAYBLLOoh7J9zJdW3gi/imagens/','0889594001681151486.jpg',NULL,'capa'),(827,'pfcXF9bNUHB8awoEeOo1wbkQl','zHD/noticias/1/pfcXF9bNUHB8awoEeOo1wbkQl/imagens/','0352836001681150935.jpg',NULL,'capa'),(828,'9kmWtUTy4hd0F7z1Lobme5HyJ','zHD/noticias/1/9kmWtUTy4hd0F7z1Lobme5HyJ/imagens/','0495779001681151188.jpg',NULL,'capa'),(296,'H5oCjW1nAeOm8dwTkhFvMKWcO','zHD/noticias/12/H5oCjW1nAeOm8dwTkhFvMKWcO/imagens/','capa.jpg',NULL,'capa'),(297,'H5oCjW1nAeOm8dwTkhFvMKWcO','zHD/noticias/12/H5oCjW1nAeOm8dwTkhFvMKWcO/imagens/','img4 (0208172001502445224).jpg','A vitória esperada','imagem'),(307,'WBW4OiRWVtpgBJvCZptwiMlG8','zHD/noticias/12/WBW4OiRWVtpgBJvCZptwiMlG8/imagens/','img2 (0208423001502446055).jpg',NULL,'imagem'),(308,'WBW4OiRWVtpgBJvCZptwiMlG8','zHD/noticias/12/WBW4OiRWVtpgBJvCZptwiMlG8/imagens/','img3 (0375633001502446055).jpg',NULL,'imagem'),(309,'WBW4OiRWVtpgBJvCZptwiMlG8','zHD/noticias/12/WBW4OiRWVtpgBJvCZptwiMlG8/imagens/','img4 (0417780001502446055).jpg',NULL,'imagem'),(310,'dRxlqLjQJIfcQ5b8EAEDqsVNk','zHD/noticias/12/dRxlqLjQJIfcQ5b8EAEDqsVNk/imagens/','img2 (0721146001502446326).jpg',NULL,'imagem'),(311,'dRxlqLjQJIfcQ5b8EAEDqsVNk','zHD/noticias/12/dRxlqLjQJIfcQ5b8EAEDqsVNk/imagens/','img5 (0793472001502446326).jpg',NULL,'imagem'),(312,'dRxlqLjQJIfcQ5b8EAEDqsVNk','zHD/noticias/12/dRxlqLjQJIfcQ5b8EAEDqsVNk/imagens/','img3 (0684401001502446326).jpg',NULL,'imagem'),(313,'dRxlqLjQJIfcQ5b8EAEDqsVNk','zHD/noticias/12/dRxlqLjQJIfcQ5b8EAEDqsVNk/imagens/','img4 (0816816001502446326).jpg',NULL,'imagem'),(314,'jd4tXsmYdexIfZR5A2iSxpj6R','zHD/noticias/12/jd4tXsmYdexIfZR5A2iSxpj6R/imagens/','capa.jpg',NULL,'capa'),(315,'jd4tXsmYdexIfZR5A2iSxpj6R','zHD/noticias/12/jd4tXsmYdexIfZR5A2iSxpj6R/imagens/','img2 (0539807001502446514).jpg',NULL,'imagem'),(316,'jd4tXsmYdexIfZR5A2iSxpj6R','zHD/noticias/12/jd4tXsmYdexIfZR5A2iSxpj6R/imagens/','img3 (0809492001502446514).jpg',NULL,'imagem'),(317,'jd4tXsmYdexIfZR5A2iSxpj6R','zHD/noticias/12/jd4tXsmYdexIfZR5A2iSxpj6R/imagens/','img4 (0613874001502446514).jpg',NULL,'imagem'),(318,'jd4tXsmYdexIfZR5A2iSxpj6R','zHD/noticias/12/jd4tXsmYdexIfZR5A2iSxpj6R/imagens/','img6 (0622052001502446514).jpg',NULL,'imagem'),(319,'jd4tXsmYdexIfZR5A2iSxpj6R','zHD/noticias/12/jd4tXsmYdexIfZR5A2iSxpj6R/arquivos/','refrigerante (0122719001502446572).pdf','Especialistas listam malefícios do refrigerante diet.','arquivo'),(325,'0vRMU5t9zWf4qv8hsYgsSRihm','zHD/noticias/12/0vRMU5t9zWf4qv8hsYgsSRihm/imagens/','capa.jpg',NULL,'capa'),(326,'WBW4OiRWVtpgBJvCZptwiMlG8','zHD/noticias/12/WBW4OiRWVtpgBJvCZptwiMlG8/imagens/','capa.jpg',NULL,'capa'),(327,'dRxlqLjQJIfcQ5b8EAEDqsVNk','zHD/noticias/1/dRxlqLjQJIfcQ5b8EAEDqsVNk/imagens/','0356261001683832841.jpg',NULL,'capa'),(830,'jIjZ1GdKdoxLQF7mJtXdIP1O5','zHD/noticias/1/jIjZ1GdKdoxLQF7mJtXdIP1O5/imagens/','0028876001681151783.jpg',NULL,'capa'),(825,'l6HiZ7WaYti921AiZAMRHwEJJ','zHD/noticias/1/l6HiZ7WaYti921AiZAMRHwEJJ/imagens/','0477239001683819299.jpg',NULL,'capa'),(867,'AYalNvRlRMWvMBPNsjvmzeWBy','zHD/noticias/1/AYalNvRlRMWvMBPNsjvmzeWBy/imagens/','0867462001683480113.jpg',NULL,'capa'),(822,'eO4uHkR7r30dIK7pCeYuizLql','zHD/noticias/1/eO4uHkR7r30dIK7pCeYuizLql/imagens/','0051003001681147538.jpg',NULL,'capa'),(823,'emsSel9x3HhIksBIOvttNvdMP','zHD/noticias/1/emsSel9x3HhIksBIOvttNvdMP/imagens/','0077367001681529598.jpg',NULL,'capa'),(824,'wmwOg7POfT9psWEfV6mPdfZFj','zHD/noticias/1/wmwOg7POfT9psWEfV6mPdfZFj/imagens/','0469722001681530651.jpg',NULL,'capa'),(348,'03hhD2dUwOxq6oJHTmE8c1UlX','zHD/noticias/12/03hhD2dUwOxq6oJHTmE8c1UlX/imagens/','0512567001522833660.jpg',NULL,'capa'),(853,'wmwOg7POfT9psWEfV6mPdfZFj','zHD/noticias/1/wmwOg7POfT9psWEfV6mPdfZFj/arquivos/','Documento Ilustrativo 1 (0509575001681608616).pdf',NULL,'arquivo'),(833,'xzn8R63TJe36RUilugz1zl97w','zHD/noticias/1/xzn8R63TJe36RUilugz1zl97w/imagens/','0541718001681171833.jpg',NULL,'capa'),(834,'JLhEqgy3oepK0FAnU2pTW1bhg','zHD/noticias/1/JLhEqgy3oepK0FAnU2pTW1bhg/imagens/','0685867001681171913.jpg',NULL,'capa'),(835,'xpQQnmz7vBri8MeVVaztVK2eK','zHD/noticias/1/xpQQnmz7vBri8MeVVaztVK2eK/imagens/','0015087001681172218.jpg',NULL,'capa'),(854,'wmwOg7POfT9psWEfV6mPdfZFj','zHD/noticias/1/wmwOg7POfT9psWEfV6mPdfZFj/arquivos/','Documento Ilustrativo 2 (0516212001681608616).pdf',NULL,'arquivo'),(852,'wmwOg7POfT9psWEfV6mPdfZFj','zHD/noticias/1/wmwOg7POfT9psWEfV6mPdfZFj/imagens/','NOT-PROPOSTA3 (0785691001681608462).jpg',NULL,'imagem'),(851,'wmwOg7POfT9psWEfV6mPdfZFj','zHD/noticias/1/wmwOg7POfT9psWEfV6mPdfZFj/imagens/','NOT-PROPOSTA2 (0783774001681608462).jpg',NULL,'imagem'),(359,'pa1Y6pKXTPAWBLeUmeFWoOxNf','zHD/noticias/1/pa1Y6pKXTPAWBLeUmeFWoOxNf/imagens/','0076699001683832414.jpg',NULL,'capa'),(832,'NkK5afABZXw74GtbjA6A4c2ic','zHD/noticias/1/NkK5afABZXw74GtbjA6A4c2ic/imagens/','0523379001683831705.jpg',NULL,'capa'),(630,'AIRHbATB9fHrnIjO8u3nvi91s','zHD/noticias/16/AIRHbATB9fHrnIjO8u3nvi91s/imagens/','0023442001601515682.jpg',NULL,'capa'),(629,'Ph85JeIp2am1dBVxfgOywcaPx','zHD/noticias/16/Ph85JeIp2am1dBVxfgOywcaPx/imagens/','0825397001601515548.jpg',NULL,'capa'),(628,'XDRSEqXA7cO26fxGs2ASuY5KO','zHD/noticias/16/XDRSEqXA7cO26fxGs2ASuY5KO/imagens/','0859310001601515441.jpg',NULL,'capa'),(366,'dxAzX2231SQwk7WxP1JTPte3i','zHD/noticias/17/dxAzX2231SQwk7WxP1JTPte3i/imagens/','0650668001537579436.jpg','Meio Ambiente','capa'),(367,'dxAzX2231SQwk7WxP1JTPte3i','zHD/noticias/17/dxAzX2231SQwk7WxP1JTPte3i/imagens/','mam2 (0212008001537579445).jpg','Meio Ambiente','imagem'),(368,'dxAzX2231SQwk7WxP1JTPte3i','zHD/noticias/17/dxAzX2231SQwk7WxP1JTPte3i/imagens/','mam5 (0458200001537579446).jpg','Meio Ambiente','imagem'),(369,'dxAzX2231SQwk7WxP1JTPte3i','zHD/noticias/17/dxAzX2231SQwk7WxP1JTPte3i/imagens/','mam3 (0523299001537579446).jpg','Meio Ambiente','imagem'),(370,'dxAzX2231SQwk7WxP1JTPte3i','zHD/noticias/17/dxAzX2231SQwk7WxP1JTPte3i/imagens/','mam1 (0501795001537579446).jpg','Meio Ambiente','imagem'),(371,'dxAzX2231SQwk7WxP1JTPte3i','zHD/noticias/17/dxAzX2231SQwk7WxP1JTPte3i/imagens/','mam4 (0611747001537579446).jpg','Meio Ambiente','imagem'),(372,'dxAzX2231SQwk7WxP1JTPte3i','zHD/noticias/17/dxAzX2231SQwk7WxP1JTPte3i/imagens/','mam6 (0705887001537579450).jpg','Meio Ambiente','imagem'),(373,'dxAzX2231SQwk7WxP1JTPte3i','zHD/noticias/17/dxAzX2231SQwk7WxP1JTPte3i/imagens/','mam7 (0613933001537579451).jpg','Meio Ambiente','imagem'),(374,'dxAzX2231SQwk7WxP1JTPte3i','zHD/noticias/17/dxAzX2231SQwk7WxP1JTPte3i/imagens/','mam8 (0615769001537579451).jpg','Meio Ambiente','imagem'),(375,'dxAzX2231SQwk7WxP1JTPte3i','zHD/noticias/17/dxAzX2231SQwk7WxP1JTPte3i/arquivos/','Sustentabilidade Ambiental (0239769001537579859).pdf','Sustentabilidade Ambiental','arquivo'),(376,'3tCgm8KKZnoI2dOVXeQYJn1vw','zHD/noticias/17/3tCgm8KKZnoI2dOVXeQYJn1vw/imagens/','0000534001537604547.jpg','Ceerrado','capa'),(377,'0TAlntrQnKMvMDgiSpcCEM6VY','zHD/noticias/17/0TAlntrQnKMvMDgiSpcCEM6VY/imagens/','0237832001537604982.jpg','Insetos','capa'),(378,'sUFlagTwO0uyjoZsPbfOv9RCw','zHD/noticias/17/sUFlagTwO0uyjoZsPbfOv9RCw/imagens/','0615721001537605219.jpg','Aquecimento','capa'),(379,'QIo6rLNCmPWF2kQsMm4zX5vPj','zHD/noticias/17/QIo6rLNCmPWF2kQsMm4zX5vPj/imagens/','0269616001537605517.jpg','Abelha polinizando uma flor  (SumikoPhoto/Thinkstock)','capa'),(380,'d9OWeXN45XaHqqPMxWijLlk9I','zHD/noticias/17/d9OWeXN45XaHqqPMxWijLlk9I/imagens/','0456714001537605821.jpg',NULL,'capa'),(381,'YUtFKmAAOcZp3n0VM2C5GqKI6','zHD/noticias/17/YUtFKmAAOcZp3n0VM2C5GqKI6/imagens/','0557695001537611011.jpg','Saco de lixo degradável','capa'),(382,'w47OSlChzg8nE55utdMscMej9','zHD/noticias/17/w47OSlChzg8nE55utdMscMej9/imagens/','0348186001537611214.jpg',NULL,'capa'),(383,'2EvvVkk2DDevg6n9gOZUwL1HR','zHD/noticias/17/2EvvVkk2DDevg6n9gOZUwL1HR/imagens/','0496399001537713296.jpg',NULL,'capa'),(384,'om9soIZlb8nXHDgbEPBTIzkUt','zHD/noticias/17/om9soIZlb8nXHDgbEPBTIzkUt/imagens/','0709216001537713600.jpg',NULL,'capa'),(385,'9WNxKPQPmYVIc5jrXuxkWIeHL','zHD/noticias/17/9WNxKPQPmYVIc5jrXuxkWIeHL/imagens/','0396191001537713779.jpg',NULL,'capa'),(403,'MONgmkez7k5VAE2l1QC0ggfd9','zHD/noticias/16/MONgmkez7k5VAE2l1QC0ggfd9/imagens/','0394514001537945681.jpg','Educação a Jovens e Adultos EJA','capa'),(404,'MONgmkez7k5VAE2l1QC0ggfd9','zHD/noticias/16/MONgmkez7k5VAE2l1QC0ggfd9/imagens/','img-escolas (0764466001537945704).jpg','Escolas do Município','imagem'),(405,'MONgmkez7k5VAE2l1QC0ggfd9','zHD/noticias/16/MONgmkez7k5VAE2l1QC0ggfd9/imagens/','img-escolas4 (0277681001537945705).jpg','Escolas do Município','imagem'),(406,'MONgmkez7k5VAE2l1QC0ggfd9','zHD/noticias/16/MONgmkez7k5VAE2l1QC0ggfd9/imagens/','img-escolas2 (0473762001537945705).jpg','Escolas do Município','imagem'),(407,'MONgmkez7k5VAE2l1QC0ggfd9','zHD/noticias/16/MONgmkez7k5VAE2l1QC0ggfd9/imagens/','img-escolas3 (0494895001537945705).jpg','Escolas do Município','imagem'),(408,'MONgmkez7k5VAE2l1QC0ggfd9','zHD/noticias/16/MONgmkez7k5VAE2l1QC0ggfd9/arquivos/','ilustrativo1 (0082702001537945765).pdf','Ilustrativo 1','arquivo'),(409,'MONgmkez7k5VAE2l1QC0ggfd9','zHD/noticias/16/MONgmkez7k5VAE2l1QC0ggfd9/arquivos/','ilustrativo2 (0320276001537945765).pdf','Ilustrativo 2','arquivo'),(410,'MONgmkez7k5VAE2l1QC0ggfd9','zHD/noticias/16/MONgmkez7k5VAE2l1QC0ggfd9/arquivos/','ilustrativo3 (0327954001537945765).pdf','Ilustrativo 3','arquivo'),(627,'tz0ZEn8ukQApdVM7oZgYFezev','zHD/noticias/16/tz0ZEn8ukQApdVM7oZgYFezev/imagens/','0275782001601515331.jpg',NULL,'capa'),(626,'Pjlh088WGNuvyet6D9YlLLZGN','zHD/noticias/16/Pjlh088WGNuvyet6D9YlLLZGN/imagens/','0800045001601515245.jpg',NULL,'capa'),(625,'bqhGPwALDiSNEApw6LMEz8cqh','zHD/noticias/16/bqhGPwALDiSNEApw6LMEz8cqh/imagens/','0936881001601515037.jpg',NULL,'capa'),(624,'wTc7PM3uWOI8zP0AQI1nwD0G2','zHD/noticias/16/wTc7PM3uWOI8zP0AQI1nwD0G2/imagens/','0180510001601514673.jpg',NULL,'capa'),(450,'zpJLd1kM5aVVBVhLAbyuSKDlK','zHD/noticias/16/zpJLd1kM5aVVBVhLAbyuSKDlK/imagens/','0699828001538248892.jpg',NULL,'capa'),(451,'EicXywMF39kOUYWR6PxYydgYe','zHD/noticias/16/EicXywMF39kOUYWR6PxYydgYe/imagens/','0768834001538249434.jpg',NULL,'capa'),(453,'T0dZforlxxW0Z37PexPc41GHO','zHD/noticias/23/T0dZforlxxW0Z37PexPc41GHO/imagens/','0357553001538413701.jpg','Publicações','capa'),(454,'T0dZforlxxW0Z37PexPc41GHO','zHD/noticias/23/T0dZforlxxW0Z37PexPc41GHO/imagens/','amb2 (0726227001538413716).jpg','Publicações','imagem'),(455,'T0dZforlxxW0Z37PexPc41GHO','zHD/noticias/23/T0dZforlxxW0Z37PexPc41GHO/imagens/','amb3 (0141695001538413717).jpg','Publicações','imagem'),(456,'T0dZforlxxW0Z37PexPc41GHO','zHD/noticias/23/T0dZforlxxW0Z37PexPc41GHO/imagens/','amb4 (0141080001538413717).jpg','Publicações','imagem'),(457,'T0dZforlxxW0Z37PexPc41GHO','zHD/noticias/23/T0dZforlxxW0Z37PexPc41GHO/imagens/','amb5 (0620059001538413717).jpg','Publicações','imagem'),(458,'T0dZforlxxW0Z37PexPc41GHO','zHD/noticias/23/T0dZforlxxW0Z37PexPc41GHO/arquivos/','ilustrativo2 (0218958001538413836).pdf','Ilustrativo 1','arquivo'),(459,'T0dZforlxxW0Z37PexPc41GHO','zHD/noticias/23/T0dZforlxxW0Z37PexPc41GHO/arquivos/','ilustrativo4 (0346312001538413836).pdf','Ilustrativo 2','arquivo'),(460,'T0dZforlxxW0Z37PexPc41GHO','zHD/noticias/23/T0dZforlxxW0Z37PexPc41GHO/arquivos/','ilustrativo3 (0348066001538413836).pdf','Ilustrativo 3','arquivo'),(461,'gehijf1wxuO2Etkt6oOf1RQda','zHD/noticias/23/gehijf1wxuO2Etkt6oOf1RQda/imagens/','0357684001538430534.jpg',NULL,'capa'),(462,'bo8OeomT2dWIHoCnf6IAbT3FW','zHD/noticias/23/bo8OeomT2dWIHoCnf6IAbT3FW/imagens/','0565074001538430581.jpg',NULL,'capa'),(463,'WGWNAqgHiGOzlqZ19zVo1plLc','zHD/noticias/23/WGWNAqgHiGOzlqZ19zVo1plLc/imagens/','0262168001538430644.jpg',NULL,'capa'),(464,'jVikGQJ5hyb2RvhtyI3pyQbvp','zHD/noticias/23/jVikGQJ5hyb2RvhtyI3pyQbvp/imagens/','0072642001538430689.jpg',NULL,'capa'),(465,'kSAQ2qJnxDvQw4uFmEF1Jvswd','zHD/noticias/23/kSAQ2qJnxDvQw4uFmEF1Jvswd/imagens/','0264182001538430917.jpg',NULL,'capa'),(466,'ZKXuZKPzYHp2jkadcuMXUJGH6','zHD/noticias/23/ZKXuZKPzYHp2jkadcuMXUJGH6/imagens/','0315597001538430969.jpg',NULL,'capa'),(467,'flzW4GZRQhZ6nRmqOkVwsaeg1','zHD/noticias/23/flzW4GZRQhZ6nRmqOkVwsaeg1/imagens/','0462070001538431028.jpg',NULL,'capa'),(631,'NeF1wqByLCh73tHh4IP8xC9zZ','zHD/noticias/16/NeF1wqByLCh73tHh4IP8xC9zZ/imagens/','0523394001601515833.jpg',NULL,'capa'),(473,'Kk7FNUNimJMY044zYaMpiRyQF','zHD/noticias/16/Kk7FNUNimJMY044zYaMpiRyQF/imagens/','0442084001539580762.jpg','Enem','capa'),(849,'wmwOg7POfT9psWEfV6mPdfZFj','zHD/noticias/1/wmwOg7POfT9psWEfV6mPdfZFj/imagens/','NOT-PROPOSTA1 (0513132001681608462).jpg',NULL,'imagem'),(842,'emsSel9x3HhIksBIOvttNvdMP','zHD/noticias/1/emsSel9x3HhIksBIOvttNvdMP/imagens/','NOT-ESCOLA2 (0139773001681530101).jpg',NULL,'imagem'),(850,'wmwOg7POfT9psWEfV6mPdfZFj','zHD/noticias/1/wmwOg7POfT9psWEfV6mPdfZFj/imagens/','NOT-PROPOSTA (0530319001681608462).jpg',NULL,'imagem'),(480,'3hgq7T5B9wrHF8ubEa7NSv2sv','zHD/noticias/12/3hgq7T5B9wrHF8ubEa7NSv2sv/imagens/','0008412001591346086.jpg',NULL,'capa'),(623,'033VlQMJAjvL73iUSN01sIoxu','zHD/noticias/25/033VlQMJAjvL73iUSN01sIoxu/imagens/','0331728001600590104.jpg',NULL,'capa'),(634,'U49694gTXmE40REYG2PNTd2wL','zHD/noticias/25/U49694gTXmE40REYG2PNTd2wL/imagens/','0746290001602479343.jpg',NULL,'capa'),(632,'LXSs6WLXfdMpDYemVprlBwYUE','zHD/noticias/16/LXSs6WLXfdMpDYemVprlBwYUE/imagens/','0164044001601515946.jpg',NULL,'capa'),(633,'SIzXjrvsWhA7TQPUjj1Ch118N','zHD/noticias/16/SIzXjrvsWhA7TQPUjj1Ch118N/imagens/','0093237001601516064.jpg',NULL,'capa'),(622,'fUSaZoKT4w8WbglvaZLKApHtR','zHD/noticias/25/fUSaZoKT4w8WbglvaZLKApHtR/imagens/','0514044001600589732.jpg',NULL,'capa'),(492,'RDp0ADw4RE6FJOJ7A6DJO0Bbi','zHD/noticias/25/RDp0ADw4RE6FJOJ7A6DJO0Bbi/imagens/','0576561001591673501.jpg',NULL,'capa'),(493,'0SWax5dT6Us11mJh7FgjyIYMG','zHD/noticias/25/0SWax5dT6Us11mJh7FgjyIYMG/imagens/','0175722001591850314.jpg',NULL,'capa'),(494,'C8E3Bx15GTJuONVXw7tp1fWJB','zHD/noticias/25/C8E3Bx15GTJuONVXw7tp1fWJB/imagens/','0429541001591674281.jpg',NULL,'capa'),(680,'oKgx8mWPongtjkML6k6zWG0ZU','zHD/noticias/16/oKgx8mWPongtjkML6k6zWG0ZU/arquivos/','Documento Ilustrativo 1 (0502797001610526306).pdf','Calendário Anual (ilustrativo)','arquivo'),(679,'oKgx8mWPongtjkML6k6zWG0ZU','zHD/noticias/16/oKgx8mWPongtjkML6k6zWG0ZU/arquivos/','Documento Ilustrativo 5 (0498780001610526306).pdf','Regimento Escolar (ilustrativo)','arquivo'),(635,'gD0mYIZHRGRhuLMfKGDkzXPxF','zHD/noticias/25/gD0mYIZHRGRhuLMfKGDkzXPxF/imagens/','0192957001602479542.jpg',NULL,'capa'),(636,'Nt7DUemVhCsTmpurVoovUV4FI','zHD/noticias/25/Nt7DUemVhCsTmpurVoovUV4FI/imagens/','0735474001602479737.jpg',NULL,'capa'),(637,'I2wu0mwqREBH5LlfRSdBqKoAU','zHD/noticias/25/I2wu0mwqREBH5LlfRSdBqKoAU/imagens/','0847699001602480056.jpg',NULL,'capa'),(682,'oKgx8mWPongtjkML6k6zWG0ZU','zHD/noticias/16/oKgx8mWPongtjkML6k6zWG0ZU/arquivos/','Documento Ilustrativo 1 (0482463001610526723).pdf','Agenda de Eventos (ilustrativo)','arquivo'),(683,'RACQBJobtV9dCZMa3S42sKSUR','zHD/noticias/4/RACQBJobtV9dCZMa3S42sKSUR/imagens/','0768389001677780827.jpg',NULL,'capa'),(684,'qc08SJ85BVtjGEgpZZ90MUVpl','zHD/noticias/4/qc08SJ85BVtjGEgpZZ90MUVpl/imagens/','0210353001675102297.jpg',NULL,'capa'),(685,'9kNE7qAm7LaOEefI4BZh8HwUc','zHD/noticias/4/9kNE7qAm7LaOEefI4BZh8HwUc/imagens/','0560976001675102151.jpg',NULL,'capa'),(648,'oKgx8mWPongtjkML6k6zWG0ZU','zHD/noticias/16/oKgx8mWPongtjkML6k6zWG0ZU/imagens/','0802735001603835272.jpg',NULL,'capa'),(649,'oKgx8mWPongtjkML6k6zWG0ZU','zHD/noticias/16/oKgx8mWPongtjkML6k6zWG0ZU/imagens/','Escola-Ilustrativo-6 (0879616001603835282).jpg',NULL,'imagem'),(650,'oKgx8mWPongtjkML6k6zWG0ZU','zHD/noticias/16/oKgx8mWPongtjkML6k6zWG0ZU/imagens/','Escola-Ilustrativo-7 (0947256001603835282).jpg',NULL,'imagem'),(659,'oKgx8mWPongtjkML6k6zWG0ZU','zHD/noticias/16/oKgx8mWPongtjkML6k6zWG0ZU/imagens/','equipe (0274317001603835662).jpg',NULL,'imagem'),(652,'oKgx8mWPongtjkML6k6zWG0ZU','zHD/noticias/16/oKgx8mWPongtjkML6k6zWG0ZU/imagens/','Escola-Ilustrativo-8 (0078077001603835283).jpg',NULL,'imagem'),(678,'oKgx8mWPongtjkML6k6zWG0ZU','zHD/noticias/16/oKgx8mWPongtjkML6k6zWG0ZU/arquivos/','Documento Ilustrativo 3 (0459472001610526306).pdf','Calendário de Provas (ilustrativo)','arquivo'),(677,'oKgx8mWPongtjkML6k6zWG0ZU','zHD/noticias/16/oKgx8mWPongtjkML6k6zWG0ZU/arquivos/','Documento Ilustrativo 2 (0423788001610526306).pdf','Regimento Interno (ilustrativo)','arquivo'),(848,'emsSel9x3HhIksBIOvttNvdMP','zHD/noticias/1/emsSel9x3HhIksBIOvttNvdMP/arquivos/','Documento Ilustrativo 2 (0446491001681530325).pdf',NULL,'arquivo'),(855,'wmwOg7POfT9psWEfV6mPdfZFj','zHD/noticias/1/wmwOg7POfT9psWEfV6mPdfZFj/audios/','Hino Nacional com Coral (0663389001681608633).mp3','Áudio ilustrativo','audio'),(589,'WMJmRG275FrChGT1xQhKm82jO','zHD/noticias/1/WMJmRG275FrChGT1xQhKm82jO/imagens/','0917031001683832550.jpg',NULL,'capa'),(591,'9e8fo1Ii07uednZEFYi980mZB','zHD/noticias/12/9e8fo1Ii07uednZEFYi980mZB/imagens/','0953553001593117231.jpg',NULL,'capa'),(662,'ns91D17g3x5XoUr1V4E9s5dIS','zHD/noticias/17/ns91D17g3x5XoUr1V4E9s5dIS/imagens/','0984539001604208019.jpg',NULL,'capa'),(843,'emsSel9x3HhIksBIOvttNvdMP','zHD/noticias/1/emsSel9x3HhIksBIOvttNvdMP/imagens/','NOT-ESCOLA3 (0150635001681530101).jpg',NULL,'imagem'),(663,'OHutpNMiTW66aCOIWflKzHGce','zHD/noticias/27/OHutpNMiTW66aCOIWflKzHGce/imagens/','0811869001607939520.jpg',NULL,'capa'),(664,'OHutpNMiTW66aCOIWflKzHGce','zHD/noticias/27/OHutpNMiTW66aCOIWflKzHGce/arquivos/','ilustrativo1 (0064482001607939849).pdf','Ata da Sessão  Ilustrativo','arquivo'),(665,'OHutpNMiTW66aCOIWflKzHGce','zHD/noticias/27/OHutpNMiTW66aCOIWflKzHGce/arquivos/','ilustrativo4 (0100134001607939849).pdf','Projeto de Lei  Ilustrativo','arquivo'),(666,'OHutpNMiTW66aCOIWflKzHGce','zHD/noticias/27/OHutpNMiTW66aCOIWflKzHGce/arquivos/','ilustrativo2 (0107043001607939849).pdf','Requerimento 1  Ilustrativo','arquivo'),(667,'OHutpNMiTW66aCOIWflKzHGce','zHD/noticias/27/OHutpNMiTW66aCOIWflKzHGce/arquivos/','ilustrativo3 (0166073001607939849).pdf','Requerimento 2  Ilustrativo','arquivo'),(668,'OHutpNMiTW66aCOIWflKzHGce','zHD/noticias/27/OHutpNMiTW66aCOIWflKzHGce/arquivos/','ilustrativo5 (0192620001607939849).pdf','Documentos Ilustrativo','arquivo'),(672,'qL6TGGUi6LvY7gL2IOKUJmxQO','zHD/noticias/4/qL6TGGUi6LvY7gL2IOKUJmxQO/imagens/','0918377001677781009.jpg',NULL,'capa'),(673,'qL6TGGUi6LvY7gL2IOKUJmxQO','zHD/noticias/16/qL6TGGUi6LvY7gL2IOKUJmxQO/imagens/','not-escola-sustentavel1 (0649491001610524671).jpg',NULL,'imagem'),(674,'qL6TGGUi6LvY7gL2IOKUJmxQO','zHD/noticias/16/qL6TGGUi6LvY7gL2IOKUJmxQO/imagens/','not-escola-sustentavel3 (0789980001610524671).jpg',NULL,'imagem'),(675,'qL6TGGUi6LvY7gL2IOKUJmxQO','zHD/noticias/16/qL6TGGUi6LvY7gL2IOKUJmxQO/imagens/','not-escola-sustentavel2 (0943410001610524671).jpg',NULL,'imagem'),(676,'qL6TGGUi6LvY7gL2IOKUJmxQO','zHD/noticias/16/qL6TGGUi6LvY7gL2IOKUJmxQO/imagens/','not-escola-sustentavel4 (0949386001610524671).jpg',NULL,'imagem'),(847,'emsSel9x3HhIksBIOvttNvdMP','zHD/noticias/1/emsSel9x3HhIksBIOvttNvdMP/arquivos/','Documento Ilustrativo 1 (0184882001681530325).pdf',NULL,'arquivo'),(846,'emsSel9x3HhIksBIOvttNvdMP','zHD/noticias/1/emsSel9x3HhIksBIOvttNvdMP/audios/','Hino Nacional com Coral (0719343001681530304).mp3',NULL,'audio'),(845,'emsSel9x3HhIksBIOvttNvdMP','zHD/noticias/1/emsSel9x3HhIksBIOvttNvdMP/imagens/','NOT-ESCOLA (0265924001681530101).jpg',NULL,'imagem'),(844,'emsSel9x3HhIksBIOvttNvdMP','zHD/noticias/1/emsSel9x3HhIksBIOvttNvdMP/imagens/','NOT-ESCOLA4 (0155893001681530101).jpg',NULL,'imagem'),(807,'wAdesA9GMKYyj63w906KpzZml','zHD/noticias/8/wAdesA9GMKYyj63w906KpzZml/imagens/','0616436001641841809.jpg',NULL,'capa'),(805,'KL712C7ywkMcTM9CiC444zXBm','zHD/noticias/8/KL712C7ywkMcTM9CiC444zXBm/imagens/','0118072001641772499.jpg',NULL,'capa'),(806,'ehJ9yHYHx0BabD2PDA52y3OuJ','zHD/noticias/8/ehJ9yHYHx0BabD2PDA52y3OuJ/imagens/','0105590001641773181.jpg',NULL,'capa'),(803,'ydV1JHxjOVA63akUxMhb42uoy','zHD/noticias/8/ydV1JHxjOVA63akUxMhb42uoy/imagens/','0434160001641493990.jpg',NULL,'capa'),(709,'kwpZM3GCnluyuOxRR50gTRucg','zHD/noticias/4/kwpZM3GCnluyuOxRR50gTRucg/imagens/','0313305001675101217.jpg',NULL,'capa'),(710,'kwpZM3GCnluyuOxRR50gTRucg','zHD/noticias/4/kwpZM3GCnluyuOxRR50gTRucg/arquivos/','Documento Ilustrativo 1 (0114990001619985547).pdf',NULL,'arquivo'),(711,'kwpZM3GCnluyuOxRR50gTRucg','zHD/noticias/4/kwpZM3GCnluyuOxRR50gTRucg/arquivos/','Documento Ilustrativo 3 (0240092001619985547).pdf',NULL,'arquivo'),(712,'kwpZM3GCnluyuOxRR50gTRucg','zHD/noticias/4/kwpZM3GCnluyuOxRR50gTRucg/arquivos/','Documento Ilustrativo 4 (0322194001619985547).pdf',NULL,'arquivo'),(713,'kwpZM3GCnluyuOxRR50gTRucg','zHD/noticias/4/kwpZM3GCnluyuOxRR50gTRucg/arquivos/','Documento Ilustrativo 2 (0468728001619985547).pdf',NULL,'arquivo'),(714,'kwpZM3GCnluyuOxRR50gTRucg','zHD/noticias/4/kwpZM3GCnluyuOxRR50gTRucg/arquivos/','Documento Ilustrativo 5 (0557990001619985547).pdf',NULL,'arquivo'),(715,'kwpZM3GCnluyuOxRR50gTRucg','zHD/noticias/4/kwpZM3GCnluyuOxRR50gTRucg/imagens/','img02 (0024715001619986439).jpg',NULL,'imagem'),(716,'kwpZM3GCnluyuOxRR50gTRucg','zHD/noticias/4/kwpZM3GCnluyuOxRR50gTRucg/imagens/','img03 (0176759001619986439).jpg',NULL,'imagem'),(717,'kwpZM3GCnluyuOxRR50gTRucg','zHD/noticias/4/kwpZM3GCnluyuOxRR50gTRucg/imagens/','img01 (0315521001619986439).jpg',NULL,'imagem'),(718,'kwpZM3GCnluyuOxRR50gTRucg','zHD/noticias/4/kwpZM3GCnluyuOxRR50gTRucg/imagens/','img04 (0496247001619986439).jpg',NULL,'imagem'),(719,'kwpZM3GCnluyuOxRR50gTRucg','zHD/noticias/4/kwpZM3GCnluyuOxRR50gTRucg/audios/','Hino Nacional com Coral (0480639001619986491).mp3',NULL,'audio'),(720,'kwpZM3GCnluyuOxRR50gTRucg','zHD/noticias/4/kwpZM3GCnluyuOxRR50gTRucg/audios/','Hino a Proclamação da republica com Coral (0752222001619986492).mp3',NULL,'audio'),(721,'kwpZM3GCnluyuOxRR50gTRucg','zHD/noticias/4/kwpZM3GCnluyuOxRR50gTRucg/audios/','Hino da Independencia com Coral (0991651001619986492).mp3',NULL,'audio'),(722,'kwpZM3GCnluyuOxRR50gTRucg','zHD/noticias/4/kwpZM3GCnluyuOxRR50gTRucg/audios/','Hino a Bandeira com Coral (0241138001619986493).mp3',NULL,'audio'),(723,'ljIObjr8G6mYU0RFWDjzorhvq','zHD/noticias/4/ljIObjr8G6mYU0RFWDjzorhvq/imagens/','0857571001675100966.jpg',NULL,'capa'),(724,'ljIObjr8G6mYU0RFWDjzorhvq','zHD/noticias/4/ljIObjr8G6mYU0RFWDjzorhvq/imagens/','img02 (0475066001619986846).jpg',NULL,'imagem'),(725,'ljIObjr8G6mYU0RFWDjzorhvq','zHD/noticias/4/ljIObjr8G6mYU0RFWDjzorhvq/imagens/','img01 (0637596001619986846).jpg',NULL,'imagem'),(726,'ljIObjr8G6mYU0RFWDjzorhvq','zHD/noticias/4/ljIObjr8G6mYU0RFWDjzorhvq/imagens/','img03 (0831879001619986846).jpg',NULL,'imagem'),(727,'ljIObjr8G6mYU0RFWDjzorhvq','zHD/noticias/4/ljIObjr8G6mYU0RFWDjzorhvq/imagens/','img06 (0000696001619986847).jpg',NULL,'imagem'),(728,'ljIObjr8G6mYU0RFWDjzorhvq','zHD/noticias/4/ljIObjr8G6mYU0RFWDjzorhvq/audios/','Hino Nacional com Coral (0735686001619986872).mp3',NULL,'audio'),(729,'ljIObjr8G6mYU0RFWDjzorhvq','zHD/noticias/4/ljIObjr8G6mYU0RFWDjzorhvq/audios/','Hino da Independencia com Coral (0200751001619986875).mp3',NULL,'audio'),(730,'ljIObjr8G6mYU0RFWDjzorhvq','zHD/noticias/4/ljIObjr8G6mYU0RFWDjzorhvq/audios/','Hino a Bandeira com Coral (0442577001619986875).mp3',NULL,'audio'),(731,'ljIObjr8G6mYU0RFWDjzorhvq','zHD/noticias/4/ljIObjr8G6mYU0RFWDjzorhvq/audios/','Hino a Proclamação da republica com Coral (0506536001619986875).mp3',NULL,'audio'),(732,'ljIObjr8G6mYU0RFWDjzorhvq','zHD/noticias/4/ljIObjr8G6mYU0RFWDjzorhvq/arquivos/','Hino Nacional com Coral (0709168001619986974).mp3',NULL,'arquivo'),(733,'ljIObjr8G6mYU0RFWDjzorhvq','zHD/noticias/4/ljIObjr8G6mYU0RFWDjzorhvq/arquivos/','Hino a Proclamação da republica com Coral (0214812001619986976).mp3',NULL,'arquivo'),(734,'ljIObjr8G6mYU0RFWDjzorhvq','zHD/noticias/4/ljIObjr8G6mYU0RFWDjzorhvq/arquivos/','Hino da Independencia com Coral (0424664001619986976).mp3',NULL,'arquivo'),(735,'ljIObjr8G6mYU0RFWDjzorhvq','zHD/noticias/4/ljIObjr8G6mYU0RFWDjzorhvq/arquivos/','Hino a Bandeira com Coral (0571904001619986976).mp3',NULL,'arquivo'),(820,'HxchOQmzqySZF14cXagAqO48H','zHD/noticias/4/HxchOQmzqySZF14cXagAqO48H/imagens/','0779443001677779869.jpg',NULL,'capa'),(788,'31mOdGHtHC4UjHvSUNDfy1rqe','zHD/noticias/8/31mOdGHtHC4UjHvSUNDfy1rqe/imagens/','0927458001630207743.jpg',NULL,'capa'),(759,'kNJSc6zEbFQ8X3ZihRvhPSB2B','zHD/noticias/4/kNJSc6zEbFQ8X3ZihRvhPSB2B/imagens/','0853599001675100751.jpg',NULL,'capa'),(760,'tvDWH3xN8iu7B3u37ZMuTtH90','zHD/noticias/4/tvDWH3xN8iu7B3u37ZMuTtH90/imagens/','0128159001675100605.jpg',NULL,'capa'),(761,'HNKVU2xB3FFQ5xQuX41dZbyZs','zHD/noticias/4/HNKVU2xB3FFQ5xQuX41dZbyZs/imagens/','0685962001675100306.jpg',NULL,'capa'),(815,'HNKVU2xB3FFQ5xQuX41dZbyZs','zHD/noticias/4/HNKVU2xB3FFQ5xQuX41dZbyZs/arquivos/','Documento Ilustrativo 2 (0878625001675190997).pdf','Doocumento2 (Ilustrativo) ','arquivo'),(816,'HNKVU2xB3FFQ5xQuX41dZbyZs','zHD/noticias/4/HNKVU2xB3FFQ5xQuX41dZbyZs/arquivos/','Documento Ilustrativo 3 (0880760001675190997).pdf','Doocumento3 (Ilustrativo) ','arquivo'),(814,'HNKVU2xB3FFQ5xQuX41dZbyZs','zHD/noticias/4/HNKVU2xB3FFQ5xQuX41dZbyZs/arquivos/','Documento Ilustrativo 1 (0861524001675190997).pdf','Doocumento1 (Ilustrativo) ','arquivo'),(767,'capKug9nEhpLXt1kdexJmItZ1','zHD/noticias/4/capKug9nEhpLXt1kdexJmItZ1/imagens/','0336403001675100155.jpg',NULL,'capa'),(818,'capKug9nEhpLXt1kdexJmItZ1','zHD/noticias/4/capKug9nEhpLXt1kdexJmItZ1/arquivos/','Documento Ilustrativo 1 (0568560001675191112).pdf','Documento1 (Ilustrativo)','arquivo'),(819,'capKug9nEhpLXt1kdexJmItZ1','zHD/noticias/4/capKug9nEhpLXt1kdexJmItZ1/arquivos/','Documento Ilustrativo 2 (0575002001675191112).pdf','Documento2 (Ilustrativo)','arquivo'),(817,'capKug9nEhpLXt1kdexJmItZ1','zHD/noticias/4/capKug9nEhpLXt1kdexJmItZ1/arquivos/','Documento Ilustrativo 3 (0557422001675191112).pdf','Documento3 (Ilustrativo)','arquivo'),(856,'l6HiZ7WaYti921AiZAMRHwEJJ','zHD/noticias/1/l6HiZ7WaYti921AiZAMRHwEJJ/imagens/','INTEGRAL1 (0830890001683409194).jpg',NULL,'imagem'),(857,'l6HiZ7WaYti921AiZAMRHwEJJ','zHD/noticias/1/l6HiZ7WaYti921AiZAMRHwEJJ/imagens/','INTEGRAL2 (0070249001683409195).jpg',NULL,'imagem'),(858,'l6HiZ7WaYti921AiZAMRHwEJJ','zHD/noticias/1/l6HiZ7WaYti921AiZAMRHwEJJ/imagens/','INTEGRAL4 (0081094001683409195).jpg',NULL,'imagem'),(859,'l6HiZ7WaYti921AiZAMRHwEJJ','zHD/noticias/1/l6HiZ7WaYti921AiZAMRHwEJJ/imagens/','INTEGRAL3 (0082148001683409195).jpg',NULL,'imagem'),(860,'l6HiZ7WaYti921AiZAMRHwEJJ','zHD/noticias/1/l6HiZ7WaYti921AiZAMRHwEJJ/arquivos/','Documento Ilustrativo 1 (0651046001683409613).pdf',NULL,'arquivo'),(861,'l6HiZ7WaYti921AiZAMRHwEJJ','zHD/noticias/1/l6HiZ7WaYti921AiZAMRHwEJJ/arquivos/','Documento Ilustrativo 2 (0657823001683409613).pdf',NULL,'arquivo'),(862,'l6HiZ7WaYti921AiZAMRHwEJJ','zHD/noticias/1/l6HiZ7WaYti921AiZAMRHwEJJ/audios/','Hino Nacional com Coral (0426773001683409676).mp3',NULL,'audio'),(864,'hvECEJFFBBjAEhBog0RsyMT53','zHD/noticias/1/hvECEJFFBBjAEhBog0RsyMT53/imagens/','0783912001683479710.jpg',NULL,'capa'),(865,'O2IccJiLU2qrqyUdNERo2kkGO','zHD/noticias/1/O2IccJiLU2qrqyUdNERo2kkGO/imagens/','0856194001683479731.jpg',NULL,'capa'),(866,'Q0DKPqJftppNgjeKjhjvIduMo','zHD/noticias/1/Q0DKPqJftppNgjeKjhjvIduMo/imagens/','0224248001683479753.jpg',NULL,'capa'),(868,'AYalNvRlRMWvMBPNsjvmzeWBy','zHD/noticias/1/AYalNvRlRMWvMBPNsjvmzeWBy/arquivos/','Documento Ilustrativo 1 (0162491001683480137).pdf',NULL,'arquivo'),(869,'eRBf6GVFH3AKyiepzPr7OaFiQ','zHD/noticias/1/eRBf6GVFH3AKyiepzPr7OaFiQ/arquivos/','Documento Ilustrativo 1 (0706435001683480331).pdf',NULL,'arquivo'),(870,'mAPh4LUA2S6UhqrLvJDvIr08q','zHD/noticias/1/mAPh4LUA2S6UhqrLvJDvIr08q/imagens/','0480267001683512818.jpg',NULL,'capa'),(871,'LTEQRT9Yhjyilg6qorm0oEiCS','zHD/noticias/1/LTEQRT9Yhjyilg6qorm0oEiCS/imagens/','0477260001683513633.jpg',NULL,'capa'),(872,'N3dk3JOcHRbwkorsunDJsBGUV','zHD/noticias/1/N3dk3JOcHRbwkorsunDJsBGUV/imagens/','0634054001683675786.jpg',NULL,'capa'),(873,'N3dk3JOcHRbwkorsunDJsBGUV','zHD/noticias/1/N3dk3JOcHRbwkorsunDJsBGUV/imagens/','01-700x525 (0482131001683675809).jpg',NULL,'imagem'),(874,'N3dk3JOcHRbwkorsunDJsBGUV','zHD/noticias/1/N3dk3JOcHRbwkorsunDJsBGUV/imagens/','02-700x525 (0495768001683675809).jpg',NULL,'imagem'),(875,'N3dk3JOcHRbwkorsunDJsBGUV','zHD/noticias/1/N3dk3JOcHRbwkorsunDJsBGUV/imagens/','04-700x525 (0516340001683675809).jpg',NULL,'imagem'),(876,'N3dk3JOcHRbwkorsunDJsBGUV','zHD/noticias/1/N3dk3JOcHRbwkorsunDJsBGUV/imagens/','03-700x525 (0516064001683675809).jpg',NULL,'imagem'),(877,'qnp6YYhQ9LB2iI1n9q8YSElZG','zHD/noticias/1/qnp6YYhQ9LB2iI1n9q8YSElZG/imagens/','0144631001683757249.jpg',NULL,'capa'),(878,'cnn0KWWFtOOzX7lraul9joYRS','zHD/noticias/1/cnn0KWWFtOOzX7lraul9joYRS/imagens/','0513270001683819822.jpg',NULL,'capa'),(879,'5GngqVR5B4cM5EpaykGxOQ4oV','zHD/noticias/1/5GngqVR5B4cM5EpaykGxOQ4oV/imagens/','0209041001683820127.jpg',NULL,'capa');

--
-- Table structure for table `noticias_entidades`
--

CREATE TABLE `noticias_entidades` (
  `id` int(11) NOT NULL AUTO_INCREMENT,
  `usuario` int(11) NOT NULL,
  `noticia` int(11) NOT NULL,
  `entidade` int(11) NOT NULL,
  `data` datetime NOT NULL DEFAULT current_timestamp(),
  PRIMARY KEY (`id`),
  KEY `noticia` (`noticia`),
  KEY `entidade` (`entidade`),
  KEY `usuario` (`usuario`)
) ENGINE=MyISAM AUTO_INCREMENT=57 DEFAULT CHARSET=latin1 COLLATE=latin1_swedish_ci;

--
-- Dumping data for table `noticias_entidades`
--

INSERT INTO `noticias_entidades` (`id`, `usuario`, `noticia`, `entidade`, `data`) VALUES (56,1,512,2,'2021-04-23 04:07:42');

--
-- Table structure for table `noticias_links`
--

CREATE TABLE `noticias_links` (
  `id` int(11) NOT NULL AUTO_INCREMENT,
  `codigo` varchar(25) NOT NULL,
  `titulo` text DEFAULT NULL,
  `link` text NOT NULL,
  PRIMARY KEY (`id`),
  KEY `codigo` (`codigo`)
) ENGINE=MyISAM AUTO_INCREMENT=135 DEFAULT CHARSET=latin1 COLLATE=latin1_swedish_ci ROW_FORMAT=DYNAMIC;

--
-- Dumping data for table `noticias_links`
--

INSERT INTO `noticias_links` (`id`, `codigo`, `titulo`, `link`) VALUES (110,'i4uWc37UT2dnN8yFoKXTuTWAd','LINK','haha!'),(111,'H5oCjW1nAeOm8dwTkhFvMKWcO','O lado invisível na performance de um atleta','http://tribunaexpresso.pt/opiniao/2016-09-21-O-lado-invisivel-da-performance-de-um-atleta-o-papel-dos-pais?platform=hootsuite'),(112,'H5oCjW1nAeOm8dwTkhFvMKWcO','A inatividade física custa caro','http://www1.folha.uol.com.br/colunas/drauziovarella/2016/10/1818437-a-inatividade-fisica-custou-para-o-mundo-us-675-bilhoes.shtml'),(113,'WBW4OiRWVtpgBJvCZptwiMlG8','Matéria do Globo Rural sobre água com açúcar.','http://revistagloborural.globo.com/Noticias/noticia/2015/01/agua-com-acucar-acalma.html'),(114,'xMFYTCNPx8JjHozmYfZpb94eh','Veja aqui o edital do concurso','http://www.prefeiturasonline.com.br/admtsp/concursos'),(115,'CHECBXyardxnU5fUjwm2Hsqjy','teste','http://google.com'),(116,'T0dZforlxxW0Z37PexPc41GHO','Google ','http://google.com'),(117,'SqzqsKVI3v2xM25CZDBVCPO1q','Google','http://google.com'),(118,'3hgq7T5B9wrHF8ubEa7NSv2sv','Aplicativo Link da loja (Android)','https://play.google.com/store/apps/details?id=br.gov.datasus.guardioes'),(119,'3hgq7T5B9wrHF8ubEa7NSv2sv','Aplicativo Link da loja (IOS)','https://apps.apple.com/br/app/coronav%C3%ADrus-sus/id1408008382'),(121,'jd4tXsmYdexIfZR5A2iSxpj6R','Google','https://google.com'),(122,'FdjhCLCXCB5Ja5PPnJ8gOU2DB','Ônibus Chines','https://www.youtube.com/watch?v=C09tsvuMYwo&feature=emb_logo'),(127,'PDHUmlu2DjQkVdQPKAmQdoppy','Google','https://google.com'),(128,'ljIObjr8G6mYU0RFWDjzorhvq','Google','https://google.com'),(129,'Wt4GJlsSHG6SEOJ4X1e0Bcjie','Google','https://google.com'),(130,'1pSm8EbXp9aTdXC5nOAA75Qja','Google','https://google.com'),(131,'QItusIdYEfppQUjyhJOAOGNUn','Ministério da Educação','http://portal.mec.gov.br/'),(132,'31mOdGHtHC4UjHvSUNDfy1rqe','Quero ser MEI','https://www.gov.br/empresas-e-negocios/pt-br/empreendedor/quero-ser-mei'),(133,'uzKieJUYqpivUSJP688M8B5Um','JP Web','https://jpweb.com.br');

--
-- Table structure for table `noticias_secoes`
--

CREATE TABLE `noticias_secoes` (
  `id` int(11) NOT NULL AUTO_INCREMENT,
  `entidade` int(11) NOT NULL DEFAULT 0,
  `nome` varchar(250) NOT NULL,
  PRIMARY KEY (`id`),
  KEY `entidade` (`entidade`)
) ENGINE=MyISAM AUTO_INCREMENT=69 DEFAULT CHARSET=latin1 COLLATE=latin1_swedish_ci ROW_FORMAT=DYNAMIC;

--
-- Dumping data for table `noticias_secoes`
--

INSERT INTO `noticias_secoes` (`id`, `entidade`, `nome`) VALUES (6,1,'Publicações'),(8,4,'Diretorias'),(9,4,'Publicações'),(10,5,'Licenças Ambientais'),(28,4,'Escolas'),(12,23,'Publicações'),(13,23,'Quem Somos'),(17,2,'Publicações'),(26,5,'Notícias'),(30,6,'Sessões'),(31,4,'Projetos'),(44,8,'Notícias'),(64,1,'Outras Atividades'),(38,4,'Ações Pedagógicas'),(39,4,'Conselho Municipal'),(40,4,'Educação Inclusiva'),(41,4,'Legislação da BNCC'),(42,4,'Proposta Educacional'),(43,4,'EAD Home'),(56,1,'Institucional'),(57,1,'Segmentos'),(58,1,'Projetos'),(59,1,'Nossos Contatos'),(55,4,'Instituições'),(67,1,'Matrículas'),(62,1,'Equipe'),(63,1,'Missão, Visão, Valores'),(65,1,'Cursos'),(66,1,'Projetos'),(68,1,'Unidades');

--
-- Table structure for table `noticias_videos`
--

CREATE TABLE `noticias_videos` (
  `id` int(11) NOT NULL AUTO_INCREMENT,
  `codigo` varchar(25) NOT NULL,
  `titulo` text DEFAULT NULL,
  `link` text NOT NULL,
  PRIMARY KEY (`id`),
  KEY `codigo` (`codigo`)
) ENGINE=MyISAM AUTO_INCREMENT=154 DEFAULT CHARSET=latin1 COLLATE=latin1_swedish_ci ROW_FORMAT=DYNAMIC;

--
-- Dumping data for table `noticias_videos`
--

INSERT INTO `noticias_videos` (`id`, `codigo`, `titulo`, `link`) VALUES (111,'i4uWc37UT2dnN8yFoKXTuTWAd','Título do Vídeo','1Ngn3fZIK2E'),(112,'H5oCjW1nAeOm8dwTkhFvMKWcO','O esporte na vida da criança e adolescente','3luG6iJBaok'),(113,'H5oCjW1nAeOm8dwTkhFvMKWcO','A importância do esporte para a criança','yx1cGfwSBPQ'),(114,'WBW4OiRWVtpgBJvCZptwiMlG8','Água com açúcar acalma? ou verdade?','PmWyiIpDq_c'),(115,'WBW4OiRWVtpgBJvCZptwiMlG8','Água com açúcar acalma? Mito ou verdade?','PmWyiIpDq_c'),(116,'dRxlqLjQJIfcQ5b8EAEDqsVNk','Conheça melhor o mosquito da dengue','X8mcrkJSzIM'),(117,'jd4tXsmYdexIfZR5A2iSxpj6R','Regrigerante faz mal a saúde','jrt2Asc9LEY'),(137,'RDp0ADw4RE6FJOJ7A6DJO0Bbi','Sobre o Coronavírus','nz9at_gk8Rw'),(135,'FdjhCLCXCB5Ja5PPnJ8gOU2DB','Ônibus Chines ','C09tsvuMYwo'),(136,'FdjhCLCXCB5Ja5PPnJ8gOU2DB','Ônibus Chines','lPdl3uxW3aI'),(121,'3veWzrOxgmrWPJD5Lt1TKbIKZ','Como funciona uma ambulância','39Ixz-DdEt0'),(122,'whGkl2OqPeDG49ta15l4qN1tP','O interior e os equipamentos de uma ambulância','pBLxjmQm9A8'),(123,'kaUhp53kEQTlIw9YdPtUEPCH1','Leishmaniose, cuidados e prevenções','6u5eIY9rOXs'),(124,'kaUhp53kEQTlIw9YdPtUEPCH1','Saiba o que é leishmaniose','CCRY2Sp6dYw'),(125,'dxAzX2231SQwk7WxP1JTPte3i','Meio Ambiente','4H1R3dSLjnw'),(126,'3tCgm8KKZnoI2dOVXeQYJn1vw','O cerrado corre risco','ir_BSW6dGcc'),(127,'b2ZecCZa7I37KG6fw4FFRmFQf','Hallellujah - Handel - Orquestra Sinfônica Escola Municipal de Artes \"João Oscarito\"','Fn8Zx6JiruQ'),(128,'pIooH90kt81yoJ0sL4x1Vz2OC','Secretária destaca o empenho das escolas municipais rurais nas atividades do Agrinho','oMmS-T5jZwY'),(129,'MONgmkez7k5VAE2l1QC0ggfd9','Projeto ensina a alunos de escola municipal o processo de produção de calçados','8mTxAzZcIzw'),(130,'CHECBXyardxnU5fUjwm2Hsqjy','Vídeo','we9ZFdQebFE'),(131,'CHECBXyardxnU5fUjwm2Hsqjy','Vídeo 1','HClD3lWklLI'),(132,'T0dZforlxxW0Z37PexPc41GHO','Ilustrativo 1','TuHjgTg1KQk'),(133,'Kk7FNUNimJMY044zYaMpiRyQF','Preparativos para o Enem - Brasil Escola','5Bdqa5uV83w'),(134,'LBQhkyNRta3tcVitQPWLsKKVS','Tudo sobre o Corona Vírus','nz9at_gk8Rw'),(138,'ZAVwamrFCaBDNPbMzSt9auXmb','Aviões do Forró','Mzf0WNL7QzM'),(139,'bqhGPwALDiSNEApw6LMEz8cqh','Fusos horários','vgiY-3Qztnk'),(140,'OHutpNMiTW66aCOIWflKzHGce','Vídeo ilustrativo','n2iYCS3iWQQ'),(141,'qL6TGGUi6LvY7gL2IOKUJmxQO','Escola sustentável (ilustrativo)','seBFIjpgEKk'),(142,'6GrBZS6vjoM6OzXlV6PHqc7ZU','Cuidados a serem tomados com o Coronavírus','n0Y2zS-sz1E'),(143,'PDHUmlu2DjQkVdQPKAmQdoppy','Aula Online','E47iYrsDGvI'),(144,'PDHUmlu2DjQkVdQPKAmQdoppy','Aula de Redação para Enem - Ilustrativo','1-VxgZKqs34'),(145,'kwpZM3GCnluyuOxRR50gTRucg','Educação Infantil na BNCC','e-T6OrPwWMM'),(146,'ljIObjr8G6mYU0RFWDjzorhvq','Educação Infantil na BNCC','e-T6OrPwWMM'),(147,'Wt4GJlsSHG6SEOJ4X1e0Bcjie','Educação Infantil na BNCC','e-T6OrPwWMM'),(148,'uzKieJUYqpivUSJP688M8B5Um','Vídeo Ilustrativo','4FvKRbZeb1Q'),(151,'wmwOg7POfT9psWEfV6mPdfZFj','Vídeo ilustrativo','xRMng92zQdc'),(150,'emsSel9x3HhIksBIOvttNvdMP','Vídeo ilustrativo','ctIJWxRhWyY'),(153,'l6HiZ7WaYti921AiZAMRHwEJJ','vÍDEO iLUSTRATIVO','EJ0hxPKBs_k');

--
-- Table structure for table `ouvidoria`
--

CREATE TABLE `ouvidoria` (
  `id` int(11) NOT NULL AUTO_INCREMENT,
  `anonimo` int(11) NOT NULL DEFAULT 0,
  `finalidade` int(11) DEFAULT NULL,
  `status` int(11) NOT NULL DEFAULT 0,
  `pessoa` varchar(20) DEFAULT NULL,
  `nome` varchar(200) DEFAULT NULL,
  `documento` varchar(200) DEFAULT NULL,
  `email` varchar(300) DEFAULT NULL,
  `telefone` varchar(300) DEFAULT NULL,
  `cep` varchar(300) DEFAULT NULL,
  `endereco` varchar(300) DEFAULT NULL,
  `bairro` varchar(300) DEFAULT NULL,
  `complemento` varchar(300) DEFAULT NULL,
  `cidade` varchar(300) DEFAULT NULL,
  `uf` varchar(300) DEFAULT NULL,
  `codigo` varchar(25) DEFAULT NULL,
  `titulo` text DEFAULT NULL,
  `texto` text DEFAULT NULL,
  `protocolo` varchar(8) NOT NULL,
  `data` timestamp NOT NULL DEFAULT current_timestamp(),
  `entidade` int(11) NOT NULL,
  `envio` int(11) NOT NULL DEFAULT 0,
  PRIMARY KEY (`id`),
  KEY `entidade` (`entidade`),
  KEY `protocolo` (`protocolo`),
  KEY `documento` (`documento`)
) ENGINE=MyISAM AUTO_INCREMENT=479 DEFAULT CHARSET=latin1 COLLATE=latin1_swedish_ci ROW_FORMAT=DYNAMIC;

--
-- Dumping data for table `ouvidoria`
--

INSERT INTO `ouvidoria` (`id`, `anonimo`, `finalidade`, `status`, `pessoa`, `nome`, `documento`, `email`, `telefone`, `cep`, `endereco`, `bairro`, `complemento`, `cidade`, `uf`, `codigo`, `titulo`, `texto`, `protocolo`, `data`, `entidade`, `envio`) VALUES (476,1,1,171,'PF','WEB RADIO BALADA BLACK PEL ','     ','baladablackpel@gmail.com','',NULL,'','     ',NULL,'','AC','84nRGNcCsczTe1k70wfdyKMNy','DIVULGA LINK ','CURTA BALADA BLACK DIARIAMENTE \r\n\r\nhttps://baladablackpel.com/\r\n\r\n','0ISTJOGJ','2023-03-07 05:26:00',1,0),(477,1,1,171,'PF','WEB RADIO BALADA BLACK PEL ','     ','baladablackpel@gmail.com','',NULL,'','     ',NULL,'','AC','jMk9rB91NffYJ9DCqGsFYvwaO','DIVULGA LINK ','CURTA BALADA BLACK DIARIAMENTE \r\n\r\nhttps://baladablackpel.com/\r\n\r\n','2JPCKFS3','2023-03-07 05:26:00',1,0),(478,1,1,171,'PF','Portal Universo Autista','     ','universoautista@outlook.com','',NULL,'','     ',NULL,'','AC','e88NWnYuZg5ubxv38aMlllr3E','Novo Portal Universo Autista','Conheça nossa novo portal.\r\nTudo sobre autismo em um só lugar!\r\n - Materiais adaptados pedagógicos\r\n- Estudos\r\n- Curso ABA 60h online\r\n- Noticias emtempo real\r\n- Muito mais...\r\nAcesse:\r\nhttps://universoautista.com.br','HIISVCN6','2023-03-09 14:43:03',1,0),(475,1,156,171,'PF','','','','',NULL,'','',NULL,'','','gZx1qNgtMZXYf1uhxNgw3jlTx','JPWEB TESTE','Lorem ipsão dolor sít amçet, consectetur adipiscing elit. Sed vehicula id odio quis rhoncus. Donec ullamcorper, lectus in dictum porta, urna nisl tincidunt metus, at iaculis nunc sem vitae diam. Etiam quam orci, volutpat a justo non, pretium condimentum felis. Duis id elementum arcu. Mauris pharetra dui molestie tortor imperdiet. ','demo','2023-02-24 04:19:14',1,0);

--
-- Table structure for table `ouvidoria_arquivos`
--

CREATE TABLE `ouvidoria_arquivos` (
  `id` int(11) NOT NULL AUTO_INCREMENT,
  `codigo` varchar(25) NOT NULL,
  `path` text NOT NULL,
  `arquivo` text NOT NULL,
  `legenda` text DEFAULT NULL,
  `tipo` varchar(50) DEFAULT NULL,
  `data` date DEFAULT NULL,
  PRIMARY KEY (`id`),
  KEY `codigo` (`codigo`)
) ENGINE=MyISAM AUTO_INCREMENT=800 DEFAULT CHARSET=latin1 COLLATE=latin1_swedish_ci ROW_FORMAT=DYNAMIC;

--
-- Dumping data for table `ouvidoria_arquivos`
--

INSERT INTO `ouvidoria_arquivos` (`id`, `codigo`, `path`, `arquivo`, `legenda`, `tipo`, `data`) VALUES (632,'zLJMmTFRlnrUXt16AX1OXCRQt','zHD/ouvidoria/23/zLJMmTFRlnrUXt16AX1OXCRQt/arquivos/','ilustrativo5 (0151304001538687036).pdf',NULL,'arquivo','2018-10-04'),(631,'jQTtQbSoxoalfixuN0RNH40Xx','zHD/ouvidoria/23/jQTtQbSoxoalfixuN0RNH40Xx/arquivos/','ilustrativo12 (0828058001538685693).pdf',NULL,'arquivo','2018-10-04'),(630,'qPb1aWAUMZOAnyYC8n8NisGo6','zHD//23/qPb1aWAUMZOAnyYC8n8NisGo6/arquivos/','ilustrativo4 (0571776001538685600).pdf',NULL,'arquivo','2018-10-04'),(629,'qPb1aWAUMZOAnyYC8n8NisGo6','zHD//23/qPb1aWAUMZOAnyYC8n8NisGo6/arquivos/','ilustrativo11 (0571431001538685600).pdf',NULL,'arquivo','2018-10-04'),(628,'cvViVW2kqmkpnkWFFQzZiyslL','zHD/ouvidoria/23/cvViVW2kqmkpnkWFFQzZiyslL/arquivos/','ilustrativo5 (0452455001538666921).pdf',NULL,'arquivo','2018-10-04'),(633,'jDjXwBqsEqygQi4nhJDyFHgfl','zHD/ouvidoria/12/jDjXwBqsEqygQi4nhJDyFHgfl/arquivos/','rua-esburacada (0815011001569574393).jpg',NULL,'arquivo','2019-09-27'),(656,'vnQN9OzXqYTtSX24Z5K3bDIvi','zHD//12/vnQN9OzXqYTtSX24Z5K3bDIvi/arquivos/','agua (0693926001571938150).jpg',NULL,'arquivo','2019-10-24'),(635,'uM7aG0ZpB309aTcnVXmQk2Znf','zHD/ouvidoria/17/uM7aG0ZpB309aTcnVXmQk2Znf/arquivos/','agua (0378904001569985958).jpg',NULL,'arquivo','2019-10-02'),(636,'uM7aG0ZpB309aTcnVXmQk2Znf','zHD/ouvidoria/17/uM7aG0ZpB309aTcnVXmQk2Znf/arquivos/','ilustrativo1 (0395876001569985958).pdf',NULL,'arquivo','2019-10-02'),(637,'ZLB4LuP2Uw9gTSYxpJ4KHi0eQ','zHD/ouvidoria/17/ZLB4LuP2Uw9gTSYxpJ4KHi0eQ/arquivos/','agua (0181429001569986564).jpg',NULL,'arquivo','2019-10-02'),(638,'ZLB4LuP2Uw9gTSYxpJ4KHi0eQ','zHD/ouvidoria/17/ZLB4LuP2Uw9gTSYxpJ4KHi0eQ/arquivos/','ilustrativo1 (0182206001569986564).pdf',NULL,'arquivo','2019-10-02'),(639,'AU22UVfJA8QDWLw1MGLI4BeTd','zHD/ouvidoria/17/AU22UVfJA8QDWLw1MGLI4BeTd/arquivos/','agua (0630872001569987631).jpg',NULL,'arquivo','2019-10-02'),(640,'AU22UVfJA8QDWLw1MGLI4BeTd','zHD/ouvidoria/17/AU22UVfJA8QDWLw1MGLI4BeTd/arquivos/','ilustrativo1 (0631229001569987631).pdf',NULL,'arquivo','2019-10-02'),(641,'PMCv2sSCXe8xT1TjTDiCPWxAV','zHD/ouvidoria/17/PMCv2sSCXe8xT1TjTDiCPWxAV/arquivos/','agua (0189812001569989170).jpg',NULL,'arquivo','2019-10-02'),(642,'PMCv2sSCXe8xT1TjTDiCPWxAV','zHD/ouvidoria/17/PMCv2sSCXe8xT1TjTDiCPWxAV/arquivos/','ilustrativo1 (0190149001569989170).pdf',NULL,'arquivo','2019-10-02'),(643,'13AKwoQKKfLSAhwY98ULArEdu','zHD/ouvidoria/17/13AKwoQKKfLSAhwY98ULArEdu/arquivos/','agua (0129927001570006944).jpg',NULL,'arquivo','2019-10-02'),(644,'13AKwoQKKfLSAhwY98ULArEdu','zHD/ouvidoria/17/13AKwoQKKfLSAhwY98ULArEdu/arquivos/','ilustrativo1 (0202065001570006944).pdf',NULL,'arquivo','2019-10-02'),(645,'KCHwiF0uqhsAglkBlGuSYXyBL','zHD/ouvidoria/17/KCHwiF0uqhsAglkBlGuSYXyBL/arquivos/','agua (0512820001570078637).jpg',NULL,'arquivo','2019-10-03'),(646,'KCHwiF0uqhsAglkBlGuSYXyBL','zHD/ouvidoria/17/KCHwiF0uqhsAglkBlGuSYXyBL/arquivos/','ilustrativo1 (0584180001570078637).pdf',NULL,'arquivo','2019-10-03'),(647,'UYih3JmIJnN85JmLuEYy2Dxba','zHD/ouvidoria/17/UYih3JmIJnN85JmLuEYy2Dxba/arquivos/','agua (0454023001570303660).jpg',NULL,'arquivo','2019-10-05'),(648,'UYih3JmIJnN85JmLuEYy2Dxba','zHD/ouvidoria/17/UYih3JmIJnN85JmLuEYy2Dxba/arquivos/','ilustrativo1 (0465207001570303660).pdf',NULL,'arquivo','2019-10-05'),(649,'XzxdVn7EpHk2hCG8GiHt7YSiw','zHD/ouvidoria/17/XzxdVn7EpHk2hCG8GiHt7YSiw/arquivos/','agua (0205205001570601163).jpg',NULL,'arquivo','2019-10-09'),(650,'iSWS4Kskzgb17gSptethyle9y','zHD/ouvidoria/17/iSWS4Kskzgb17gSptethyle9y/arquivos/','agua (0297226001570797761).jpg',NULL,'arquivo','2019-10-11'),(651,'fwHi5gJY1hkVZqMsurW9RbiVT','zHD//12/fwHi5gJY1hkVZqMsurW9RbiVT/arquivos/','agua (0429079001571759305).jpg',NULL,'arquivo','2019-10-22'),(652,'fwHi5gJY1hkVZqMsurW9RbiVT','zHD//12/fwHi5gJY1hkVZqMsurW9RbiVT/arquivos/','ilustrativo1 (0434076001571759305).pdf',NULL,'arquivo','2019-10-22'),(653,'6uXizxZGtlwaw2o3lHRcnmkhH','zHD//12/6uXizxZGtlwaw2o3lHRcnmkhH/arquivos/','0709216001537713600not7 (0227955001571773885).jpg',NULL,'arquivo','2019-10-22'),(654,'6uXizxZGtlwaw2o3lHRcnmkhH','zHD//12/6uXizxZGtlwaw2o3lHRcnmkhH/arquivos/','edital-de-abertura-de-inscricoes (0228374001571773885).pdf',NULL,'arquivo','2019-10-22'),(655,'s2ScFOISwnfPO0IflK2OyEkcb','zHD/ouvidoria/12/s2ScFOISwnfPO0IflK2OyEkcb/arquivos/','agua (0871422001571936021).jpg',NULL,'arquivo','2019-10-24'),(657,'vnQN9OzXqYTtSX24Z5K3bDIvi','zHD//12/vnQN9OzXqYTtSX24Z5K3bDIvi/arquivos/','ilustrativo1 (0694618001571938150).pdf',NULL,'arquivo','2019-10-24'),(658,'uETgYR0cSMqleAYhML1r1QMSO','zHD/ouvidoria/12/uETgYR0cSMqleAYhML1r1QMSO/arquivos/','agua (0230470001571938279).jpg',NULL,'arquivo','2019-10-24'),(659,'uETgYR0cSMqleAYhML1r1QMSO','zHD/ouvidoria/12/uETgYR0cSMqleAYhML1r1QMSO/arquivos/','ilustrativo1 (0169579001571938288).pdf',NULL,'arquivo','2019-10-24'),(660,'h4aJrwqStAJIGLEmoV2VbX8bF','zHD//12/h4aJrwqStAJIGLEmoV2VbX8bF/arquivos/','queimadas (0704056001571940471).jpg',NULL,'arquivo','2019-10-24'),(661,'h4aJrwqStAJIGLEmoV2VbX8bF','zHD//12/h4aJrwqStAJIGLEmoV2VbX8bF/arquivos/','ilustrativo1 (0704936001571940471).pdf',NULL,'arquivo','2019-10-24'),(662,'Sv0iiHeti7mqbLNoEJ0pymNuJ','zHD//17/Sv0iiHeti7mqbLNoEJ0pymNuJ/arquivos/','agua (0472766001573087825).jpg',NULL,'arquivo','2019-11-06'),(663,'Sv0iiHeti7mqbLNoEJ0pymNuJ','zHD//17/Sv0iiHeti7mqbLNoEJ0pymNuJ/arquivos/','ilustrativo1 (0574331001573087825).pdf',NULL,'arquivo','2019-11-06'),(664,'jBiSY1ri0dXS3D9Qb5zfOoKQg','zHD//17/jBiSY1ri0dXS3D9Qb5zfOoKQg/arquivos/','agua (0100534001573406109).jpg',NULL,'arquivo','2019-11-10'),(665,'jBiSY1ri0dXS3D9Qb5zfOoKQg','zHD//17/jBiSY1ri0dXS3D9Qb5zfOoKQg/arquivos/','ilustrativo1 (0101178001573406109).pdf',NULL,'arquivo','2019-11-10'),(666,'FB99dE6NQtPKsIfbeuy1ZIyPJ','zHD//17/FB99dE6NQtPKsIfbeuy1ZIyPJ/arquivos/','agua (0464044001573406375).jpg',NULL,'arquivo','2019-11-10'),(667,'FB99dE6NQtPKsIfbeuy1ZIyPJ','zHD//17/FB99dE6NQtPKsIfbeuy1ZIyPJ/arquivos/','ilustrativo1 (0464458001573406375).pdf',NULL,'arquivo','2019-11-10'),(668,'uDVIyjnniB2bxvzh5PevP8KAk','zHD//17/uDVIyjnniB2bxvzh5PevP8KAk/arquivos/','agua (0589826001573411949).jpg',NULL,'arquivo','2019-11-10'),(669,'uDVIyjnniB2bxvzh5PevP8KAk','zHD//17/uDVIyjnniB2bxvzh5PevP8KAk/arquivos/','ilustrativo1 (0590622001573411949).pdf',NULL,'arquivo','2019-11-10'),(670,'Ciassn3YvtF76tOcJMPVPQwKe','zHD//17/Ciassn3YvtF76tOcJMPVPQwKe/arquivos/','agua (0801898001573412110).jpg',NULL,'arquivo','2019-11-10'),(671,'Ciassn3YvtF76tOcJMPVPQwKe','zHD//17/Ciassn3YvtF76tOcJMPVPQwKe/arquivos/','ilustrativo1 (0802632001573412110).pdf',NULL,'arquivo','2019-11-10'),(672,'N4vS39588z6q5SsGbhabYG2gA','zHD//12/N4vS39588z6q5SsGbhabYG2gA/arquivos/','temp-fogo (0253862001588936574).jpg',NULL,'arquivo','2020-05-08'),(673,'nIDu7O9P4riDWzB8axPg2GfrO','zHD//12/nIDu7O9P4riDWzB8axPg2GfrO/arquivos/','queimadas (0350941001591605877).jpg',NULL,'arquivo','2020-06-08'),(674,'aOtvqU26MRfzTRwnLYuEW22pJ','zHD//12/aOtvqU26MRfzTRwnLYuEW22pJ/arquivos/','queimadas (0440760001591605884).jpg',NULL,'arquivo','2020-06-08'),(675,'i82tJ27eVNTMQSTHXzDcmcxH7','zHD//25/i82tJ27eVNTMQSTHXzDcmcxH7/arquivos/','2020-sus (0519930001591919416).jpg',NULL,'arquivo','2020-06-11'),(676,'CIbcMglpHjbqUYhxq3LHkcwyM','zHD//25/CIbcMglpHjbqUYhxq3LHkcwyM/arquivos/','corona-mascara (0504055001591920359).jpg',NULL,'arquivo','2020-06-11'),(677,'NHdzTOxLW1x6n0g15egLGOdDx','zHD/ouvidoria/12/NHdzTOxLW1x6n0g15egLGOdDx/arquivos/','Documento Ilustrativo (0170055001598962078).pdf',NULL,'arquivo','2020-09-01'),(678,'QXw6OzSaRYl341NxTZjlkBo3X','zHD//17/QXw6OzSaRYl341NxTZjlkBo3X/arquivos/','Documento Ilustrativo (0107816001598962147).pdf',NULL,'arquivo','2020-09-01'),(679,'Ise7hR8kAv2ceTcpLwCgmt26D','zHD//17/Ise7hR8kAv2ceTcpLwCgmt26D/arquivos/','Documento Ilustrativo (0084170001598962211).pdf',NULL,'arquivo','2020-09-01'),(680,'zJjfvuf2sb33LNJusQfVCbNMF','zHD//17/zJjfvuf2sb33LNJusQfVCbNMF/arquivos/','Documento Ilustrativo (0802268001598966866).pdf',NULL,'arquivo','2020-09-01'),(681,'yckU7E9ToaZVvM13A1RVjVD9E','zHD//17/yckU7E9ToaZVvM13A1RVjVD9E/arquivos/','Documento Ilustrativo (0553417001598966907).pdf',NULL,'arquivo','2020-09-01'),(682,'E6W5FdmRO89i8U0agjLKAfTQe','zHD//17/E6W5FdmRO89i8U0agjLKAfTQe/arquivos/','Documento Ilustrativo (0931876001598966908).pdf',NULL,'arquivo','2020-09-01'),(683,'WpOcy6BXTDfvC6qxFrbnLyUL1','zHD//17/WpOcy6BXTDfvC6qxFrbnLyUL1/arquivos/','Documento Ilustrativo (0779165001598966911).pdf',NULL,'arquivo','2020-09-01'),(684,'Nywxalbt7V7qYyjYMClXBWFz9','zHD//17/Nywxalbt7V7qYyjYMClXBWFz9/arquivos/','Documento Ilustrativo (0315814001598966912).pdf',NULL,'arquivo','2020-09-01'),(685,'AwmuS8Mix0oN5jgTK60M5wmhh','zHD//17/AwmuS8Mix0oN5jgTK60M5wmhh/arquivos/','Documento Ilustrativo (0812038001598966912).pdf',NULL,'arquivo','2020-09-01'),(686,'Qxg1onEFBBHtOHcW9Aks46kRk','zHD//17/Qxg1onEFBBHtOHcW9Aks46kRk/arquivos/','Documento Ilustrativo (0879946001598985637).pdf',NULL,'arquivo','2020-09-01'),(687,'tOlDLx7MOylNBrADrJwR5J658','zHD//17/tOlDLx7MOylNBrADrJwR5J658/arquivos/','Documento Ilustrativo (0103182001598985745).pdf',NULL,'arquivo','2020-09-01'),(688,'4PZcYv96eGDkW3rgThCApFCzc','zHD//17/4PZcYv96eGDkW3rgThCApFCzc/arquivos/','Documento Ilustrativo (0333469001598985748).pdf',NULL,'arquivo','2020-09-01'),(689,'lQ7ilPt62sN1CByPJmRC1PMT6','zHD/ouvidoria/12/lQ7ilPt62sN1CByPJmRC1PMT6/arquivos/','Documento Ilustrativo (0711273001599043774).pdf',NULL,'arquivo','2020-09-02'),(690,'BtICyEupPkWHSlJAceLUdiLDz','zHD/ouvidoria/12/BtICyEupPkWHSlJAceLUdiLDz/arquivos/','Documento Ilustrativo (0506058001599045926).pdf',NULL,'arquivo','2020-09-02'),(691,'BtICyEupPkWHSlJAceLUdiLDz','zHD/ouvidoria/12/BtICyEupPkWHSlJAceLUdiLDz/arquivos/','Fogo na mata (0506450001599045926).jpg',NULL,'arquivo','2020-09-02'),(692,'T2stId4HACPENwNxoou44aJ7m','zHD/ouvidoria/12/T2stId4HACPENwNxoou44aJ7m/arquivos/','Documento Ilustrativo (0170404001599045993).pdf',NULL,'arquivo','2020-09-02'),(693,'T2stId4HACPENwNxoou44aJ7m','zHD/ouvidoria/12/T2stId4HACPENwNxoou44aJ7m/arquivos/','Fogo na mata (0171055001599045993).jpg',NULL,'arquivo','2020-09-02'),(694,'8cLCkU4hUeYsiO6xyulpIOczY','zHD/ouvidoria/12/8cLCkU4hUeYsiO6xyulpIOczY/arquivos/','Documento Ilustrativo (0298573001599046217).pdf',NULL,'arquivo','2020-09-02'),(695,'8cLCkU4hUeYsiO6xyulpIOczY','zHD/ouvidoria/12/8cLCkU4hUeYsiO6xyulpIOczY/arquivos/','Fogo na mata (0298939001599046217).jpg',NULL,'arquivo','2020-09-02'),(696,'HI00E9WZ7Lgog0OMwyAqQ1u26','zHD/ouvidoria/12/HI00E9WZ7Lgog0OMwyAqQ1u26/arquivos/','Documento Ilustrativo (0945028001599046287).pdf',NULL,'arquivo','2020-09-02'),(697,'HI00E9WZ7Lgog0OMwyAqQ1u26','zHD/ouvidoria/12/HI00E9WZ7Lgog0OMwyAqQ1u26/arquivos/','Fogo na mata (0945416001599046287).jpg',NULL,'arquivo','2020-09-02'),(751,'jvdTvyVcGtyWN2UxvTseyBVwD','zHD/ouvidoria/12/jvdTvyVcGtyWN2UxvTseyBVwD/arquivos/','agua (0632507001601231732).jpg',NULL,'arquivo','2020-09-27'),(699,'IISg7YSinRX9AXRYGZ3FoduxD','zHD/ouvidoria/12/IISg7YSinRX9AXRYGZ3FoduxD/arquivos/','Documento Ilustrativo (0275332001599046749).pdf',NULL,'arquivo','2020-09-02'),(700,'IISg7YSinRX9AXRYGZ3FoduxD','zHD/ouvidoria/12/IISg7YSinRX9AXRYGZ3FoduxD/arquivos/','Imagem Ilustrativa (0275693001599046749).jpg',NULL,'arquivo','2020-09-02'),(749,'zXaTtGMW2VEYzutA4TLYaSSF2','zHD/ouvidoria/12/zXaTtGMW2VEYzutA4TLYaSSF2/arquivos/','agua (0466420001601231527).jpg',NULL,'arquivo','2020-09-27'),(702,'afbFgWyd5keTuzssh5pBC11mW','zHD//25/afbFgWyd5keTuzssh5pBC11mW/arquivos/','Documento Ilustrativo (0827310001599133831).pdf',NULL,'arquivo','2020-09-03'),(703,'afbFgWyd5keTuzssh5pBC11mW','zHD//25/afbFgWyd5keTuzssh5pBC11mW/arquivos/','Imagem Ilustrativa (0827655001599133831).jpg',NULL,'arquivo','2020-09-03'),(704,'soEc5uxqpLkTb3dbuOc6UBrIR','zHD/ouvidoria/12/soEc5uxqpLkTb3dbuOc6UBrIR/arquivos/','2020-carta-de-servicos (0552133001600110850).jpg',NULL,'arquivo','2020-09-14'),(705,'T0MV2RnAC9f8ZpDDhY20TWqEq','zHD//25/T0MV2RnAC9f8ZpDDhY20TWqEq/arquivos/','2020-carta-de-servicos (0919982001600110922).jpg',NULL,'arquivo','2020-09-14'),(706,'T0MV2RnAC9f8ZpDDhY20TWqEq','zHD//25/T0MV2RnAC9f8ZpDDhY20TWqEq/arquivos/','2020-carta-de-servicos (0920303001600110922).jpg',NULL,'arquivo','2020-09-14'),(707,'VfpNXOdJV34whv3htdWYwYBTC','zHD/ouvidoria/12/VfpNXOdJV34whv3htdWYwYBTC/arquivos/','2020-carta-de-servicos (0818907001600111158).jpg',NULL,'arquivo','2020-09-14'),(708,'VfpNXOdJV34whv3htdWYwYBTC','zHD/ouvidoria/12/VfpNXOdJV34whv3htdWYwYBTC/arquivos/','2020-carta-de-servicos (0819505001600111158).jpg',NULL,'arquivo','2020-09-14'),(709,'Eh8cG4FYLzjQ2MKyLUCffFJlF','zHD/ouvidoria/12/Eh8cG4FYLzjQ2MKyLUCffFJlF/arquivos/','2020-carta-de-servicos (0815844001600126826).jpg',NULL,'arquivo','2020-09-14'),(710,'Eh8cG4FYLzjQ2MKyLUCffFJlF','zHD/ouvidoria/12/Eh8cG4FYLzjQ2MKyLUCffFJlF/arquivos/','2020-carta-de-servicos (0816201001600126826).jpg',NULL,'arquivo','2020-09-14'),(711,'pTqSW6rmh9WZGcEq3PqpvNz03','zHD//25/pTqSW6rmh9WZGcEq3PqpvNz03/arquivos/','2020-carta-de-servicos (0671944001600127514).jpg',NULL,'arquivo','2020-09-14'),(712,'pTqSW6rmh9WZGcEq3PqpvNz03','zHD//25/pTqSW6rmh9WZGcEq3PqpvNz03/arquivos/','2020-carta-de-servicos (0672276001600127514).jpg',NULL,'arquivo','2020-09-14'),(713,'piOFgjOdUIkQW9MF1Kehi4aBx','zHD//25/piOFgjOdUIkQW9MF1Kehi4aBx/arquivos/','2020-carta-de-servicos (0475176001600131931).jpg',NULL,'arquivo','2020-09-14'),(714,'HQxFqpqbLRY1U1G2E9AZ7dStk','zHD//17/HQxFqpqbLRY1U1G2E9AZ7dStk/arquivos/','2020-carta-de-servicos (0997611001600133478).jpg',NULL,'arquivo','2020-09-14'),(715,'KXL3YK7NSVZWxu3g6Kzik9gHV','zHD//25/KXL3YK7NSVZWxu3g6Kzik9gHV/arquivos/','2020-carta-de-servicos (0035343001600136584).jpg',NULL,'arquivo','2020-09-14'),(716,'KXL3YK7NSVZWxu3g6Kzik9gHV','zHD//25/KXL3YK7NSVZWxu3g6Kzik9gHV/arquivos/','2020-carta-de-servicos (0035679001600136584).jpg',NULL,'arquivo','2020-09-14'),(717,'dhzF9uVbeHADYh72GyuSywpMQ','zHD//17/dhzF9uVbeHADYh72GyuSywpMQ/arquivos/','2020-carta-de-servicos (0207604001600137355).jpg',NULL,'arquivo','2020-09-14'),(718,'toS9n4niuEK6gqqSlqtdTwqHH','zHD//25/toS9n4niuEK6gqqSlqtdTwqHH/arquivos/','2020-carta-de-servicos (0137636001600138344).jpg',NULL,'arquivo','2020-09-14'),(719,'yZRzJlsTb7lzyj0HJDqC11qKu','zHD//12/yZRzJlsTb7lzyj0HJDqC11qKu/arquivos/','2020-carta-de-servicos (0160389001600584715).jpg',NULL,'arquivo','2020-09-20'),(720,'yZRzJlsTb7lzyj0HJDqC11qKu','zHD//12/yZRzJlsTb7lzyj0HJDqC11qKu/arquivos/','2020-carta-de-servicos (0160736001600584715).jpg',NULL,'arquivo','2020-09-20'),(738,'t7K2uenLMFCoF7qnROtcUMD18','zHD/ouvidoria/12/t7K2uenLMFCoF7qnROtcUMD18/arquivos/','agua (0988859001601044248).jpg',NULL,'arquivo','2020-09-25'),(722,'77uAXMcteya43txGOZndwDmgp','zHD//25/77uAXMcteya43txGOZndwDmgp/arquivos/','2020-tabela-de-jogos (0751195001600590385).jpg',NULL,'arquivo','2020-09-20'),(723,'77uAXMcteya43txGOZndwDmgp','zHD//25/77uAXMcteya43txGOZndwDmgp/arquivos/','2020-carta-de-servicos (0751763001600590385).jpg',NULL,'arquivo','2020-09-20'),(757,'GZPT2f4JNx2wEOemND4GjKF3X','zHD//17/GZPT2f4JNx2wEOemND4GjKF3X/arquivos/','agua (0154028001601233982).jpg',NULL,'arquivo','2020-09-27'),(725,'tw8KMOEeZ2PWX1xWT3pbELVqj','zHD//17/tw8KMOEeZ2PWX1xWT3pbELVqj/arquivos/','2020-sus (0364640001600608876).jpg',NULL,'arquivo','2020-09-20'),(726,'tw8KMOEeZ2PWX1xWT3pbELVqj','zHD//17/tw8KMOEeZ2PWX1xWT3pbELVqj/arquivos/','2020-sus (0364913001600608876).jpg',NULL,'arquivo','2020-09-20'),(753,'nDfirLbLgvvSKTyugeizSxpT6','zHD//25/nDfirLbLgvvSKTyugeizSxpT6/arquivos/','agua (0821933001601233365).jpg',NULL,'arquivo','2020-09-27'),(728,'ZRCyWDtiFSnshEcO00Syq0Mrn','zHD//17/ZRCyWDtiFSnshEcO00Syq0Mrn/arquivos/','2020-tabela-de-jogos (0284808001600653380).jpg',NULL,'arquivo','2020-09-20'),(729,'vZl9i9SuDz0wdHDj2KQnjRxyQ','zHD//17/vZl9i9SuDz0wdHDj2KQnjRxyQ/arquivos/','agua (0987285001600675073).jpg',NULL,'arquivo','2020-09-21'),(730,'vZl9i9SuDz0wdHDj2KQnjRxyQ','zHD//17/vZl9i9SuDz0wdHDj2KQnjRxyQ/arquivos/','agua (0987738001600675073).jpg',NULL,'arquivo','2020-09-21'),(731,'cRpI0a84FB5SDu7hDg6JEj6SQ','zHD/ouvidoria/12/cRpI0a84FB5SDu7hDg6JEj6SQ/arquivos/','agua (0476892001600933452).jpg',NULL,'arquivo','2020-09-24'),(769,'heIMttpo2cKt1HmdUEqMCVP7c','zHD//12/heIMttpo2cKt1HmdUEqMCVP7c/arquivos/','agua (0016477001602510158).jpg',NULL,'arquivo','2020-10-12'),(733,'4YqJvGv8QNponN6myQSW0gwJG','zHD//25/4YqJvGv8QNponN6myQSW0gwJG/arquivos/','agua (0658677001600935087).jpg',NULL,'arquivo','2020-09-24'),(758,'olYsxjhy5XcWedaGmz7cAzUSB','zHD/ouvidoria/25/olYsxjhy5XcWedaGmz7cAzUSB/arquivos/','agua (0276794001601234105).jpg',NULL,'arquivo','2020-09-27'),(735,'QpZftvcIa01slZrXA5zNx268D','zHD//17/QpZftvcIa01slZrXA5zNx268D/arquivos/','agua (0366243001600935261).jpg',NULL,'arquivo','2020-09-24'),(754,'wmuFb9hYchtNczHZjjA8aa04u','zHD/ouvidoria/25/wmuFb9hYchtNczHZjjA8aa04u/arquivos/','agua (0727778001601233410).jpg',NULL,'arquivo','2020-09-27'),(737,'cIZeURvYrlPJpQfjiteXqzV5B','zHD/ouvidoria/12/cIZeURvYrlPJpQfjiteXqzV5B/arquivos/','agua (0490630001600944829).jpg',NULL,'arquivo','2020-09-24'),(740,'QX6dyMgyW6UP911GFPOdpVyNp','zHD/ouvidoria/12/QX6dyMgyW6UP911GFPOdpVyNp/arquivos/','agua (0899838001601044548).jpg',NULL,'arquivo','2020-09-25'),(771,'n55zBAa4c4HuxT3m8bprWXuY2','zHD/ouvidoria/12/n55zBAa4c4HuxT3m8bprWXuY2/arquivos/','agua (0400999001602537576).jpg',NULL,'arquivo','2020-10-12'),(742,'kFHmm4afi0xjILdQfKzPh05fG','zHD//17/kFHmm4afi0xjILdQfKzPh05fG/arquivos/','agua (0528780001601072179).jpg',NULL,'arquivo','2020-09-25'),(755,'F6zpENozxLSAnklTbdLmgEeMW','zHD//25/F6zpENozxLSAnklTbdLmgEeMW/arquivos/','agua (0339157001601233537).jpg',NULL,'arquivo','2020-09-27'),(744,'djSm7SCskHvUFTODTNfqLqjnX','zHD//17/djSm7SCskHvUFTODTNfqLqjnX/arquivos/','agua (0303707001601072763).jpg',NULL,'arquivo','2020-09-25'),(745,'oVdaNCs8wyc0hBcZIG8JzR2VW','zHD//17/oVdaNCs8wyc0hBcZIG8JzR2VW/arquivos/','agua (0005275001601116658).jpg',NULL,'arquivo','2020-09-26'),(756,'JAtbmzvJqjtk6mlMfPfHqlQdX','zHD//17/JAtbmzvJqjtk6mlMfPfHqlQdX/arquivos/','agua (0104013001601233954).jpg',NULL,'arquivo','2020-09-27'),(759,'0ysStG9BAQdEBQhTowU1KPhto','zHD/ouvidoria/12/0ysStG9BAQdEBQhTowU1KPhto/arquivos/','agua (0799682001601235033).jpg',NULL,'arquivo','2020-09-27'),(760,'gDFEokI1vSYkpCKGVCAll8XIL','zHD//25/gDFEokI1vSYkpCKGVCAll8XIL/arquivos/','agua (0631698001601235092).jpg',NULL,'arquivo','2020-09-27'),(761,'5spRCfsfl78DzQ6jH8fosd8Xf','zHD//17/5spRCfsfl78DzQ6jH8fosd8Xf/arquivos/','agua (0806252001601235157).jpg',NULL,'arquivo','2020-09-27'),(770,'DSwL5SVL8763BQSnoFDXHH2wR','zHD//25/DSwL5SVL8763BQSnoFDXHH2wR/arquivos/','agua (0948513001602537329).jpg',NULL,'arquivo','2020-10-12'),(763,'AfSsaWIUTfn0CUZpNs0fha0jj','zHD//25/AfSsaWIUTfn0CUZpNs0fha0jj/arquivos/','agua (0417088001601683611).jpg',NULL,'arquivo','2020-10-02'),(764,'b2hHLcvrkCShLAQ9JltsY1ppP','zHD/ouvidoria/12/b2hHLcvrkCShLAQ9JltsY1ppP/arquivos/','agua (0552160001602422552).jpg',NULL,'arquivo','2020-10-11'),(765,'VGt2RxH9AUmStJiHmua4M8uAd','zHD/ouvidoria/12/VGt2RxH9AUmStJiHmua4M8uAd/arquivos/','agua (0319390001602423867).jpg',NULL,'arquivo','2020-10-11'),(772,'wzNt8N4RvvnWkUBwGXgbMXldL','zHD/ouvidoria/12/wzNt8N4RvvnWkUBwGXgbMXldL/arquivos/','agua (0852037001602898087).jpg',NULL,'arquivo','2020-10-16'),(767,'WjLyqr4lGjDBEEVTSuy4DD0vO','zHD/ouvidoria/12/WjLyqr4lGjDBEEVTSuy4DD0vO/arquivos/','agua (0345658001602424991).jpg',NULL,'arquivo','2020-10-11'),(785,'zSxCoulLl02gBYDjlYHzzQm7B','zHD/ouvidoria/12/zSxCoulLl02gBYDjlYHzzQm7B/arquivos/','agua (0879574001603647375).jpg',NULL,'arquivo','2020-10-25'),(774,'Y4OXsJX3zvSDHADsDvSmPjv2u','zHD//12/Y4OXsJX3zvSDHADsDvSmPjv2u/arquivos/','agua (0120895001603128929).jpg',NULL,'arquivo','2020-10-19'),(776,'FZkcOtfgKuexNjIzlOXH8Gngp','zHD//12/FZkcOtfgKuexNjIzlOXH8Gngp/arquivos/','agua (0874987001603311122).jpg',NULL,'arquivo','2020-10-21'),(777,'DpZfzYj5YP6cMVjNscA0A8v9G','zHD//12/DpZfzYj5YP6cMVjNscA0A8v9G/arquivos/','agua (0319889001603311172).jpg',NULL,'arquivo','2020-10-21'),(778,'pUGurm7aAwyFTv2uhg65p3dq2','zHD//25/pUGurm7aAwyFTv2uhg65p3dq2/arquivos/','agua (0265644001603311373).jpg',NULL,'arquivo','2020-10-21'),(779,'i925Dn51T4P1q6tucrbKjxO25','zHD//17/i925Dn51T4P1q6tucrbKjxO25/arquivos/','agua (0416076001603311499).jpg',NULL,'arquivo','2020-10-21'),(780,'txB1dyF88W8Ulq3lhiokoOtZ1','zHD//12/txB1dyF88W8Ulq3lhiokoOtZ1/arquivos/','agua (0506653001603311869).jpg',NULL,'arquivo','2020-10-21'),(781,'voVH03sU1vyNgDmrsFmppfREY','zHD//12/voVH03sU1vyNgDmrsFmppfREY/arquivos/','agua (0478521001603378128).jpg',NULL,'arquivo','2020-10-22'),(782,'XJBeChZ0tb5ryCxqlWlKEc9rj','zHD//12/XJBeChZ0tb5ryCxqlWlKEc9rj/arquivos/','agua (0099931001603378385).jpg',NULL,'arquivo','2020-10-22'),(783,'rUXdiRs54nGyFsESinvCCYiPW','zHD//25/rUXdiRs54nGyFsESinvCCYiPW/arquivos/','agua (0433698001603378900).jpg',NULL,'arquivo','2020-10-22'),(784,'dYBkO5CGetYETHqW30psceKIb','zHD/ouvidoria/12/dYBkO5CGetYETHqW30psceKIb/arquivos/','agua (0000899001603647271).jpg',NULL,'arquivo','2020-10-25'),(786,'FjkC54hGXRMhQomwcEtm2zu8K','zHD/ouvidoria/12/FjkC54hGXRMhQomwcEtm2zu8K/arquivos/','agua (0053365001603647468).jpg',NULL,'arquivo','2020-10-25'),(787,'q4yzRVtgpaIOid7MzbAyPOxLB','zHD/ouvidoria/12/q4yzRVtgpaIOid7MzbAyPOxLB/arquivos/','agua (0216690001603647497).jpg',NULL,'arquivo','2020-10-25'),(788,'SPLOt3vgMu5xs2oarFMOxpGyZ','zHD//12/SPLOt3vgMu5xs2oarFMOxpGyZ/arquivos/','agua (0753210001603649015).jpg',NULL,'arquivo','2020-10-25'),(789,'QnWEj7wSwmmQJsk111F69KflN','zHD//12/QnWEj7wSwmmQJsk111F69KflN/arquivos/','agua (0327428001603650022).jpg',NULL,'arquivo','2020-10-25'),(790,'74Y2FiP4aO9iDQsS5HmozwpyE','zHD//25/74Y2FiP4aO9iDQsS5HmozwpyE/arquivos/','agua (0413158001603650325).jpg',NULL,'arquivo','2020-10-25'),(791,'lHMhHpHbn7JDhhPguOPfM0CnY','zHD/ouvidoria/25/lHMhHpHbn7JDhhPguOPfM0CnY/arquivos/','agua (0561907001603650364).jpg',NULL,'arquivo','2020-10-25'),(792,'XesJZTfH6WR1mZYqozJNzXAVg','zHD//17/XesJZTfH6WR1mZYqozJNzXAVg/arquivos/','agua (0292455001603650597).jpg',NULL,'arquivo','2020-10-25'),(793,'ItTRs7ALJIArtGGVa5dbmUKXZ','zHD/ouvidoria/1/ItTRs7ALJIArtGGVa5dbmUKXZ/arquivos/','PPA-VOTE-AQUI (0940462001641936628).jpg',NULL,'arquivo','2022-01-11'),(794,'46BV4msN2x5ccg66aqeLeWL8A','zHD/ouvidoria/1/46BV4msN2x5ccg66aqeLeWL8A/arquivos/','PPA-VOTE-AQUI (0936386001641936842).jpg',NULL,'arquivo','2022-01-11'),(795,'Z86neGzhDzNPsvF6hYjNZZGOJ','zHD/ouvidoria/1/Z86neGzhDzNPsvF6hYjNZZGOJ/arquivos/','PPA-VOTE-AQUI (0189805001641939551).jpg',NULL,'arquivo','2022-01-11'),(797,'E30sfQlM2SAgRD93rpOUarO2p','zHD//1/E30sfQlM2SAgRD93rpOUarO2p/arquivos/','Documentos Empresa FRANCISCO (0429354001648733864).pdf',NULL,'arquivo','2022-03-31'),(798,'gZx1qNgtMZXYf1uhxNgw3jlTx','zHD/ouvidoria/1/gZx1qNgtMZXYf1uhxNgw3jlTx/arquivos/','Documento Ilustrativo 1 (0697522001677212354).pdf',NULL,'arquivo','2023-02-24'),(799,'LrYk9scwmOZRfGwFZCSmtw6u3','zHD/ouvidoria/1/LrYk9scwmOZRfGwFZCSmtw6u3/arquivos/','Documento Ilustrativo 1 (0396237001677212530).pdf',NULL,'arquivo','2023-02-24');

--
-- Table structure for table `ouvidoria_finalidades`
--

CREATE TABLE `ouvidoria_finalidades` (
  `id` int(11) NOT NULL AUTO_INCREMENT,
  `nome` varchar(250) NOT NULL,
  `entidade` int(11) NOT NULL DEFAULT 0,
  PRIMARY KEY (`id`),
  KEY `entidade` (`entidade`)
) ENGINE=MyISAM AUTO_INCREMENT=186 DEFAULT CHARSET=latin1 COLLATE=latin1_swedish_ci ROW_FORMAT=DYNAMIC;

--
-- Dumping data for table `ouvidoria_finalidades`
--

INSERT INTO `ouvidoria_finalidades` (`id`, `nome`, `entidade`) VALUES (1,'Críticas',1),(155,'Denúncias',1),(156,'Elogios',1),(157,'Reclamações',1),(158,'Solicitações',1),(159,'Sugestões',1),(161,'Críticas',1),(163,'Assunto A',4),(164,'Assunto B',4),(165,'Denúncia',23),(166,'Solicitação',23),(172,'Crimes contra a Fauna',5),(171,'Crimes contra a Flora',5),(173,'Críticas',2),(174,'Denúncias',2),(175,'Elogios',2),(176,'Reclamações',2),(177,'Solicitações',2),(178,'Sugestões',2),(179,'Crítica',5),(180,'Denúncias',5),(185,'Elogios',5),(182,'Reclamações',5),(183,'Solicitações',5),(184,'Sugestões',5);

--
-- Table structure for table `ouvidoria_respostas`
--

CREATE TABLE `ouvidoria_respostas` (
  `id` int(11) NOT NULL AUTO_INCREMENT,
  `ouvidoria` int(11) NOT NULL DEFAULT 0,
  `usuario` int(11) NOT NULL DEFAULT 0,
  `resposta` text NOT NULL,
  `codigo` varchar(25) NOT NULL,
  `data` timestamp NOT NULL DEFAULT current_timestamp() ON UPDATE current_timestamp(),
  PRIMARY KEY (`id`),
  KEY `data` (`data`),
  KEY `ouvidoria` (`ouvidoria`)
) ENGINE=MyISAM AUTO_INCREMENT=273 DEFAULT CHARSET=latin1 COLLATE=latin1_swedish_ci ROW_FORMAT=DYNAMIC;

--
-- Dumping data for table `ouvidoria_respostas`
--

INSERT INTO `ouvidoria_respostas` (`id`, `ouvidoria`, `usuario`, `resposta`, `codigo`, `data`) VALUES (195,9734,1,'resposta teste 17.39','fbKDiuU9BLb0AO9tERDKFSvyP','2018-10-04 20:57:26'),(196,9735,1,'18.04','MqEIkstrg1spfz7JCkglaL9HP','2018-10-04 21:04:14'),(197,9736,1,'18.07','ma5iby1Knm31MBSkEpz1Ad1ip','2018-10-04 21:07:34'),(204,1,1,'Prezados José Carlos\r\nJá estamos providenciando nossa brigadas para resolver a situação.\r\nAgradecemos pela informação.','NEvG4zg79XI0P38ZHKyGkAIPg','2019-10-24 17:31:36'),(201,9771,1,'Prezado Marcos, Já encaminhamos nossas equipes de Fiscalização para verificar a sua denúncia. Agradecemos sua atenção.\r\n','IqM7LEOYMwb4uX9kEAB21lAMU','2019-10-03 05:08:13'),(202,9776,1,'Prezado Julio,\r\nLorem ipsão dolor sít amçet, consectetur adipiscing elit. Sed vehicula id odio quis rhoncus.\r\nDonec ullamcorper, lectus in dictum porta, urna nisl tincidunt metus, at iaculis nunc sem vit\r\ne diam. Etiam quam orci, volutpat a justo non, pretium condimentum felis. Duis id elementum arcu.\r\nMauris pharetra dui molestie tortor imperdiet. \r\nJoão da Silva Ouvidor','WY3pywuPOAcguxiDprrA4Bpdj','2019-10-06 13:37:19'),(265,333,1,'Lorem ipsão dolor sít amçet, consectetur adipiscing elit. Sed vehicula id odio quis rhoncus. Donec ullamcorper, lectus in dictum porta, urna nisl tincidunt metus, at iaculis nunc sem vitae diam.','zSxCoulLl02gBYDjlYHzzQm7B','2020-10-25 17:36:07'),(251,204,1,'TESTE','I2RtuAlpKuntiTkhA8u0D31fJ','2020-10-04 20:40:35'),(206,14,1,'Enviamos uma equipe de socorristas e uma equipe de peritos para o local para debelar oo incêndios e investigar.\r\nAgradecemos pelo seu aviso','D5vF8rVhlevbMzgQbieZa5jiz','2020-06-08 08:48:09'),(266,334,1,'Lorem ipsão dolor sít amçet, consectetur adipiscing elit. Sed vehicula id odio quis rhoncus. Donec ullamcorper, lectus in dictum porta, urna nisl tincidunt metus, at iaculis nunc sem vitae diam.','q4yzRVtgpaIOid7MzbAyPOxLB','2020-10-25 17:38:06'),(268,338,1,'Lorem ipsão dolor sít amçet, consectetur adipiscing elit. Sed vehicula id odio quis rhoncus. Donec ullamcorper, lectus in dictum porta, urna nisl tincidunt metus, at iaculis nunc sem vitae diam.','lHMhHpHbn7JDhhPguOPfM0CnY','2020-10-25 18:25:56'),(248,193,1,'Despacho ilustrativo Coronavírus - Lorem ipsão dolor sít amçet, consectetur adipiscing elit. Sed vehicula id odio quis rhoncus. Donec ullamcorper, lectus in dictum porta, urna nisl tincidunt metus, at iaculis nunc sem vitae diam. Etiam quam orci, volutpat a justo non, pretium condimentum felis. Duis id elementum arcu. Mauris pharetra dui molestie tortor imperdiet. ','wmuFb9hYchtNczHZjjA8aa04u','2020-09-27 19:03:24'),(249,194,1,'Despacho ilustrativo Coronavirus - Lorem ipsão dolor sít amçet, consectetur adipiscing elit. Sed vehicula id odio quis rhoncus. Donec ullamcorper, lectus in dictum porta, urna nisl tincidunt metus, at iaculis nunc sem vitae diam. Etiam quam orci, volutpat a justo non, pretium condimentum felis. Duis id elementum arcu. Mauris pharetra dui molestie tortor imperdiet. ','olYsxjhy5XcWedaGmz7cAzUSB','2020-09-27 19:14:58'),(267,333,1,'Lorem ipsão dolor sít amçet, consectetur adipiscing elit. Sed vehicula id odio quis rhoncus. Donec ullamcorper, lectus in dictum porta, urna nisl tincidunt metus, at iaculis nunc sem vitae diam.','9CC8GUpnZxtHzhrYYTSAQw2Zk','2020-10-25 17:44:58'),(253,209,1,'TESTE','rpaWoR2xzDA1dqrRvm75itx7n','2020-10-04 22:27:58'),(254,211,1,'TESTE','wBijZeoqtAEaLipSck49pZZUe','2020-10-04 22:28:33'),(272,475,1,'Lorem ipsão dolor sít amçet, consectetur adipiscing elit. Sed vehicula id odio quis rhoncus. Donec ullamcorper, lectus in dictum porta, urna nisl tincidunt metus, at iaculis nunc sem vitae diam. Etiam quam orci, volutpat a justo non, pretium condimentum felis. Duis id elementum arcu. Mauris pharetra dui molestie tortor imperdiet. \r\n\r\nLorem ipsão dolor sít amçet, consectetur adipiscing elit. Sed vehicula id odio quis rhoncus. Donec ullamcorper, lectus in dictum porta, urna nisl tincidunt metus, at iaculis nunc sem vitae diam. Etiam quam orci, volutpat a justo non, pretium condimentum felis. Duis id elementum arcu. Mauris pharetra dui molestie tortor imperdiet. ','LrYk9scwmOZRfGwFZCSmtw6u3','2023-02-24 04:22:01');

--
-- Table structure for table `ouvidoria_status`
--

CREATE TABLE `ouvidoria_status` (
  `id` int(11) NOT NULL AUTO_INCREMENT,
  `nome` varchar(250) NOT NULL,
  `entidade` int(11) NOT NULL DEFAULT 0,
  `padrao` int(11) NOT NULL DEFAULT 0,
  PRIMARY KEY (`id`),
  KEY `entidade` (`entidade`)
) ENGINE=MyISAM AUTO_INCREMENT=173 DEFAULT CHARSET=latin1 COLLATE=latin1_swedish_ci ROW_FORMAT=DYNAMIC;

--
-- Dumping data for table `ouvidoria_status`
--

INSERT INTO `ouvidoria_status` (`id`, `nome`, `entidade`, `padrao`) VALUES (1,'Respondido',1,0),(2,'Finalizado',1,0),(162,'Recebido',23,0),(163,'Finalizado',23,0),(164,'Pendente',23,0),(165,'Recebido',5,1),(166,'Respondido',5,0),(167,'Encerrado',5,0),(169,'Respondido',2,0),(170,'Finalizado',2,0),(171,'Recebido',1,1),(172,'Recebido',2,1);

--
-- Table structure for table `pesquisas`
--

CREATE TABLE `pesquisas` (
  `id` int(11) NOT NULL AUTO_INCREMENT,
  `usuario` int(11) NOT NULL DEFAULT 0,
  `publico` int(11) NOT NULL DEFAULT 0,
  `titulo` text NOT NULL,
  `imagem` text DEFAULT NULL,
  `tag` text NOT NULL,
  `texto` text DEFAULT NULL,
  `secao` int(11) NOT NULL,
  `data` datetime DEFAULT current_timestamp(),
  `ignorar_ip` int(11) DEFAULT 0,
  `entidade` int(11) NOT NULL,
  `status` int(11) DEFAULT 1,
  PRIMARY KEY (`id`),
  KEY `entidade` (`entidade`)
) ENGINE=MyISAM AUTO_INCREMENT=11 DEFAULT CHARSET=latin1 COLLATE=latin1_swedish_ci ROW_FORMAT=DYNAMIC;

--
-- Dumping data for table `pesquisas`
--

INSERT INTO `pesquisas` (`id`, `usuario`, `publico`, `titulo`, `imagem`, `tag`, `texto`, `secao`, `data`, `ignorar_ip`, `entidade`, `status`) VALUES (3,1,1,'O que você pensa sobre o combate à COVID-19','zHD/pesquisas/12/0809501001593646695.jpg','oquevocepensasobreocombateacovid-19','Esta pesquisa foi criada para nortear os passos da Prefeitura com relação as medidas de segurança que deverão ser tomadas para combater o Coronavírus.\r\n\r\nParticipe, dê sua opinião !',4,'2021-04-13 00:00:00',1,1,1),(8,1,1,'Aquecimento global','zHD/pesquisas/5/0970954001619013576.jpg','aquecimentoglobal','Existe muita polêmica sobre o aquecimento global. Há cientistas que defendem a ideia que o planeta esta aquecendo. Outros mostram que isto é resultado dos ciclos solares e que o planeta irá passar agora por um período de resfriamento. O que pensam os cidadãos do nosso município?',10,'2021-04-21 00:00:00',1,5,1),(5,1,1,'Pesquisa sobre a quarentena','zHD/pesquisas/25/0429891001592852084.jpg','pesquisasobreaquarentena','O objetivo da pesquisa é conhecer a opinião do cidadão sobre a quarentena durante a pandemia do Coronavírus. Participe e nos ajude para que possamos decidir e tomar as ações necessárias.',5,'2020-06-10 00:00:00',0,2,1),(6,1,1,'Dê sua opinião sobre a volta às aulas','zHD/pesquisas/25/0481693001592852058.jpg','desuaopiniaosobreavoltaasaulas_1','Sua opinião é importante para decidirmos sobre a volta às aulas, participe e colabore para tomarmos as melhores decisões. O voto de todos é muito importante!',6,'2020-06-10 00:00:00',0,2,1),(7,1,1,'Como você está tendo acesso ao material escolar?','zHD/pesquisas/25/0481693001592852058.jpg','comovoceestatendoacessoaomaterialescolar','Sua opinião é importante para decidirmos sobre a volta às aulas, participe e colabore para tomarmos as melhores decisões. O voto de todos é muito importante!',9,'2020-06-10 00:00:00',1,4,1),(10,1,0,'TESTE',NULL,'teste','TESTE',9,'2021-06-16 00:00:00',0,4,0);

--
-- Table structure for table `pesquisas_opcoes`
--

CREATE TABLE `pesquisas_opcoes` (
  `id` int(11) NOT NULL AUTO_INCREMENT,
  `ordem` int(11) NOT NULL DEFAULT 0,
  `pesquisa` int(11) NOT NULL DEFAULT 0,
  `titulo` text NOT NULL,
  `tipo` varchar(50) NOT NULL,
  `json` text DEFAULT NULL,
  PRIMARY KEY (`id`),
  KEY `enquete` (`pesquisa`)
) ENGINE=MyISAM AUTO_INCREMENT=34 DEFAULT CHARSET=latin1 COLLATE=latin1_swedish_ci ROW_FORMAT=DYNAMIC;

--
-- Dumping data for table `pesquisas_opcoes`
--

INSERT INTO `pesquisas_opcoes` (`id`, `ordem`, `pesquisa`, `titulo`, `tipo`, `json`) VALUES (6,1,3,'Você é a favor o lockdown?','opcoes','{\"0\":\"Sou a favor.\",\"1\":\"Sou contra.\"}'),(29,2,3,'Escreva a sua sugestão de medidas que deveriam ser tomadas.','texto','null'),(8,3,3,'Qual sua opinião sobre o tratamento precoce?','opcoes','{\"0\":\"Sou a favor.\",\"1\":\"Sou contra.\"}'),(9,4,3,'Qual sua opinião sobre o direito de ir e vir das pessoas durante a pandemia?','texto','null'),(31,1,8,'Deixe sua opinião sobre este tema?','texto','null'),(30,1,8,'Você acredita no aquecimento global?','sim-nao','{\"0\":\"Sim\",\"1\":\"N\\u00e3o\"}'),(16,1,5,'Você é a favor da quarentena?','sim-nao','{\"0\":\"Sim\",\"1\":\"N\\u00e3o\"}'),(17,1,5,'Você acha que ela resulta em diminuição dos riscos?','sim-nao','{\"0\":\"Sim\",\"1\":\"N\\u00e3o\"}'),(18,1,5,'Deixe um comentário sobre este assunto.','texto','null'),(19,1,6,'Você é da região urbana ou rural?','opcoes','{\"0\":\"Urbana\",\"1\":\"Rural\"}'),(20,1,6,'Você acha que devemos voltar às aulas ou outras opções?','opcoes','{\"0\":\"Voltar \\u00e0s aulas.\",\"1\":\"Disponibilizar aulas pela Internet.\",\"2\":\"Fornecer aulas impressas para estudar em casa.\",\"3\":\"Aguardar at\\u00e9 que seja poss\\u00edvel voltar sem usar outros m\\u00e9todos.\"}'),(22,1,6,'Se quiser faça suas observações.','texto','null'),(23,1,7,'Você é pai, responsável ou aluno?','opcoes','{\"0\":\"Pai.\",\"1\":\"Respons\\u00e1vel.\",\"2\":\"Aluno.\"}'),(24,2,7,'Você mora na área urbana ou rural?','opcoes','{\"0\":\"Rural\",\"1\":\"Urbana\"}'),(33,4,7,'Seu acesso à Internet permite você assistir a vídeos?','sim-nao','{\"0\":\"Sim\",\"1\":\"N\\u00e3o\"}'),(26,3,7,'Você tem acesso à Internet em sua casa?','sim-nao','{\"0\":\"Sim\",\"1\":\"N\\u00e3o\"}'),(27,5,7,'Como você tem acesso ao conteúdo escolar? ','opcoes','{\"0\":\"A dist\\u00e2ncia pela Internet\",\"1\":\"Vou buscar o conte\\u00fado na escola\",\"2\":\"Recebo material em casa\",\"3\":\"Nenhuma das op\\u00e7\\u00f5es\"}'),(32,6,7,'Você tem um dispositivo para acessar a Internet? Qual?','opcoes','{\"0\":\"Computador\",\"1\":\"Notebook\",\"2\":\"Celular\",\"3\":\"N\\u00e3o tenho nenhum\"}'),(28,7,7,'Você acha que o ensino a distância resolve a impossibilidade de aulas presenciais? Deixe uma sugestão sobre a melhor forma de atender suas necessidades de ensino neste momento.','texto','null');

--
-- Table structure for table `pesquisas_respostas`
--

CREATE TABLE `pesquisas_respostas` (
  `id` int(11) NOT NULL AUTO_INCREMENT,
  `pesquisa` int(11) NOT NULL DEFAULT 0,
  `formulario` varchar(25) NOT NULL,
  `json` text DEFAULT NULL,
  `ip` varchar(50) NOT NULL,
  `data` timestamp NOT NULL DEFAULT current_timestamp() ON UPDATE current_timestamp(),
  PRIMARY KEY (`id`),
  KEY `enquete` (`pesquisa`),
  KEY `ip` (`ip`),
  KEY `data` (`data`),
  KEY `formulario` (`formulario`)
) ENGINE=MyISAM AUTO_INCREMENT=34 DEFAULT CHARSET=latin1 COLLATE=latin1_swedish_ci ROW_FORMAT=DYNAMIC;

--
-- Dumping data for table `pesquisas_respostas`
--

INSERT INTO `pesquisas_respostas` (`id`, `pesquisa`, `formulario`, `json`, `ip`, `data`) VALUES (8,4,'9slrcjJ2Q4JuOI8vaQjoakodT','{\"12\":\"Regular\",\"13\":\"Sim\",\"14\":\"Meios Digitais\",\"15\":\"Parab\\u00e9ns pela iniciativa.\",\"10\":\"Pai\",\"11\":\"Urbana\"}','177.235.112.213','2020-05-28 23:13:35'),(7,4,'guOFxf0xLoSjBDdikMBzsPQR3','{\"10\":\"Pai\",\"11\":\"Urbana\",\"12\":\"Regular\",\"13\":\"Sim\",\"14\":\"Atividades Impressas\",\"15\":\"xD\"}','187.32.137.101','2020-05-26 00:28:55'),(9,4,'LAp52hlbgZl0jnydFpXG5eKyj','{\"12\":\"Regular\",\"13\":\"N\\u00e3o\",\"14\":\"Atividades Impressas\",\"15\":\"Acho melhor perder este ano.\",\"10\":\"Pai\",\"11\":\"Rural\"}','177.235.112.213','2020-05-28 23:14:43'),(10,4,'VfTaXBFIAWlJw7otVREoWMN6g','{\"10\":\"Pai\",\"11\":\"Urbana\",\"13\":\"N\\u00e3o\",\"12\":\"Educa\\u00e7\\u00e3o Especial\",\"14\":\"Redes Sociais\",\"15\":\"\"}','177.235.112.213','2020-05-29 00:44:38'),(11,4,'c4BufmKxnWM6k7ZcpP5OsdRI8','{\"10\":\"Pai\",\"11\":\"Urbana\",\"13\":\"Sim\",\"12\":\"Educa\\u00e7\\u00e3o Ind\\u00edgenas\",\"14\":\"Plataformas Virtuais\",\"15\":\"\"}','177.235.112.213','2020-05-29 00:45:22'),(12,4,'GQwqAEux60sFWGQygGd4umta4','{\"10\":\"Pai\",\"11\":\"Urbana\",\"13\":\"Sim\",\"12\":\"Educa\\u00e7\\u00e3o Especial\",\"14\":\"V\\u00eddeo Aulas\",\"15\":\"\"}','177.235.112.213','2020-05-29 00:46:02'),(13,4,'aQeDgJvkwSbhAzzGSTltbbap6','{\"10\":\"Aluno\",\"11\":\"Urbana\",\"13\":\"Sim\",\"12\":\"Regular\",\"14\":\"Atividades Impressas\",\"15\":\"\"}','177.235.112.213','2020-05-29 00:47:01'),(14,3,'76ABaDq9Z0BF6qdC62MJdcP7q','{\"6\":\"N\\u00e3o\",\"7\":\"Manter isolamento de pessoas do grupo de risco e liberar o restante.\",\"8\":\"Deve ser usada com acompanhamento m\\u00e9dico\",\"9\":\"\"}','177.235.112.213','2020-05-29 00:53:14'),(15,3,'IawEUShbo3UlEqEwVfaeWcBli','{\"6\":\"Sim\",\"7\":\"Manter isolamento de pessoas do grupo de risco e liberar o restante.\",\"8\":\"N\\u00e3o tenho opini\\u00e3o\",\"9\":\"\"}','177.235.112.213','2020-05-29 00:54:53'),(16,3,'f6rYxMoesCmsqKbhJ1F1uEAUm','{\"6\":\"N\\u00e3o\",\"7\":\"Manter tudo funcionando com protocolos de seguran\\u00e7a.\",\"8\":\"N\\u00e3o deve ser usada\",\"9\":\"\"}','177.235.112.213','2020-05-29 00:56:19'),(17,5,'gujP08Znjyy6EyxPiXh1vtx4t','{\"16\":\"Sim\",\"17\":\"Sim\",\"18\":\"\"}','177.235.112.213','2020-06-17 04:22:10'),(18,7,'AcODjAS0ncCMCzT7pdt5UYc4y','{\"23\":\"Pai.\",\"24\":\"Urbana\",\"25\":\"Pela Internet.\",\"26\":\"Sim\",\"27\":\"Internet\",\"28\":\"Espero o retorno \\u00e0s aulas imediatamente\"}','177.235.119.118','2020-10-26 17:10:01'),(19,6,'fbUBFKgMRaPRiDlDnMrZVnmMW','{\"19\":\"Urbana\",\"20\":\"Voltar \\u00e0s aulas.\",\"22\":\"\"}','177.235.118.144','2021-04-16 04:57:20'),(20,5,'Ce9PnU6eS7jZQOGh9bT0xSBfL','{\"16\":\"Sim\",\"17\":\"Sim\",\"18\":\"\"}','177.235.118.144','2021-04-19 19:09:31'),(21,5,'2zX0oj1tpj0sdqT45tWsb9bHw','{\"16\":\"Sim\",\"17\":\"Sim\",\"18\":\"\"}','177.191.246.224','2021-04-19 19:10:01'),(22,5,'2zX0oj1tpj0sdqT45tWsb9bHw','{\"16\":\"Sim\",\"17\":\"Sim\",\"18\":\"\"}','177.191.234.11','2021-04-19 19:23:53'),(23,6,'7mVDCG32SBkJ5us2WtkMLPouV','{\"19\":\"Rural\",\"20\":\"Disponibilizar aulas pela Internet.\",\"22\":\"\"}','177.191.234.11','2021-04-19 19:34:03'),(24,8,'dPpF1Z09zaBStbpxQSWa8a3JO','{\"31\":\"\",\"30\":\"N\\u00e3o\"}','177.235.118.144','2021-04-21 14:00:39'),(25,8,'b0ZY7tUADr7qEt2LgpRCNq6Rl','{\"31\":\"\",\"30\":\"Sim\"}','177.235.118.144','2021-04-21 14:03:13'),(26,8,'b0ZY7tUADr7qEt2LgpRCNq6Rl','{\"31\":\"\",\"30\":\"Sim\"}','177.235.118.144','2021-04-21 14:03:52'),(27,8,'b0ZY7tUADr7qEt2LgpRCNq6Rl','{\"31\":\"\\u00c9 um tema pol\\u00eamico e precisa ser melhor avaliado.\",\"30\":\"Sim\"}','177.235.118.144','2021-04-21 14:04:33'),(28,8,'rWQPO8psTtYEPXtPcrXefaCCk','{\"31\":\"\",\"30\":\"Sim\"}','177.235.118.144','2021-04-21 22:57:44'),(29,8,'rWQPO8psTtYEPXtPcrXefaCCk','{\"31\":\"\",\"30\":\"Sim\"}','177.235.118.144','2021-04-21 22:58:02'),(30,8,'DuVY9Tk9To2g7nd7WiUw5bD7F','{\"31\":\"\",\"30\":\"Sim\"}','177.235.118.144','2021-04-21 23:00:28'),(31,3,'TaEu2jHC1dtHL2e7z89IVYwoL','{\"6\":\"Sou contra.\",\"29\":\"\",\"8\":\"Sou a favor.\",\"9\":\"\"}','177.235.118.144','2021-04-23 07:33:11'),(32,7,'flkSBquPyMoBLgxC3Oi660Rkk','{\"23\":\"Respons\\u00e1vel.\",\"24\":\"Urbana\",\"25\":\"Pela Internet.\",\"26\":\"Sim\",\"27\":\"impressa \",\"28\":\"tudo hoje esta funcionando com restri\\u00e7\\u00e3o s\\u00f3 nao a educa\\u00e7\\u00e3o . da qual o cidad\\u00e3o perde mais uma vez a oportunidade de evoluir \\r\\n\"}','168.90.124.57','2021-04-29 13:14:16'),(33,3,'it9L56cRY2DTcx9qPWFRhDLfS','{\"6\":\"Sou a favor.\",\"29\":\"\",\"8\":\"Sou a favor.\",\"9\":\"\"}','168.121.105.169','2023-03-21 19:27:55');

--
-- Table structure for table `pesquisas_secoes`
--

CREATE TABLE `pesquisas_secoes` (
  `id` int(11) NOT NULL AUTO_INCREMENT,
  `nome` varchar(250) NOT NULL,
  `entidade` int(11) NOT NULL DEFAULT 0,
  PRIMARY KEY (`id`),
  KEY `entidade` (`entidade`)
) ENGINE=MyISAM AUTO_INCREMENT=12 DEFAULT CHARSET=latin1 COLLATE=latin1_swedish_ci ROW_FORMAT=DYNAMIC;

--
-- Dumping data for table `pesquisas_secoes`
--

INSERT INTO `pesquisas_secoes` (`id`, `nome`, `entidade`) VALUES (3,'Volta às aulas',1),(4,'Coronavírus',1),(5,'Pesquisa sobre a quarentena',2),(6,'Volta às aulas',2),(7,'teste',2),(8,'Pesquisas',1),(9,'Pesquisas',4),(10,'Pesquisas',5);

--
-- Table structure for table `popup`
--

CREATE TABLE `popup` (
  `id` int(11) NOT NULL AUTO_INCREMENT,
  `usuario` int(11) NOT NULL DEFAULT 0,
  `titulo` text NOT NULL,
  `link` text DEFAULT NULL,
  `tag` text NOT NULL,
  `texto` text DEFAULT NULL,
  `codigo` varchar(25) NOT NULL,
  `secao` int(11) NOT NULL,
  `data` datetime DEFAULT current_timestamp(),
  `entidade` int(11) NOT NULL,
  `imagem` int(11) DEFAULT 0,
  `status` int(11) DEFAULT 1,
  `contador` int(11) DEFAULT 0,
  `app_id` int(11) DEFAULT 0,
  `app_alvo` int(11) DEFAULT 0,
  PRIMARY KEY (`id`),
  KEY `app_alvo` (`app_alvo`),
  KEY `app_id` (`app_id`),
  KEY `contador` (`contador`),
  KEY `entidade` (`entidade`)
) ENGINE=MyISAM AUTO_INCREMENT=416 DEFAULT CHARSET=latin1 COLLATE=latin1_swedish_ci ROW_FORMAT=DYNAMIC;

--
-- Dumping data for table `popup`
--

INSERT INTO `popup` (`id`, `usuario`, `titulo`, `link`, `tag`, `texto`, `codigo`, `secao`, `data`, `entidade`, `imagem`, `status`, `contador`, `app_id`, `app_alvo`) VALUES (398,1,'Natal','http://jpweb.com.br','natal','','v4o05ddcRD0rJyJC4XfVtL7A9',157,'2018-05-28 00:00:00',1,0,0,445,0,0),(404,3,'Notícias ou Enquetes','pag.php?pg=blog/view&tag=chegaaomunicipionovasambulanciasadquiridaspeloprefeito','noticiasouenquetes','','g2h3vZTgRPPst31F6kN95ddVq',157,'2017-10-10 00:00:00',1,0,0,112,3,375),(415,1,'Educação',NULL,'educacao',NULL,'dUU46sNjKaU0MZOmYdxa5IZCj',158,'2023-02-02 00:00:00',4,0,1,109,0,0),(407,1,'Padrão',NULL,'padrao',NULL,'5XkS9YOz989g1ExzKye0DSc7R',159,'2018-09-26 00:00:00',5,0,1,1067,0,0),(411,1,'Institucional',NULL,'institucional',NULL,'lMdfg4LUPtqJo9yjs3n4zoAdc',157,'2020-07-04 00:00:00',1,0,1,2426,0,0),(412,1,'Doe sangue, você também pode precisar.',NULL,'doesanguevocetambempodeprecisar.',NULL,'oxKxWcgbi2k9ah2AgEK9X0DCa',161,'2020-09-12 00:00:00',2,0,1,1036,0,0),(414,1,'teste',NULL,'teste',NULL,'BKQEjOriLeMM8cvOVWwR8JVdP',157,'2021-07-04 00:00:00',1,0,0,0,0,0);

--
-- Table structure for table `popup_arquivos`
--

CREATE TABLE `popup_arquivos` (
  `id` int(11) NOT NULL AUTO_INCREMENT,
  `codigo` varchar(25) NOT NULL,
  `path` text NOT NULL,
  `arquivo` text NOT NULL,
  `legenda` text DEFAULT NULL,
  `tipo` varchar(50) DEFAULT NULL,
  PRIMARY KEY (`id`),
  KEY `codigo` (`codigo`)
) ENGINE=MyISAM AUTO_INCREMENT=374 DEFAULT CHARSET=latin1 COLLATE=latin1_swedish_ci ROW_FORMAT=DYNAMIC;

--
-- Dumping data for table `popup_arquivos`
--

INSERT INTO `popup_arquivos` (`id`, `codigo`, `path`, `arquivo`, `legenda`, `tipo`) VALUES (352,'v4o05ddcRD0rJyJC4XfVtL7A9','zHD/popup/12/v4o05ddcRD0rJyJC4XfVtL7A9/','popup-natal1 (0456271001505211848).jpg',NULL,'imagem'),(353,'v4o05ddcRD0rJyJC4XfVtL7A9','zHD/popup/12/v4o05ddcRD0rJyJC4XfVtL7A9/','popup-natal2 (0463884001505211848).jpg',NULL,'imagem'),(362,'oxKxWcgbi2k9ah2AgEK9X0DCa','zHD/popup/25/oxKxWcgbi2k9ah2AgEK9X0DCa/','campanha-doesangue (0861499001599927926).jpg','Doe sangue','imagem'),(361,'5XkS9YOz989g1ExzKye0DSc7R','zHD/popup/17/5XkS9YOz989g1ExzKye0DSc7R/','popup (0728489001599700892).jpg',NULL,'imagem'),(369,'TleO0v5e1qOrUbuASddLXdfK7','zHD/popup/4/TleO0v5e1qOrUbuASddLXdfK7/','popup1 (0970501001620847885).jpg',NULL,'imagem'),(370,'TleO0v5e1qOrUbuASddLXdfK7','zHD/popup/4/TleO0v5e1qOrUbuASddLXdfK7/','POPUP-EDU (0210614001675357365).jpg',NULL,'imagem'),(371,'dUU46sNjKaU0MZOmYdxa5IZCj','zHD/popup/4/dUU46sNjKaU0MZOmYdxa5IZCj/','POPUP-EDU (0104656001675370761).jpg',NULL,'imagem'),(373,'lMdfg4LUPtqJo9yjs3n4zoAdc','zHD/popup/1/lMdfg4LUPtqJo9yjs3n4zoAdc/','POP-UP (0484994001678647848).jpg',NULL,'imagem');

--
-- Table structure for table `popup_secoes`
--

CREATE TABLE `popup_secoes` (
  `id` int(11) NOT NULL AUTO_INCREMENT,
  `nome` varchar(250) NOT NULL,
  `entidade` int(11) NOT NULL DEFAULT 0,
  PRIMARY KEY (`id`),
  KEY `entidade` (`entidade`)
) ENGINE=MyISAM AUTO_INCREMENT=162 DEFAULT CHARSET=latin1 COLLATE=latin1_swedish_ci ROW_FORMAT=DYNAMIC;

--
-- Dumping data for table `popup_secoes`
--

INSERT INTO `popup_secoes` (`id`, `nome`, `entidade`) VALUES (157,'Home',1),(158,'Home',4),(159,'Home',5),(160,'Institucional',1),(161,'Institucional',2);

--
-- Table structure for table `popup_setup`
--

CREATE TABLE `popup_setup` (
  `id` int(11) NOT NULL AUTO_INCREMENT,
  `abertura` int(11) NOT NULL,
  `intervalo` int(11) NOT NULL DEFAULT 0,
  `cache` int(11) NOT NULL DEFAULT 0,
  `entidade` int(11) NOT NULL DEFAULT 0,
  PRIMARY KEY (`id`)
) ENGINE=MyISAM AUTO_INCREMENT=165 DEFAULT CHARSET=latin1 COLLATE=latin1_swedish_ci ROW_FORMAT=DYNAMIC;

--
-- Dumping data for table `popup_setup`
--

INSERT INTO `popup_setup` (`id`, `abertura`, `intervalo`, `cache`, `entidade`) VALUES (155,0,60,0,1),(156,15,600,0,14),(157,0,180,0,5),(158,0,180,0,4),(159,15,600,0,23),(160,15,600,0,1),(161,0,180,0,2),(162,15,600,0,3),(163,15,600,0,6),(164,15,600,0,8);

--
-- Table structure for table `protocolo`
--

CREATE TABLE `protocolo` (
  `id` int(11) NOT NULL AUTO_INCREMENT,
  `data` timestamp NOT NULL DEFAULT current_timestamp(),
  `assunto` text DEFAULT NULL,
  `documento` varchar(100) DEFAULT NULL,
  `email` varchar(300) DEFAULT NULL,
  `nome` varchar(300) DEFAULT NULL,
  `fone` varchar(50) DEFAULT NULL,
  `codigo` varchar(25) DEFAULT NULL,
  `descricao` text DEFAULT NULL,
  `departamento` int(11) DEFAULT NULL,
  `usuario` int(11) NOT NULL DEFAULT 0,
  `status` int(11) NOT NULL DEFAULT 0,
  `entidade` int(11) NOT NULL,
  `envio` int(11) NOT NULL DEFAULT 0,
  PRIMARY KEY (`id`),
  KEY `documento` (`documento`),
  KEY `departamento` (`departamento`),
  KEY `status` (`status`),
  KEY `entidade` (`entidade`)
) ENGINE=MyISAM AUTO_INCREMENT=60 DEFAULT CHARSET=latin1 COLLATE=latin1_swedish_ci ROW_FORMAT=DYNAMIC;

--
-- Dumping data for table `protocolo`
--

INSERT INTO `protocolo` (`id`, `data`, `assunto`, `documento`, `email`, `nome`, `fone`, `codigo`, `descricao`, `departamento`, `usuario`, `status`, `entidade`, `envio`) VALUES (50,'2017-01-10 04:13:00','Requerimento de Alvará','000.000.000-00','jpweb@jpweb.com.br','João da Silva','61982512032','0HBpiz50QYs1Cb451YukgN7IB','Duis non laoreet eros. Vestibulum porta neque eleifend erat tempus, vitae sagittis elit sodales. Sed convallis erat quis iaculis vestibulum. Curabitur sit amet purus et tellus consectetur vehicula. Suspendisse condimentum bibendum ante in adipiscing. Aliquam dignissim nisl eget arcu convallis, in viverra risus consequat. Pellentesque dictum lacinia.',177,0,1,1,0),(51,'2017-02-15 04:31:00','Proposta de Preços para Licitação Merenda Escolar','100.508.500-59','artesaosimao@msn.com','João dos Santos','64984279708','LXxxQTlgVlUdlu44OTz0lbVF8',NULL,176,0,165,1,1),(58,'2019-09-09 04:32:00','teste','100.508.500-59','jpweb@jpweb.com.br','Jorge Miguel','61982512032','rawKc0yiavCqtiNI0iVlfeIqt',NULL,176,1,160,1,1),(59,'2019-09-09 04:34:00','Lorem ipsão dolor sít amçet, consectetur adipiscing elit. Sed vehicula id odio quis rhoncus. Donec ullamcorper, lectus in dictum porta, urna nisl tincidunt metus, at iaculis nunc sem vitae diam. Etiam quam orci, volutpat a justo non, pretium condimentum felis. Duis id elementum arcu. Mauris pharetra dui molestie tortor imperdiet. ','111.111.111-11','jmhpretto@gmail.com','Marcelo Silva','61982512032','4ejIiFHVkof1o6DVf97fSKsqz',NULL,176,1,165,1,0),(54,'2017-09-22 18:21:00','SADPOSADLÇKSA~DLSA~DSA','','','ISRAEL','','H5Ko5SFb5RUF4uvtDDtNokLoc',NULL,177,1,1,1,0),(55,'2017-09-23 14:44:00','teste','','','teste100','','aPAphYIzT6zsg9r3uqRDsvQCa',NULL,175,3,165,1,0),(56,'2018-07-17 22:07:00',' gdsf gdsf gdsf gsdf gsdf gdsf gfds gfd','100.508.500-59','jpweb@jpweb.com.br','sdfgsd dsfg sdfgdsf gdsf gdsf gdsf gsdf','61982512032','aaoqUg8Ritf4CHNxjG3HhWRcj',NULL,176,1,160,1,1),(57,'2019-01-07 16:00:00','teste','100.508.500-59','artesaosimao@msn.com','teste','64984279708','7up2Cx8pKMD6uzuL1E3e53QJR',NULL,176,1,160,1,1);

--
-- Table structure for table `protocolo_acessos`
--

CREATE TABLE `protocolo_acessos` (
  `id` int(11) NOT NULL AUTO_INCREMENT,
  `usuario` int(11) NOT NULL DEFAULT 0,
  `nivel` int(11) NOT NULL DEFAULT 0,
  `entidade` int(11) NOT NULL DEFAULT 0,
  PRIMARY KEY (`id`),
  KEY `usuario` (`usuario`),
  KEY `entidade` (`entidade`)
) ENGINE=MyISAM AUTO_INCREMENT=185 DEFAULT CHARSET=latin1 COLLATE=latin1_swedish_ci ROW_FORMAT=DYNAMIC;

--
-- Dumping data for table `protocolo_acessos`
--

INSERT INTO `protocolo_acessos` (`id`, `usuario`, `nivel`, `entidade`) VALUES (182,3,1,1);

--
-- Table structure for table `protocolo_arquivos`
--

CREATE TABLE `protocolo_arquivos` (
  `id` int(11) NOT NULL AUTO_INCREMENT,
  `codigo` varchar(25) NOT NULL,
  `path` text NOT NULL,
  `arquivo` text NOT NULL,
  `legenda` text DEFAULT NULL,
  `tipo` varchar(50) DEFAULT NULL,
  `data` date DEFAULT NULL,
  PRIMARY KEY (`id`),
  KEY `codigo` (`codigo`)
) ENGINE=MyISAM AUTO_INCREMENT=13 DEFAULT CHARSET=latin1 COLLATE=latin1_swedish_ci ROW_FORMAT=DYNAMIC;

--
-- Dumping data for table `protocolo_arquivos`
--

INSERT INTO `protocolo_arquivos` (`id`, `codigo`, `path`, `arquivo`, `legenda`, `tipo`, `data`) VALUES (1,'Q3bbmg7uVP77E64qIz7uAuogg','zHD/protocolo/12/Q3bbmg7uVP77E64qIz7uAuogg/arquivos/','Teste de arquivo (0771704001504930427).pdf','Requerimento','arquivo','2017-09-09'),(3,'1iOK24VbXx8F96d86LHIp7UA6','zHD/protocolo/12/1iOK24VbXx8F96d86LHIp7UA6/arquivos/','Anne (0904825001504984481).jpg',NULL,'arquivo','2017-09-09'),(12,'0HBpiz50QYs1Cb451YukgN7IB','zHD/protocolo/12/0HBpiz50QYs1Cb451YukgN7IB/arquivos/','ilustrativo1 (0756806001523746001).pdf','Requerimento (ilustrativo)','arquivo','2018-04-14'),(5,'uDiBdyr9AFLEdYeLmCbtYlhsm','zHD/protocolo/12/uDiBdyr9AFLEdYeLmCbtYlhsm/arquivos/','Teste de arquivo (0498171001505075603).pdf','Despacho','arquivo','2017-03-20'),(6,'FfVAIcCAy7CIitKpM5dF6OhTi','zHD/protocolo/12/FfVAIcCAy7CIitKpM5dF6OhTi/arquivos/','Teste de arquivo (0657800001505076059).pdf','Liberação do Alvará','arquivo','2017-03-30'),(7,'H5Ko5SFb5RUF4uvtDDtNokLoc','zHD/protocolo/12/H5Ko5SFb5RUF4uvtDDtNokLoc/arquivos/','5c431197-d780-4ee6-95c8-5361f361f78d (0772683001506104516).jpg',NULL,'arquivo','2017-09-22'),(8,'uFTbYBYtGbmZvpvO4dT1eFbXZ','zHD/protocolo/12/uFTbYBYtGbmZvpvO4dT1eFbXZ/arquivos/','5c431197-d780-4ee6-95c8-5361f361f78d (0155643001506104681).jpg',NULL,'arquivo','2017-09-22'),(10,'1so9xQe4bQJydTt3buZeXSn8Z','zHD/protocolo/12/1so9xQe4bQJydTt3buZeXSn8Z/arquivos/','5c431197-d780-4ee6-95c8-5361f361f78d (0107129001506177972).jpg',NULL,'arquivo','2017-09-23'),(11,'aPAphYIzT6zsg9r3uqRDsvQCa','zHD/protocolo/12/aPAphYIzT6zsg9r3uqRDsvQCa/arquivos/','ilustrativo1 (0939621001523745747).pdf','Documento ilustrativo','arquivo','2018-04-14');

--
-- Table structure for table `protocolo_departamentos`
--

CREATE TABLE `protocolo_departamentos` (
  `id` int(11) NOT NULL AUTO_INCREMENT,
  `nome` varchar(250) NOT NULL,
  `entidade` int(11) NOT NULL DEFAULT 0,
  PRIMARY KEY (`id`),
  KEY `nome` (`nome`)
) ENGINE=MyISAM AUTO_INCREMENT=180 DEFAULT CHARSET=latin1 COLLATE=latin1_swedish_ci ROW_FORMAT=DYNAMIC;

--
-- Dumping data for table `protocolo_departamentos`
--

INSERT INTO `protocolo_departamentos` (`id`, `nome`, `entidade`) VALUES (167,'Secretaria de Educação',1),(168,'Secretaria de Educação',1),(169,'Secretaria de Esportes',1),(170,'Secretaria de Saúde',1),(171,'Secretaria de Agricultura',1),(172,'Secretaria de Transporte',1),(173,'Secretaria de Obras',1),(174,'Secretaria de Assistência Social',1),(175,'Gabinete do Prefeito',1),(176,'Controladoria',1),(177,'Procuradoria',1),(178,'Secretaria da Fazenda',1);

--
-- Table structure for table `protocolo_departamentos_acesso`
--

CREATE TABLE `protocolo_departamentos_acesso` (
  `id` int(11) NOT NULL AUTO_INCREMENT,
  `usuario` int(11) NOT NULL DEFAULT 0,
  `departamento` int(11) NOT NULL DEFAULT 0,
  `entidade` int(11) NOT NULL DEFAULT 0,
  PRIMARY KEY (`id`),
  KEY `usuario` (`usuario`),
  KEY `entidade` (`entidade`)
) ENGINE=MyISAM AUTO_INCREMENT=38 DEFAULT CHARSET=latin1 COLLATE=latin1_swedish_ci ROW_FORMAT=DYNAMIC;

--
-- Dumping data for table `protocolo_departamentos_acesso`
--

INSERT INTO `protocolo_departamentos_acesso` (`id`, `usuario`, `departamento`, `entidade`) VALUES (37,1,176,1);

--
-- Table structure for table `protocolo_respostas`
--

CREATE TABLE `protocolo_respostas` (
  `id` int(11) NOT NULL AUTO_INCREMENT,
  `protocolo` int(11) NOT NULL DEFAULT 0,
  `depto_anterior` int(11) NOT NULL DEFAULT 0,
  `depto_atual` int(11) NOT NULL DEFAULT 0,
  `usuario` int(11) NOT NULL DEFAULT 0,
  `resposta` text NOT NULL,
  `codigo` varchar(25) NOT NULL,
  `data` timestamp NOT NULL DEFAULT current_timestamp() ON UPDATE current_timestamp(),
  PRIMARY KEY (`id`),
  KEY `protocolo` (`protocolo`)
) ENGINE=MyISAM AUTO_INCREMENT=13 DEFAULT CHARSET=latin1 COLLATE=latin1_swedish_ci ROW_FORMAT=DYNAMIC;

--
-- Dumping data for table `protocolo_respostas`
--

INSERT INTO `protocolo_respostas` (`id`, `protocolo`, `depto_anterior`, `depto_atual`, `usuario`, `resposta`, `codigo`, `data`) VALUES (3,50,0,0,3,'Encaminhado a Secretaria da Fazenda, aguarde nova interação.','5Jvjba8aYuBccMku4eZwNhQRQ','2017-09-11 03:03:03'),(4,50,0,0,3,'<p class=\"no-margin-bottom\">O alvará foi liberado, vide documento anexo.</p>','FfVAIcCAy7CIitKpM5dF6OhTi','2017-09-10 20:40:50'),(5,50,0,0,3,'Encaminhado para a Procuradoria','yUIknYP7kuvG3Vi8nA3HMy0RD','2017-09-11 03:10:17'),(6,54,0,0,1,'Protocolo recebido.','V2kNAO4iYLt9mnvVhEXyukDdm','2017-09-22 18:22:42'),(7,51,0,0,1,'Protocolo recebido.','3HjTvit5mslGt1tJmpof8i21H','2017-09-22 18:23:09'),(8,54,0,0,1,'SAFASFDASFDSFDAFASDFASFSAF','uFTbYBYtGbmZvpvO4dT1eFbXZ','2017-09-22 18:24:34'),(9,55,0,0,1,'Protocolo recebido.','fgiEw1Ul72Lnre9ORylwRNp7D','2017-09-23 14:45:19'),(10,55,0,0,1,'Encaminhado ao Gabinete do Prefeito!','1so9xQe4bQJydTt3buZeXSn8Z','2017-09-23 14:46:04'),(11,59,0,0,1,'Protocolo recebido.','h9Vd3KbMLaYNZH6237cFQlDp1','2020-05-15 05:19:39'),(12,59,0,0,1,'Lorem ipsão dolor sít amçet, consectetur adipiscing elit. Sed vehicula id odio quis rhoncus. Donec ullamcorper, lectus in dictum porta, urna nisl tincidunt metus, at iaculis nunc sem vitae diam. Etiam quam orci, volutpat a justo non, pretium condimentum felis. Duis id elementum arcu. Mauris pharetra dui molestie tortor imperdiet. ','sHD35thfLT06EAdflXUeUzgcN','2020-05-18 12:44:36');

--
-- Table structure for table `protocolo_status`
--

CREATE TABLE `protocolo_status` (
  `id` int(11) NOT NULL AUTO_INCREMENT,
  `nome` varchar(250) NOT NULL,
  `entidade` int(11) NOT NULL DEFAULT 0,
  `padrao` int(11) NOT NULL DEFAULT 0,
  PRIMARY KEY (`id`),
  KEY `entidade` (`entidade`)
) ENGINE=MyISAM AUTO_INCREMENT=166 DEFAULT CHARSET=latin1 COLLATE=latin1_swedish_ci ROW_FORMAT=DYNAMIC;

--
-- Dumping data for table `protocolo_status`
--

INSERT INTO `protocolo_status` (`id`, `nome`, `entidade`, `padrao`) VALUES (1,'Pendente',1,0),(2,'Finalizado',1,0),(160,'Receber',1,1),(165,'Recebido',1,0);

--
-- Table structure for table `restricoes`
--

CREATE TABLE `restricoes` (
  `id` int(11) NOT NULL AUTO_INCREMENT,
  `data` timestamp NOT NULL DEFAULT current_timestamp(),
  `nome` varchar(300) DEFAULT NULL,
  `documento` varchar(100) DEFAULT NULL,
  `penalidade` text DEFAULT NULL,
  `motivo` text DEFAULT NULL,
  `descricao` text DEFAULT NULL,
  `codigo` varchar(25) DEFAULT NULL,
  `prazo_descricao` varchar(600) DEFAULT NULL,
  `prazo_data` date DEFAULT NULL,
  `status` int(11) NOT NULL DEFAULT 0,
  `usuario` int(11) NOT NULL DEFAULT 0,
  `entidade` int(11) NOT NULL,
  PRIMARY KEY (`id`) USING BTREE,
  KEY `documento` (`documento`) USING BTREE,
  KEY `entidade` (`entidade`) USING BTREE
) ENGINE=MyISAM AUTO_INCREMENT=17 DEFAULT CHARSET=latin1 COLLATE=latin1_swedish_ci ROW_FORMAT=DYNAMIC;

--
-- Dumping data for table `restricoes`
--

INSERT INTO `restricoes` (`id`, `data`, `nome`, `documento`, `penalidade`, `motivo`, `descricao`, `codigo`, `prazo_descricao`, `prazo_data`, `status`, `usuario`, `entidade`) VALUES (16,'2022-04-20 03:56:00','Razão Social da Empresa','11.111.111/1111-11','Descrição da penalidade/Base Legal','Descrição do Motivo','','wkn0KaL33hoQVKyGf4pT8eB6d','Até resolvido pendencias',NULL,170,1,1);

--
-- Table structure for table `restricoes_arquivos`
--

CREATE TABLE `restricoes_arquivos` (
  `id` int(11) NOT NULL AUTO_INCREMENT,
  `codigo` varchar(25) NOT NULL,
  `path` text NOT NULL,
  `arquivo` text NOT NULL,
  `legenda` text DEFAULT NULL,
  `tipo` varchar(50) DEFAULT NULL,
  `data` date DEFAULT NULL,
  PRIMARY KEY (`id`) USING BTREE,
  KEY `codigo` (`codigo`) USING BTREE
) ENGINE=MyISAM AUTO_INCREMENT=77 DEFAULT CHARSET=latin1 COLLATE=latin1_swedish_ci ROW_FORMAT=DYNAMIC;

--
-- Dumping data for table `restricoes_arquivos`
--

INSERT INTO `restricoes_arquivos` (`id`, `codigo`, `path`, `arquivo`, `legenda`, `tipo`, `data`) VALUES (75,'c-negativa','zHD/restricoes/1/certidoes/','0898208001677806130.jpg',NULL,'imagem','2023-03-02'),(76,'c-positiva','zHD/restricoes/1/certidoes/','0899811001677806130.jpg',NULL,'imagem','2023-03-02');

--
-- Table structure for table `restricoes_certidoes`
--

CREATE TABLE `restricoes_certidoes` (
  `id` int(11) NOT NULL AUTO_INCREMENT,
  `contrato` int(11) DEFAULT NULL,
  `info` text DEFAULT NULL,
  `documento` varchar(100) NOT NULL,
  `data` timestamp NOT NULL DEFAULT current_timestamp(),
  `vencimento` date NOT NULL,
  `codigo` varchar(25) DEFAULT NULL,
  `entidade` int(11) NOT NULL,
  PRIMARY KEY (`id`) USING BTREE,
  KEY `documento` (`documento`) USING BTREE,
  KEY `entidade` (`entidade`) USING BTREE
) ENGINE=MyISAM AUTO_INCREMENT=30 DEFAULT CHARSET=latin1 COLLATE=latin1_swedish_ci ROW_FORMAT=DYNAMIC;

--
-- Dumping data for table `restricoes_certidoes`
--

INSERT INTO `restricoes_certidoes` (`id`, `contrato`, `info`, `documento`, `data`, `vencimento`, `codigo`, `entidade`) VALUES (25,0,'{\"prazo\":\"30 days\",\"texto\":\"A SECRETARIA MUNICIPAL DE MEIO AMBIENTE, no uso de suas atribui\\u00e7\\u00f5es conferidas pela Resolu\\u00e7\\u00e3o\\/CONAMA n\\u00ba 237, de 19 de dezembro de 1997, Resolu\\u00e7\\u00e3o \\/COEMA n\\u00ba 079, de 07 de julho de 2009, a Lei Estadual n\\u00ba 7.389 de 01 de abril de 2010, e a Habilita\\u00e7\\u00e3o para Gest\\u00e3o Ambiental Compartilhada n\\u00ba 02\\/2009 de 24 de novembro de 2009 e em conformidade com as Leis Municipais Complementar n\\u00ba 016\\/2007 e 020\\/2007 e protocolo de Responsabilidade Socioambiental do setor produtivo de Gr\\u00e3o e da Pecu\\u00e1ria concede a presente CERTID\\u00c3O.\\r\\n\\r\\nDeclaramos para os devidos fins que n\\u00e3o existem pendencias junto ao \\u00d3rg\\u00e3o Municipal em rela\\u00e7\\u00e3o ao portador do  n\\u00ba 11560462000180.\\r\\nPor ser verdade, firmamos o presente.\\r\\n\\r\\n n\\u00ba 11560462000180\\r\\n\\r\\nObserva\\u00e7\\u00e3o:\\r\\n1 - A presente certid\\u00e3o n\\u00e3o configura estado de regularidade ambiental do im\\u00f3vel para qualquer atividade rural apresentada\\r\\n2 - A presente certid\\u00e3o n\\u00e3o servira de prova contra cobran\\u00e7a de qualquer debito que vier a ser reclamado\\r\\n\"}','22.222.222/2222-22','2022-04-20 04:13:50','2022-05-20','demo',0),(28,0,'{\"prazo\":\"30 days\",\"texto\":\"A SECRETARIA MUNICIPAL DE MEIO AMBIENTE, no uso de suas atribui\\u00e7\\u00f5es conferidas pela Resolu\\u00e7\\u00e3o\\/CONAMA n\\u00ba 237, de 19 de dezembro de 1997, Resolu\\u00e7\\u00e3o \\/COEMA n\\u00ba 079, de 07 de julho de 2009, a Lei Estadual n\\u00ba 7.389 de 01 de abril de 2010, e a Habilita\\u00e7\\u00e3o para Gest\\u00e3o Ambiental Compartilhada n\\u00ba 02\\/2009 de 24 de novembro de 2009 e em conformidade com as Leis Municipais Complementar n\\u00ba 016\\/2007 e 020\\/2007 e protocolo de Responsabilidade Socioambiental do setor produtivo de Gr\\u00e3o e da Pecu\\u00e1ria concede a presente CERTID\\u00c3O.\\r\\n\\r\\nDeclaramos para os devidos fins que n\\u00e3o existem pendencias junto ao \\u00d3rg\\u00e3o Municipal em rela\\u00e7\\u00e3o ao portador do  n\\u00ba 11560462000180.\\r\\nPor ser verdade, firmamos o presente.\\r\\n\\r\\n n\\u00ba 11560462000180\\r\\n\\r\\nObserva\\u00e7\\u00e3o:\\r\\n1 - A presente certid\\u00e3o n\\u00e3o configura estado de regularidade ambiental do im\\u00f3vel para qualquer atividade rural apresentada\\r\\n2 - A presente certid\\u00e3o n\\u00e3o servira de prova contra cobran\\u00e7a de qualquer debito que vier a ser reclamado\\r\\n\"}','11560462000180','2022-07-18 05:23:10','2022-08-17','KN1N1JA12L',0),(29,0,'{\"prazo\":\"30 days\",\"texto\":\"A SECRETARIA MUNICIPAL DE MEIO AMBIENTE, no uso de suas atribui\\u00e7\\u00f5es conferidas pela Resolu\\u00e7\\u00e3o\\/CONAMA n\\u00ba 237, de 19 de dezembro de 1997, Resolu\\u00e7\\u00e3o \\/COEMA n\\u00ba 079, de 07 de julho de 2009, a Lei Estadual n\\u00ba 7.389 de 01 de abril de 2010, e a Habilita\\u00e7\\u00e3o para Gest\\u00e3o Ambiental Compartilhada n\\u00ba 02\\/2009 de 24 de novembro de 2009 e em conformidade com as Leis Municipais Complementar n\\u00ba 016\\/2007 e 020\\/2007 e protocolo de Responsabilidade Socioambiental do setor produtivo de Gr\\u00e3o e da Pecu\\u00e1ria concede a presente CERTID\\u00c3O.\\r\\n\\r\\nDeclaramos para os devidos fins que n\\u00e3o existem pendencias junto ao \\u00d3rg\\u00e3o Municipal em rela\\u00e7\\u00e3o ao portador do  n\\u00ba 100.508.500-59.\\r\\nPor ser verdade, firmamos o presente.\\r\\n\\r\\n n\\u00ba 100.508.500-59\\r\\n\\r\\nObserva\\u00e7\\u00e3o:\\r\\n1 - A presente certid\\u00e3o n\\u00e3o configura estado de regularidade ambiental do im\\u00f3vel para qualquer atividade rural apresentada\\r\\n2 - A presente certid\\u00e3o n\\u00e3o servira de prova contra cobran\\u00e7a de qualquer debito que vier a ser reclamado\\r\\n\"}','100.508.500-59','2023-03-03 01:21:25','2023-04-01','Z1HCMICF3B',0);

--
-- Table structure for table `restricoes_respostas`
--

CREATE TABLE `restricoes_respostas` (
  `id` int(11) NOT NULL AUTO_INCREMENT,
  `contrato` int(11) NOT NULL DEFAULT 0,
  `usuario` int(11) NOT NULL DEFAULT 0,
  `resposta` text NOT NULL,
  `codigo` varchar(25) NOT NULL,
  `data` timestamp NOT NULL DEFAULT current_timestamp() ON UPDATE current_timestamp(),
  PRIMARY KEY (`id`) USING BTREE,
  KEY `codigo` (`codigo`) USING BTREE,
  KEY `embargo` (`contrato`) USING BTREE
) ENGINE=MyISAM AUTO_INCREMENT=16 DEFAULT CHARSET=latin1 COLLATE=latin1_swedish_ci ROW_FORMAT=DYNAMIC;

--
-- Dumping data for table `restricoes_respostas`
--

INSERT INTO `restricoes_respostas` (`id`, `contrato`, `usuario`, `resposta`, `codigo`, `data`) VALUES (13,15,1,'Despacho','PzODcjqWExTK04EvEPw8ghp7j','2022-04-19 10:54:49'),(14,16,1,'Lorem ipsão dolor sít amçet, consectetur adipiscing elit. Sed vehicula id odio quis rhoncus. Donec ullamcorper, lectus in dictum porta, urna nisl tincidunt metus, at iaculis nunc sem vitae diam. Etiam quam orci, volutpat a justo non, pretium condimentum felis. Duis id elementum arcu. Mauris pharetra dui molestie tortor imperdiet. \r\n\r\nDuis non laoreet eros. Vestibulum porta neque eleifend erat tempus, vitae sagittis elit sodales. Sed convallis erat quis iaculis vestibulum. Curabitur sit amet purus et tellus consectetur vehicula. Suspendisse condimentum bibendum ante in adipiscing. Aliquam dignissim nisl eget arcu convallis, in viverra risus consequat. Pellentesque dictum gravida lacinia.','PJndUe2BdFjtgiP6iZqj05R8p','2022-04-20 18:51:45'),(15,16,1,'Lorem ipsão dolor sít amçet, consectetur adipiscing elit. Sed vehicula id odio quis rhoncus. Donec ullamcorper, lectus in dictum porta, urna nisl tincidunt metus, at iaculis nunc sem vitae diam. Etiam quam orci, volutpat a justo non, pretium condimentum felis. Duis id elementum arcu. Mauris pharetra dui molestie tortor imperdiet. \r\n\r\nDuis non laoreet eros. Vestibulum porta neque eleifend erat tempus, vitae sagittis elit sodales. Sed convallis erat quis iaculis vestibulum. Curabitur sit amet purus et tellus consectetur vehicula. Suspendisse condimentum bibendum ante in adipiscing. Aliquam dignissim nisl eget arcu convallis, in viverra risus consequat. Pellentesque dictum gravida lacinia.','PkwU2fqImnfA1my1YWR8LyuKj','2022-04-20 18:53:53');

--
-- Table structure for table `restricoes_setup`
--

CREATE TABLE `restricoes_setup` (
  `id` int(11) NOT NULL AUTO_INCREMENT,
  `header_negativa` int(11) NOT NULL DEFAULT 0,
  `header_positiva` int(11) NOT NULL DEFAULT 0,
  `texto_negativa` text DEFAULT NULL,
  `texto_positiva` text DEFAULT NULL,
  `site_validacao` text DEFAULT NULL,
  `prazo` varchar(50) DEFAULT NULL,
  `entidade` int(11) NOT NULL DEFAULT 0,
  PRIMARY KEY (`id`) USING BTREE,
  KEY `entidade` (`entidade`) USING BTREE
) ENGINE=MyISAM AUTO_INCREMENT=167 DEFAULT CHARSET=latin1 COLLATE=latin1_swedish_ci ROW_FORMAT=DYNAMIC;

--
-- Dumping data for table `restricoes_setup`
--

INSERT INTO `restricoes_setup` (`id`, `header_negativa`, `header_positiva`, `texto_negativa`, `texto_positiva`, `site_validacao`, `prazo`, `entidade`) VALUES (166,75,76,'A SECRETARIA MUNICIPAL DE MEIO AMBIENTE, no uso de suas atribuições conferidas pela Resolução/CONAMA nº 237, de 19 de dezembro de 1997, Resolução /COEMA nº 079, de 07 de julho de 2009, a Lei Estadual nº 7.389 de 01 de abril de 2010, e a Habilitação para Gestão Ambiental Compartilhada nº 02/2009 de 24 de novembro de 2009 e em conformidade com as Leis Municipais Complementar nº 016/2007 e 020/2007 e protocolo de Responsabilidade Socioambiental do setor produtivo de Grão e da Pecuária concede a presente CERTIDÃO.\r\n\r\nDeclaramos para os devidos fins que não existem pendencias junto ao Órgão Municipal em relação ao portador do %documento%.\r\nPor ser verdade, firmamos o presente.\r\n\r\n%documento%\r\n\r\nObservação:\r\n1 - A presente certidão não configura estado de regularidade ambiental do imóvel para qualquer atividade rural apresentada\r\n2 - A presente certidão não servira de prova contra cobrança de qualquer debito que vier a ser reclamado\r\n','%nome%, portador do Documento %documento% possui restrições registrados:\r\n%processo%\r\n%data%\r\n%documento%\r\n%penalidade%','https://prefeiturasonline.com.br/web/','30 days',1);

--
-- Table structure for table `restricoes_status`
--

CREATE TABLE `restricoes_status` (
  `id` int(11) NOT NULL AUTO_INCREMENT,
  `nome` varchar(250) NOT NULL,
  `entidade` int(11) NOT NULL DEFAULT 0,
  `padrao` int(11) NOT NULL DEFAULT 0,
  PRIMARY KEY (`id`) USING BTREE,
  KEY `entidade` (`entidade`) USING BTREE,
  KEY `padrao` (`padrao`) USING BTREE
) ENGINE=MyISAM AUTO_INCREMENT=171 DEFAULT CHARSET=latin1 COLLATE=latin1_swedish_ci ROW_FORMAT=DYNAMIC;

--
-- Dumping data for table `restricoes_status`
--

INSERT INTO `restricoes_status` (`id`, `nome`, `entidade`, `padrao`) VALUES (169,'Liberado',1,0),(170,'Bloqueado',1,1);

--
-- Table structure for table `transparencia`
--

CREATE TABLE `transparencia` (
  `id` int(11) NOT NULL AUTO_INCREMENT,
  `usuario` int(11) NOT NULL DEFAULT 0,
  `grupo` int(11) NOT NULL DEFAULT 0,
  `categoria` int(11) NOT NULL DEFAULT 0,
  `titulo` text NOT NULL,
  `tag` varchar(500) DEFAULT NULL,
  `texto` text DEFAULT NULL,
  `codigo` varchar(25) NOT NULL,
  `data` datetime NOT NULL DEFAULT current_timestamp(),
  `exercicio` year(4) DEFAULT NULL,
  `entidade` int(11) NOT NULL,
  PRIMARY KEY (`id`),
  KEY `grupo` (`grupo`),
  KEY `categoria` (`categoria`),
  KEY `entidade` (`entidade`),
  KEY `exercicio` (`exercicio`),
  KEY `tag` (`tag`)
) ENGINE=MyISAM AUTO_INCREMENT=557 DEFAULT CHARSET=latin1 COLLATE=latin1_swedish_ci ROW_FORMAT=DYNAMIC;

--
-- Dumping data for table `transparencia`
--

INSERT INTO `transparencia` (`id`, `usuario`, `grupo`, `categoria`, `titulo`, `tag`, `texto`, `codigo`, `data`, `exercicio`, `entidade`) VALUES (436,1,130,157,'Decretos 2020','decretos2020',NULL,'QjW9vwdtahbJwOuTUzUTGBxLB','2020-04-09 00:00:00',2020,1),(461,1,162,221,'ESTRUTURA ORGANIZACIONAL 2019','estruturaorganizacional2019',NULL,'rL2DePwqdRGc7nMKrviYf25Wm','2019-10-02 00:00:00',2019,1),(412,1,127,136,'RREO Relatório Resumido de Execuções Orçamentárias 2020','rreorelatorioresumidodeexecucoesorcamentarias2020_1',NULL,'sxX08pR97HFjA87lupiPU9Qso','2020-02-03 00:00:00',2020,1),(414,1,127,203,'RGF Relatório de Gestão Fiscal Exercício 2020','rgfrelatoriodegestaofiscalexercicio2020_1',NULL,'S2wL4W7AODVIABDlvrN925v0e','2020-04-08 00:00:00',2020,1),(518,1,161,228,'Assistência Social - Cadastro Único','assistenciasocial-cadastrounico','A Prefeitura Municipal realiza o cadastramento de famílias no Cadastro Único para Programas Sociais do Governo Federal - CadÚnico. O Cadastro Único é requisito para diferentes Programas Sociais: Programa Bolsa Família, Minha Casa Minha Vida, Tarifa Social de Energia Elétrica, Benefício de Prestação Continuada (BPC), Programa de Erradicação do Trabalho Infantil (PETI), dentre outros. (clique aqui).\r\n\r\nRequisitos / Documentos necessários:\r\n\r\nO Responsável Familiar - RF (aquele que presta as informações sobre a família) deve ter no mínimo 16 anos.\r\n\r\nPara o Responsável Familiar, devem ser apresentados, ao menos, o CPF ou o Título de Eleitor. Para os demais membros do grupo familiar, é necessário apresentar, no mínimo, um dos documentos abaixo: \r\n\r\n- RG, CPF, Título de Eleitor, Carteira de Trabalho, Certidão de Nascimento ou Casamento.\r\n\r\nPrincipais Etapas do Serviço:\r\nO atendimento (entrevista, inserção no sistema e monitoramento) é realizado nos Centros de Referência de Assistência Social (CRAS), conforme região de moradia.\r\n\r\nEndereços e Telefones dos CRAS\r\nPrevisão de Prazo para Realização do Serviço\r\nDepois de realizada a entrevista, as informações são inseridas no sistema informatizado, para que seja gerado o Número de Inscrição Social - NIS. Depois de digitado o cadastro, o NIS é gerado em até 48h.','PGEUlPmwv89rHHxXbQf1RFQax','2020-05-15 00:00:00',2020,1),(420,1,130,142,'Lei Orgânica do Município','leiorganicadomunicipio_1',NULL,'w7u2eylT31cGZkPnAQUbL3YDY','2020-04-08 00:00:00',2020,1),(529,1,162,211,'Departamento de Engenharia','departamentodeengenharia','Nome do Titular\r\nNome da Rua, nº 000, Bairro Central\r\nCEP 00000-000 - Cidade / UF\r\nemailnome@seudominio.uf.gov.br\r\nTelefone (00) 0000-0000\r\nCelular (00) 00000-0000\r\nDas 08h00 às 12h00 e 14h00 às 18h00\r\nRestrições à atendimento ao público: \"Dias e horários de atendimento\"\r\n\r\nCOMPETÊNCIAS\r\n\r\nDuis non laoreet eros. Vestibulum porta neque eleifend erat tempus, vitae sagittis elit sodales. Sed convallis erat quis iaculis vestibulum. Curabitur sit amet purus et tellus consectetur vehicula. Suspendisse condimentum bibendum ante in adipiscing. Aliquam dignissim nisl eget arcu convallis, in viverra risus consequat. Pellentesque dictum gravida lacinia.\r\n\r\nLorem ipsão dolor sít amçet, consectetur adipiscing elit. Sed vehicula id odio quis rhoncus. Donec ullamcorper, lectus in dictum porta, urna nisl tincidunt metus, at iaculis nunc sem vitae diam. Etiam quam orci, volutpat a justo non, pretium condimentum felis. Duis id elementum arcu. Mauris pharetra dui molestie tortor imperdiet. Duis non laoreet eros. Vestibulum porta neque eleifend erat tempus, vitae sagittis elit sodales. Sed convallis erat quis iaculis vestibulum.','giT9bnBezT8uiRrnbZaXtWo9F','2020-05-18 00:00:00',2020,1),(433,1,130,165,'Leis Municipais Exercício 2015','leismunicipaisexercicio2015',NULL,'Cas63o3ZgtkrMf8ewg73pNcMF','2017-08-09 00:00:00',2017,1),(434,1,130,165,'Leis Municipais Exercício 2016','leismunicipaisexercicio2016',NULL,'MjheDLLdgXciRRSbO8dKb74wl','2017-08-09 00:00:00',2017,1),(435,1,130,165,'Leis Municipais Exercício 2017','leismunicipaisexercicio2017',NULL,'iwzsUVJisE6FSRk9ojgufCeYh','2017-08-09 00:00:00',2017,1),(437,1,130,157,'Decretos 2018','decretos2018',NULL,'ScBJnDvBAeVeDpHCeEAjlMebj','2018-08-09 00:00:00',2018,1),(438,1,130,157,'Decretos 201+','decretos201+',NULL,'m00T3J3TWUgfwqctr7vCXPPqu','2019-08-09 00:00:00',2019,1),(439,1,130,160,'Relatório do Controle Interno','relatoriodocontroleinterno',NULL,'pdAkypzdAjBejxmxAyCcMRu8P','2020-04-09 00:00:00',2020,1),(507,1,130,142,'Lei Orgânica do Município','leiorganicadomunicipio_1',NULL,'js4wQ8MNNIsPwQZUKnezLQVk7','2020-03-27 00:00:00',2020,1),(508,1,130,160,'Legislação Controle Interno ','legislacaocontroleinterno',NULL,'8fAummiaKFApwP7B2tMNa1qPt','2020-03-27 00:00:00',2020,1),(509,1,130,159,'Legislação de Pessoal','legislacaodepessoal',NULL,'rg2aIM45IyIRbeD6CeXoGxkFX','2020-03-27 00:00:00',2020,1),(510,1,130,207,'Normativo sobre Diárias 2020','normativosobrediarias2020',NULL,'RAG4b9wWueVJxx6SkCYSs5S9i','2020-03-27 00:00:00',2020,1),(511,1,130,194,'Portarias 2020','portarias2020',NULL,'94JBClKPoowyGImuVa65bwEVx','2020-03-27 00:00:00',2020,1),(512,1,130,195,'Resoluções 2020','resolucoes2020',NULL,'isqYyhgM2V6CT9jcxOBLgz6M7','2020-03-27 00:00:00',2020,1),(494,1,137,172,'LIQUIDAÇÃO DE DESPESAS ORÇAMENTÁRIAS 2018','liquidacaodedespesasorcamentarias2018',NULL,'BpmFXsCoOOhARvTMHJQet57tF','2018-07-03 00:00:00',2018,14),(493,1,137,171,'Empenhos 2018','empenhos2018',NULL,'21rzXzGtMWiZ2XA7wsqRhz847','2018-07-03 00:00:00',2018,14),(457,1,130,164,'Regulamentação da LAI 2020','regulamentacaodalai2020',NULL,'AYxZIHWcztBvpeoNcsOKHB4dD','2020-04-15 00:00:00',2020,1),(458,1,126,131,'Lista de Autoridades 2020','listadeautoridades2020','Órgão: Prefeitura Municipal\r\nTítular:\r\nEndereço:\r\nTelefone:\r\nEmail: \r\n\r\nÓrgão:\r\nTítular:\r\nEndereço:\r\nTelefone:\r\nEmail: \r\n\r\nÓrgão:\r\nTítular:\r\nEndereço:\r\nTelefone:\r\nEmail: \r\n\r\nÓrgão:\r\nTítular:\r\nEndereço:\r\nTelefone:\r\nEmail:','mq3pmNiY4MCU0hvmStfWBtCym','2020-02-01 00:00:00',2020,1),(460,1,130,165,'Leis Municipais 2020','leismunicipais2020',NULL,'OnwdccnpMOvctq1KlOgLfupNz','2020-01-02 00:00:00',2020,1),(492,1,137,170,'Despesas com diárias 2018','despesascomdiarias2018',NULL,'bkdrNw1GJNuLCji9StDPChgRC','2018-07-02 00:00:00',2018,14),(517,1,161,228,'Assistência Social - Atendimento aos Povos Indígenas','assistenciasocial-atendimentoaospovosindigenas','Promove acesso aos direitos e à inclusão social, cultural e econômica dos  indígenas, prioritariamente aos que encontram-se em situação de vulnerabilidade.\r\n\r\nRequisitos / Documentos necessários\r\nNome.\r\n\r\nPrincipais Etapas do Serviço\r\nAcolhimento e informações gerais.\r\n\r\nOrientações técnicas.\r\n\r\nEncaminhamento para rede de serviços.\r\n\r\nAcompanhamento através de atendimento de equipe interdisciplinar.\r\n\r\nPrevisão de Prazo para Realização do Serviço\r\nImediato.\r\n\r\nFormas de Prestação de Serviço\r\nPresencial no Centro de Referência dos Direitos Humanos.\r\n\r\nDisque Denúncia - (xx) 0000-0000.','edQCp3mM7muwqDS7vUnUF5c8p','2020-05-15 00:00:00',2020,1),(486,1,167,140,'LOA LEI ORÇAMENTÁRIA ANUAL 2022','loaleiorcamentariaanual2022','Texto opcional.','7mFYNIHuA6varH19IjmfY2GR0','2022-01-01 00:00:00',2022,1),(500,1,162,221,'ESTRUTURA ORGANIZACIONAL 2020','estruturaorganizacional2020',NULL,'Im4S1Kx5ycvyKaVLHKnUdHSAa','2020-01-26 00:00:00',2020,1),(549,1,167,139,'Lei de Diretrizes Orçamentárias 2021','leidediretrizesorcamentarias2021',NULL,'67q1FXOEXZxzFQmaq4nOcrFV0','2021-05-13 00:00:00',2021,1),(550,1,167,139,'Lei de Diretrizes Orçamentárias 2019','leidediretrizesorcamentarias2019',NULL,'tdBWxuOc54lgE38lwAWCrBM81','2019-05-13 00:00:00',2019,1),(516,1,161,228,'Assistência Social - Acolhimento de Crianças e Adolescentes','assistenciasocial-acolhimentodecriancaseadolescentes','O Acolhimento Institucional é uma das Medidas de Proteção previstas no artigo 101, inciso VII, da Lei Federal nº 8069/1990, Estatuto da Criança e do Adolescente  (ECA), aplicáveis a crianças e adolescentes sempre que, conforme artigo 98 da mesma Lei, seus direitos forem ameaçados ou violados por ação ou omissão da sociedade ou do Estado. Por falta, omissão ou abuso dos pais ou responsável ou em razão de sua conduta. \r\n\r\nO acolhimento institucional é medida provisória e excepcional, utilizável como forma de transição para reintegração familiar ou não sendo esta possível, para colocação em família substituta, não implicando em privação de liberdade. A Lei e suas atualizações podem ser conferidas  aqui.\r\n\r\nRequisitos / Documentos necessários\r\nO afastamento da criança ou adolescente do convívio familiar é de competência exclusiva do Poder Judiciário. Em caráter excepcional e de urgência, o Conselho Tutelar pode acolher crianças e adolescentes sem prévia determinação judiciária, fazendo comunicação do fato em até 24 horas ao Juiz da Infância e da Juventude.\r\n\r\nPrincipais Etapas do Serviço\r\n\r\nAs etapas do Acolhimento Institucional são baseadas nos princípios da preservação dos vínculos familiares e promoção da reintegração familiar.\r\n\r\nIntegração em família substituta, quando esgotados os recursos de manutenção na família natural ou extensa ou de origem.\r\n\r\nAtendimento personalizado e em pequenos grupos.\r\n\r\nDesenvolvimento de atividades em regime de coeducação.\r\n\r\nNão desmembramento de grupos de irmãos.\r\n\r\nEvita-se, sempre que possível, a transferência para outras entidades de crianças e adolescentes abrigados.\r\n\r\nParticipação na vida da comunidade local.\r\n\r\nPreparação gradativa para o desligamento e participação de pessoas da comunidade no processo educativo. \r\n \r\nPrevisão de Prazo para Realização do Serviço\r\nO Acolhimento Institucional é imediato, respeitando as etapas necessárias do processo. \r\n\r\nToda criança ou adolescente que estiver inserido em programa de acolhimento institucional terá sua situação reavaliada, no máximo, a cada seis meses e sua permanência não se prolongará por mais de 18 meses, salvo comprovada necessidade que atenda ao seu superior interesse, devidamente fundamentada pelo Poder Judiciário.\r\n\r\nFormas de Prestação de Serviço\r\nO serviço de acolhimento institucional para crianças e adolescentes possui funcionamento ininterrupto (24 horas) e é desenvolvido nas seguintes modalidades de acolhimento institucional:\r\n\r\nCasa Lar\r\n\r\nAbrigo Residencial\r\n\r\nAs orientações técnicas dos serviços de Acolhimento para Crianças e Adolescentes estão disponíveis aqui.','vKTdlGbHMCbCp05orfsf2RiOA','2020-05-15 00:00:00',2020,1),(519,1,161,227,'Educação - Educação Infantil','educacao-educacaoinfantil','O Município oferta vagas na etapa de Educação Infantil por meio de duas modalidades: a rede própria, formada por Escolas Municipais de Educação Infantil (EMEIS) e pelas escolas comunitárias de Educação Infantil parceiras.\r\n\r\nRequisitos / Documentos necessários\r\nRG do responsável pelo aluno.\r\nCertidão de nascimento do aluno.\r\nComprovante de residência.\r\nCarteira de vacinação.\r\nNúmero de inscrição no Sistema Único de Saúde (SUS).\r\nCartão Bolsa Família (se for beneficiário).\r\n\r\nPrincipais Etapas do Serviço\r\nInscrição diretamente nas escolas ou instituições.\r\n\r\nMatrícula conforme a classificação dos inscritos.\r\n\r\nPrevisão de Prazo para Realização do Serviço\r\nInscrições: Outubro/Novembro.\r\n\r\nMatrícula: Dezembro.\r\n\r\nFormas de Prestação de Serviço\r\nPor meio da oferta de vagas na etapa de Educação Infantil em escolas próprias e instituições parceiras.','JzyIREsfzUB8QRM7W1x8YGvIl','2020-05-15 00:00:00',2020,1),(520,1,161,230,'Esporte - Campeonato Municipal de Futebol Amador','esporte-campeonatomunicipaldefutebolamador','Organização de Campeonato em campos Municipais, integrado com Ligas de Futebol.\r\n\r\nRequisitos / Documentos necessários\r\nCadastramentos de equipes.\r\n\r\nPrincipais Etapas do Serviço\r\nOrientação técnica voltada para as ligas de futebol.\r\n\r\nOrganização de Campeonatos Municipais.\r\n\r\nPrevisão de Prazo para Realização do Serviço\r\nImediato.\r\n\r\nFormas de Prestação de Serviço\r\nDisponibilização de Professores de Educação Física.','KJjWqQKzfylBUvmLEYgcSGsX0','2020-05-15 00:00:00',2020,1),(521,1,161,230,'Esporte - Utilização de quadras esportivas.','esporte-utilizacaodequadrasesportivas','Requisitos / Documentos necessários\r\nA atividade não pode prever fins lucrativos. \r\n\r\nPrincipais Etapas do Serviço\r\nEnvio de e-mail aos cuidados da Coordenação de Campos ou aos cuidados da Gerência Executiva da Diretoria de Esportes solicitando o agendamento para o uso.\r\n\r\nApós o envio de e-mail, o usuário deverá entrar em contato com a Coordenação de Campo, para verificação da viabilidade do agendamento. \r\n\r\nPrevisão de Prazo para Realização do Serviço\r\nPrazo depende da avaliação da reserva.\r\n\r\nFormas de Prestação de Serviço\r\nEspaço físico, iluminação e servidor para abertura de espaços físicos (campo e vestiários).\r\n\r\nATENÇÃO: O agendamento de uso em espaços fechados e em espaços abertos é livre (por ordem de chegada).','6ZyZayZqv6PN6QXWIZBWjl2hd','2020-05-15 00:00:00',2020,1),(522,1,161,226,'Saúde - Acesso a Medicamentos e Insumos','saude-acessoamedicamentoseinsumos','Compreende os medicamentos disponibilizados pelo município. \r\n\r\nPara conseguir um remédio de forma gratuita:\r\n\r\nRemédios que podem ser retirados com receita simples, como por exemplo, anticoncepcionais, para tratamento da dor, alergia, pressão alta, diabetes e remédios para o coração, são entregues nas Unidades Básicas de Saúde. Para saber qual a sua Unidade de Saúde veja a planilha ao final da página.\r\n\r\nRemédios que precisam de receita especial/controlada ou antibióticos, são entregues apenas nas Farmácias Distritais, onde o farmacêutico poderá auxiliar na forma de tomar a medicação, conforme a receita.\r\n\r\nEndereço das Farmácias Distritais:\r\n\r\nRequisitos / Documentos necessários\r\nCartão SUS\r\nReceita original carimbada e dentro do prazo de validade.\r\nCópia da receita.\r\nDocumento de identificação oficial com foto (para retirar medicamentos para terceiros é necessário o documento do paciente em caso de medicamentos básicos e para medicamentos controlados o documento do paciente e de quem irá retirar)\r\n\r\nPrevisão de Prazo para Realização do Serviço\r\nEntrega imediata se o medicamento estiver disponível.\r\n\r\nFormas de Prestação de Serviço\r\nDispensação de medicamentos e de insumos.\r\n\r\nOrientação feita por farmacêutico','PUnzMF5hd6hGSEhl4g8uLV5WH','2020-05-15 00:00:00',2020,1),(523,1,161,226,'Saúde - Cartão SUS','saude-cartaosus','O Cartão Saúde tem como objetivo cadastrar todos os cidadãos ao Sistema Único de Saúde (SUS), visando organizar a Rede de Atenção à Saúde e, com isso, facilitar o acesso de todos os usuários às ações e serviços que venham a necessitar ao longo das suas vidas.  \r\n\r\nPrincipais Etapas do Serviço\r\n Dirija-se à sua Unidade de Saúde de referência com os documentos necessários.\r\n Profissional da Saúde realizará a emissão do cartão através do sistema de Cadastro Saúde (CAD-SUS) e informa número do cartão.\r\n\r\nRequisitos / documentos necessários\r\nAdultos:\r\nDocumento oficial com foto \r\nNúmero de CPF (Cadastro de Pessoa Física)\r\nCertidões (nascimento, casamento, separação ou divórcio), \r\nComprovante de residência atual (original) em nome do usuário solicitante. \r\n\r\nCrianças:\r\nCertidão de nascimento da criança, \r\nComprovante de residência em nome do pai ou da mãe (originais) ou responsáveis. O número do CPF não é obrigatório para realizar o cartão SUS das crianças. \r\n\r\nPrevisão de Prazo para Realização do Serviço\r\nImediato.\r\n\r\nFormas de prestação do serviço\r\nTodas as unidades de saúde.','3E67Ghhut61PZBgr4KqRGtxyO','2020-05-15 00:00:00',2020,1),(524,1,162,210,'Prefeito Municipal','prefeitomunicipal','Nome do Titular\r\nNome da Rua, nº 000, Bairro Central\r\nCEP 00000-000 - Cidade / UF\r\nemailnome@seudominio.uf.gov.br\r\nTelefone (00) 0000-0000\r\nCelular (00) 00000-0000\r\nDas 08h00 às 12h00 e 14h00 às 18h00\r\nRestrições à atendimento ao público: Às segundas-feira dia todo.\r\n\r\nCOMPETÊNCIAS\r\n\r\nDuis non laoreet eros. Vestibulum porta neque eleifend erat tempus, vitae sagittis elit sodales. Sed convallis erat quis iaculis vestibulum. Curabitur sit amet purus et tellus consectetur vehicula. Suspendisse condimentum bibendum ante in adipiscing. Aliquam dignissim nisl eget arcu convallis, in viverra risus consequat. Pellentesque dictum gravida lacinia.\r\n\r\nLorem ipsão dolor sít amçet, consectetur adipiscing elit. Sed vehicula id odio quis rhoncus. Donec ullamcorper, lectus in dictum porta, urna nisl tincidunt metus, at iaculis nunc sem vitae diam. Etiam quam orci, volutpat a justo non, pretium condimentum felis. Duis id elementum arcu. Mauris pharetra dui molestie tortor imperdiet. Duis non laoreet eros. Vestibulum porta neque eleifend erat tempus, vitae sagittis elit sodales. Sed convallis erat quis iaculis vestibulum.','5jUsLpipSCvHW2B2WNSuJeSBL','2020-05-17 00:00:00',2020,1),(525,1,162,210,'Vice-Prefeito','vice-prefeito','Nome do Titular\r\nNome da Rua, nº 000, Bairro Central\r\nCEP 00000-000 - Cidade / UF\r\nemailnome@seudominio.uf.gov.br\r\nTelefone (00) 0000-0000\r\nCelular (00) 00000-0000\r\nDas 08h00 às 12h00 e 14h00 às 18h00\r\nRestrições à atendimento ao público: Às segundas-feira dia todo.\r\n\r\nCOMPETÊNCIAS\r\n\r\nDuis non laoreet eros. Vestibulum porta neque eleifend erat tempus, vitae sagittis elit sodales. Sed convallis erat quis iaculis vestibulum. Curabitur sit amet purus et tellus consectetur vehicula. Suspendisse condimentum bibendum ante in adipiscing. Aliquam dignissim nisl eget arcu convallis, in viverra risus consequat. Pellentesque dictum gravida lacinia.\r\n\r\nLorem ipsão dolor sít amçet, consectetur adipiscing elit. Sed vehicula id odio quis rhoncus. Donec ullamcorper, lectus in dictum porta, urna nisl tincidunt metus, at iaculis nunc sem vitae diam. Etiam quam orci, volutpat a justo non, pretium condimentum felis. Duis id elementum arcu. Mauris pharetra dui molestie tortor imperdiet. Duis non laoreet eros. Vestibulum porta neque eleifend erat tempus, vitae sagittis elit sodales. Sed convallis erat quis iaculis vestibulum.','MTnpeLNYmvMs1pSIDW2dt5JnD','2020-05-18 00:00:00',2020,1),(528,1,162,211,'Departamento de Defesa Civil','departamentodedefesacivil','Nome do Titular\r\nNome da Rua, nº 000, Bairro Central\r\nCEP 00000-000 - Cidade / UF\r\nemailnome@seudominio.uf.gov.br\r\nTelefone (00) 0000-0000\r\nCelular (00) 00000-0000\r\nDas 08h00 às 12h00 e 14h00 às 18h00\r\nRestrições à atendimento ao público: \"Dias e horários de atendimento\"\r\n\r\nCOMPETÊNCIAS\r\n\r\nDuis non laoreet eros. Vestibulum porta neque eleifend erat tempus, vitae sagittis elit sodales. Sed convallis erat quis iaculis vestibulum. Curabitur sit amet purus et tellus consectetur vehicula. Suspendisse condimentum bibendum ante in adipiscing. Aliquam dignissim nisl eget arcu convallis, in viverra risus consequat. Pellentesque dictum gravida lacinia.\r\n\r\nLorem ipsão dolor sít amçet, consectetur adipiscing elit. Sed vehicula id odio quis rhoncus. Donec ullamcorper, lectus in dictum porta, urna nisl tincidunt metus, at iaculis nunc sem vitae diam. Etiam quam orci, volutpat a justo non, pretium condimentum felis. Duis id elementum arcu. Mauris pharetra dui molestie tortor imperdiet. Duis non laoreet eros. Vestibulum porta neque eleifend erat tempus, vitae sagittis elit sodales. Sed convallis erat quis iaculis vestibulum.','B73mASvSfTpeiEj93gOCbyQdp','2020-05-18 00:00:00',2020,1),(527,1,162,211,'Departamento de Comunicação','departamentodecomunicacao','Nome do Titular\r\nNome da Rua, nº 000, Bairro Central\r\nCEP 00000-000 - Cidade / UF\r\nemailnome@seudominio.uf.gov.br\r\nTelefone (00) 0000-0000\r\nCelular (00) 00000-0000\r\nDas 08h00 às 12h00 e 14h00 às 18h00\r\nRestrições à atendimento ao público: \"Dias e horários de atendimento\"\r\n\r\nCOMPETÊNCIAS\r\n\r\nDuis non laoreet eros. Vestibulum porta neque eleifend erat tempus, vitae sagittis elit sodales. Sed convallis erat quis iaculis vestibulum. Curabitur sit amet purus et tellus consectetur vehicula. Suspendisse condimentum bibendum ante in adipiscing. Aliquam dignissim nisl eget arcu convallis, in viverra risus consequat. Pellentesque dictum gravida lacinia.\r\n\r\nLorem ipsão dolor sít amçet, consectetur adipiscing elit. Sed vehicula id odio quis rhoncus. Donec ullamcorper, lectus in dictum porta, urna nisl tincidunt metus, at iaculis nunc sem vitae diam. Etiam quam orci, volutpat a justo non, pretium condimentum felis. Duis id elementum arcu. Mauris pharetra dui molestie tortor imperdiet. Duis non laoreet eros. Vestibulum porta neque eleifend erat tempus, vitae sagittis elit sodales. Sed convallis erat quis iaculis vestibulum.','xObnMfFdi7EiS9jBwBmhhM16s','2020-05-18 00:00:00',2020,1),(530,1,162,211,'Departamento de Licitação','departamentodelicitacao','Nome do Titular\r\nNome da Rua, nº 000, Bairro Central\r\nCEP 00000-000 - Cidade / UF\r\nemailnome@seudominio.uf.gov.br\r\nTelefone (00) 0000-0000\r\nCelular (00) 00000-0000\r\nDas 08h00 às 12h00 e 14h00 às 18h00\r\nRestrições à atendimento ao público: \"Dias e horários de atendimento\"\r\n\r\nCOMPETÊNCIAS\r\n\r\nDuis non laoreet eros. Vestibulum porta neque eleifend erat tempus, vitae sagittis elit sodales. Sed convallis erat quis iaculis vestibulum. Curabitur sit amet purus et tellus consectetur vehicula. Suspendisse condimentum bibendum ante in adipiscing. Aliquam dignissim nisl eget arcu convallis, in viverra risus consequat. Pellentesque dictum gravida lacinia.\r\n\r\nLorem ipsão dolor sít amçet, consectetur adipiscing elit. Sed vehicula id odio quis rhoncus. Donec ullamcorper, lectus in dictum porta, urna nisl tincidunt metus, at iaculis nunc sem vitae diam. Etiam quam orci, volutpat a justo non, pretium condimentum felis. Duis id elementum arcu. Mauris pharetra dui molestie tortor imperdiet. Duis non laoreet eros. Vestibulum porta neque eleifend erat tempus, vitae sagittis elit sodales. Sed convallis erat quis iaculis vestibulum.','9KClUcAsQZc3nCdOgKPW116fI','2020-05-18 00:00:00',2020,1),(531,1,162,211,'Departamento de Recursos Humanos','departamentoderecursoshumanos','Nome do Titular\r\nNome da Rua, nº 000, Bairro Central\r\nCEP 00000-000 - Cidade / UF\r\nemailnome@seudominio.uf.gov.br\r\nTelefone (00) 0000-0000\r\nCelular (00) 00000-0000\r\nDas 08h00 às 12h00 e 14h00 às 18h00\r\nRestrições à atendimento ao público: \"Dias e horários de atendimento\"\r\n\r\nCOMPETÊNCIAS\r\n\r\nDuis non laoreet eros. Vestibulum porta neque eleifend erat tempus, vitae sagittis elit sodales. Sed convallis erat quis iaculis vestibulum. Curabitur sit amet purus et tellus consectetur vehicula. Suspendisse condimentum bibendum ante in adipiscing. Aliquam dignissim nisl eget arcu convallis, in viverra risus consequat. Pellentesque dictum gravida lacinia.\r\n\r\nLorem ipsão dolor sít amçet, consectetur adipiscing elit. Sed vehicula id odio quis rhoncus. Donec ullamcorper, lectus in dictum porta, urna nisl tincidunt metus, at iaculis nunc sem vitae diam. Etiam quam orci, volutpat a justo non, pretium condimentum felis. Duis id elementum arcu. Mauris pharetra dui molestie tortor imperdiet. Duis non laoreet eros. Vestibulum porta neque eleifend erat tempus, vitae sagittis elit sodales. Sed convallis erat quis iaculis vestibulum.','s2DR7dMi6s2OOq24ESlXFQ87K','2020-05-18 00:00:00',2020,1),(532,1,162,211,'Departamento de Tributos','departamentodetributos','Nome do Titular\r\nNome da Rua, nº 000, Bairro Central\r\nCEP 00000-000 - Cidade / UF\r\nemailnome@seudominio.uf.gov.br\r\nTelefone (00) 0000-0000\r\nCelular (00) 00000-0000\r\nDas 08h00 às 12h00 e 14h00 às 18h00\r\nRestrições à atendimento ao público: \"Dias e horários de atendimento\"\r\n\r\nCOMPETÊNCIAS\r\n\r\nDuis non laoreet eros. Vestibulum porta neque eleifend erat tempus, vitae sagittis elit sodales. Sed convallis erat quis iaculis vestibulum. Curabitur sit amet purus et tellus consectetur vehicula. Suspendisse condimentum bibendum ante in adipiscing. Aliquam dignissim nisl eget arcu convallis, in viverra risus consequat. Pellentesque dictum gravida lacinia.\r\n\r\nLorem ipsão dolor sít amçet, consectetur adipiscing elit. Sed vehicula id odio quis rhoncus. Donec ullamcorper, lectus in dictum porta, urna nisl tincidunt metus, at iaculis nunc sem vitae diam. Etiam quam orci, volutpat a justo non, pretium condimentum felis. Duis id elementum arcu. Mauris pharetra dui molestie tortor imperdiet. Duis non laoreet eros. Vestibulum porta neque eleifend erat tempus, vitae sagittis elit sodales. Sed convallis erat quis iaculis vestibulum.','VCFJtJsmM5lihoczVfNNgx47w','2020-05-18 00:00:00',2020,1),(533,1,162,211,'Departamento de Topografia','departamentodetopografia','Nome do Titular\r\nNome da Rua, nº 000, Bairro Central\r\nCEP 00000-000 - Cidade / UF\r\nemailnome@seudominio.uf.gov.br\r\nTelefone (00) 0000-0000\r\nCelular (00) 00000-0000\r\nDas 08h00 às 12h00 e 14h00 às 18h00\r\nRestrições à atendimento ao público: \"Dias e horários de atendimento\"\r\n\r\nCOMPETÊNCIAS\r\n\r\nDuis non laoreet eros. Vestibulum porta neque eleifend erat tempus, vitae sagittis elit sodales. Sed convallis erat quis iaculis vestibulum. Curabitur sit amet purus et tellus consectetur vehicula. Suspendisse condimentum bibendum ante in adipiscing. Aliquam dignissim nisl eget arcu convallis, in viverra risus consequat. Pellentesque dictum gravida lacinia.\r\n\r\nLorem ipsão dolor sít amçet, consectetur adipiscing elit. Sed vehicula id odio quis rhoncus. Donec ullamcorper, lectus in dictum porta, urna nisl tincidunt metus, at iaculis nunc sem vitae diam. Etiam quam orci, volutpat a justo non, pretium condimentum felis. Duis id elementum arcu. Mauris pharetra dui molestie tortor imperdiet. Duis non laoreet eros. Vestibulum porta neque eleifend erat tempus, vitae sagittis elit sodales. Sed convallis erat quis iaculis vestibulum.','BHfTSowhY1BWMeDN1HSGGZ5gv','2020-05-18 00:00:00',2020,1),(534,1,162,212,'Secretaria do Meio Ambiente','secretariadomeioambiente','Nome do Titular\r\nNome da Rua, nº 000, Bairro Central\r\nCEP 00000-000 - Cidade / UF\r\nemailnome@seudominio.uf.gov.br\r\nTelefone (00) 0000-0000\r\nCelular (00) 00000-0000\r\nDas 08h00 às 12h00 e 14h00 às 18h00\r\nRestrições à atendimento ao público: \"Dias e horários de atendimento\"\r\n\r\nCOMPETÊNCIAS\r\n\r\nDuis non laoreet eros. Vestibulum porta neque eleifend erat tempus, vitae sagittis elit sodales. Sed convallis erat quis iaculis vestibulum. Curabitur sit amet purus et tellus consectetur vehicula. Suspendisse condimentum bibendum ante in adipiscing. Aliquam dignissim nisl eget arcu convallis, in viverra risus consequat. Pellentesque dictum gravida lacinia.\r\n\r\nLorem ipsão dolor sít amçet, consectetur adipiscing elit. Sed vehicula id odio quis rhoncus. Donec ullamcorper, lectus in dictum porta, urna nisl tincidunt metus, at iaculis nunc sem vitae diam. Etiam quam orci, volutpat a justo non, pretium condimentum felis. Duis id elementum arcu. Mauris pharetra dui molestie tortor imperdiet. Duis non laoreet eros. Vestibulum porta neque eleifend erat tempus, vitae sagittis elit sodales. Sed convallis erat quis iaculis vestibulum.','qBSdWfS0uPrF8S9P76H19IpSA','2020-05-18 00:00:00',2020,1),(535,1,162,212,'Secretaria de Educação','secretariadeeducacao','Nome do Titular\r\nNome da Rua, nº 000, Bairro Central\r\nCEP 00000-000 - Cidade / UF\r\nemailnome@seudominio.uf.gov.br\r\nTelefone (00) 0000-0000\r\nCelular (00) 00000-0000\r\nDas 08h00 às 12h00 e 14h00 às 18h00\r\nRestrições à atendimento ao público: \"Dias e horários de atendimento\"\r\n\r\nCOMPETÊNCIAS\r\n\r\nDuis non laoreet eros. Vestibulum porta neque eleifend erat tempus, vitae sagittis elit sodales. Sed convallis erat quis iaculis vestibulum. Curabitur sit amet purus et tellus consectetur vehicula. Suspendisse condimentum bibendum ante in adipiscing. Aliquam dignissim nisl eget arcu convallis, in viverra risus consequat. Pellentesque dictum gravida lacinia.\r\n\r\nLorem ipsão dolor sít amçet, consectetur adipiscing elit. Sed vehicula id odio quis rhoncus. Donec ullamcorper, lectus in dictum porta, urna nisl tincidunt metus, at iaculis nunc sem vitae diam. Etiam quam orci, volutpat a justo non, pretium condimentum felis. Duis id elementum arcu. Mauris pharetra dui molestie tortor imperdiet. Duis non laoreet eros. Vestibulum porta neque eleifend erat tempus, vitae sagittis elit sodales. Sed convallis erat quis iaculis vestibulum.','sqaamprDbFb9tuuZfc0kMaoRd','2020-05-18 00:00:00',2020,1),(536,1,162,212,'Secretaria de Saúde','secretariadesaude','Nome do Titular\r\nNome da Rua, nº 000, Bairro Central\r\nCEP 00000-000 - Cidade / UF\r\nemailnome@seudominio.uf.gov.br\r\nTelefone (00) 0000-0000\r\nCelular (00) 00000-0000\r\nDas 08h00 às 12h00 e 14h00 às 18h00\r\nRestrições à atendimento ao público: \"Dias e horários de atendimento\"\r\n\r\nCOMPETÊNCIAS\r\n\r\nDuis non laoreet eros. Vestibulum porta neque eleifend erat tempus, vitae sagittis elit sodales. Sed convallis erat quis iaculis vestibulum. Curabitur sit amet purus et tellus consectetur vehicula. Suspendisse condimentum bibendum ante in adipiscing. Aliquam dignissim nisl eget arcu convallis, in viverra risus consequat. Pellentesque dictum gravida lacinia.\r\n\r\nLorem ipsão dolor sít amçet, consectetur adipiscing elit. Sed vehicula id odio quis rhoncus. Donec ullamcorper, lectus in dictum porta, urna nisl tincidunt metus, at iaculis nunc sem vitae diam. Etiam quam orci, volutpat a justo non, pretium condimentum felis. Duis id elementum arcu. Mauris pharetra dui molestie tortor imperdiet. Duis non laoreet eros. Vestibulum porta neque eleifend erat tempus, vitae sagittis elit sodales. Sed convallis erat quis iaculis vestibulum.','pjhCfkjYVgGGFpcoSCMiIF9C3','2020-05-18 00:00:00',2020,1),(537,1,162,212,'Secretaria de Esporte','secretariadeesporte','Nome do Titular\r\nNome da Rua, nº 000, Bairro Central\r\nCEP 00000-000 - Cidade / UF\r\nemailnome@seudominio.uf.gov.br\r\nTelefone (00) 0000-0000\r\nCelular (00) 00000-0000\r\nDas 08h00 às 12h00 e 14h00 às 18h00\r\nRestrições à atendimento ao público: \"Dias e horários de atendimento\"\r\n\r\nCOMPETÊNCIAS\r\n\r\nDuis non laoreet eros. Vestibulum porta neque eleifend erat tempus, vitae sagittis elit sodales. Sed convallis erat quis iaculis vestibulum. Curabitur sit amet purus et tellus consectetur vehicula. Suspendisse condimentum bibendum ante in adipiscing. Aliquam dignissim nisl eget arcu convallis, in viverra risus consequat. Pellentesque dictum gravida lacinia.\r\n\r\nLorem ipsão dolor sít amçet, consectetur adipiscing elit. Sed vehicula id odio quis rhoncus. Donec ullamcorper, lectus in dictum porta, urna nisl tincidunt metus, at iaculis nunc sem vitae diam. Etiam quam orci, volutpat a justo non, pretium condimentum felis. Duis id elementum arcu. Mauris pharetra dui molestie tortor imperdiet. Duis non laoreet eros. Vestibulum porta neque eleifend erat tempus, vitae sagittis elit sodales. Sed convallis erat quis iaculis vestibulum.','sSQS6iYGuCRiOZAS8ZSjUEDkf','2020-05-18 00:00:00',2020,1),(538,1,162,212,'Secretaria de Obras','secretariadeobras','Nome do Titular\r\nNome da Rua, nº 000, Bairro Central\r\nCEP 00000-000 - Cidade / UF\r\nemailnome@seudominio.uf.gov.br\r\nTelefone (00) 0000-0000\r\nCelular (00) 00000-0000\r\nDas 08h00 às 12h00 e 14h00 às 18h00\r\nRestrições à atendimento ao público: \"Dias e horários de atendimento\"\r\n\r\nCOMPETÊNCIAS\r\n\r\nDuis non laoreet eros. Vestibulum porta neque eleifend erat tempus, vitae sagittis elit sodales. Sed convallis erat quis iaculis vestibulum. Curabitur sit amet purus et tellus consectetur vehicula. Suspendisse condimentum bibendum ante in adipiscing. Aliquam dignissim nisl eget arcu convallis, in viverra risus consequat. Pellentesque dictum gravida lacinia.\r\n\r\nLorem ipsão dolor sít amçet, consectetur adipiscing elit. Sed vehicula id odio quis rhoncus. Donec ullamcorper, lectus in dictum porta, urna nisl tincidunt metus, at iaculis nunc sem vitae diam. Etiam quam orci, volutpat a justo non, pretium condimentum felis. Duis id elementum arcu. Mauris pharetra dui molestie tortor imperdiet. Duis non laoreet eros. Vestibulum porta neque eleifend erat tempus, vitae sagittis elit sodales. Sed convallis erat quis iaculis vestibulum.','c0bgaIBzNUHljby3RXxc59nkk','2020-05-18 00:00:00',2020,1),(539,1,162,210,'Controladoria Geral','controladoriageral','Nome do Titular\r\nNome da Rua, nº 000, Bairro Central\r\nCEP 00000-000 - Cidade / UF\r\nemailnome@seudominio.uf.gov.br\r\nTelefone (00) 0000-0000\r\nCelular (00) 00000-0000\r\nDas 08h00 às 12h00 e 14h00 às 18h00\r\nRestrições à atendimento ao público: \"Dias e horários de atendimento\"\r\n\r\nCOMPETÊNCIAS\r\n\r\nDuis non laoreet eros. Vestibulum porta neque eleifend erat tempus, vitae sagittis elit sodales. Sed convallis erat quis iaculis vestibulum. Curabitur sit amet purus et tellus consectetur vehicula. Suspendisse condimentum bibendum ante in adipiscing. Aliquam dignissim nisl eget arcu convallis, in viverra risus consequat. Pellentesque dictum gravida lacinia.\r\n\r\nLorem ipsão dolor sít amçet, consectetur adipiscing elit. Sed vehicula id odio quis rhoncus. Donec ullamcorper, lectus in dictum porta, urna nisl tincidunt metus, at iaculis nunc sem vitae diam. Etiam quam orci, volutpat a justo non, pretium condimentum felis. Duis id elementum arcu. Mauris pharetra dui molestie tortor imperdiet. Duis non laoreet eros. Vestibulum porta neque eleifend erat tempus, vitae sagittis elit sodales. Sed convallis erat quis iaculis vestibulum.','Co28mIAGxIwL88352JVntbtJL','2020-05-18 00:00:00',2020,1),(540,1,162,210,'Chefe de Gabinete','chefedegabinete','Nome do Titular\r\nNome da Rua, nº 000, Bairro Central\r\nCEP 00000-000 - Cidade / UF\r\nemailnome@seudominio.uf.gov.br\r\nTelefone (00) 0000-0000\r\nCelular (00) 00000-0000\r\nDas 08h00 às 12h00 e 14h00 às 18h00\r\nRestrições à atendimento ao público: \"Dias e horários de atendimento\"\r\n\r\nCOMPETÊNCIAS\r\n\r\nDuis non laoreet eros. Vestibulum porta neque eleifend erat tempus, vitae sagittis elit sodales. Sed convallis erat quis iaculis vestibulum. Curabitur sit amet purus et tellus consectetur vehicula. Suspendisse condimentum bibendum ante in adipiscing. Aliquam dignissim nisl eget arcu convallis, in viverra risus consequat. Pellentesque dictum gravida lacinia.\r\n\r\nLorem ipsão dolor sít amçet, consectetur adipiscing elit. Sed vehicula id odio quis rhoncus. Donec ullamcorper, lectus in dictum porta, urna nisl tincidunt metus, at iaculis nunc sem vitae diam. Etiam quam orci, volutpat a justo non, pretium condimentum felis. Duis id elementum arcu. Mauris pharetra dui molestie tortor imperdiet. Duis non laoreet eros. Vestibulum porta neque eleifend erat tempus, vitae sagittis elit sodales. Sed convallis erat quis iaculis vestibulum.','784f5xHoo7cuJC0MAMYScNFRF','2020-05-18 00:00:00',2020,1),(541,1,162,210,'Ouvidoria Geral','ouvidoriageral','Nome do Titular\r\nNome da Rua, nº 000, Bairro Central\r\nCEP 00000-000 - Cidade / UF\r\nemailnome@seudominio.uf.gov.br\r\nTelefone (00) 0000-0000\r\nCelular (00) 00000-0000\r\nDas 08h00 às 12h00 e 14h00 às 18h00\r\nRestrições à atendimento ao público: \"Dias e horários de atendimento\"\r\n\r\nCOMPETÊNCIAS\r\n\r\nDuis non laoreet eros. Vestibulum porta neque eleifend erat tempus, vitae sagittis elit sodales. Sed convallis erat quis iaculis vestibulum. Curabitur sit amet purus et tellus consectetur vehicula. Suspendisse condimentum bibendum ante in adipiscing. Aliquam dignissim nisl eget arcu convallis, in viverra risus consequat. Pellentesque dictum gravida lacinia.\r\n\r\nLorem ipsão dolor sít amçet, consectetur adipiscing elit. Sed vehicula id odio quis rhoncus. Donec ullamcorper, lectus in dictum porta, urna nisl tincidunt metus, at iaculis nunc sem vitae diam. Etiam quam orci, volutpat a justo non, pretium condimentum felis. Duis id elementum arcu. Mauris pharetra dui molestie tortor imperdiet. Duis non laoreet eros. Vestibulum porta neque eleifend erat tempus, vitae sagittis elit sodales. Sed convallis erat quis iaculis vestibulum.','ychTEXLRTMKftFf8x0WLBKTp7','2020-05-18 00:00:00',2020,1),(542,1,162,210,'Procuradoria Geral','procuradoriageral','Nome do Titular\r\nNome da Rua, nº 000, Bairro Central\r\nCEP 00000-000 - Cidade / UF\r\nemailnome@seudominio.uf.gov.br\r\nTelefone (00) 0000-0000\r\nCelular (00) 00000-0000\r\nDas 08h00 às 12h00 e 14h00 às 18h00\r\nRestrições à atendimento ao público: \"Dias e horários de atendimento\"\r\n\r\nCOMPETÊNCIAS\r\n\r\nDuis non laoreet eros. Vestibulum porta neque eleifend erat tempus, vitae sagittis elit sodales. Sed convallis erat quis iaculis vestibulum. Curabitur sit amet purus et tellus consectetur vehicula. Suspendisse condimentum bibendum ante in adipiscing. Aliquam dignissim nisl eget arcu convallis, in viverra risus consequat. Pellentesque dictum gravida lacinia.\r\n\r\nLorem ipsão dolor sít amçet, consectetur adipiscing elit. Sed vehicula id odio quis rhoncus. Donec ullamcorper, lectus in dictum porta, urna nisl tincidunt metus, at iaculis nunc sem vitae diam. Etiam quam orci, volutpat a justo non, pretium condimentum felis. Duis id elementum arcu. Mauris pharetra dui molestie tortor imperdiet. Duis non laoreet eros. Vestibulum porta neque eleifend erat tempus, vitae sagittis elit sodales. Sed convallis erat quis iaculis vestibulum.','M8X5w2zV6spZQewv5TrxW3zZr','2020-05-18 00:00:00',2020,1),(545,1,167,138,'Plano Plurianual 2020/2024','planoplurianual20202024','Texto opcional.','iAz0YVr4Jgn3fLgxlSHN8HlPf','2022-01-01 00:00:00',2022,1),(544,1,167,139,'Lei de Diretrizes Orçamentárias 2020','leidediretrizesorcamentarias2020','Espaço para texto opcional se necessário.','ANqu3OPZlJr9ULngZERvZSWW0','2020-06-13 00:00:00',2020,1),(552,1,172,232,'Agenda Oficial do(a) Prefeito(a) 2022','agendaoficialdoaprefeitoa2022','Data/Hora\r\nLorem ipsão dolor sít amçet, consectetur adipiscing elit. Sed vehicula id odio quis rhoncus. Donec ullamcorper, lectus in dictum porta, urna nisl tincidunt metus, at iaculis nunc sem vitae diam. Etiam quam orci, volutpat a justo non, pretium condimentum felis. Duis id elementum arcu. Mauris pharetra dui molestie tortor imperdiet. \r\n\r\nData/Hora\r\nLorem ipsão dolor sít amçet, consectetur adipiscing elit. Sed vehicula id odio quis rhoncus. Donec ullamcorper, lectus in dictum porta, urna nisl tincidunt metus, at iaculis nunc sem vitae diam. Etiam quam orci, volutpat a justo non, pretium condimentum felis. Duis id elementum arcu. Mauris pharetra dui molestie tortor imperdiet.\r\n\r\nData/Hora\r\nLorem ipsão dolor sít amçet, consectetur adipiscing elit. Sed vehicula id odio quis rhoncus. Donec ullamcorper, lectus in dictum porta, urna nisl tincidunt metus, at iaculis nunc sem vitae diam. Etiam quam orci, volutpat a justo non, pretium condimentum felis. Duis id elementum arcu. Mauris pharetra dui molestie tortor imperdiet.\r\n\r\nData/Hora\r\nLorem ipsão dolor sít amçet, consectetur adipiscing elit. Sed vehicula id odio quis rhoncus. Donec ullamcorper, lectus in dictum porta, urna nisl tincidunt metus, at iaculis nunc sem vitae diam. Etiam quam orci, volutpat a justo non, pretium condimentum felis. Duis id elementum arcu. Mauris pharetra dui molestie tortor imperdiet.\r\n\r\nData/Hora\r\nLorem ipsão dolor sít amçet, consectetur adipiscing elit. Sed vehicula id odio quis rhoncus. Donec ullamcorper, lectus in dictum porta, urna nisl tincidunt metus, at iaculis nunc sem vitae diam. Etiam quam orci, volutpat a justo non, pretium condimentum felis. Duis id elementum arcu. Mauris pharetra dui molestie tortor imperdiet.','E7REuDrvYtekfLNBdZJNyswCr','2022-12-15 00:00:00',2022,1),(553,1,172,232,'Agenda Oficial do(a) Prefeito(a) 2021','agendaoficialdoaprefeitoa2021','Data/Hora\r\nLorem ipsão dolor sít amçet, consectetur adipiscing elit. Sed vehicula id odio quis rhoncus. Donec ullamcorper, lectus in dictum porta, urna nisl tincidunt metus, at iaculis nunc sem vitae diam. Etiam quam orci, volutpat a justo non, pretium condimentum felis. Duis id elementum arcu. Mauris pharetra dui molestie tortor imperdiet. \r\n\r\nData/Hora\r\nLorem ipsão dolor sít amçet, consectetur adipiscing elit. Sed vehicula id odio quis rhoncus. Donec ullamcorper, lectus in dictum porta, urna nisl tincidunt metus, at iaculis nunc sem vitae diam. Etiam quam orci, volutpat a justo non, pretium condimentum felis. Duis id elementum arcu. Mauris pharetra dui molestie tortor imperdiet.\r\n\r\nData/Hora\r\nLorem ipsão dolor sít amçet, consectetur adipiscing elit. Sed vehicula id odio quis rhoncus. Donec ullamcorper, lectus in dictum porta, urna nisl tincidunt metus, at iaculis nunc sem vitae diam. Etiam quam orci, volutpat a justo non, pretium condimentum felis. Duis id elementum arcu. Mauris pharetra dui molestie tortor imperdiet.\r\n\r\nData/Hora\r\nLorem ipsão dolor sít amçet, consectetur adipiscing elit. Sed vehicula id odio quis rhoncus. Donec ullamcorper, lectus in dictum porta, urna nisl tincidunt metus, at iaculis nunc sem vitae diam. Etiam quam orci, volutpat a justo non, pretium condimentum felis. Duis id elementum arcu. Mauris pharetra dui molestie tortor imperdiet.\r\n\r\nData/Hora\r\nLorem ipsão dolor sít amçet, consectetur adipiscing elit. Sed vehicula id odio quis rhoncus. Donec ullamcorper, lectus in dictum porta, urna nisl tincidunt metus, at iaculis nunc sem vitae diam. Etiam quam orci, volutpat a justo non, pretium condimentum felis. Duis id elementum arcu. Mauris pharetra dui molestie tortor imperdiet.','SBP9Om2GtFd1OnTVrHVGkXQkH','2022-12-15 00:00:00',2022,1),(554,1,172,232,'Agenda Oficial do(a) Prefeito(a) 2020','agendaoficialdoaprefeitoa2020','Data/Hora\r\nLorem ipsão dolor sít amçet, consectetur adipiscing elit. Sed vehicula id odio quis rhoncus. Donec ullamcorper, lectus in dictum porta, urna nisl tincidunt metus, at iaculis nunc sem vitae diam. Etiam quam orci, volutpat a justo non, pretium condimentum felis. Duis id elementum arcu. Mauris pharetra dui molestie tortor imperdiet. \r\n\r\nData/Hora\r\nLorem ipsão dolor sít amçet, consectetur adipiscing elit. Sed vehicula id odio quis rhoncus. Donec ullamcorper, lectus in dictum porta, urna nisl tincidunt metus, at iaculis nunc sem vitae diam. Etiam quam orci, volutpat a justo non, pretium condimentum felis. Duis id elementum arcu. Mauris pharetra dui molestie tortor imperdiet.\r\n\r\nData/Hora\r\nLorem ipsão dolor sít amçet, consectetur adipiscing elit. Sed vehicula id odio quis rhoncus. Donec ullamcorper, lectus in dictum porta, urna nisl tincidunt metus, at iaculis nunc sem vitae diam. Etiam quam orci, volutpat a justo non, pretium condimentum felis. Duis id elementum arcu. Mauris pharetra dui molestie tortor imperdiet.\r\n\r\nData/Hora\r\nLorem ipsão dolor sít amçet, consectetur adipiscing elit. Sed vehicula id odio quis rhoncus. Donec ullamcorper, lectus in dictum porta, urna nisl tincidunt metus, at iaculis nunc sem vitae diam. Etiam quam orci, volutpat a justo non, pretium condimentum felis. Duis id elementum arcu. Mauris pharetra dui molestie tortor imperdiet.\r\n\r\nData/Hora\r\nLorem ipsão dolor sít amçet, consectetur adipiscing elit. Sed vehicula id odio quis rhoncus. Donec ullamcorper, lectus in dictum porta, urna nisl tincidunt metus, at iaculis nunc sem vitae diam. Etiam quam orci, volutpat a justo non, pretium condimentum felis. Duis id elementum arcu. Mauris pharetra dui molestie tortor imperdiet.','qIv0FvSLtpLiQIWVpUOGYmfvn','2022-12-15 00:00:00',2022,1),(555,1,169,233,'Relação de Móveis 2022','relacaodemoveis2022','Texto Opcional','C1CA4ujmsGwqGzu1JWFlzDmPL','2022-12-15 00:00:00',2022,1),(556,1,169,233,'Relação de Imóveis 2022','relacaodeimoveis2022',NULL,'7UdbLR1RigNzAbH3uFEEouVgJ','2022-12-15 00:00:00',2022,1);

--
-- Table structure for table `transparencia_arquivos`
--

CREATE TABLE `transparencia_arquivos` (
  `id` int(11) NOT NULL AUTO_INCREMENT,
  `codigo` varchar(25) NOT NULL,
  `path` text NOT NULL,
  `arquivo` text CHARACTER SET utf8mb4 COLLATE utf8mb4_general_ci NOT NULL,
  `legenda` text DEFAULT NULL,
  `tipo` varchar(50) DEFAULT NULL,
  `data` date DEFAULT NULL,
  `views` int(11) NOT NULL DEFAULT 0,
  PRIMARY KEY (`id`)
) ENGINE=MyISAM AUTO_INCREMENT=817 DEFAULT CHARSET=latin1 COLLATE=latin1_swedish_ci ROW_FORMAT=DYNAMIC;

--
-- Dumping data for table `transparencia_arquivos`
--

INSERT INTO `transparencia_arquivos` (`id`, `codigo`, `path`, `arquivo`, `legenda`, `tipo`, `data`, `views`) VALUES (711,'sxX08pR97HFjA87lupiPU9Qso','zHD/transparencia/12/sxX08pR97HFjA87lupiPU9Qso/arquivos/','ilustrativo5 (0564708001525580449).pdf','1º Bimestre 2017 (Ilustrativo)','arquivo','2017-03-01',0),(708,'sxX08pR97HFjA87lupiPU9Qso','zHD/transparencia/12/sxX08pR97HFjA87lupiPU9Qso/arquivos/','ilustrativo2 (0521332001525580447).pdf','2º Bimestre 2017 (Ilustrativo)','arquivo','2017-05-01',0),(709,'sxX08pR97HFjA87lupiPU9Qso','zHD/transparencia/12/sxX08pR97HFjA87lupiPU9Qso/arquivos/','ilustrativo1 (0319838001525580448).pdf','3º Bimestre 2017 (Ilustrativo)','arquivo','2017-07-01',0),(710,'sxX08pR97HFjA87lupiPU9Qso','zHD/transparencia/12/sxX08pR97HFjA87lupiPU9Qso/arquivos/','ilustrativo4 (0559681001525580449).pdf','4º Bimestre 2017 (Ilustrativo)','arquivo','2017-09-01',0),(445,'QjW9vwdtahbJwOuTUzUTGBxLB','zHD/transparencia/12/QjW9vwdtahbJwOuTUzUTGBxLB/arquivos/','Teste3 (0338073001502261731).pdf','Decreto Nº 001/2015 - Dispõe sobre (Ilustrativo)','arquivo','2015-08-09',0),(444,'QjW9vwdtahbJwOuTUzUTGBxLB','zHD/transparencia/12/QjW9vwdtahbJwOuTUzUTGBxLB/arquivos/','Teste2 (0313187001502261731).pdf','Decreto Nº 002/2015 - Dispõe sobre (Ilustrativo)','arquivo','2015-08-09',0),(560,'rL2DePwqdRGc7nMKrviYf25Wm','zHD/transparencia/12/rL2DePwqdRGc7nMKrviYf25Wm/arquivos/','organograma (0516342001506965403).jpg','Organograma','arquivo','2019-10-02',1),(302,'S2wL4W7AODVIABDlvrN925v0e','zHD/transparencia/12/S2wL4W7AODVIABDlvrN925v0e/arquivos/','Teste1 (0630866001502192388).pdf','RGF Relatório de Gestão Fiscal ','arquivo','2020-08-08',0),(768,'vKTdlGbHMCbCp05orfsf2RiOA','zHD/transparencia/12/vKTdlGbHMCbCp05orfsf2RiOA/arquivos/','ilustrativo2 (0989550001589530296).pdf','Aqui documentos pertinentes (ilustrativo)','arquivo','2020-05-15',0),(769,'vKTdlGbHMCbCp05orfsf2RiOA','zHD/transparencia/12/vKTdlGbHMCbCp05orfsf2RiOA/arquivos/','ilustrativo1 (0989356001589530296).pdf','Aqui documentos pertinentes (ilustrativo)','arquivo','2020-05-15',0),(787,'67q1FXOEXZxzFQmaq4nOcrFV0','zHD/transparencia/1/67q1FXOEXZxzFQmaq4nOcrFV0/arquivos/','Documento Ilustrativo 1 (0100176001652485209).pdf','Documento Ilustrativo 1 ','arquivo','2021-05-13',0),(757,'Im4S1Kx5ycvyKaVLHKnUdHSAa','zHD/transparencia/12/Im4S1Kx5ycvyKaVLHKnUdHSAa/arquivos/','ilustrativo-organograma (0948055001580074950).pdf','Organograma da Estrutura Organizacional ','arquivo','2020-01-26',0),(777,'KJjWqQKzfylBUvmLEYgcSGsX0','zHD/transparencia/12/KJjWqQKzfylBUvmLEYgcSGsX0/arquivos/','2020-taca (0283167001589533173).jpg','Taça que será oferecida ao Campeão (ilustrativo)','arquivo','2020-05-15',0),(778,'6ZyZayZqv6PN6QXWIZBWjl2hd','zHD/transparencia/12/6ZyZayZqv6PN6QXWIZBWjl2hd/arquivos/','2020-quadra (0991565001589533454).jpg','Quadra Esportiva (ilustrativo)','arquivo','2020-05-15',0),(743,'BpmFXsCoOOhARvTMHJQet57tF','zHD/transparencia/14/BpmFXsCoOOhARvTMHJQet57tF/arquivos/','ilustrativo2 (0950700001530637937).pdf','LIQUIDAÇÃO DE DESPESAS ORÇAMENTÁRIAS de 24 a 30 Jun (Ilustrativo)','arquivo','2018-07-03',0),(741,'21rzXzGtMWiZ2XA7wsqRhz847','zHD/transparencia/14/21rzXzGtMWiZ2XA7wsqRhz847/arquivos/','ilustrativo11 (0068283001530637557).pdf','Empenhos de 24 a 30 Jun (Ilustrativo)','arquivo','2018-07-01',0),(742,'21rzXzGtMWiZ2XA7wsqRhz847','zHD/transparencia/14/21rzXzGtMWiZ2XA7wsqRhz847/arquivos/','ilustrativo12 (0350472001530637557).pdf','Empenhos de 10 a 16 Jun (Ilustrativo)','arquivo','2018-06-17',0),(739,'21rzXzGtMWiZ2XA7wsqRhz847','zHD/transparencia/14/21rzXzGtMWiZ2XA7wsqRhz847/arquivos/','ilustrativo8 (0997427001530637556).pdf','Empenhos de 03 a 09 Jun (Ilustrativo)','arquivo','2018-06-10',0),(728,'bkdrNw1GJNuLCji9StDPChgRC','zHD/transparencia/14/bkdrNw1GJNuLCji9StDPChgRC/arquivos/','ilustrativo2 (0486527001530564501).pdf',NULL,'arquivo','2018-07-02',0),(744,'BpmFXsCoOOhARvTMHJQet57tF','zHD/transparencia/14/BpmFXsCoOOhARvTMHJQet57tF/arquivos/','ilustrativo3 (0257369001530637938).pdf','LIQUIDAÇÃO DE DESPESAS ORÇAMENTÁRIAS de 17 a 23 Jun (Ilustrativo)','arquivo','2018-07-03',0),(736,'21rzXzGtMWiZ2XA7wsqRhz847','zHD/transparencia/14/21rzXzGtMWiZ2XA7wsqRhz847/arquivos/','ilustrativo6 (0287293001530637555).pdf','Empenhos de 20 a 26 Mai (Ilustrativo)','arquivo','2018-05-26',0),(729,'bkdrNw1GJNuLCji9StDPChgRC','zHD/transparencia/14/bkdrNw1GJNuLCji9StDPChgRC/arquivos/','ilustrativo3 (0635179001530564501).pdf',NULL,'arquivo','2018-07-02',0),(730,'bkdrNw1GJNuLCji9StDPChgRC','zHD/transparencia/14/bkdrNw1GJNuLCji9StDPChgRC/arquivos/','ilustrativo1 (0296088001530564502).pdf',NULL,'arquivo','2018-07-02',0),(329,'w7u2eylT31cGZkPnAQUbL3YDY','zHD/transparencia/12/w7u2eylT31cGZkPnAQUbL3YDY/arquivos/','Teste2 (0868103001502195898).pdf','Lei Orgânica 006/2017','arquivo','2017-02-08',0),(330,'w7u2eylT31cGZkPnAQUbL3YDY','zHD/transparencia/12/w7u2eylT31cGZkPnAQUbL3YDY/arquivos/','Teste3 (0919791001502195898).pdf','Lei Orgânica 005/2016','arquivo','2016-02-08',0),(331,'w7u2eylT31cGZkPnAQUbL3YDY','zHD/transparencia/12/w7u2eylT31cGZkPnAQUbL3YDY/arquivos/','Teste5 (0950272001502195898).pdf','Lei Orgânica 004/2015','arquivo','2015-02-08',0),(332,'w7u2eylT31cGZkPnAQUbL3YDY','zHD/transparencia/12/w7u2eylT31cGZkPnAQUbL3YDY/arquivos/','Teste6 (0124102001502195899).pdf','Lei Orgânica 003/2014','arquivo','2014-02-08',0),(333,'w7u2eylT31cGZkPnAQUbL3YDY','zHD/transparencia/12/w7u2eylT31cGZkPnAQUbL3YDY/arquivos/','Teste1 (0210354001502195899).pdf','Lei Orgânica 002/2013','arquivo','2013-02-08',0),(334,'w7u2eylT31cGZkPnAQUbL3YDY','zHD/transparencia/12/w7u2eylT31cGZkPnAQUbL3YDY/arquivos/','Teste4 (0194208001502195900).pdf','Lei Orgânica 001/2012','arquivo','2012-02-08',0),(786,'7mFYNIHuA6varH19IjmfY2GR0','zHD/transparencia/1/7mFYNIHuA6varH19IjmfY2GR0/arquivos/','Documento Ilustrativo 1 (0605039001651534860).pdf','LOA LEI ORÇAMENTÁRIA ANUAL 2022 (ILUSTRATIVO)','arquivo','2022-05-02',0),(781,'ANqu3OPZlJr9ULngZERvZSWW0','zHD/transparencia/12/ANqu3OPZlJr9ULngZERvZSWW0/arquivos/','ilustrativo10 (0111116001592024232).pdf','LDO Lei de Diretrizes Orçamentárias 2020','arquivo','2020-06-13',0),(740,'21rzXzGtMWiZ2XA7wsqRhz847','zHD/transparencia/14/21rzXzGtMWiZ2XA7wsqRhz847/arquivos/','ilustrativo9 (0997181001530637556).pdf','Empenhos de 13 a 19 Mai (Ilustrativo)','arquivo','2018-07-03',0),(771,'edQCp3mM7muwqDS7vUnUF5c8p','zHD/transparencia/12/edQCp3mM7muwqDS7vUnUF5c8p/arquivos/','ilustrativo1 (0455493001589530576).pdf','Aqui documentos pertinentes (ilustrativo)','arquivo','2020-05-15',0),(772,'edQCp3mM7muwqDS7vUnUF5c8p','zHD/transparencia/12/edQCp3mM7muwqDS7vUnUF5c8p/arquivos/','ilustrativo2 (0494251001589530576).pdf','Aqui documentos pertinentes (ilustrativo)','arquivo','2020-05-15',0),(713,'sxX08pR97HFjA87lupiPU9Qso','zHD/transparencia/12/sxX08pR97HFjA87lupiPU9Qso/arquivos/','ilustrativo6 (0712915001525580449).pdf','6º Bimestre 2017 (Ilustrativo)','arquivo','2018-01-01',0),(712,'sxX08pR97HFjA87lupiPU9Qso','zHD/transparencia/12/sxX08pR97HFjA87lupiPU9Qso/arquivos/','ilustrativo3 (0569915001525580449).pdf','5º Bimestre 2017 (Ilustrativo)','arquivo','2017-11-01',0),(408,'Cas63o3ZgtkrMf8ewg73pNcMF','zHD/transparencia/12/Cas63o3ZgtkrMf8ewg73pNcMF/arquivos/','Teste2 (0594376001502260253).pdf','Lei Nº 001/2015 Dispõe sobre (ilustrativo)','arquivo','2015-08-09',0),(409,'Cas63o3ZgtkrMf8ewg73pNcMF','zHD/transparencia/12/Cas63o3ZgtkrMf8ewg73pNcMF/arquivos/','Teste4 (0620722001502260253).pdf','Lei Nº 002/2015 Dispõe sobre (ilustrativo)','arquivo','2015-08-09',0),(410,'Cas63o3ZgtkrMf8ewg73pNcMF','zHD/transparencia/12/Cas63o3ZgtkrMf8ewg73pNcMF/arquivos/','Teste5 (0629609001502260253).pdf','Lei Nº 003/2015 Dispõe sobre (ilustrativo)','arquivo','2015-08-09',0),(411,'Cas63o3ZgtkrMf8ewg73pNcMF','zHD/transparencia/12/Cas63o3ZgtkrMf8ewg73pNcMF/arquivos/','Teste3 (0640727001502260253).pdf','Lei Nº 004/2015 Dispõe sobre (ilustrativo)','arquivo','2015-08-09',0),(412,'Cas63o3ZgtkrMf8ewg73pNcMF','zHD/transparencia/12/Cas63o3ZgtkrMf8ewg73pNcMF/arquivos/','Teste1 (0846508001502260253).pdf','Lei Nº 005/2015 Dispõe sobre (ilustrativo)','arquivo','2015-08-09',0),(413,'Cas63o3ZgtkrMf8ewg73pNcMF','zHD/transparencia/12/Cas63o3ZgtkrMf8ewg73pNcMF/arquivos/','Teste6 (0847203001502260253).pdf','Lei Nº 006/2015 Dispõe sobre (ilustrativo)','arquivo','2015-08-09',0),(414,'Cas63o3ZgtkrMf8ewg73pNcMF','zHD/transparencia/12/Cas63o3ZgtkrMf8ewg73pNcMF/arquivos/','Teste4 (0705364001502260261).pdf','Lei Nº 007/2015 Dispõe sobre (ilustrativo)','arquivo','2015-08-09',0),(415,'Cas63o3ZgtkrMf8ewg73pNcMF','zHD/transparencia/12/Cas63o3ZgtkrMf8ewg73pNcMF/arquivos/','Teste3 (0715902001502260261).pdf','Lei Nº 008/2015 Dispõe sobre (ilustrativo)','arquivo','2015-08-09',0),(416,'Cas63o3ZgtkrMf8ewg73pNcMF','zHD/transparencia/12/Cas63o3ZgtkrMf8ewg73pNcMF/arquivos/','Teste2 (0750217001502260261).pdf','Lei Nº 009/2015 Dispõe sobre (ilustrativo)','arquivo','2015-08-09',0),(417,'Cas63o3ZgtkrMf8ewg73pNcMF','zHD/transparencia/12/Cas63o3ZgtkrMf8ewg73pNcMF/arquivos/','Teste6 (0023381001502260262).pdf','Lei Nº 010/2015 Dispõe sobre (ilustrativo)','arquivo','2015-08-09',0),(418,'Cas63o3ZgtkrMf8ewg73pNcMF','zHD/transparencia/12/Cas63o3ZgtkrMf8ewg73pNcMF/arquivos/','Teste1 (0028741001502260262).pdf','Lei Nº 011/2015 Dispõe sobre (ilustrativo)','arquivo','2015-08-09',0),(419,'Cas63o3ZgtkrMf8ewg73pNcMF','zHD/transparencia/12/Cas63o3ZgtkrMf8ewg73pNcMF/arquivos/','Teste5 (0127457001502260262).pdf','Lei Nº 012/2015 Dispõe sobre (ilustrativo)','arquivo','2015-08-09',0),(420,'MjheDLLdgXciRRSbO8dKb74wl','zHD/transparencia/12/MjheDLLdgXciRRSbO8dKb74wl/arquivos/','Teste1 (0101424001502260567).pdf','Lei Nº 013/2016 Dispõe sobre (ilustrativo)','arquivo','2016-08-09',0),(421,'MjheDLLdgXciRRSbO8dKb74wl','zHD/transparencia/12/MjheDLLdgXciRRSbO8dKb74wl/arquivos/','Teste4 (0135552001502260567).pdf','Lei Nº 014/2016 Dispõe sobre (ilustrativo)','arquivo','2016-08-09',0),(422,'MjheDLLdgXciRRSbO8dKb74wl','zHD/transparencia/12/MjheDLLdgXciRRSbO8dKb74wl/arquivos/','Teste5 (0198221001502260567).pdf','Lei Nº 015/2016 Dispõe sobre (ilustrativo)','arquivo','2016-08-09',0),(423,'MjheDLLdgXciRRSbO8dKb74wl','zHD/transparencia/12/MjheDLLdgXciRRSbO8dKb74wl/arquivos/','Teste3 (0213396001502260567).pdf','Lei Nº 016/2016 Dispõe sobre (ilustrativo)','arquivo','2016-08-09',0),(424,'MjheDLLdgXciRRSbO8dKb74wl','zHD/transparencia/12/MjheDLLdgXciRRSbO8dKb74wl/arquivos/','Teste6 (0474626001502260567).pdf','Lei Nº 017/2016 Dispõe sobre (ilustrativo)','arquivo','2016-08-09',0),(425,'MjheDLLdgXciRRSbO8dKb74wl','zHD/transparencia/12/MjheDLLdgXciRRSbO8dKb74wl/arquivos/','Teste2 (0473516001502260567).pdf','Lei Nº 018/2016 Dispõe sobre (ilustrativo)','arquivo','2016-08-09',0),(426,'MjheDLLdgXciRRSbO8dKb74wl','zHD/transparencia/12/MjheDLLdgXciRRSbO8dKb74wl/arquivos/','Teste3 (0633095001502260574).pdf','Lei Nº 019/2016 Dispõe sobre (ilustrativo)','arquivo','2016-08-09',0),(427,'MjheDLLdgXciRRSbO8dKb74wl','zHD/transparencia/12/MjheDLLdgXciRRSbO8dKb74wl/arquivos/','Teste2 (0625614001502260574).pdf','Lei Nº 020/2016 Dispõe sobre (ilustrativo)','arquivo','2016-08-09',0),(428,'MjheDLLdgXciRRSbO8dKb74wl','zHD/transparencia/12/MjheDLLdgXciRRSbO8dKb74wl/arquivos/','Teste4 (0719710001502260574).pdf','Lei Nº 021/2016 Dispõe sobre (ilustrativo)','arquivo','2016-08-09',0),(429,'MjheDLLdgXciRRSbO8dKb74wl','zHD/transparencia/12/MjheDLLdgXciRRSbO8dKb74wl/arquivos/','Teste6 (0919566001502260574).pdf','Lei Nº 022/2016 Dispõe sobre (ilustrativo)','arquivo','2016-08-09',0),(430,'MjheDLLdgXciRRSbO8dKb74wl','zHD/transparencia/12/MjheDLLdgXciRRSbO8dKb74wl/arquivos/','Teste1 (0938386001502260574).pdf','Lei Nº 023/2016 Dispõe sobre (ilustrativo)','arquivo','2016-08-09',0),(431,'MjheDLLdgXciRRSbO8dKb74wl','zHD/transparencia/12/MjheDLLdgXciRRSbO8dKb74wl/arquivos/','Teste5 (0102303001502260575).pdf','Lei Nº 024/2016 Dispõe sobre (ilustrativo)','arquivo','2016-08-09',0),(432,'iwzsUVJisE6FSRk9ojgufCeYh','zHD/transparencia/12/iwzsUVJisE6FSRk9ojgufCeYh/arquivos/','Teste1 (0001815001502260863).pdf',' Lei Nº 025/2017 Dispõe sobre (ilustrativo)','arquivo','2017-08-09',0),(433,'iwzsUVJisE6FSRk9ojgufCeYh','zHD/transparencia/12/iwzsUVJisE6FSRk9ojgufCeYh/arquivos/','Teste5 (0052995001502260863).pdf',' Lei Nº 026/2017 Dispõe sobre (ilustrativo)','arquivo','2017-08-09',0),(434,'iwzsUVJisE6FSRk9ojgufCeYh','zHD/transparencia/12/iwzsUVJisE6FSRk9ojgufCeYh/arquivos/','Teste3 (0239374001502260863).pdf',' Lei Nº 027/2017 Dispõe sobre (ilustrativo)','arquivo','2017-08-09',0),(435,'iwzsUVJisE6FSRk9ojgufCeYh','zHD/transparencia/12/iwzsUVJisE6FSRk9ojgufCeYh/arquivos/','Teste4 (0259993001502260863).pdf',' Lei Nº 028/2017 Dispõe sobre (ilustrativo)','arquivo','2017-08-09',0),(436,'iwzsUVJisE6FSRk9ojgufCeYh','zHD/transparencia/12/iwzsUVJisE6FSRk9ojgufCeYh/arquivos/','Teste6 (0322190001502260863).pdf',' Lei Nº 029/2017 Dispõe sobre (ilustrativo)','arquivo','2017-08-09',0),(437,'iwzsUVJisE6FSRk9ojgufCeYh','zHD/transparencia/12/iwzsUVJisE6FSRk9ojgufCeYh/arquivos/','Teste2 (0354533001502260863).pdf',' Lei Nº 030/2017 Dispõe sobre (ilustrativo)','arquivo','2017-08-09',0),(438,'iwzsUVJisE6FSRk9ojgufCeYh','zHD/transparencia/12/iwzsUVJisE6FSRk9ojgufCeYh/arquivos/','Teste2 (0123017001502260870).pdf',' Lei Nº 031/2017 Dispõe sobre (ilustrativo)','arquivo','2017-08-09',0),(439,'iwzsUVJisE6FSRk9ojgufCeYh','zHD/transparencia/12/iwzsUVJisE6FSRk9ojgufCeYh/arquivos/','Teste5 (0191530001502260870).pdf',' Lei Nº 032/2017 Dispõe sobre (ilustrativo)','arquivo','2017-08-09',0),(440,'iwzsUVJisE6FSRk9ojgufCeYh','zHD/transparencia/12/iwzsUVJisE6FSRk9ojgufCeYh/arquivos/','Teste3 (0210670001502260870).pdf',' Lei Nº 033/2017 Dispõe sobre (ilustrativo)','arquivo','2017-08-09',0),(441,'iwzsUVJisE6FSRk9ojgufCeYh','zHD/transparencia/12/iwzsUVJisE6FSRk9ojgufCeYh/arquivos/','Teste4 (0214661001502260870).pdf',' Lei Nº 034/2017 Dispõe sobre (ilustrativo)','arquivo','2017-08-09',0),(442,'iwzsUVJisE6FSRk9ojgufCeYh','zHD/transparencia/12/iwzsUVJisE6FSRk9ojgufCeYh/arquivos/','Teste6 (0369466001502260870).pdf',' Lei Nº 035/2017 Dispõe sobre (ilustrativo)','arquivo','2017-08-09',0),(443,'iwzsUVJisE6FSRk9ojgufCeYh','zHD/transparencia/12/iwzsUVJisE6FSRk9ojgufCeYh/arquivos/','Teste1 (0473113001502260870).pdf',' Lei Nº 036/2017 Dispõe sobre (ilustrativo)','arquivo','2017-08-09',0),(446,'QjW9vwdtahbJwOuTUzUTGBxLB','zHD/transparencia/12/QjW9vwdtahbJwOuTUzUTGBxLB/arquivos/','Teste4 (0362575001502261731).pdf','Decreto Nº 003/2015 - Dispõe sobre (Ilustrativo)','arquivo','2015-08-09',0),(447,'QjW9vwdtahbJwOuTUzUTGBxLB','zHD/transparencia/12/QjW9vwdtahbJwOuTUzUTGBxLB/arquivos/','Teste6 (0539000001502261731).pdf','Decreto Nº 004/2015 - Dispõe sobre (Ilustrativo)','arquivo','2015-08-09',0),(448,'QjW9vwdtahbJwOuTUzUTGBxLB','zHD/transparencia/12/QjW9vwdtahbJwOuTUzUTGBxLB/arquivos/','Teste1 (0642285001502261731).pdf','Decreto Nº 005/2015 - Dispõe sobre (Ilustrativo)','arquivo','2015-08-09',0),(449,'QjW9vwdtahbJwOuTUzUTGBxLB','zHD/transparencia/12/QjW9vwdtahbJwOuTUzUTGBxLB/arquivos/','Teste5 (0711156001502261731).pdf','Decreto Nº 006/2015 - Dispõe sobre (Ilustrativo)','arquivo','2015-08-09',0),(450,'QjW9vwdtahbJwOuTUzUTGBxLB','zHD/transparencia/12/QjW9vwdtahbJwOuTUzUTGBxLB/arquivos/','Teste2 (0823172001502261738).pdf','Decreto Nº 007/2015 - Dispõe sobre (Ilustrativo)','arquivo','2015-08-09',0),(451,'QjW9vwdtahbJwOuTUzUTGBxLB','zHD/transparencia/12/QjW9vwdtahbJwOuTUzUTGBxLB/arquivos/','Teste4 (0842668001502261738).pdf','Decreto Nº 008/2015 - Dispõe sobre (Ilustrativo)','arquivo','2015-08-09',0),(452,'QjW9vwdtahbJwOuTUzUTGBxLB','zHD/transparencia/12/QjW9vwdtahbJwOuTUzUTGBxLB/arquivos/','Teste3 (0847713001502261738).pdf','Decreto Nº 009/2015 - Dispõe sobre (Ilustrativo)','arquivo','2015-08-09',0),(453,'QjW9vwdtahbJwOuTUzUTGBxLB','zHD/transparencia/12/QjW9vwdtahbJwOuTUzUTGBxLB/arquivos/','Teste6 (0064416001502261739).pdf','Decreto Nº 010/2015 - Dispõe sobre (Ilustrativo)','arquivo','2015-08-09',0),(454,'QjW9vwdtahbJwOuTUzUTGBxLB','zHD/transparencia/12/QjW9vwdtahbJwOuTUzUTGBxLB/arquivos/','Teste1 (0153634001502261739).pdf','Decreto Nº 011/2015 - Dispõe sobre (Ilustrativo)','arquivo','2015-08-09',0),(455,'QjW9vwdtahbJwOuTUzUTGBxLB','zHD/transparencia/12/QjW9vwdtahbJwOuTUzUTGBxLB/arquivos/','Teste5 (0580945001502261739).pdf','Decreto Nº 012/2015 - Dispõe sobre (Ilustrativo)','arquivo','2015-08-09',0),(456,'ScBJnDvBAeVeDpHCeEAjlMebj','zHD/transparencia/12/ScBJnDvBAeVeDpHCeEAjlMebj/arquivos/','Teste3 (0097788001502261966).pdf',' Decreto Nº 013/2016 - Dispõe sobre (Ilustrativo)','arquivo','2016-08-09',0),(457,'ScBJnDvBAeVeDpHCeEAjlMebj','zHD/transparencia/12/ScBJnDvBAeVeDpHCeEAjlMebj/arquivos/','Teste2 (0119690001502261966).pdf',' Decreto Nº 014/2016 - Dispõe sobre (Ilustrativo)','arquivo','2016-08-09',0),(458,'ScBJnDvBAeVeDpHCeEAjlMebj','zHD/transparencia/12/ScBJnDvBAeVeDpHCeEAjlMebj/arquivos/','Teste4 (0152820001502261966).pdf',' Decreto Nº 015/2016 - Dispõe sobre (Ilustrativo)','arquivo','2016-08-09',0),(459,'ScBJnDvBAeVeDpHCeEAjlMebj','zHD/transparencia/12/ScBJnDvBAeVeDpHCeEAjlMebj/arquivos/','Teste6 (0363244001502261966).pdf',' Decreto Nº 016/2016 - Dispõe sobre (Ilustrativo)','arquivo','2016-08-09',0),(460,'ScBJnDvBAeVeDpHCeEAjlMebj','zHD/transparencia/12/ScBJnDvBAeVeDpHCeEAjlMebj/arquivos/','Teste1 (0414041001502261966).pdf',' Decreto Nº 017/2016 - Dispõe sobre (Ilustrativo)','arquivo','2016-08-09',0),(461,'ScBJnDvBAeVeDpHCeEAjlMebj','zHD/transparencia/12/ScBJnDvBAeVeDpHCeEAjlMebj/arquivos/','Teste5 (0463444001502261966).pdf',' Decreto Nº 018/2016 - Dispõe sobre (Ilustrativo)','arquivo','2016-08-09',0),(462,'ScBJnDvBAeVeDpHCeEAjlMebj','zHD/transparencia/12/ScBJnDvBAeVeDpHCeEAjlMebj/arquivos/','Teste2 (0213424001502261973).pdf',' Decreto Nº 019/2016 - Dispõe sobre (Ilustrativo)','arquivo','2016-08-09',0),(463,'ScBJnDvBAeVeDpHCeEAjlMebj','zHD/transparencia/12/ScBJnDvBAeVeDpHCeEAjlMebj/arquivos/','Teste4 (0221372001502261973).pdf',' Decreto Nº 020/2016 - Dispõe sobre (Ilustrativo)','arquivo','2016-08-09',0),(464,'ScBJnDvBAeVeDpHCeEAjlMebj','zHD/transparencia/12/ScBJnDvBAeVeDpHCeEAjlMebj/arquivos/','Teste3 (0238741001502261973).pdf',' Decreto Nº 021/2016 - Dispõe sobre (Ilustrativo)','arquivo','2016-08-09',0),(465,'ScBJnDvBAeVeDpHCeEAjlMebj','zHD/transparencia/12/ScBJnDvBAeVeDpHCeEAjlMebj/arquivos/','Teste5 (0265317001502261973).pdf',' Decreto Nº 022/2016 - Dispõe sobre (Ilustrativo)','arquivo','2016-08-09',0),(466,'ScBJnDvBAeVeDpHCeEAjlMebj','zHD/transparencia/12/ScBJnDvBAeVeDpHCeEAjlMebj/arquivos/','Teste1 (0429281001502261973).pdf',' Decreto Nº 023/2016 - Dispõe sobre (Ilustrativo)','arquivo','2016-08-09',0),(467,'ScBJnDvBAeVeDpHCeEAjlMebj','zHD/transparencia/12/ScBJnDvBAeVeDpHCeEAjlMebj/arquivos/','Teste6 (0459616001502261973).pdf',' Decreto Nº 024/2016 - Dispõe sobre (Ilustrativo)','arquivo','2016-08-09',0),(468,'m00T3J3TWUgfwqctr7vCXPPqu','zHD/transparencia/12/m00T3J3TWUgfwqctr7vCXPPqu/arquivos/','Teste3 (0225843001502262164).pdf',' Decreto Nº 025/2015 - Dispõe sobre (Ilustrativo) ','arquivo','2017-08-09',0),(469,'m00T3J3TWUgfwqctr7vCXPPqu','zHD/transparencia/12/m00T3J3TWUgfwqctr7vCXPPqu/arquivos/','Teste2 (0307566001502262164).pdf',' Decreto Nº 026/2015 - Dispõe sobre (Ilustrativo) ','arquivo','2017-08-09',0),(470,'m00T3J3TWUgfwqctr7vCXPPqu','zHD/transparencia/12/m00T3J3TWUgfwqctr7vCXPPqu/arquivos/','Teste5 (0338602001502262164).pdf',' Decreto Nº 027/2015 - Dispõe sobre (Ilustrativo) ','arquivo','2017-08-09',0),(471,'m00T3J3TWUgfwqctr7vCXPPqu','zHD/transparencia/12/m00T3J3TWUgfwqctr7vCXPPqu/arquivos/','Teste4 (0346985001502262164).pdf',' Decreto Nº 028/2015 - Dispõe sobre (Ilustrativo) ','arquivo','2017-08-09',0),(472,'m00T3J3TWUgfwqctr7vCXPPqu','zHD/transparencia/12/m00T3J3TWUgfwqctr7vCXPPqu/arquivos/','Teste6 (0486935001502262164).pdf',' Decreto Nº 029/2015 - Dispõe sobre (Ilustrativo) ','arquivo','2017-08-09',0),(473,'m00T3J3TWUgfwqctr7vCXPPqu','zHD/transparencia/12/m00T3J3TWUgfwqctr7vCXPPqu/arquivos/','Teste1 (0509619001502262164).pdf',' Decreto Nº 030/2015 - Dispõe sobre (Ilustrativo) ','arquivo','2017-08-09',0),(474,'m00T3J3TWUgfwqctr7vCXPPqu','zHD/transparencia/12/m00T3J3TWUgfwqctr7vCXPPqu/arquivos/','Teste3 (0594530001502262171).pdf',' Decreto Nº 031/2015 - Dispõe sobre (Ilustrativo) ','arquivo','2017-08-09',0),(475,'m00T3J3TWUgfwqctr7vCXPPqu','zHD/transparencia/12/m00T3J3TWUgfwqctr7vCXPPqu/arquivos/','Teste2 (0603516001502262171).pdf',' Decreto Nº 032/2015 - Dispõe sobre (Ilustrativo) ','arquivo','2017-08-09',0),(476,'m00T3J3TWUgfwqctr7vCXPPqu','zHD/transparencia/12/m00T3J3TWUgfwqctr7vCXPPqu/arquivos/','Teste5 (0614447001502262171).pdf',' Decreto Nº 033/2015 - Dispõe sobre (Ilustrativo) ','arquivo','2017-08-09',0),(477,'m00T3J3TWUgfwqctr7vCXPPqu','zHD/transparencia/12/m00T3J3TWUgfwqctr7vCXPPqu/arquivos/','Teste1 (0789423001502262171).pdf',' Decreto Nº 034/2015 - Dispõe sobre (Ilustrativo) ','arquivo','2017-08-09',0),(478,'m00T3J3TWUgfwqctr7vCXPPqu','zHD/transparencia/12/m00T3J3TWUgfwqctr7vCXPPqu/arquivos/','Teste6 (0880862001502262171).pdf',' Decreto Nº 035/2015 - Dispõe sobre (Ilustrativo) ','arquivo','2017-08-09',0),(479,'m00T3J3TWUgfwqctr7vCXPPqu','zHD/transparencia/12/m00T3J3TWUgfwqctr7vCXPPqu/arquivos/','Teste4 (0928445001502262171).pdf',' Decreto Nº 036/2015 - Dispõe sobre (Ilustrativo) ','arquivo','2017-08-09',0),(480,'pdAkypzdAjBejxmxAyCcMRu8P','zHD/transparencia/12/pdAkypzdAjBejxmxAyCcMRu8P/arquivos/','Teste3 (0294920001502262796).pdf','Relatório do Controle Interno Exercício 2011','arquivo','2011-08-09',0),(481,'pdAkypzdAjBejxmxAyCcMRu8P','zHD/transparencia/12/pdAkypzdAjBejxmxAyCcMRu8P/arquivos/','Teste2 (0405542001502262796).pdf','Relatório do Controle Interno Exercício 2012','arquivo','2012-08-09',0),(482,'pdAkypzdAjBejxmxAyCcMRu8P','zHD/transparencia/12/pdAkypzdAjBejxmxAyCcMRu8P/arquivos/','Teste4 (0427046001502262796).pdf','Relatório do Controle Interno Exercício 2013','arquivo','2013-08-09',0),(483,'pdAkypzdAjBejxmxAyCcMRu8P','zHD/transparencia/12/pdAkypzdAjBejxmxAyCcMRu8P/arquivos/','Teste5 (0430609001502262796).pdf','Relatório do Controle Interno Exercício 2014','arquivo','2014-08-09',0),(484,'pdAkypzdAjBejxmxAyCcMRu8P','zHD/transparencia/12/pdAkypzdAjBejxmxAyCcMRu8P/arquivos/','Teste6 (0542202001502262796).pdf','Relatório do Controle Interno Exercício 2015','arquivo','2015-08-09',0),(485,'pdAkypzdAjBejxmxAyCcMRu8P','zHD/transparencia/12/pdAkypzdAjBejxmxAyCcMRu8P/arquivos/','Teste1 (0670067001502262796).pdf','Relatório do Controle Interno Exercício 2016','arquivo','2016-08-09',0),(737,'21rzXzGtMWiZ2XA7wsqRhz847','zHD/transparencia/14/21rzXzGtMWiZ2XA7wsqRhz847/arquivos/','ilustrativo7 (0912930001530637555).pdf','Empenhos de 06 a 12 Mai (Ilustrativo)','arquivo','2018-07-03',0),(559,'AYxZIHWcztBvpeoNcsOKHB4dD','zHD/transparencia/12/AYxZIHWcztBvpeoNcsOKHB4dD/arquivos/','Teste de arquivo (0617330001505513006).pdf','Regulamentação da LAI','arquivo','2020-09-15',0),(746,'BpmFXsCoOOhARvTMHJQet57tF','zHD/transparencia/14/BpmFXsCoOOhARvTMHJQet57tF/arquivos/','ilustrativo1 (0504401001530637938).pdf','LIQUIDAÇÃO DE DESPESAS ORÇAMENTÁRIAS de 10 a 16 Jun (Ilustrativo)','arquivo','2018-06-16',0),(745,'BpmFXsCoOOhARvTMHJQet57tF','zHD/transparencia/14/BpmFXsCoOOhARvTMHJQet57tF/arquivos/','ilustrativo4 (0388025001530637938).pdf','LIQUIDAÇÃO DE DESPESAS ORÇAMENTÁRIAS de 03 a 09 Jun (Ilustrativo)','arquivo','2018-07-03',0),(732,'21rzXzGtMWiZ2XA7wsqRhz847','zHD/transparencia/14/21rzXzGtMWiZ2XA7wsqRhz847/arquivos/','ilustrativo4 (0023946001530637554).pdf','Empenhos de 17 a 23 Jun (Ilustrativo)','arquivo','2018-06-24',0),(779,'3E67Ghhut61PZBgr4KqRGtxyO','zHD/transparencia/12/3E67Ghhut61PZBgr4KqRGtxyO/arquivos/','2020-sus (0257519001589533981).jpg','Aviso (ilustrativo)','arquivo','2020-05-15',0),(776,'KJjWqQKzfylBUvmLEYgcSGsX0','zHD/transparencia/12/KJjWqQKzfylBUvmLEYgcSGsX0/arquivos/','2020-tabela-de-jogos (0841676001589532995).jpg','Tabela de Jogos do Campeonato de Futebol (ilustrativo)','arquivo','2020-05-15',0),(766,'isqYyhgM2V6CT9jcxOBLgz6M7','zHD/transparencia/12/isqYyhgM2V6CT9jcxOBLgz6M7/arquivos/','ilustrativo2 (0462297001585314102).pdf','Rresolução 130/2020','arquivo','2020-03-27',0),(765,'94JBClKPoowyGImuVa65bwEVx','zHD/transparencia/12/94JBClKPoowyGImuVa65bwEVx/arquivos/','ilustrativo2 (0493470001585314058).pdf','Portaria 150/2020','arquivo','2020-03-27',0),(764,'RAG4b9wWueVJxx6SkCYSs5S9i','zHD/transparencia/12/RAG4b9wWueVJxx6SkCYSs5S9i/arquivos/','ilustrativo2 (0496828001585313994).pdf','Normativo sobre Diárias','arquivo','2020-03-27',0),(763,'rg2aIM45IyIRbeD6CeXoGxkFX','zHD/transparencia/12/rg2aIM45IyIRbeD6CeXoGxkFX/arquivos/','ilustrativo2 (0850827001585313854).pdf','Legislação de Pessoal','arquivo','2020-03-27',0),(762,'8fAummiaKFApwP7B2tMNa1qPt','zHD/transparencia/12/8fAummiaKFApwP7B2tMNa1qPt/arquivos/','ilustrativo2 (0930432001585313791).pdf','Controle Interno','arquivo','2020-03-27',0),(761,'js4wQ8MNNIsPwQZUKnezLQVk7','zHD/transparencia/12/js4wQ8MNNIsPwQZUKnezLQVk7/arquivos/','ilustrativo2 (0961735001585313582).pdf','Lei Orgânica do Município','arquivo','2020-03-27',0),(785,'iAz0YVr4Jgn3fLgxlSHN8HlPf','zHD/transparencia/1/iAz0YVr4Jgn3fLgxlSHN8HlPf/arquivos/','Documento Ilustrativo 1 (0979375001651534708).pdf','PPA Plano Plurianual','arquivo','2022-05-02',0),(788,'tdBWxuOc54lgE38lwAWCrBM81','zHD/transparencia/1/tdBWxuOc54lgE38lwAWCrBM81/arquivos/','Documento Ilustrativo 1 (0599396001652485313).pdf','Documento Ilustrativo 1 ','arquivo','2021-05-13',0),(799,'C1CA4ujmsGwqGzu1JWFlzDmPL','zHD/transparencia/1/C1CA4ujmsGwqGzu1JWFlzDmPL/arquivos/','Documento Ilustrativo 3 (0158267001671110621).pdf','Relação de Móveis Out/2022','arquivo','2022-10-31',0),(797,'C1CA4ujmsGwqGzu1JWFlzDmPL','zHD/transparencia/1/C1CA4ujmsGwqGzu1JWFlzDmPL/arquivos/','Documento Ilustrativo 1 (0117711001671110621).pdf','Relação de Móveis Set/2022','arquivo','2022-09-30',0),(798,'C1CA4ujmsGwqGzu1JWFlzDmPL','zHD/transparencia/1/C1CA4ujmsGwqGzu1JWFlzDmPL/arquivos/','Documento Ilustrativo 2 (0143463001671110621).pdf','Relação de Móveis Ago/2022','arquivo','2022-08-31',0),(800,'C1CA4ujmsGwqGzu1JWFlzDmPL','zHD/transparencia/1/C1CA4ujmsGwqGzu1JWFlzDmPL/arquivos/','Documento Ilustrativo 4 (0199342001671110621).pdf','Relação de Móveis Jul/2022','arquivo','2022-07-31',0),(801,'C1CA4ujmsGwqGzu1JWFlzDmPL','zHD/transparencia/1/C1CA4ujmsGwqGzu1JWFlzDmPL/arquivos/','Documento Ilustrativo 5 (0219062001671110621).pdf','Relação de Móveis Jun/2022','arquivo','2022-06-30',0),(802,'7UdbLR1RigNzAbH3uFEEouVgJ','zHD/transparencia/1/7UdbLR1RigNzAbH3uFEEouVgJ/arquivos/','Documento Ilustrativo 1 (0784969001671110782).pdf','Relação de Imóveis Out/2022','arquivo','2022-10-31',0),(803,'7UdbLR1RigNzAbH3uFEEouVgJ','zHD/transparencia/1/7UdbLR1RigNzAbH3uFEEouVgJ/arquivos/','Documento Ilustrativo 3 (0821285001671110782).pdf','Relação de Imóveis Set/2022','arquivo','2022-12-15',0),(804,'7UdbLR1RigNzAbH3uFEEouVgJ','zHD/transparencia/1/7UdbLR1RigNzAbH3uFEEouVgJ/arquivos/','Documento Ilustrativo 5 (0826570001671110782).pdf','Relação de Imóveis Ago/2022','arquivo','2022-08-31',0),(805,'7UdbLR1RigNzAbH3uFEEouVgJ','zHD/transparencia/1/7UdbLR1RigNzAbH3uFEEouVgJ/arquivos/','Documento Ilustrativo 2 (0832316001671110782).pdf','Relação de Imóveis Jul/2022','arquivo','2022-07-31',0),(806,'7UdbLR1RigNzAbH3uFEEouVgJ','zHD/transparencia/1/7UdbLR1RigNzAbH3uFEEouVgJ/arquivos/','Documento Ilustrativo 4 (0843002001671110782).pdf','Relação de Imóveis Jun/2022','arquivo','2022-06-30',0),(807,'7UdbLR1RigNzAbH3uFEEouVgJ','zHD/transparencia/1/7UdbLR1RigNzAbH3uFEEouVgJ/arquivos/','Documento Ilustrativo 3 (0777123001671110804).pdf','Relação de Imóveis Mai/2022','arquivo','2022-05-31',0),(808,'7UdbLR1RigNzAbH3uFEEouVgJ','zHD/transparencia/1/7UdbLR1RigNzAbH3uFEEouVgJ/arquivos/','Documento Ilustrativo 4 (0816384001671110804).pdf','Relação de Imóveis Abr/2022','arquivo','2022-04-30',0),(809,'7UdbLR1RigNzAbH3uFEEouVgJ','zHD/transparencia/1/7UdbLR1RigNzAbH3uFEEouVgJ/arquivos/','Documento Ilustrativo 2 (0822799001671110804).pdf','Relação de Imóveis Mar/2022','arquivo','2022-03-31',0),(810,'7UdbLR1RigNzAbH3uFEEouVgJ','zHD/transparencia/1/7UdbLR1RigNzAbH3uFEEouVgJ/arquivos/','Documento Ilustrativo 1 (0828664001671110804).pdf','Relação de Imóveis Fev/2022','arquivo','2022-02-28',0),(811,'7UdbLR1RigNzAbH3uFEEouVgJ','zHD/transparencia/1/7UdbLR1RigNzAbH3uFEEouVgJ/arquivos/','Documento Ilustrativo 5 (0852343001671110804).pdf','Relação de Imóveis Jan/2022','arquivo','2022-01-31',0),(812,'C1CA4ujmsGwqGzu1JWFlzDmPL','zHD/transparencia/1/C1CA4ujmsGwqGzu1JWFlzDmPL/arquivos/','Documento Ilustrativo 2 (0602387001671111299).pdf','Relação de Móveis Mai/2022','arquivo','2022-05-31',0),(813,'C1CA4ujmsGwqGzu1JWFlzDmPL','zHD/transparencia/1/C1CA4ujmsGwqGzu1JWFlzDmPL/arquivos/','Documento Ilustrativo 1 (0633385001671111299).pdf','Relação de Móveis Abr/2022','arquivo','2022-04-30',0),(814,'C1CA4ujmsGwqGzu1JWFlzDmPL','zHD/transparencia/1/C1CA4ujmsGwqGzu1JWFlzDmPL/arquivos/','Documento Ilustrativo 4 (0644237001671111299).pdf','Relação de Móveis Mar/2022','arquivo','2022-03-31',0),(815,'C1CA4ujmsGwqGzu1JWFlzDmPL','zHD/transparencia/1/C1CA4ujmsGwqGzu1JWFlzDmPL/arquivos/','Documento Ilustrativo 3 (0677288001671111299).pdf','Relação de Móveis Fev/2022','arquivo','2022-02-28',0),(816,'C1CA4ujmsGwqGzu1JWFlzDmPL','zHD/transparencia/1/C1CA4ujmsGwqGzu1JWFlzDmPL/arquivos/','Documento Ilustrativo 5 (0693086001671111299).pdf','Relação de Móveis Jan/2022','arquivo','2022-01-31',0);

--
-- Table structure for table `transparencia_categorias`
--

CREATE TABLE `transparencia_categorias` (
  `id` int(11) NOT NULL AUTO_INCREMENT,
  `grupo` int(11) NOT NULL DEFAULT 0,
  `nome` varchar(250) NOT NULL,
  `icone` varchar(250) NOT NULL,
  `ordem` varchar(250) DEFAULT NULL,
  `atualizacao` varchar(250) DEFAULT NULL,
  `descricao` text DEFAULT NULL,
  `entidade` int(11) NOT NULL DEFAULT 0,
  `exibicao` int(11) NOT NULL DEFAULT 0,
  PRIMARY KEY (`id`),
  KEY `grupo` (`grupo`),
  KEY `entidade` (`entidade`)
) ENGINE=MyISAM AUTO_INCREMENT=234 DEFAULT CHARSET=latin1 COLLATE=latin1_swedish_ci ROW_FORMAT=DYNAMIC;

--
-- Dumping data for table `transparencia_categorias`
--

INSERT INTO `transparencia_categorias` (`id`, `grupo`, `nome`, `icone`, `ordem`, `atualizacao`, `descricao`, `entidade`, `exibicao`) VALUES (127,122,'Sub 1 -> SUBGRUPO','','',NULL,NULL,1,0),(130,126,'Estrutura Organizacional','icon-institucional.png','',NULL,'\"De acordo com a Lei Complementar 12.527/2011, art. 8º, § 1º, inciso I\"',1,0),(131,126,'Lista de Autoridades','icon-institucional.png','','Anual','',1,0),(132,126,'Agenda Oficial','icon-institucional.png','','Imediata','\"De acordo com a Lei Complementar 12.527, art. 7º, inciso V\"',1,1),(136,127,'RREO','icon-gestao.png','','Bimestral','\"De acordo com a Lei Complementar Nº 101, de 4 de Maio de 2000, artigos 48, 52 e 53.\" - Relatório Bimestral',1,0),(206,157,'Receitas','icon-despesas.png','','Imediata','',1,0),(207,130,'Diárias','icon-legislacao.png','','Imediata','',1,0),(208,160,'programas, Ações e Projetos','icon-adm-grupos.png','','Imediata','',1,0),(138,167,'PPA','icon-gestao.png','','Anual','\"De acordo com a Lei Complementar 12.527/2011, art. 48\" - Quadrienal',1,1),(139,167,'LDO','icon-gestao.png','','Anual','\"De acordo com a Lei Complementar 12.527/2011, art. 48\" - Anual',1,0),(140,167,'LOA','icon-gestao.png','','Anual','\"De acordo com a Lei Complementar 12.527/2011, art. 48\" - Anual',1,0),(141,127,'Balanço','icon-gestao.png','','Anual','',1,0),(142,130,'Lei Orgânica','icon-orcamento.png','','Imediata','\"De acordo com a Lei Complementar nº 12.527/2011, art7, inciso V',1,0),(193,155,'Avisos','default.png','','Imediata','',4,0),(145,130,'Lei Orgânica','icon-legislacao.png','','Imediata','\"De acordo com a Lei Complementar Nº 12.527/2011, art 7º, inciso V\"',1,0),(148,129,'Liquidação','icon-despesas.png','','Quinzenal','\"De acordo com a Lei Complementar 12.527/2011, art. 8º, § 1º, inciso IV, Lei Complementar nº 131/2009, art. 2º, inciso I e Decreto nº 7.185/2010 art. 7º, inciso I.\"',1,0),(149,129,'Pagamento','icon-despesas.png','','Quinzenal','\"De acordo com a Lei Complementar 12.527/2011, art. 8º, § 1º, inciso IV, Lei Complementar nº 131/2009, art. 2º, inciso I e Decreto nº 7.185/2010 art. 7º, inciso I.\"',1,0),(153,129,'Diárias','icon-despesas.png','','Quinzenal','\"Beneficiário, afastamento, destino e valor pago, de acordo com a Lei Complementar 12.527/2011, art. 8º\"',1,0),(157,130,'Decretos','icon-legislacao.png','','Imediata','\"Relação das Resoluções e Decretos municipais com número e ementário de acordo com a Lei nº 12.527/2011, Art. 7, inciso V.\"',1,0),(158,130,'Regulamentação de Diárias','icon-legislacao.png','','Imediata','\"Lei ou Ato Normativo que regulamenta a concessão de diárias de acordo com a Lei nº 12.527/2011, Art 7, Inciso IV\"',1,0),(159,130,'Pessoal','icon-institucional.png','','Imediata','Regime Jurídico ou Plano de Cargos e Salários de acordo com a Lei nº12.527/2011, Art 7, Inciso V\"',1,1),(160,130,'Controle Interno','icon-legislacao.png','','Anual','\"Relatório Anual do Controle Interno Consolidado da Prestação de Contas de acordo com a CF/88, Art. 31, 70 e 74 e Lei de Responsabilidade Fiscal (LRF) Art. 59\"',1,1),(161,132,'Projetos e Obras','icon-projetos.png','','Imediata','\"Relatório sobre Projetos e Obras da Prefeitura de acordo com a Lei nº 12.527/2011, Art. 8º, parágrafo 1º, Inciso V.\"',1,0),(163,135,'Categoria DEMONSTRAÇÂO','','',NULL,'asdasdas das dsa',14,0),(164,130,'LAI','icon-legislacao.png','','Imediata','Lei nº 12.527/2011, Artigo 45.',1,0),(165,130,'Leis Municipais','icon-legislacao.png','','Imediata','Lei nº 12.527/2011, art. 7, inciso V.',1,1),(167,139,'teste','','',NULL,'teste',1,0),(170,137,'Diárias','icon-despesas.png','','Imediata','Beneficiário, afastamento, destino e valor pago, de acordo com a Lei Complementar 12.527/2011, Art. 8º',14,0),(171,137,'Empenho','','','Imediata','Publicação do Emprenho da Despesas de tods as Unidades Gestopras em até 15 dias corridos da data do documento. conforme Lei Nº 12.527/2011, Art. 8º, § 1º, inciso IIII; Lei Complementar Nº 131/2009, Art. 2º, inciso I; e Decreto Nº 7.185/2010, Art. 7º, INCISO I.',14,0),(172,137,'Liquidação','','','Imediata','De acordo com a Lei Complemenetar 12.527/2011, Art. 8º, § 1º, Inciso IV, Lei Complementar Nº 131/2009, Art. 2º, Inciso I e Decreto Nº 7.185/2010 Art. 7º, Inciso I.',14,0),(173,137,'Pagamento','','','Imediata','\"De acordo com a Lei Complementar 12.527/2011, Art. 8º, § 1º, Inciso IV, Lei Complementar Nº 131/2009, Art. 2º, Inciso I e Decreto Nº 7.185/2010 Art. 7º, Inciso I.\"',14,0),(174,137,'Folha Pessoal','','','Imediata','\"Tabela com as remunerações dos Cargos e Funções Plano de Cargos, Carreiras e Remunerações (PCCR) ou Regime Jurídico, de acordo com a Lei Complemenetar Nº 101, de 4 de Maio de 2000, Artigos 48-A, Inciso I e Lei Complementar Nº 131/2009.\"',14,0),(192,145,'Receitas Arrecadadas','icon-receitas.png','','Semanal','\"De acordo com a Lei Complementar 131/2009, art. 2º, § 1º, inciso II e Decreto 7.185/2010, art. 7º, inciso II, c\"',14,0),(191,154,'Busca Avançada','default.png','','Imediata','',1,0),(185,147,'Móveis','icon-benspublicos.png','','Mensal','\"De acordo com a Lei Complementar nº 12.527/2011, art7, inciso VI\"',1,0),(188,147,'Imóveis','icon-benspublicos.png','','Mensal','\"DE ACORDO COM A LEI COMPLEMENTAR Nº 12.527/2011, ART7, INCISO VI\"',1,0),(186,148,'Folha de Pgto','icon-pessoal.png','','Mensal','\"Detalhamento da Folha de Pessoal contendo nome do servidor, cargo ou função e remuneração de acordo com a Lei Complementar Nº 101, de 4 de Maio de 2000, artigos 48-A, inciso I e Lei Complementar nº 131/2009.\"',1,0),(187,148,'Remuneração por Cargo','icon-pessoal.png','','Imediata','\"Tabela com as remunerações dos cargos e funções ou Plano de Cargos, Carreiras e Remunerações (PCCR) ou Regime Jurídico, de acordo com a Lei Complementar Nº 101, de 4 de Maio de 2000, artigos 48-A, inciso I e Lei Complementar nº 131/2009.\"',1,0),(194,130,'Portarias','icon-legislacao.png','','Imediata','',1,0),(195,130,'Resoluções','icon-legislacao.png','','Imediata','',1,0),(196,156,'Folha de Pgto','icon-pessoal.png','','Imediata','',1,0),(197,156,'Remuneração por Cargo','icon-pessoal.png','','Imediata','',1,0),(198,157,'Pagamentos','icon-despesas.png','','Imediata','',1,0),(199,159,'Bens Móveis','icon-benspublicos.png','','Imediata','',1,0),(200,159,'Bens Imóveis','icon-benspublicos.png','','Imediata','',1,0),(204,157,'Empenho, Liquidação e Pgtos','icon-despesas.png','','Imediata','',1,0),(205,157,'Liquidação','icon-despesas.png','','Imediata','',1,0),(203,127,'RGF','icon-gestao.png','','Quadrimestral','\"De acordo com  a Lei Complementar Nº 101, de 4 de Maio de 2000, artigos 48, 54, 55 e 63.\" - Relatório Quadrimestral',1,0),(209,161,'Todos os serviços prestados','default.png','','Imediata','Decreto 6.932, de 11 de agosto de 2009, a Carta de Serviços ao Cidadão deve informar todos os serviços prestados pela Prefeitura e Secretarias ou Órgãos. Formas de acesso e os respectivos compromissos de cada um.',1,1),(210,162,'Gabinete','default.png','','Imediata','',1,1),(211,162,'Departamentos','default.png','','Imediata','',1,1),(212,162,'Secretarias','default.png','','Imediata','',1,1),(220,164,'Estrutura Organizacional','default.png','','Imediata','',1,0),(224,170,'Serviços Prestados','default.png','','Imediata','Decreto 6.932, de 11 de agosto de 2009, a Carta de Serviços ao Cidadão deve informar todos os serviços prestados pela Prefeitura e Secretarias ou Órgãos. Formas de acesso e os respectivos compromissos de cada um. ',2,0),(221,162,'Organograma','default.png','','Imediata','',1,0),(222,168,'teste','default.png','','Imediata','',1,0),(226,161,'Saúde','default.png',NULL,'Imediata','DECRETO 6.932, DE 11 DE AGOSTO DE 2009, A CARTA DE SERVIÇOS AO CIDADÃO DEVE INFORMAR TODOS OS SERVIÇOS PRESTADOS PELA PREFEITURA E SECRETARIAS OU ÓRGÃOS. FORMAS DE ACESSO E OS RESPECTIVOS COMPROMISSOS DE CADA UM.',1,1),(227,161,'Educação','default.png',NULL,'Imediata','DECRETO 6.932, DE 11 DE AGOSTO DE 2009, A CARTA DE SERVIÇOS AO CIDADÃO DEVE INFORMAR TODOS OS SERVIÇOS PRESTADOS PELA PREFEITURA E SECRETARIAS OU ÓRGÃOS. FORMAS DE ACESSO E OS RESPECTIVOS COMPROMISSOS DE CADA UM.',1,1),(228,161,'Assistência Social','default.png',NULL,'Imediata','DECRETO 6.932, DE 11 DE AGOSTO DE 2009, A CARTA DE SERVIÇOS AO CIDADÃO DEVE INFORMAR TODOS OS SERVIÇOS PRESTADOS PELA PREFEITURA E SECRETARIAS OU ÓRGÃOS. FORMAS DE ACESSO E OS RESPECTIVOS COMPROMISSOS DE CADA UM.',1,1),(229,161,'Bolsa Família','default.png',NULL,'Imediata','DECRETO 6.932, DE 11 DE AGOSTO DE 2009, A CARTA DE SERVIÇOS AO CIDADÃO DEVE INFORMAR TODOS OS SERVIÇOS PRESTADOS PELA PREFEITURA E SECRETARIAS OU ÓRGÃOS. FORMAS DE ACESSO E OS RESPECTIVOS COMPROMISSOS DE CADA UM.',1,1),(230,161,'Esporte','default.png',NULL,'Imediata','DECRETO 6.932, DE 11 DE AGOSTO DE 2009, A CARTA DE SERVIÇOS AO CIDADÃO DEVE INFORMAR TODOS OS SERVIÇOS PRESTADOS PELA PREFEITURA E SECRETARIAS OU ÓRGÃOS. FORMAS DE ACESSO E OS RESPECTIVOS COMPROMISSOS DE CADA UM.',1,1),(231,171,'Processos Seletivos','default.png',NULL,'Imediata','',1,0),(232,172,'Agenda Oficial','default.png',NULL,'Imediata','Agenda externa do(a) Prefeito(a)',1,0),(233,169,'Móveis e Imóveis','default.png',NULL,'Imediata','Relação de Móveis e Imóveis, anual atualizada e mensal. Ano atual e anterior,',1,0);

--
-- Table structure for table `transparencia_externo`
--

CREATE TABLE `transparencia_externo` (
  `id` int(11) NOT NULL AUTO_INCREMENT,
  `titulo` text DEFAULT NULL,
  `link` text NOT NULL,
  `entidade` int(11) NOT NULL DEFAULT 0,
  PRIMARY KEY (`id`),
  KEY `entidade` (`entidade`)
) ENGINE=MyISAM AUTO_INCREMENT=136 DEFAULT CHARSET=latin1 COLLATE=latin1_swedish_ci ROW_FORMAT=DYNAMIC;

--
-- Dumping data for table `transparencia_externo`
--

INSERT INTO `transparencia_externo` (`id`, `titulo`, `link`, `entidade`) VALUES (125,'Empenhos, Pgtos e Liquidações','https://prefeiturasonline.com.br/web/imagens/sistema.jpg',1),(128,'Receitas Arrecadadas','https://prefeiturasonline.com.br/web/imagens/sistema.jpg',1),(129,'Folha de Pagamento','https://prefeiturasonline.com.br/web/imagens/sistema.jpg',1),(130,'Programas, Ações e Projetos','https://prefeiturasonline.com.br/web/imagens/sistema.jpg',1),(133,'TESTE','google.com',4),(132,'Coronavírus','http://prefeiturasonline.com.br/admt/publico/imagens/_corona.jpg',2),(134,'Pessoal Folha de Pagamento','https://prefeiturasonline.com.br/web/imagens/sistema.jpg',1),(135,'Pessoal Remuneração/Cargo','https://prefeiturasonline.com.br/web/imagens/sistema.jpg',1);

--
-- Table structure for table `transparencia_grupos`
--

CREATE TABLE `transparencia_grupos` (
  `id` int(11) NOT NULL AUTO_INCREMENT,
  `entidade` int(11) NOT NULL DEFAULT 0,
  `aside` int(11) NOT NULL DEFAULT 0,
  `menu` int(11) NOT NULL DEFAULT 0,
  `nome` varchar(250) NOT NULL,
  `descricao` text DEFAULT NULL,
  PRIMARY KEY (`id`),
  KEY `entidade` (`entidade`),
  KEY `menu` (`menu`)
) ENGINE=MyISAM AUTO_INCREMENT=173 DEFAULT CHARSET=latin1 COLLATE=latin1_swedish_ci ROW_FORMAT=DYNAMIC;

--
-- Dumping data for table `transparencia_grupos`
--

INSERT INTO `transparencia_grupos` (`id`, `entidade`, `aside`, `menu`, `nome`, `descricao`) VALUES (127,1,1,31,'Gestão Fiscal','RGF e RREO'),(130,1,1,31,'Legislação Municipal','Decretos, Portarias, Resoluções, Diárias, Lai, Lei Orgânica, Pessoal, Controle Interno, etc'),(137,14,0,24,'Despesas',NULL),(138,14,0,24,'Gestão Fiscal',NULL),(140,14,0,25,'Institucional',NULL),(141,14,0,26,'Legislação',NULL),(142,14,0,24,'Orçamento',NULL),(143,14,0,24,'Pessoal',NULL),(145,14,0,24,'Receitas',NULL),(155,4,0,29,'Publicações',NULL),(161,1,1,31,'Carta de Serviços','Carta de Serviços ao Cidadão'),(162,1,1,31,'Estrutura Organizacional','Gabinete, Secretarias, Órgãos e Organograma'),(167,1,1,31,'Gestão Orçamentária','LOA, LDO e PPA'),(169,1,0,31,'Gestão Patrimonial','Administração de Móveis e Imóveis'),(170,2,0,33,'Carta de Serviços ao Cidadão','Lista de todos serviços prestados ao cidadão.'),(172,1,0,18,'Agenda Oficial','Agenda externa do(a) Prefeito(a) Municipal, quando houver.');

--
-- Table structure for table `transparencia_links`
--

CREATE TABLE `transparencia_links` (
  `id` int(11) NOT NULL AUTO_INCREMENT,
  `codigo` varchar(25) NOT NULL,
  `titulo` text DEFAULT NULL,
  `link` text NOT NULL,
  PRIMARY KEY (`id`),
  KEY `codigo` (`codigo`)
) ENGINE=MyISAM AUTO_INCREMENT=133 DEFAULT CHARSET=latin1 COLLATE=latin1_swedish_ci ROW_FORMAT=DYNAMIC;

--
-- Dumping data for table `transparencia_links`
--

INSERT INTO `transparencia_links` (`id`, `codigo`, `titulo`, `link`) VALUES (122,'mReZt6e7JEC9h3Uikm46jgbRM','Links externo','https://folha.governotransparente.com.br/150506401/foff/listar-por/funcionarios/201708'),(124,'ZjQJIkjEuwU0482zOGej4J6zp','Folha de Pgto','http://jpweb.com.br'),(125,'Mb0IkRTWbdBKPS38XRs4T3qQE','teste','http://jpweb.com.br'),(129,'fsSHH8tdLB8BKeKUWVo9KyKqP','PAGAMENTO DE DESPESAS ORÇAMENTÁRIAS','https://prefeiturasonline.com.br/admtsp/_pagamentos-despesas.jpg'),(130,'Vcb923shTFAIghU814cT69yDg','Pagamentos de Despesas com Diárias','https://prefeiturasonline.com.br/admtsp/_pagamentos-diarias.jpg'),(127,'wqXadHpGgTT9HCKpTTxsZosri','Empenhos de Despesas','https://prefeiturasonline.com.br/admtsp/_empenhos.jpg'),(128,'815BPIaGpdXLndIVV0MYdzOYd','LIQUIDAÇÃO DE DESPESAS ORÇAMENTÁRIAS','https://prefeiturasonline.com.br/admtsp/_liquidacao-despesas.jpg'),(131,'kMxL2dmCdi7kFEqp6u2L5If4O','REPASSES OU TRANSFERÊNCIAS EXERCÍCIO','https://prefeiturasonline.com.br/admtsp/_repasses.jpg'),(132,'irDEO4lpL5ieVI3ayK6F7SnVF','RECEITAS ARRECADADAS','https://prefeiturasonline.com.br/admtsp/_receitas.jpg');

--
-- Table structure for table `transparencia_menus`
--

CREATE TABLE `transparencia_menus` (
  `id` int(11) NOT NULL AUTO_INCREMENT,
  `entidade` int(11) NOT NULL DEFAULT 0,
  `nome` varchar(250) NOT NULL,
  `ordem` int(11) NOT NULL DEFAULT 0,
  PRIMARY KEY (`id`),
  KEY `entidade` (`entidade`),
  KEY `ordem` (`ordem`)
) ENGINE=MyISAM AUTO_INCREMENT=35 DEFAULT CHARSET=latin1 COLLATE=latin1_swedish_ci ROW_FORMAT=DYNAMIC;

--
-- Dumping data for table `transparencia_menus`
--

INSERT INTO `transparencia_menus` (`id`, `entidade`, `nome`, `ordem`) VALUES (18,1,'Institucional',3),(16,1,'Financeiro',1),(17,1,'Legislação',2),(25,14,'Institucional',0),(24,14,'Orçamento e Gestão',0),(26,14,'Legislação',0),(34,2,'xD',0),(29,4,'Notícias',1),(31,1,'Portal da Transparência',2),(33,2,'Transparência - Arquivos',1);

--
-- Table structure for table `vereadores_arquivos`
--

CREATE TABLE `vereadores_arquivos` (
  `id` int(11) NOT NULL AUTO_INCREMENT,
  `codigo` varchar(25) NOT NULL,
  `path` text NOT NULL,
  `arquivo` text NOT NULL,
  `legenda` text DEFAULT NULL,
  `tipo` varchar(50) DEFAULT NULL,
  PRIMARY KEY (`id`) USING BTREE,
  KEY `codigo` (`codigo`) USING BTREE
) ENGINE=MyISAM AUTO_INCREMENT=453 DEFAULT CHARSET=latin1 COLLATE=latin1_swedish_ci ROW_FORMAT=DYNAMIC;

--
-- Dumping data for table `vereadores_arquivos`
--


--
-- Table structure for table `vereadores_links`
--

CREATE TABLE `vereadores_links` (
  `id` int(11) NOT NULL AUTO_INCREMENT,
  `codigo` varchar(25) NOT NULL,
  `titulo` text DEFAULT NULL,
  `link` text NOT NULL,
  PRIMARY KEY (`id`) USING BTREE,
  KEY `codigo` (`codigo`) USING BTREE
) ENGINE=MyISAM AUTO_INCREMENT=120 DEFAULT CHARSET=latin1 COLLATE=latin1_swedish_ci ROW_FORMAT=DYNAMIC;

--
-- Dumping data for table `vereadores_links`
--


--
-- Table structure for table `vereadores_videos`
--

CREATE TABLE `vereadores_videos` (
  `id` int(11) NOT NULL AUTO_INCREMENT,
  `codigo` varchar(25) NOT NULL,
  `titulo` text DEFAULT NULL,
  `link` text NOT NULL,
  PRIMARY KEY (`id`) USING BTREE,
  KEY `codigo` (`codigo`) USING BTREE
) ENGINE=MyISAM AUTO_INCREMENT=133 DEFAULT CHARSET=latin1 COLLATE=latin1_swedish_ci ROW_FORMAT=DYNAMIC;

--
-- Dumping data for table `vereadores_videos`
--


--
-- Table structure for table `videos`
--

CREATE TABLE `videos` (
  `id` int(11) NOT NULL AUTO_INCREMENT,
  `data` timestamp NOT NULL DEFAULT current_timestamp(),
  `secao` int(11) NOT NULL DEFAULT 0,
  `titulo` text NOT NULL,
  `descricao` text DEFAULT NULL,
  `codigo` varchar(100) NOT NULL,
  `entidade` int(11) NOT NULL DEFAULT 0,
  PRIMARY KEY (`id`),
  KEY `entidade` (`entidade`)
) ENGINE=MyISAM AUTO_INCREMENT=101 DEFAULT CHARSET=latin1 COLLATE=latin1_swedish_ci ROW_FORMAT=DYNAMIC;

--
-- Dumping data for table `videos`
--

INSERT INTO `videos` (`id`, `data`, `secao`, `titulo`, `descricao`, `codigo`, `entidade`) VALUES (91,'2021-04-23 03:00:00',1,'Golfinho pede ajuda','','avPGV3FqUwE',1),(89,'2021-04-23 03:00:00',1,'Show com Golfinhos','','MgGJvnYTaaY',1),(100,'2023-04-12 03:00:00',1,'Golfinhos','','MgGJvnYTaaY',1),(53,'2018-09-22 03:00:00',5,'Preservação Ambiental','','DHqMmFzAjP8',5),(54,'2018-09-22 03:00:00',5,'Ecologia, Meio ambiente e Sustentabilidade','','wbVnv5KhcIQ',5),(55,'2018-09-22 03:00:00',5,'Meio ambiente na educação infantil','','2oTkb7jx2Ak',5),(56,'2018-09-22 03:00:00',5,'Meio Ambiente - Educação e Consciência Ambiental','','MuGp1IQR9T8',5),(57,'2018-09-22 03:00:00',5,'O Cerrado corre risco','','ir_BSW6dGcc',5),(58,'2018-10-01 03:00:00',7,'É natal','Lorem ipsão dolor sít amçet, consectetur adipiscing elit. Sed vehicula id odio quis rhoncus. Donec ullamcorper, lectus in dictum porta, urna nisl tincidunt metus, at iaculis nunc sem vitae diam. Etiam quam orci, volutpat a justo non, pretium condimentum felis. Duis id elementum arcu. Mauris pharetra dui molestie tortor imperdiet. ','VEif6kU3qnE',23),(59,'2018-10-01 03:00:00',6,'Festa do no Município','Lorem ipsão dolor sít amçet, consectetur adipiscing elit. Sed vehicula id odio quis rhoncus. Donec ullamcorper, lectus in dictum porta, urna nisl tincidunt metus, at iaculis nunc sem vitae diam. Etiam quam orci, volutpat a justo non, pretium condimentum felis. Duis id elementum arcu. Mauris pharetra dui molestie tortor imperdiet. ','HKXQxP_OwDw',23),(60,'2018-10-13 03:00:00',4,'Banda Filarmônica Itajaí 1','','xW9e-9NCm-M',4),(76,'2020-11-01 03:00:00',5,'Luiz Carlos Molion - Aquecimento Global (Parte 1)','','OnPdU-PY16A',5),(61,'2018-10-13 03:00:00',4,'Banda Filarmônica Itajaí 2','','iwE_1ZR-gOY',4),(75,'2020-11-01 03:00:00',5,'Terrorismo climático - Palestra do Prof Luiz Carlos Molion - Parte 1','','9PLAPeTRSEo',5),(90,'2021-04-23 03:00:00',1,'Como economizar água','','ClcluFPSi0Y',1),(69,'2020-06-10 03:00:00',9,'Água no planta','','XrdgBK5SlDY',2),(70,'2020-06-10 03:00:00',9,'Como se proteger do COVID19','','AeR3-YVx5PM',2),(71,'2020-06-10 03:00:00',9,'Melhorar a imunidade','','iTzQ5w3kGWw',2),(72,'2020-06-10 03:00:00',9,'Descubra a importância da água','','TcIHhOCeMBg',2),(73,'2020-09-29 03:00:00',4,'O que é cultura','','o2XKjnxYMxk',4),(74,'2020-09-29 03:00:00',4,'Estações do ano','','GnJdnzOp7a4',4),(77,'2020-11-01 03:00:00',5,'Luiz Carlos Molion - Aquecimento Global (Parte 2)','','u5MJYpSsGk0',5),(78,'2020-11-01 03:00:00',5,'Luiz Carlos Molion - Aquecimento Global (Parte 3)','','G-VhC2nG5hQ',5),(79,'2020-11-01 03:00:00',5,'Luiz Carlos Molion - Aquecimento Global (Parte 4)','','PCbWPxWUOg8',5),(80,'2020-11-01 03:00:00',5,'Luiz Carlos Molion - Aquecimento Global (Parte 5)','','60EIlmMnI1I',5),(81,'2020-11-01 03:00:00',5,' Luiz Carlos Molion - Aquecimento Global (Parte 6)','','QuFRLiYZ3WE',5),(92,'2021-06-27 03:00:00',4,'BNCC Juventudes e projetos de vida','','Vc4qHyvuqD4',4),(95,'2021-09-04 03:00:00',13,'A força da nossa gente 1','','PAHtHbwFOoI',8),(96,'2021-09-04 03:00:00',13,'A força da nossa gente 2','','aP22CmWybk8',8),(97,'2021-09-04 03:00:00',13,'A força da nossa gente 3','','nkj4h6F3vcY',8),(99,'2021-09-04 03:00:00',13,'Pronampe: crédito barato para os pequenos negócios','','0wOZSiftnGs',8);

--
-- Table structure for table `videos_secoes`
--

CREATE TABLE `videos_secoes` (
  `id` int(11) NOT NULL AUTO_INCREMENT,
  `entidade` int(11) NOT NULL DEFAULT 0,
  `nome` varchar(250) NOT NULL,
  PRIMARY KEY (`id`),
  KEY `entidade` (`entidade`)
) ENGINE=MyISAM AUTO_INCREMENT=14 DEFAULT CHARSET=latin1 COLLATE=latin1_swedish_ci ROW_FORMAT=DYNAMIC;

--
-- Dumping data for table `videos_secoes`
--

INSERT INTO `videos_secoes` (`id`, `entidade`, `nome`) VALUES (1,1,'Vídeos'),(13,8,'Vídeos'),(3,1,'Vídeos'),(4,4,'Vídeos'),(5,5,'Vídeos'),(6,23,'Eventos'),(7,23,'Vídeos'),(9,2,'Vídeos'),(10,2,'Vídeos'),(11,2,'xD');

--
-- Dumping events for database 'jpwnet_legislativo'
--

--
-- Dumping routines for database 'jpwnet_legislativo'
--


