[encoded data, 14520 characters]\" data-filename=\"image.png\" style=\"width: 1224px;\"></h3><p style=\"color: rgb(0, 0, 0);\"><br></p><p style=\"color: rgb(0, 0, 0);\"><br></p><p style=\"color: rgb(0, 0, 0);\"><img src=\"data:image/png;base64,[encoded data, 70612 characters]\" data-filename=\"image.png\" style=\"width: 1224px;\"><br></p><h3 class=\"no-margin-top\" style=\"color: rgb(0, 0, 0);\"><br></h3><h3 class=\"no-margin-top\" style=\"color: rgb(0, 0, 0);\"><br></h3><h3 class=\"no-margin-top\" style=\"color: rgb(0, 0, 0);\">Criando nova Notícia<br></h3><p>1 - Clique <b>Cadastrar Cadastrar</b>, ou em <b>Gerenciar > Novo Cadastro</b>.<br>2 - Preencha: <b>data, hora, título, subtítulo, digite uma categoria ou selecione uma existente e texto</b>.<br><span style=\"color: rgb(51, 51, 51); font-size: 14px;\">3 - Clique em Salvar. Você será redirecionado para inserir arquivos.</span><span style=\"color: rgb(51, 51, 51); font-size: 14px;\"><br></span></p><h3 class=\"no-margin-top\" style=\"color: rgb(0, 0, 0);\">Gerenciando conteúdo (Capa, Imagens, Vídeos, Links e Arquivos)</h3><p style=\"color: rgb(0, 0, 0);\"><b>Capa:</b><br>1 - Em Gerenciar, clique Editar na notícia desejada.<br>2 - Clique em Inserir Imagens.<br>3 - Clique em Carregar Imagem ou Trocar Imagem, para inserir uma nova imagem de capa.<br><b>Imagens:</b><br>1 - Em Gerenciar, clique Editar na notícia desejada.<br>2 - Clique em Inserir Imagens.<br>3 - Adicione imagens clicando no \"Clique aqui para carregar seu arquivo\".<br>4 - Passe o mouse sobre a imagem para editar legenda e/ou data ou excluir. Após excluir alguma imagem clique em \"Atualizar\".<br><b>Vídeos:</b><br>1 - Em Gerenciar, clique Editar na notícia desejada.<br>2 - Clique em Inserir Vídeos.<br>3 - Clique em Novo Vídeo, preencha os campo títulos e link (youtube), para adicionar um vídeo.<br>4 - Clique em Excluir, para excluir o vídeo desejado.<br><b>Links:</b><br>1 - Em Gerenciar, clique Editar na notícia desejada.<br>2 - Clique em Inserir Links.<br>3 - Clique em Novo Link, preencha os campos título e link, para adicionar um link.<br>4 - Clique em Excluir, para excluir o link desejado.<br><b>Arquivos:</b><br>1 - Em Gerenciar, clique Editar na notícia desejada.<br>2 - Clique em Inserir arquivos.<br>3 - Adicione arquivos clicando no \"Clique aqui para carregar seu arquivo\".<br>4 - Passe o mouse sobre o ícone para editar legenda e/ou data ou excluir. Após excluir alguma imagem clique em \"Atualizar\".</p><h3 class=\"no-margin-top\" style=\"color: rgb(0, 0, 0);\">Ativar/Desativar</h3><div>1 - Em Gerenciar, clique em Ativa para desativar e Inativa para ativar.</div><div><br></div><h3 class=\"no-margin-top\" style=\"color: rgb(0, 0, 0);\">Editando</h3><h3 class=\"no-margin-top\" style=\"color: rgb(0, 0, 0);\"><p style=\"font-size: 13px;\">1 - Em <b>Gerenciar, </b>Clique em <b>Editar </b>na linha da notícia desejada.</p></h3><h3 class=\"no-margin-top\" style=\"color: rgb(0, 0, 0);\">Excluindo</h3><h3 class=\"no-margin-top\" style=\"color: rgb(0, 0, 0);\"><p style=\"font-size: 13px;\">1 - Em <b>Gerenciar, </b>Clique em <b>Excluir </b>na linha da notícia desejada.<br>2 - Confirme a ação e aguarde confirmação.</p></h3>'),('14','<h3 class=\"no-margin-top\" style=\"color: rgb(0, 0, 0);\">Gerenciando Definições</h3><h3 class=\"no-margin-top\" style=\"color: rgb(0, 0, 0);\"><p style=\"font-size: 13px;\">1 - Clique em configurar > Editar Definições para configurar o comportamento do aplicativo.</p></h3><h3 class=\"no-margin-top\" style=\"color: rgb(0, 0, 0);\">Gerenciando Seções</h3><h3 class=\"no-margin-top\" style=\"color: rgb(0, 0, 0);\"></h3><h5 style=\"font-size: 13px;\">1 - Clique em configurar, crie, edite, ou exclua seções.</h5><h3 class=\"no-margin-top\" style=\"color: rgb(0, 0, 0);\">Criando novo Pop-up</h3><p></p><h5>1 - Clique <b style=\"color: inherit;\">Gerenciar > Novo Cadastro</b><span style=\"color: inherit;\">, ou em </span><b style=\"color: inherit;\">Cadastrar</b><span style=\"color: inherit;\"> no menu superior.</span><br></h5>2 - Preencha: <b>seção, título, link (opcional) e texto (opcional)</b>.<br><span style=\"color: rgb(51, 51, 51); font-size: 14px;\">3 - Clique em Salvar. Você será redirecionado para inserir arquivos.</span><span style=\"color: rgb(51, 51, 51); font-size: 14px;\"><br></span><p></p><h3 class=\"no-margin-top\" style=\"color: rgb(0, 0, 0);\">Gerenciando imagens.<br></h3><p>1 - Em Gerenciar, na linha do pop-up desejado clique em <b>editar.<br></b>2 - Clique em <b>Inserir Imagens.</b><br>3 - Para inserir arquivos, clique na caixa em destaque \"Clique aqui para carregar seu arquivo\" ou solte os arquivos acima dela.<br>4 - Passe o mouse sobre o ícone para editar legenda e/ou data ou excluir o arquivo. Após excluir algum arquivo clique em \"Atualizar\".</p><h3 class=\"no-margin-top\" style=\"color: rgb(0, 0, 0);\">Integrado à Notícias / Enquetes<br></h3><p>1 - Em Gerenciar, na linha do pop-up desejado clique em <b>Integração</b> (ou Enquetes/Notícias)<b>.<br></b>2 - Selecione o Aplicativo desejado.<br>3 - Selecione a Notícia/Pop-up desejado.<br>4 - Clique em Salvar.</p><h3 class=\"no-margin-top\" style=\"color: rgb(0, 0, 0);\">Excluindo</h3><h3 class=\"no-margin-top\" style=\"color: rgb(0, 0, 0);\"><p style=\"font-size: 13px;\">1 - Em <b>Gerenciar, </b>Clique em <b>Excluir </b>na linha no pop-up desejado.<br>2 - Confirme a ação e aguarde confirmação.</p></h3>'),('25','<h4 style=\"color: rgb(0, 0, 0);\">Respondendo ao Recado:<br></h4><div>1 - Em Gerenciar, na linha desejada clique em Responder.<br>2 - Preencha o campo \"Resposta\" e clique em salvar.</div><div><br></div><div><h4 style=\"color: rgb(0, 0, 0);\">Editando uma resposta:<br></h4><div>1 - Em Gerenciar, na linha desejada clique em editar.<br>2 - Edite o campo \"Resposta\" e clique em salvar.</div><div><br></div></div><div><h4 style=\"color: rgb(0, 0, 0);\">Excluindo um Recado:<br></h4></div><div>1 - Em Gerenciar, clique em Excluir na linha desejada.</div><div>2 - Confirme a ação e aguarde confirmação.</div><div><br></div><div><h4 style=\"color: rgb(0, 0, 0);\">Gerenciando Seções:<br></h4><div>1 - Em Configurações, crie, edite ou exclua seções do mural.</div><div><br></div><div><h4 style=\"color: rgb(0, 0, 0);\">Notificar resposta ao Usuário:<br></h4><div>1 - Quando cadastrado corretamente o email do usuário, é possível enviar um email notificando alterações no contato clicando no ícone: <i class=\"fa fa-envelope\"></i>,</div><div>que fica Azul quando disponível e vermelho, quando necessário.</div></div></div>'),('entidades','<div>1. Acessar Entidades.</div><div>2. Em Gerenciar, será exibida a lista de entidades;</div><div>3. Para criar uma nova entidade, vá em <b>Gerenciar > Nova Entidade</b>, preencha os campos corretamente e clique em salvar.</div><div>4. Para <b>Excluir</b>: Clique em Excluir na linha da entidade desejada e confirme a ação. (Esta ação não pode ser desfeita)</div><div><br></div><div>Permitindo e Removendo Permissão em Aplicativos à uma entidade:</div><div>1. Em Gerenciar, clique em <b>Gerenciar</b>, na entidade desejada.</div><div>2. Clique em <b>Aplicativos</b>, Aparecerá a lista de aplicativos instaladas, Clique no Aplicativo desejado para permitir ou remover permissão;</div><div>Obs.: A Entidade recebe permissão de acesso ao aplicativo, todavia falta permitir os usuários que terão acesso a tal aplicativo.</div>');

--
-- Table structure for table `app_aplicativos_grupos`
--

CREATE TABLE `app_aplicativos_grupos` (
  `ID` int(11) NOT NULL AUTO_INCREMENT,
  `nome` varchar(100) NOT NULL,
  `ordem` int(11) NOT NULL DEFAULT 0,
  PRIMARY KEY (`ID`),
  KEY `ordem` (`ordem`)
) ENGINE=MyISAM AUTO_INCREMENT=4 DEFAULT CHARSET=latin1 COLLATE=latin1_swedish_ci ROW_FORMAT=DYNAMIC;

--
-- Dumping data for table `app_aplicativos_grupos`
--

INSERT INTO `app_aplicativos_grupos` (`ID`, `nome`, `ordem`) VALUES (1,'Multimídias',1),(2,'Sistemas',0);

--
-- Table structure for table `app_aplicativos_menus`
--

CREATE TABLE `app_aplicativos_menus` (
  `id` int(11) NOT NULL AUTO_INCREMENT,
  `aplicativo` int(11) NOT NULL DEFAULT 0,
  `nome` varchar(100) DEFAULT '0',
  `tag` varchar(100) DEFAULT '0',
  `pagina` varchar(100) DEFAULT '0',
  `icone` varchar(100) DEFAULT '0',
  `ordem` int(11) DEFAULT 0,
  `acesso` int(11) DEFAULT 0,
  `setup` int(11) DEFAULT 0,
  PRIMARY KEY (`id`),
  KEY `aplicativo` (`aplicativo`),
  KEY `ordem` (`ordem`)
) ENGINE=MyISAM AUTO_INCREMENT=143 DEFAULT CHARSET=latin1 COLLATE=latin1_swedish_ci ROW_FORMAT=DYNAMIC;

--
-- Dumping data for table `app_aplicativos_menus`
--

INSERT INTO `app_aplicativos_menus` (`id`, `aplicativo`, `nome`, `tag`, `pagina`, `icone`, `ordem`, `acesso`, `setup`) VALUES (9,3,'Cadastrar','nova','nova','fa fa-plus',0,0,0),(16,9,'Configurar','setup','setup','fa fa-cogs',2,1,0),(17,9,'Cadastrar','novo','novo','fa fa-plus',1,0,0),(19,10,'Configurar','setup','setup','fa fa-cogs',2,1,0),(20,10,'Cadastrar','novo','novo','fa fa-plus',1,0,0),(22,11,'Configurar','setup','setup','fa fa-cogs',2,1,0),(23,11,'Cadastrar','novo','novo','fa fa-plus',1,0,0),(25,12,'Configurar','setup','setup','fa fa-cogs',2,1,0),(26,12,'Cadastrar','nova','nova','fa fa-plus',1,0,0),(41,1,'Configurar','setup','setup','fa fa-cogs',2,1,0),(29,13,'Configurar','setup','setup','fa fa-cogs',2,1,0),(40,1,'Cadastrar','novo','novo','fa fa-plus',1,0,0),(31,14,'Cadastrar','novo','novo','fa fa-plus',1,0,0),(32,14,'Configurar','setup','setup','fa fa-cogs',2,1,2),(39,15,'Configurar','setup','setup','fa fa-cogs',2,1,0),(35,17,'Configurar','setup','setup','fa fa-cogs',2,1,0),(36,15,'Cadastrar','novo','novo','fa fa-plus',1,0,0),(43,19,'Configurar','setup','setup','fa fa-cogs',2,1,2),(44,17,'Cadastrar','novo','novo','fa fa-plus',1,0,0),(47,20,'Configurar','setup','setup','fa fa-cogs',2,1,0),(48,20,'Cadastrar','novo','novo','fa fa-plus',1,0,0),(49,18,'Configurar','setup','setup','fa fa-cogs',2,1,0),(54,18,'Servidor Envio','setup2','setup2','fa fa-envelope-o',2,1,0),(55,19,'Servidor Envio','setup2','','fa fa-envelope-o',2,1,1),(59,22,'Cadastrar','novo','novo','fa fa-plus',0,0,0),(60,22,'Configurar','setup','setup','fa fa-cogs',1,1,0),(61,23,'Configurações','setup','setup','fa fa-cogs',10,1,2),(62,23,'Servidor Envio','setup2','setup2','fa fa-envelope',2,2,1),(63,23,'Usuários','usuarios','usuarios','fa fa-users',4,1,1),(64,23,'Auditoria','auditoria','auditoria','fa fa-search',2,0,0),(70,25,'Servidor Envio','setup2','setup2','fa fa-envelope-o',2,1,0),(71,25,'Configurar','setup','setup','fa fa-cogs',1,1,0),(73,23,'Departamentos','setup/departamentos','','fa fa-cogs',1,1,1),(74,23,'Status','setup/status','','fa fa-cogs',3,1,1),(77,24,'Departamentos','setup/departamentos','','fa fa-cogs',2,1,1),(83,14,'Seções','setup/secoes','','fa fa-cogs',2,1,1),(84,14,'Definições','setup/definicoes','','fa fa-cogs',1,1,1),(85,19,'Finalidades','setup/finalidades','','fa fa-cogs',1,1,1),(86,19,'Status','setup/status','','fa fa-cogs',3,1,1),(87,26,'Configurar','setup','setup','fa fa-cogs',2,1,0),(89,27,'Cadastrar','nova','nova','fa fa-plus',0,0,0),(90,27,'Modalidades','modalidades','modalidades','fa fa-cogs',1,1,0),(91,19,'Listar Finalizados','arquivo','arquivo','fa fa-search',0,0,0),(92,30,'Configurar','setup','setup','fa fa-cogs',2,1,0),(93,30,'Cadastrar','novo','novo','fa fa-plus',1,0,0),(94,26,'Cadastrar','novo','novo','fa fa-plus',1,0,0),(95,29,'Cadastrar','novo','novo','fa fa-plus',1,0,0),(100,32,'Configurações','setup','setup','fa fa-cogs',2,1,2),(101,32,'Status','setup/status','','fa fa-cogs',2,1,1),(102,32,'Certidões','setup/certidoes','','fa fa-cogs',1,1,1),(106,8,'Links Externos','setup/links','','fa fa-cogs',3,1,1),(108,16,'Cadastrar','novo','novo','fa fa-plus',1,0,0),(109,16,'Configurar','setup','setup','fa fa-cogs',2,1,0),(118,6,'Configurar','setup','setup','fa fa-cogs',2,1,0),(111,2,'Configurar','setup','setup','fa fa-cogs',2,1,0),(112,2,'Cadastrar','novo','novo','fa fa-plus',1,0,0),(113,4,'Configurar','setup','setup','fa fa-cogs',2,1,0),(114,4,'Cadastrar','novo','novo','fa fa-plus',1,0,0),(115,3,'Configurar','setup','setup','fa fa-cogs',2,1,0),(116,5,'Configurar','setup','setup','fa fa-cogs',2,1,0),(117,5,'Cadastrar','novo','novo','fa fa-plus',1,0,0),(119,6,'Cadastrar','novo','novo','fa fa-plus',1,0,0),(120,33,'Cadastrar','nova','nova','fa fa-plus',1,0,0),(121,33,'Configurar','setup','setup','fa fa-cogs',2,1,0),(122,32,'Cadastrar','novo','novo','fa fa-plus',0,0,0),(123,34,'Cadastrar','nova','nova','fa fa-plus',0,0,0),(124,35,'Cadastrar','novo','novo','fa fa-plus',1,0,0),(125,35,'Configurar','setup','setup','fa fa-cogs',2,1,0),(126,35,'Sites Externos','setup-externo','setup-externo','fa fa-cogs',2,2,0),(127,36,'Configurar','setup','nova','fa fa-plus',1,0,2);

--
-- Table structure for table `app_convites`
--

CREATE TABLE `app_convites` (
  `id` int(11) NOT NULL AUTO_INCREMENT,
  `tipo` int(11) DEFAULT NULL,
  `nome` varchar(100) NOT NULL,
  `email` varchar(100) NOT NULL,
  `codigo` varchar(60) NOT NULL,
  PRIMARY KEY (`id`)
) ENGINE=MyISAM AUTO_INCREMENT=29 DEFAULT CHARSET=latin1 COLLATE=latin1_swedish_ci;

--
-- Dumping data for table `app_convites`
--


--
-- Table structure for table `app_entidades`
--

CREATE TABLE `app_entidades` (
  `id` int(11) NOT NULL AUTO_INCREMENT,
  `nome` text NOT NULL,
  `governo` text DEFAULT NULL,
  `brasao` varchar(255) DEFAULT NULL,
  `municipio` text DEFAULT NULL,
  `cnpj` varchar(50) DEFAULT NULL,
  `razao` varchar(200) DEFAULT NULL,
  `endereco` varchar(200) DEFAULT NULL,
  `cidade` varchar(200) DEFAULT NULL,
  `uf` varchar(50) DEFAULT NULL,
  `site` varchar(400) DEFAULT NULL,
  `matriz` int(11) DEFAULT 0,
  `proprietaria` int(11) DEFAULT 0,
  PRIMARY KEY (`id`)
) ENGINE=MyISAM AUTO_INCREMENT=2 DEFAULT CHARSET=latin1 COLLATE=latin1_swedish_ci;

--
-- Dumping data for table `app_entidades`
--

INSERT INTO `app_entidades` (`id`, `nome`, `governo`, `brasao`, `municipio`, `cnpj`, `razao`, `endereco`, `cidade`, `uf`, `site`, `matriz`, `proprietaria`) VALUES (1,'Padrão','Padrão','20191027023813brasao-small-entidade.png','Padrão',NULL,NULL,'Brasília','Brasília',NULL,'https://jpw.net.br/padrao/web1/index.php',1,0);

--
-- Table structure for table `app_entidades_aplicativos`
--

CREATE TABLE `app_entidades_aplicativos` (
  `ID` int(11) NOT NULL AUTO_INCREMENT,
  `entidade` int(11) NOT NULL DEFAULT 0,
  `aplicativo` int(11) NOT NULL DEFAULT 0,
  PRIMARY KEY (`ID`),
  KEY `entidade` (`entidade`),
  KEY `aplicativo` (`aplicativo`)
) ENGINE=MyISAM AUTO_INCREMENT=210 DEFAULT CHARSET=latin1 COLLATE=latin1_swedish_ci ROW_FORMAT=DYNAMIC;

--
-- Dumping data for table `app_entidades_aplicativos`
--

INSERT INTO `app_entidades_aplicativos` (`ID`, `entidade`, `aplicativo`) VALUES (25,1,1),(24,1,2),(28,1,3),(32,1,4),(33,1,5),(34,1,6),(39,1,10),(40,1,11),(41,1,12),(209,1,19),(43,1,14),(59,1,16),(60,1,17),(63,1,20),(64,1,21),(208,1,13),(74,1,26),(157,1,30),(161,1,31),(207,1,36),(200,1,34);

--
-- Table structure for table `app_permissoes`
--

CREATE TABLE `app_permissoes` (
  `ID` int(11) NOT NULL AUTO_INCREMENT,
  `usuario` int(11) NOT NULL DEFAULT 0,
  `aplicativo` int(11) NOT NULL DEFAULT 0,
  `entidade` int(11) NOT NULL DEFAULT 0,
  `acesso` varchar(500) DEFAULT NULL,
  PRIMARY KEY (`ID`),
  KEY `usuario` (`usuario`),
  KEY `aplicativo` (`aplicativo`),
  KEY `entidade` (`entidade`)
) ENGINE=MyISAM AUTO_INCREMENT=553 DEFAULT CHARSET=latin1 COLLATE=latin1_swedish_ci;

--
-- Dumping data for table `app_permissoes`
--

INSERT INTO `app_permissoes` (`ID`, `usuario`, `aplicativo`, `entidade`, `acesso`) VALUES (216,1,6,1,NULL),(83,3,3,1,NULL),(212,1,12,1,NULL),(152,3,2,1,NULL),(85,3,4,1,NULL),(158,3,1,1,NULL),(213,1,16,1,NULL),(211,1,3,1,NULL),(164,3,5,1,NULL),(215,1,17,1,NULL),(96,3,6,1,NULL),(214,1,1,1,NULL),(102,3,10,1,NULL),(104,3,12,1,NULL),(105,3,13,1,NULL),(106,3,14,1,NULL),(163,3,11,1,NULL),(129,13,6,1,NULL),(128,13,5,1,NULL),(127,13,4,1,NULL),(126,13,3,1,NULL),(125,13,2,1,NULL),(124,13,1,1,NULL),(117,13,10,1,NULL),(118,13,11,1,NULL),(119,13,12,1,NULL),(120,13,13,1,NULL),(121,13,14,1,NULL),(147,3,16,1,NULL),(161,3,17,1,NULL),(155,3,20,1,NULL),(157,3,19,1,NULL),(207,1,14,1,NULL),(208,1,19,1,NULL),(209,1,2,1,NULL),(210,1,20,1,NULL),(205,1,5,1,NULL),(262,3,26,1,NULL),(263,1,26,1,NULL),(199,3,21,1,NULL),(265,1,21,1,NULL),(220,1,4,1,NULL),(221,1,10,1,NULL),(222,1,11,1,NULL),(223,1,13,1,NULL),(250,13,16,1,NULL),(251,13,17,1,NULL),(253,13,20,1,NULL),(256,13,19,1,NULL),(257,13,21,1,NULL),(258,3,25,1,NULL),(259,1,25,1,NULL),(284,14,16,1,NULL),(285,14,1,1,NULL),(286,14,17,1,NULL),(287,14,6,1,NULL),(289,14,12,1,NULL),(291,14,26,1,NULL),(293,14,25,1,NULL),(294,14,10,1,NULL),(295,14,20,1,NULL),(297,14,4,1,NULL),(298,14,11,1,NULL),(299,14,13,1,NULL),(300,14,21,1,NULL),(301,14,3,1,NULL),(302,14,5,1,NULL),(304,14,14,1,NULL),(306,14,2,1,NULL),(309,14,19,1,NULL),(331,13,25,1,NULL),(402,1,30,1,NULL),(403,15,1,1,NULL),(404,15,16,1,NULL),(405,15,17,1,NULL),(406,15,6,1,NULL),(408,15,10,1,NULL),(409,15,25,1,NULL),(410,15,12,1,NULL),(412,15,30,1,NULL),(415,15,19,1,NULL),(416,15,14,1,NULL),(417,15,3,1,NULL),(418,15,21,1,NULL),(420,15,5,1,NULL),(423,15,4,1,NULL),(424,15,11,1,NULL),(425,15,13,1,NULL),(426,15,2,1,NULL),(428,15,20,1,NULL),(429,15,26,1,NULL),(476,13,26,1,NULL),(478,13,30,1,NULL),(480,13,31,1,NULL),(483,1,33,1,NULL),(490,1,31,1,NULL),(513,1,34,1,NULL),(514,1,36,1,NULL),(515,17,1,1,NULL),(516,17,16,1,NULL),(517,17,17,1,NULL),(518,17,6,1,NULL),(519,17,34,1,NULL),(520,17,10,1,NULL),(521,17,36,1,NULL),(522,17,19,1,NULL),(523,17,14,1,NULL),(524,17,4,1,NULL),(525,17,26,1,NULL),(526,17,12,1,NULL),(527,17,11,1,NULL),(528,17,30,1,NULL),(529,17,5,1,NULL),(530,17,13,1,NULL),(531,17,20,1,NULL),(532,17,2,1,NULL),(533,17,3,1,NULL),(534,18,1,1,NULL),(535,18,16,1,NULL),(536,18,17,1,NULL),(537,18,6,1,NULL),(538,18,34,1,NULL),(539,18,10,1,NULL),(540,18,26,1,NULL),(541,18,20,1,NULL),(542,18,12,1,NULL),(543,18,2,1,NULL),(544,18,36,1,NULL),(545,18,4,1,NULL),(546,18,19,1,NULL),(547,18,14,1,NULL),(548,18,11,1,NULL),(549,18,30,1,NULL),(550,18,5,1,NULL),(551,18,3,1,NULL),(552,18,13,1,NULL);

--
-- Table structure for table `app_recuperacao`
--

CREATE TABLE `app_recuperacao` (
  `id` int(11) NOT NULL AUTO_INCREMENT,
  `usuario` int(11) NOT NULL,
  `token` varchar(60) NOT NULL,
  `data` datetime NOT NULL DEFAULT current_timestamp(),
  PRIMARY KEY (`id`),
  KEY `usuario` (`usuario`)
) ENGINE=MyISAM DEFAULT CHARSET=latin1 COLLATE=latin1_swedish_ci ROW_FORMAT=DYNAMIC;

--
-- Dumping data for table `app_recuperacao`
--


--
-- Table structure for table `app_setup`
--

CREATE TABLE `app_setup` (
  `id` int(11) NOT NULL,
  `bloqueio_tentativas` int(11) NOT NULL,
  `bloqueio_tempo` int(11) NOT NULL,
  `salvar_tempo` int(11) NOT NULL,
  `limite_capa` int(11) NOT NULL,
  `hd` varchar(50) NOT NULL,
  `aplicativos` varchar(50) NOT NULL,
  `email_email` varchar(100) DEFAULT NULL,
  `email_nome` varchar(100) DEFAULT NULL,
  `email_host` varchar(100) DEFAULT NULL,
  `email_login` varchar(100) DEFAULT NULL,
  `email_senha` varchar(100) DEFAULT NULL,
  `email_porta` varchar(100) DEFAULT NULL,
  PRIMARY KEY (`id`)
) ENGINE=MyISAM DEFAULT CHARSET=latin1 COLLATE=latin1_swedish_ci;

--
-- Dumping data for table `app_setup`
--

INSERT INTO `app_setup` (`id`, `bloqueio_tentativas`, `bloqueio_tempo`, `salvar_tempo`, `limite_capa`, `hd`, `aplicativos`, `email_email`, `email_nome`, `email_host`, `email_login`, `email_senha`, `email_porta`) VALUES (1,10,5,30,2,'zHD/','aplicativos/','news@jpweb.com.br','JPWeb','mail.jpweb.net.br','envios+jpweb.net.br','envios351351','587');

--
-- Table structure for table `app_usuarios`
--

CREATE TABLE `app_usuarios` (
  `ID` int(11) NOT NULL AUTO_INCREMENT,
  `nome` varchar(100) NOT NULL DEFAULT '0',
  `email` varchar(200) NOT NULL DEFAULT '0',
  `usuario` varchar(200) NOT NULL DEFAULT '0',
  `senha` varchar(60) NOT NULL DEFAULT '0',
  `status` int(1) NOT NULL DEFAULT 0,
  `_gerente` int(1) NOT NULL DEFAULT 0,
  `_admin` int(1) NOT NULL DEFAULT 0,
  PRIMARY KEY (`ID`),
  KEY `status` (`status`)
) ENGINE=MyISAM AUTO_INCREMENT=19 DEFAULT CHARSET=latin1 COLLATE=latin1_swedish_ci;

--
-- Dumping data for table `app_usuarios`
--

INSERT INTO `app_usuarios` (`ID`, `nome`, `email`, `usuario`, `senha`, `status`, `_gerente`, `_admin`) VALUES (1,'Master','jpweb@jpweb.com.br','jpweb','$2y$08$jdSqxcXLXLusMe6gzBeI3uU29bXSpArsvkaKWVyMUesUK0qpCExE2',1,1,1),(17,'Administrador','financeiro@jpweb.com.br','jpwebadmin','$2y$08$bf0liKWhwia4M6BIHfUtwu2wb4WLQ1OSKUxCACJYT3RwM0Bh/pUo.',1,0,0),(18,'Usuário','comercial@jpweb.com.br','jpwebuser','$2y$08$lXUB03Iq/mo24y89ZArvveHkQz4.H1CffwnJCZ6qRNIcTzBjs1JaG',1,0,0);

--
-- Table structure for table `app_usuarios_sessoes`
--

CREATE TABLE `app_usuarios_sessoes` (
  `ID` int(11) NOT NULL AUTO_INCREMENT,
  `usuario` int(11) DEFAULT NULL,
  `ip` varchar(15) NOT NULL,
  `data` timestamp NOT NULL DEFAULT current_timestamp(),
  `status` int(1) NOT NULL,
  `situacao` int(1) NOT NULL,
  `sessao` varchar(60) DEFAULT NULL,
  `chave` varchar(20) DEFAULT NULL,
  `browser` text DEFAULT NULL,
  `timeout` datetime DEFAULT NULL,
  `entidade` int(1) NOT NULL DEFAULT 0,
  PRIMARY KEY (`ID`),
  KEY `usuario` (`usuario`),
  KEY `ip` (`ip`),
  KEY `data` (`data`),
  KEY `status` (`status`),
  KEY `chave` (`chave`),
  KEY `sessao` (`sessao`),
  KEY `timeout` (`timeout`)
) ENGINE=MyISAM AUTO_INCREMENT=197 DEFAULT CHARSET=latin1 COLLATE=latin1_swedish_ci ROW_FORMAT=DYNAMIC COMMENT='status 0 = Usuário Inválido\r\nstatus 1 = Sessão Iniciada\r\nstatus 2 =  Senha Inválida\r\nstatus 3 = Usuário Bloqueado\r\nsituacao 0/1';

--
-- Dumping data for table `app_usuarios_sessoes`
--

INSERT INTO `app_usuarios_sessoes` (`ID`, `usuario`, `ip`, `data`, `status`, `situacao`, `sessao`, `chave`, `browser`, `timeout`, `entidade`) VALUES (1,1,'177.235.118.144','2021-01-29 11:38:36',1,1,'q5S2lQTUGlIi0FR8WRGwPGMG8Iosc2YSZijn8jlA3JMlnRGwh1wMcgz8gKzU','bojrfJZCzlqEN4QJ4AgF','Mozilla/5.0 (Windows NT 10.0; Win64; x64) AppleWebKit/537.36 (KHTML, like Gecko) Chrome/87.0.4280.141 Safari/537.36','2024-05-29 09:51:43',0),(2,1,'177.235.118.144','2021-01-29 12:23:49',1,1,'B91Oa4kGZeisSrUX0pjmvcJVaul75mYLHnY6wI5CUjva4kxoxMBJ9vzSEn7P','nqY0HN4XpydEsTILwa39','Mozilla/5.0 (Windows NT 10.0; Win64; x64) AppleWebKit/537.36 (KHTML, like Gecko) Chrome/87.0.4280.141 Safari/537.36','2024-05-29 09:51:43',0),(3,1,'177.235.118.144','2021-01-29 19:34:36',1,1,'ZrxSLuBhGqDSWXCgIptfrfXOb9BMFxyWnY5HsjYylDfWjNsIz4YwY28Ml5dI','Gi6Bcl3G1mhdj5FJEVZM','Mozilla/5.0 (Windows NT 10.0; Win64; x64) AppleWebKit/537.36 (KHTML, like Gecko) Chrome/87.0.4280.141 Safari/537.36','2024-05-29 09:51:43',0),(4,1,'177.235.118.144','2021-01-29 21:25:55',1,1,'Guh4jATDQBI9xMNDVwVsuH5dII8LNt0yRA8MsDmNTUZaeCCfKk765tcPZ80G','ltWIj5YrCPPUWGWN80cm','Mozilla/5.0 (Windows NT 10.0; Win64; x64) AppleWebKit/537.36 (KHTML, like Gecko) Chrome/87.0.4280.141 Safari/537.36','2024-05-29 09:51:43',0),(5,1,'177.235.118.144','2021-01-30 17:11:34',1,1,'6DXFa7Bm217icovvO50TRjr4B7grMEZLWU20veusnKkSPZLenkH079xpUgJN','ukwGZS4th9UA8XXItXQL','Mozilla/5.0 (Windows NT 10.0; Win64; x64) AppleWebKit/537.36 (KHTML, like Gecko) Chrome/87.0.4280.141 Safari/537.36','2024-05-29 09:51:43',0),(6,1,'177.106.69.233','2021-02-03 08:54:50',2,0,NULL,NULL,'Mozilla/5.0 (Windows NT 10.0; Win64; x64) AppleWebKit/537.36 (KHTML, like Gecko) Chrome/88.0.4324.104 Safari/537.36',NULL,0),(7,1,'177.106.69.233','2021-02-03 08:54:57',2,0,NULL,NULL,'Mozilla/5.0 (Windows NT 10.0; Win64; x64) AppleWebKit/537.36 (KHTML, like Gecko) Chrome/88.0.4324.104 Safari/537.36',NULL,0),(8,1,'177.106.69.233','2021-02-03 08:54:59',1,1,'ZJClXOmyNVD06h57BOttZPuS8K6FEeuGoSMIJAXysDXtAuGnrxKp3pW8XCi7','jk91BUgVV9pq7HBfPkoC','Mozilla/5.0 (Windows NT 10.0; Win64; x64) AppleWebKit/537.36 (KHTML, like Gecko) Chrome/88.0.4324.104 Safari/537.36','2024-05-29 09:51:43',0),(9,1,'177.235.118.144','2021-02-04 01:34:16',1,1,'TgQ8Jf9TxgBN0OPrlt9aT5zLXAOSBOexlJQMabkzX71Zvl3PDoHTWxdXDbCY','eJyXoBPPWJrL0nS0RPxf','Mozilla/5.0 (Windows NT 10.0; Win64; x64) AppleWebKit/537.36 (KHTML, like Gecko) Chrome/88.0.4324.146 Safari/537.36','2024-05-29 09:51:43',0),(10,1,'177.235.118.144','2021-02-22 16:49:55',1,1,'3i5IXV82YZakZUJMpysAAVuS6ndQiNN8Yc18F7vfgSq97Q48nRvxOHL4xWfn','46p1ZAYPyf2l0kbmqqb6','Mozilla/5.0 (Windows NT 10.0; Win64; x64) AppleWebKit/537.36 (KHTML, like Gecko) Chrome/88.0.4324.182 Safari/537.36','2024-05-29 09:51:43',0),(11,1,'177.235.118.144','2021-03-13 03:43:44',2,0,NULL,NULL,'Mozilla/5.0 (Windows NT 10.0; Win64; x64) AppleWebKit/537.36 (KHTML, like Gecko) Chrome/89.0.4389.82 Safari/537.36',NULL,0),(12,1,'177.235.118.144','2021-03-13 03:43:52',1,1,'7xF7MsnnEPjF1T9QVzKa3rsP3ddiCfGjrK3KuI1Ql4mfvaxNNREh7PtWqeKc','mScccFkobKGN7ekIil46','Mozilla/5.0 (Windows NT 10.0; Win64; x64) AppleWebKit/537.36 (KHTML, like Gecko) Chrome/89.0.4389.82 Safari/537.36','2024-05-29 09:51:43',0),(13,1,'177.191.34.233','2021-07-30 04:07:34',1,1,'Mb4HHRZQuBYNX6ax6qWocwXsLKIW65mozcdBHNr7es6GCSrkTWVYhgyf7kH5','KqoUtFLl7ZZM7mNvvodV','Mozilla/5.0 (Windows NT 10.0; Win64; x64) AppleWebKit/537.36 (KHTML, like Gecko) Chrome/92.0.4515.107 Safari/537.36','2024-05-29 09:51:43',0),(14,1,'177.191.62.103','2021-08-10 18:06:46',1,1,'OhIEuDajJfQeorTQjmuQ4lS4UPkABB2znfNQlTcAJDidjb08ryRvITlxKWxO','stDDIQLzRqskRKUa7KtS','Mozilla/5.0 (Windows NT 10.0; Win64; x64) AppleWebKit/537.36 (KHTML, like Gecko) Chrome/92.0.4515.131 Safari/537.36','2024-05-29 09:51:43',0),(15,1,'177.235.118.144','2021-08-12 13:48:28',1,1,'LwuorPuf8ntkiUJ4JeptjQrSfCFqZE2sIiTEkfW1q3LRjLOpcX53SvyJl47Z','2mtNqqTb2dRAtMcNsdqr','Mozilla/5.0 (Windows NT 10.0; Win64; x64) AppleWebKit/537.36 (KHTML, like Gecko) Chrome/92.0.4515.131 Safari/537.36','2024-05-29 09:51:43',0),(16,1,'177.235.118.144','2021-08-12 19:29:02',1,1,'sGkXJB9jU8PRkdzFIGIJEFFrWfwxoz9CRwNrSV9y6E5nZF4Gr7lMDEF1lynT','e7ux3LQ0QKq9NsqNv0In','Mozilla/5.0 (Windows NT 10.0; Win64; x64) AppleWebKit/537.36 (KHTML, like Gecko) Chrome/92.0.4515.131 Safari/537.36','2024-05-29 09:51:43',0),(17,1,'177.235.118.144','2021-08-18 20:16:55',1,1,'dOG2HzzrwtgAQ7tbTqTaN2b77FnbERDjkVV35aghC4No94ZUmAbkhz6xWSTK','jV6fImxvZbIaHi5CXjIE','Mozilla/5.0 (Windows NT 10.0; Win64; x64) AppleWebKit/537.36 (KHTML, like Gecko) Chrome/92.0.4515.131 Safari/537.36','2024-05-29 09:51:43',0),(18,1,'177.235.118.144','2021-08-19 17:18:25',2,0,NULL,NULL,'Mozilla/5.0 (Windows NT 10.0; Win64; x64) AppleWebKit/537.36 (KHTML, like Gecko) Chrome/92.0.4515.131 Safari/537.36',NULL,0),(19,1,'177.235.118.144','2021-08-19 18:24:04',2,0,NULL,NULL,'Mozilla/5.0 (Windows NT 10.0; Win64; x64) AppleWebKit/537.36 (KHTML, like Gecko) Chrome/92.0.4515.131 Safari/537.36',NULL,0),(20,1,'177.235.118.144','2021-08-19 18:24:16',1,1,'B1NfgQFzgUQWs9hr0wfNFsSSWQ6GkUPmJT7OehtVpASHYyN6z0SNxg93vTNQ','UDn1K6F0AAiK1PBi8t2k','Mozilla/5.0 (Windows NT 10.0; Win64; x64) AppleWebKit/537.36 (KHTML, like Gecko) Chrome/92.0.4515.131 Safari/537.36','2024-05-29 09:51:43',0),(21,1,'177.235.118.144','2021-08-19 18:25:28',1,1,'e7P221s6x26sntpCEExuXZU8JeDslvSU2XGJ7lqsjMbU5K7JlrQYbLudhOM9','r4rlDdxreFtmUGUejObq','Mozilla/5.0 (Windows NT 10.0; Win64; x64) AppleWebKit/537.36 (KHTML, like Gecko) Chrome/92.0.4515.131 Safari/537.36','2024-05-29 09:51:43',0),(22,1,'177.235.118.144','2021-08-19 18:26:58',1,1,'cx37TYghrroOHY8BfKybG6PrT109cegzkDWT0IXoRB6jjQOnsXUnYtgxZAYS','lYvvxIGb3y4PkRfklGhs','Mozilla/5.0 (Windows NT 10.0; Win64; x64) AppleWebKit/537.36 (KHTML, like Gecko) Chrome/92.0.4515.131 Safari/537.36','2024-05-29 09:51:43',0),(23,1,'177.235.118.144','2021-08-19 18:28:34',1,2,'Kfvpg5EVNm2VReoTeLM5wl8RyU9PVrKVvWIbAOQbPQ75Bccgmu0f1wjQQXke','NQRicQLALqfhRNVSHNKb','Mozilla/5.0 (Windows NT 10.0; Win64; x64) AppleWebKit/537.36 (KHTML, like Gecko) Chrome/92.0.4515.131 Safari/537.36','2024-05-29 09:51:43',0),(24,1,'177.235.118.144','2021-08-19 18:28:54',2,0,NULL,NULL,'Mozilla/5.0 (Windows NT 10.0; Win64; x64) AppleWebKit/537.36 (KHTML, like Gecko) Chrome/92.0.4515.131 Safari/537.36',NULL,0),(25,1,'177.235.118.144','2021-08-19 18:29:05',1,2,'qRiiELaIcr8kRV6fzqOMcQxDZqKRQehcp1A3WMzI2LTol65RXHrICWNRHJb7','oIlH6aVfYbW6ZN3JfDS4','Mozilla/5.0 (Windows NT 10.0; Win64; x64) AppleWebKit/537.36 (KHTML, like Gecko) Chrome/92.0.4515.131 Safari/537.36','2024-05-29 09:51:43',0),(26,1,'177.235.118.144','2021-08-19 18:29:21',1,1,'ZcY06lQm0i5fEUyFSC8e5yp6UyZFOuhf61Dcx13tKlrLTHbBM9kUjqwwtGjy','xZn2N7cA5ZOd2PMysyHE','Mozilla/5.0 (Windows NT 10.0; Win64; x64) AppleWebKit/537.36 (KHTML, like Gecko) Chrome/92.0.4515.131 Safari/537.36','2024-05-29 09:51:43',0),(27,1,'177.235.118.50','2021-11-20 19:32:08',1,1,'OtvVgFwFSq84wuUeYr2Knj8ea3kP85zaPRnj5AuTtWx3Rf3Wyo0FeYlFQycl','UEQ1Pnqe5Hi2UeerqOPr','Mozilla/5.0 (Windows NT 10.0; Win64; x64) AppleWebKit/537.36 (KHTML, like Gecko) Chrome/95.0.4638.69 Safari/537.36','2024-05-29 09:51:43',0),(28,1,'177.235.118.50','2021-11-22 18:51:55',1,1,'XO8HLBGZv1gm0BliuMspUtrAOVsJt8w486KcqOKplGSxqOGM1mHVLue1Sb5d','BQrxJS7e9rXeRoQxLWqu','Mozilla/5.0 (Windows NT 10.0; Win64; x64) AppleWebKit/537.36 (KHTML, like Gecko) Chrome/96.0.4664.45 Safari/537.36','2024-05-29 09:51:43',0),(29,1,'177.235.118.50','2021-11-23 19:38:53',1,1,'FxQlVXKceQX40H82UiWRoMCQxd0NDH1Ytz2sgY1Can7YiEOZsh96fGfDl6s7','SpBoXMMvru5WffV4bYKm','Mozilla/5.0 (Windows NT 10.0; Win64; x64) AppleWebKit/537.36 (KHTML, like Gecko) Chrome/96.0.4664.45 Safari/537.36','2024-05-29 09:51:43',0),(30,1,'177.235.119.218','2022-04-01 18:40:01',1,1,'XbjUvAThLL2DgAlJBbaaFW5yyPOeiRcijnLPv4XC7jyOvRdhl0OMAxZK4h0E','wLHrxCEdg4N4WfrKxccQ','Mozilla/5.0 (Windows NT 10.0; Win64; x64) AppleWebKit/537.36 (KHTML, like Gecko) Chrome/99.0.4844.82 Safari/537.36','2024-05-29 09:51:43',0),(31,1,'177.235.119.218','2022-04-03 06:47:52',1,1,'y9cXjgHL7MrpEvwJiv31Gbd9ZoaWwZjuI78V2PegVTDdnwOd9VkB3yFaCWU1','eebpcZVss4zIETsxAqS8','Mozilla/5.0 (Windows NT 10.0; Win64; x64) AppleWebKit/537.36 (KHTML, like Gecko) Chrome/99.0.4844.84 Safari/537.36','2024-05-29 09:51:43',0),(32,1,'177.235.119.218','2022-04-06 10:49:58',1,1,'mAkYKrvXMX9la9FGfLO4L392g9XQIOGR5bTGEv0rBLheqCU0AD6MpQWg7IhW','al0h9FY64SjJeQF4Gs4S','Mozilla/5.0 (Windows NT 10.0; Win64; x64) AppleWebKit/537.36 (KHTML, like Gecko) Chrome/99.0.4844.84 Safari/537.36','2024-05-29 09:51:43',0),(33,1,'177.235.119.218','2022-04-07 04:15:28',1,1,'TP1cs33Fudxuubbe2xSeXepwL3inLa2KIcfLLUnBwvxesEUFJwnE4wKzfiaG','mVCGF86klreIODIP5R16','Mozilla/5.0 (Windows NT 10.0; Win64; x64) AppleWebKit/537.36 (KHTML, like Gecko) Chrome/99.0.4844.84 Safari/537.36','2024-05-29 09:51:43',0),(34,1,'177.235.119.218','2022-04-08 18:45:46',1,1,'55uCYR3rGx7QeLmyI2b3xWuFnYfzngwxbQJ6Pw53tASa9lMixMIp82KgXYOm','OecKYA7Dy8vDvyDXBigH','Mozilla/5.0 (Windows NT 10.0; Win64; x64) AppleWebKit/537.36 (KHTML, like Gecko) Chrome/99.0.4844.84 Safari/537.36','2024-05-29 09:51:43',0),(35,1,'177.235.119.218','2022-04-11 08:49:27',1,1,'BJ09h0pferkjyMgIFnjKsBI32wybSPAicKhG5VYZcA4RSIItEZ0dbkdt0GKU','AZqZHP3bU6OOFm92jt0V','Mozilla/5.0 (Windows NT 10.0; Win64; x64) AppleWebKit/537.36 (KHTML, like Gecko) Chrome/99.0.4844.84 Safari/537.36','2024-05-29 09:51:43',0),(36,1,'177.235.119.218','2022-04-11 12:44:52',1,1,'W8y3o6xUN67rUyvTPO7oKW054kPHJvernZrhiPILVH0kehUYkldNB8NQ8xB1','lO82RXSqNgcEW1OWTgnn','Mozilla/5.0 (Windows NT 10.0; Win64; x64) AppleWebKit/537.36 (KHTML, like Gecko) Chrome/99.0.4844.84 Safari/537.36','2024-05-29 09:51:43',0),(37,1,'177.235.119.218','2022-04-11 12:50:02',1,1,'JmQ599P8C52zkndIZlzKPnikKhoTk9zTY2DQKqZf7UO6jXTNTZ9Nx4DENxIA','Ar2kSOHmkIWf97nuw4Ev','Mozilla/5.0 (Windows NT 10.0; Win64; x64) AppleWebKit/537.36 (KHTML, like Gecko) Chrome/99.0.4844.84 Safari/537.36','2024-05-29 09:51:43',0),(38,1,'177.235.119.218','2022-04-11 13:16:06',1,1,'BeZgxgl77Hj3y8SgrgnYlAD32gOwbn43RlPULBOEf6BSUtbr8YNjsIcPcwIh','17YuofJYgaA6rixNi1a2','Mozilla/5.0 (Windows NT 10.0; Win64; x64) AppleWebKit/537.36 (KHTML, like Gecko) Chrome/99.0.4844.84 Safari/537.36','2024-05-29 09:51:43',0),(39,1,'177.235.119.218','2022-04-11 13:38:51',1,1,'u3YNSZQizvMTzyjWOdolgVW0b7yMQo3GFFAECw2i2YjdkRp4goUY958iohFp','a8FpPnF9WYf8x6PbvBUY','Mozilla/5.0 (Windows NT 10.0; Win64; x64) AppleWebKit/537.36 (KHTML, like Gecko) Chrome/99.0.4844.84 Safari/537.36','2024-05-29 09:51:43',0),(40,1,'177.235.119.218','2022-04-11 13:41:57',1,1,'BRFJald7P1W5Xy8gLYpa9j6p1Nx1dAUzcX2P5K9PhUYbl1EpOjkAsXweLuMA','Sp4zXLbPuPo18sIB2PXD','Mozilla/5.0 (Windows NT 10.0; Win64; x64) AppleWebKit/537.36 (KHTML, like Gecko) Chrome/99.0.4844.84 Safari/537.36','2024-05-29 09:51:43',0),(41,1,'177.235.119.218','2022-04-11 13:46:18',1,1,'1OTAt33tEklC6AhLAnfXGkT9KMsYb6TQV684f5h9FEFvQS0Qq5o4tJaQbLUm','VaEWJTsUznZAngK7AHpo','Mozilla/5.0 (Windows NT 10.0; Win64; x64) AppleWebKit/537.36 (KHTML, like Gecko) Chrome/99.0.4844.84 Safari/537.36','2024-05-29 09:51:43',0),(42,1,'177.235.119.218','2022-04-11 13:48:24',1,1,'hIqLD3SC1RVWgXs0BXWR310dyABZ0pOufvJIj7l929xuYna4eogF6DMHsi7N','mxw48SWwFeAGxXIFT8Vo','Mozilla/5.0 (Windows NT 10.0; Win64; x64) AppleWebKit/537.36 (KHTML, like Gecko) Chrome/99.0.4844.84 Safari/537.36','2024-05-29 09:51:43',0),(43,1,'177.235.119.218','2022-04-11 14:05:34',1,1,'dejanknx8YUw7bBJS8j7dDVXoYDx7m0YcrQFmKkoVWxFWrVjLzNKjyT3Zgtu','4OlMXU2Tig4OOrRGLIXH','Mozilla/5.0 (Windows NT 10.0; Win64; x64) AppleWebKit/537.36 (KHTML, like Gecko) Chrome/99.0.4844.84 Safari/537.36','2024-05-29 09:51:43',0),(44,1,'177.235.119.218','2022-06-02 05:10:46',1,1,'3cW01hBCa2ckAlaPEFjLZwuTOUi2AGxpMpeKVxLhEgJWhHte82fvc3PjNj50','Klm8avvLqPr467TZlJlE','Mozilla/5.0 (Windows NT 10.0; Win64; x64) AppleWebKit/537.36 (KHTML, like Gecko) Chrome/101.0.4951.67 Safari/537.36','2024-05-29 09:51:43',0),(45,1,'177.235.119.218','2022-06-02 19:44:03',1,1,'T13lYsO3ImsWpnQSo3jVzPh0A1t4DW2AXY8YFqsxuRGZ5W0ymBESuC8SD07C','WZd5UmaFOM3ZoztiaOTl','Mozilla/5.0 (Windows NT 10.0; Win64; x64) AppleWebKit/537.36 (KHTML, like Gecko) Chrome/101.0.4951.67 Safari/537.36','2024-05-29 09:51:43',0),(46,1,'177.235.119.218','2022-06-03 06:31:49',1,1,'NIOXu7K4drzrmi5704kFTfVFLIIey1ecHR3B9mLI7gwo5kcWe9DUym8LnUro','eaRyIZ6UR2FQbcNTcSIa','Mozilla/5.0 (Windows NT 10.0; Win64; x64) AppleWebKit/537.36 (KHTML, like Gecko) Chrome/102.0.5005.63 Safari/537.36','2024-05-29 09:51:43',0),(47,1,'177.235.119.218','2022-06-03 07:29:38',1,1,'TjfKZFmNloXQh2pffVg0J1HmfSV6RESpY9luFtnaVp4LPnd7MlyBL6j1cSl2','AbzOAFPH2wrezDBBZsRw','Mozilla/5.0 (Windows NT 10.0; Win64; x64) AppleWebKit/537.36 (KHTML, like Gecko) Chrome/102.0.5005.63 Safari/537.36','2024-05-29 09:51:43',0),(48,1,'177.235.119.218','2022-06-03 07:47:25',1,1,'p7Zqrav4tDDjl4ag3je1wqmWcg3Pzghccbgkc2dOgwu9MxpSHoltam7cAJZi','K14t1RkdXsy2pg9DWkEe','Mozilla/5.0 (Windows NT 10.0; Win64; x64) AppleWebKit/537.36 (KHTML, like Gecko) Chrome/102.0.5005.63 Safari/537.36','2024-05-29 09:51:43',0),(49,1,'177.235.119.218','2022-06-04 07:46:57',1,1,'tYNwU3v7NtqbNgioGN36V98InbRu8o63sKDspMji8IzJOXcQYHt7koFCQRlk','GIarUMnbfsu1d7lCBabh','Mozilla/5.0 (Windows NT 10.0; Win64; x64) AppleWebKit/537.36 (KHTML, like Gecko) Chrome/102.0.5005.63 Safari/537.36','2024-05-29 09:51:43',0),(50,1,'177.235.119.218','2022-06-24 03:45:06',1,1,'pXF2TlanO0tiu3vLGtNJT9PjXgohNIeXmZM8eYfMo1hpltdLA0MNF74EhlI5','wa2sNK3Aj8ztUx4qCl60','Mozilla/5.0 (Windows NT 10.0; Win64; x64) AppleWebKit/537.36 (KHTML, like Gecko) Chrome/103.0.0.0 Safari/537.36','2024-05-29 09:51:43',0),(51,1,'177.235.119.218','2022-06-24 15:28:25',1,1,'VCyYyYgeqEuyv1WwplBaYm2wSh6RiJjjmclGwPBFlFNMZ4FHVxQltFONkqYH','GcraPqlGgSwA4PLjyPse','Mozilla/5.0 (Windows NT 10.0; Win64; x64) AppleWebKit/537.36 (KHTML, like Gecko) Chrome/103.0.0.0 Safari/537.36','2024-05-29 09:51:43',0),(52,1,'177.235.119.218','2022-06-24 17:46:59',1,1,'XNdnuPvWp7HsheVDOi9gsvXrRIzRd37uYUAfUUjIPLLGAbxycpTUQtTHSFjL','FJnoOUnql0nCu2r2rBXW','Mozilla/5.0 (Windows NT 10.0; Win64; x64) AppleWebKit/537.36 (KHTML, like Gecko) Chrome/103.0.0.0 Safari/537.36','2024-05-29 09:51:43',0),(53,1,'177.235.119.218','2022-06-25 20:45:31',1,1,'E4b7lGwjJeADIEB0tDwzdsWsCDqtzUjMzGW5jTYlT9j1wLUpnPkH7F56ZR2F','VgAVoBbHzEDJjIoz6Dpe','Mozilla/5.0 (Windows NT 10.0; Win64; x64) AppleWebKit/537.36 (KHTML, like Gecko) Chrome/103.0.0.0 Safari/537.36','2024-05-29 09:51:43',0),(54,1,'177.235.119.218','2022-07-07 19:35:08',1,1,'TQwLSHtMAsbFG4dDyV7iGpkaLSevlkfw9FRIwMa3wXKPdTOBLMZhqMUcN2l1','VcoKcn4SJWEKO92Wjjye','Mozilla/5.0 (Windows NT 10.0; Win64; x64) AppleWebKit/537.36 (KHTML, like Gecko) Chrome/103.0.0.0 Safari/537.36','2024-05-29 09:51:43',0),(55,1,'177.235.119.218','2022-07-07 22:18:19',1,1,'fiGCyFL0s8jzTGpA35qfWoQTgpdVsjtrtKcDquRAbpIBp3W3pGLvkLbGMFXI','Hr9Zxd9V3LgHvxfplePP','Mozilla/5.0 (Windows NT 10.0; Win64; x64) AppleWebKit/537.36 (KHTML, like Gecko) Chrome/103.0.0.0 Safari/537.36','2024-05-29 09:51:43',0),(56,1,'177.235.119.218','2022-07-08 06:28:20',1,1,'ThbpxPuCGC2mRs91zmidGtsQLl8Z2jOeSZqLb3oXSJ7pYEnaQuI24SWWmaxS','08RpT2qSjZucKoKdPg7v','Mozilla/5.0 (Windows NT 10.0; Win64; x64) AppleWebKit/537.36 (KHTML, like Gecko) Chrome/103.0.0.0 Safari/537.36','2024-05-29 09:51:43',0),(57,NULL,'185.191.171.14','2022-07-20 19:53:06',0,0,NULL,NULL,'Mozilla/5.0 (compatible; SemrushBot/7~bl; +http://www.semrush.com/bot.html)',NULL,0),(58,NULL,'185.191.171.3','2022-08-10 19:20:57',0,0,NULL,NULL,'Mozilla/5.0 (compatible; SemrushBot/7~bl; +http://www.semrush.com/bot.html)',NULL,0),(59,NULL,'185.191.171.37','2022-08-29 21:35:56',0,0,NULL,NULL,'Mozilla/5.0 (compatible; SemrushBot/7~bl; +http://www.semrush.com/bot.html)',NULL,0),(60,NULL,'185.191.171.35','2022-09-22 13:04:20',0,0,NULL,NULL,'Mozilla/5.0 (compatible; SemrushBot/7~bl; +http://www.semrush.com/bot.html)',NULL,0),(61,NULL,'185.191.171.43','2022-09-24 14:37:15',0,0,NULL,NULL,'Mozilla/5.0 (compatible; SemrushBot/7~bl; +http://www.semrush.com/bot.html)',NULL,0),(62,1,'177.235.119.218','2022-10-29 20:07:36',1,1,'TbJ7SuZ3lMjpJJ5Q2XG8418l01ziEJpBksu6xwrjbBDAZ9fNAj19zPhhwKpO','mwdYQHeTRbdvHuCzlzYr','Mozilla/5.0 (Windows NT 10.0; Win64; x64) AppleWebKit/537.36 (KHTML, like Gecko) Chrome/105.0.0.0 Safari/537.36','2024-05-29 09:51:43',0),(63,1,'177.235.119.218','2022-11-04 19:02:47',1,1,'bUHR2vBx0xE65pDR6XeP6QeUr8V30tZQlMRtdLQHRnTL7NP4lEHyHZ25nYxt','uiWVm4C1LUtiUsOPZoaL','Mozilla/5.0 (Windows NT 10.0; Win64; x64) AppleWebKit/537.36 (KHTML, like Gecko) Chrome/105.0.0.0 Safari/537.36','2024-05-29 09:51:43',0),(64,1,'177.235.119.218','2022-11-11 17:44:31',1,1,'aOMmn1WZUHoYJfmHFXsZ4gIvZS1HSVApn90yrBUKrD1N1UnDkz8qqQVPRRL9','KNAitFZmf6vovDNC4uJ4','Mozilla/5.0 (Windows NT 10.0; Win64; x64) AppleWebKit/537.36 (KHTML, like Gecko) Chrome/105.0.0.0 Safari/537.36','2024-05-29 09:51:43',0),(65,NULL,'185.191.171.24','2022-11-12 17:14:19',0,0,NULL,NULL,'Mozilla/5.0 (compatible; SemrushBot/7~bl; +http://www.semrush.com/bot.html)',NULL,0),(66,1,'177.235.119.218','2022-11-12 20:31:38',1,1,'7cwmlsz4baObmAiRtwhtNow6nhA77bRCpud0ksZOCKDntQwehGo3mWxwOmEY','CFhTh7wSR3IgOqwy2v0S','Mozilla/5.0 (Windows NT 10.0; Win64; x64) AppleWebKit/537.36 (KHTML, like Gecko) Chrome/105.0.0.0 Safari/537.36','2024-05-29 09:51:43',0),(67,1,'177.235.119.218','2022-11-19 17:47:59',1,1,'7iBJZDDT13o28A2d96EbENjX5mqUerb3rP8UWxfimJGzfFsvGnIIvucyvlzk','bjm4NHL4tZ8mWpaGEC71','Mozilla/5.0 (Windows NT 10.0; Win64; x64) AppleWebKit/537.36 (KHTML, like Gecko) Chrome/105.0.0.0 Safari/537.36','2024-05-29 09:51:43',0),(68,1,'177.235.119.218','2022-11-20 05:46:01',1,1,'iMCUWb5YrmWDdFYNxoVesazcMNbZbRmr4GaNs1r39wLiIHatfLX90DsK2B78','6ieXWYQispdkAKnHxcqj','Mozilla/5.0 (Windows NT 10.0; Win64; x64) AppleWebKit/537.36 (KHTML, like Gecko) Chrome/105.0.0.0 Safari/537.36','2024-05-29 09:51:43',0),(69,1,'177.235.119.218','2022-11-25 08:08:45',1,1,'KOvdYTaMYiyIf31hcD3QSMudT5OoXyfwz0DWMkTJibzn2L83lkoF6ifY13QB','HguGuCYS6qTrn8fBKomx','Mozilla/5.0 (Windows NT 10.0; Win64; x64) AppleWebKit/537.36 (KHTML, like Gecko) Chrome/105.0.0.0 Safari/537.36','2024-05-29 09:51:43',0),(70,1,'177.235.119.218','2022-12-23 14:28:04',1,1,'YpDbfk4asxyoeAgQXA8rdl4ynOhoCanVw0F6I5iyYl7oWmZDc1QjJ0boXgzb','UlCtN3MluGPbYkRjjuF2','Mozilla/5.0 (Windows NT 10.0; Win64; x64) AppleWebKit/537.36 (KHTML, like Gecko) Chrome/108.0.0.0 Safari/537.36','2024-05-29 09:51:43',0),(71,1,'177.235.119.218','2023-01-12 18:07:20',1,1,'b3ZrSGFiylZPr0NjjIKTFN2J7cf1hZRpfCCCKseIQxMOYiabXinaqut0IrVh','mE2wZ83C3G4vn0XkIRc1','Mozilla/5.0 (Windows NT 10.0; Win64; x64) AppleWebKit/537.36 (KHTML, like Gecko) Chrome/109.0.0.0 Safari/537.36','2024-05-29 09:51:43',0),(72,1,'177.235.119.218','2023-01-13 19:35:51',1,1,'eNXYHidlsS1Ap3OLZTw9Q7p1Vyl3yEacQ002wPdddJvJHHFSASzlrp1ZbUzW','CTwsMTqwCCTUYnqgOtVp','Mozilla/5.0 (Windows NT 10.0; Win64; x64) AppleWebKit/537.36 (KHTML, like Gecko) Chrome/109.0.0.0 Safari/537.36','2024-05-29 09:51:43',0),(73,1,'177.235.119.218','2023-01-13 20:34:40',1,1,'H5jBSvIrbam7zxCfuuCvdttoyNMdVmGxNLcOoGtDAAvshgrw5w4qa8uCPyk5','dbdidfu3QTKIWarzmyRr','Mozilla/5.0 (Windows NT 10.0; Win64; x64) AppleWebKit/537.36 (KHTML, like Gecko) Chrome/109.0.0.0 Safari/537.36','2024-05-29 09:51:43',0),(74,1,'177.235.119.218','2023-01-13 20:35:38',1,1,'9hA70uizDDTtPtNOqb3sdOWs7E694ol51xuccWh7kchUCigcYFOSnReLQHuU','qz7Dv9JYsyer5I2hfJcZ','Mozilla/5.0 (Windows NT 10.0; Win64; x64) AppleWebKit/537.36 (KHTML, like Gecko) Chrome/109.0.0.0 Safari/537.36','2024-05-29 09:51:43',0),(75,1,'177.235.119.218','2023-01-13 20:37:40',1,1,'vwMGrnwVO4dhxjrlxLVpIY2izovMbVvzyZSC8TUeZvg2v9zKKdsNs2JAfTFP','uCxxi0xE3vyGlwbacCHI','Mozilla/5.0 (Windows NT 10.0; Win64; x64) AppleWebKit/537.36 (KHTML, like Gecko) Chrome/109.0.0.0 Safari/537.36','2024-05-29 09:51:43',0),(76,NULL,'185.191.171.16','2023-01-15 15:29:53',0,0,NULL,NULL,'Mozilla/5.0 (compatible; SemrushBot/7~bl; +http://www.semrush.com/bot.html)',NULL,0),(77,NULL,'185.191.171.24','2023-03-15 00:46:36',0,0,NULL,NULL,'Mozilla/5.0 (compatible; SemrushBot/7~bl; +http://www.semrush.com/bot.html)',NULL,0),(78,1,'177.235.119.218','2023-05-14 00:06:04',2,0,NULL,NULL,'Mozilla/5.0 (Windows NT 10.0; Win64; x64) AppleWebKit/537.36 (KHTML, like Gecko) Chrome/113.0.0.0 Safari/537.36',NULL,0),(79,1,'177.235.119.218','2023-05-14 00:07:35',1,1,'Zg67XRcMQOtMc3mF4KVRCafceqTITJpeFkoT8n89Pa7R4khJwym6YaE3fSnB','p6Cx8xLr3t3aumn1cRHD','Mozilla/5.0 (Windows NT 10.0; Win64; x64) AppleWebKit/537.36 (KHTML, like Gecko) Chrome/113.0.0.0 Safari/537.36','2024-05-29 09:51:43',0),(80,NULL,'185.191.171.34','2023-05-14 08:00:53',0,0,NULL,NULL,'Mozilla/5.0 (compatible; SemrushBot/7~bl; +http://www.semrush.com/bot.html)',NULL,0),(81,1,'177.235.119.218','2023-05-14 22:20:04',1,1,'uVflaIp1igkquClBzUz4Rg98KvM21wIyRNPO8bgfOEVMjqrfyraLOshXvOkA','SvGZP9IiUFUaYvI7KnPk','Mozilla/5.0 (Windows NT 10.0; Win64; x64) AppleWebKit/537.36 (KHTML, like Gecko) Chrome/113.0.0.0 Safari/537.36','2024-05-29 09:51:43',0),(82,1,'177.235.119.218','2023-05-16 00:51:44',1,1,'RuTpXdcaajZMTeKJGOHEc1AybdhkQPgGG1NFPOGab38cuFhQCuNXwt48k6kS','xTxeZF5sr54eik96mCoN','Mozilla/5.0 (Windows NT 10.0; Win64; x64) AppleWebKit/537.36 (KHTML, like Gecko) Chrome/113.0.0.0 Safari/537.36','2024-05-29 09:51:43',0),(83,1,'177.235.119.218','2023-06-06 22:49:23',1,1,'qRVwMXq6GVxXqwq7TbKQsnodE5duBoZY7gjWdf1W4U3fmRJ9z1xNyPQvdzRd','LAyHxu4gNnIWWNMCwdGj','Mozilla/5.0 (Windows NT 10.0; Win64; x64) AppleWebKit/537.36 (KHTML, like Gecko) Chrome/113.0.0.0 Safari/537.36','2024-05-29 09:51:43',0),(84,1,'177.235.119.218','2023-06-27 13:43:17',1,1,'kQAF0VJRoIL5pqLoYnLKPFPTjRiCwsoNGK3buhsnP2sO9XLZY1SM2SyZSs1H','K8DnieBaEkA2feK2ppuv','Mozilla/5.0 (Windows NT 10.0; Win64; x64) AppleWebKit/537.36 (KHTML, like Gecko) Chrome/114.0.0.0 Safari/537.36','2024-05-29 09:51:43',0),(85,1,'177.235.119.218','2023-07-15 01:54:07',1,1,'zdC6UNWDBLZGRMN7gsqJszpPEDtFftScOyyhrI8pOHgAx49tkIxBi0vhjSxU','ik2ihr7qMF6n23Rayvfu','Mozilla/5.0 (Windows NT 10.0; Win64; x64) AppleWebKit/537.36 (KHTML, like Gecko) Chrome/114.0.0.0 Safari/537.36','2024-05-29 09:51:43',0),(86,1,'177.235.119.218','2023-08-03 06:00:13',1,1,'hLnBtp4HkRAGIxDhg8ISHhA3WwzKitbuEiVc2cxJXh6nSt8OOtVYv3vbNWZw','wcsYnERrRWDPGQgkEz0F','Mozilla/5.0 (Windows NT 10.0; Win64; x64) AppleWebKit/537.36 (KHTML, like Gecko) Chrome/115.0.0.0 Safari/537.36','2024-05-29 09:51:43',0),(87,1,'177.235.119.218','2023-08-03 07:29:17',1,1,'uiQKyO6uec1Tcb56lipgjHILLMaOQ0cBZrckCW0XmSMggqhTVFOlyGii4M57','TfLfjaAsKb5Pba6UyRtQ','Mozilla/5.0 (Windows NT 10.0; Win64; x64) AppleWebKit/537.36 (KHTML, like Gecko) Chrome/115.0.0.0 Safari/537.36','2024-05-29 09:51:43',0),(88,1,'177.235.119.218','2023-08-14 11:47:51',1,1,'sD6o4ZwovPThojCkcFb6JNZWy5xUQF1650CDO3VlmxFC5Ajk7JJQl3mV5ytt','YDANHUTfwt2V0Sbwj2i5','Mozilla/5.0 (Windows NT 10.0; Win64; x64) AppleWebKit/537.36 (KHTML, like Gecko) Chrome/115.0.0.0 Safari/537.36','2024-05-29 09:51:43',0),(89,1,'177.235.119.218','2023-09-02 05:44:12',1,1,'5iYKxnZ6NT3iaW6kbp7nY17TqvnRRqkfP4nHHJl64Ipeeq1M8rrDY0WzwCiU','zouU4ZXBLY9zTEw8wW1B','Mozilla/5.0 (Windows NT 10.0; Win64; x64) AppleWebKit/537.36 (KHTML, like Gecko) Chrome/116.0.0.0 Safari/537.36','2024-05-29 09:51:43',0),(90,1,'177.235.119.218','2023-09-02 05:46:12',1,1,'WvKniKZ4AOzy9mSysqT147Ire1RQOF4jrGkJGszAB6qFNeA0XlxaSDO5rdc3','Fo75WKmJSjxt5pNB94IZ','Mozilla/5.0 (Windows NT 10.0; Win64; x64) AppleWebKit/537.36 (KHTML, like Gecko) Chrome/116.0.0.0 Safari/537.36','2024-05-29 09:51:43',0),(91,1,'177.235.119.218','2023-09-02 05:48:20',1,1,'mhykFJC1jVZsDUGZJzhELSPRBTXVyikxdltuFi5uFNqFXAIa2QzEB6QFTEuG','fsY2u6b2lbXNOFPDYhPB','Mozilla/5.0 (Windows NT 10.0; Win64; x64) AppleWebKit/537.36 (KHTML, like Gecko) Chrome/116.0.0.0 Safari/537.36','2024-05-29 09:51:43',0),(92,NULL,'85.208.96.200','2023-09-10 07:31:47',0,0,NULL,NULL,'Mozilla/5.0 (compatible; SemrushBot/7~bl; +http://www.semrush.com/bot.html)',NULL,0),(93,1,'177.235.119.218','2023-10-30 12:47:24',1,1,'GlC9f1tQFv0Tg2x2P0VJujkBoLMdh7EETNoDYsGd3a0Vkyuomy1pLHMN2vdg','HGQKMYzbNs2rPkAGqzYE','Mozilla/5.0 (Windows NT 10.0; Win64; x64) AppleWebKit/537.36 (KHTML, like Gecko) Chrome/118.0.0.0 Safari/537.36','2024-05-29 09:51:43',0),(94,NULL,'85.208.96.200','2023-11-11 02:52:57',0,0,NULL,NULL,'Mozilla/5.0 (compatible; SemrushBot/7~bl; +http://www.semrush.com/bot.html)',NULL,0),(95,NULL,'185.191.171.14','2024-01-18 10:05:17',0,0,NULL,NULL,'Mozilla/5.0 (compatible; SemrushBot/7~bl; +http://www.semrush.com/bot.html)',NULL,0),(96,1,'177.235.116.67','2024-01-24 22:54:20',1,1,'ueT0pduE2E3lsKXS4ypHXxeI6QCKKGp598NIjkHrZq03EbY8JmaY2SO28J0P','8Ljg9lMukB7Yw6mUmQXJ','Mozilla/5.0 (Windows NT 10.0; Win64; x64) AppleWebKit/537.36 (KHTML, like Gecko) Chrome/120.0.0.0 Safari/537.36','2024-05-29 09:51:43',0),(97,NULL,'194.5.83.85','2024-01-29 04:54:10',0,0,NULL,NULL,'User-Agent: Mozilla/4.0 (compatible; MSIE 7.0; Windows NT 5.1; 360SE)',NULL,0),(98,NULL,'194.5.83.101','2024-01-29 04:54:10',0,0,NULL,NULL,'User-Agent: Mozilla/4.0 (compatible; MSIE 7.0; Windows NT 5.1; 360SE)',NULL,0),(99,NULL,'194.5.83.101','2024-01-29 04:54:11',0,0,NULL,NULL,'User-Agent: Mozilla/4.0 (compatible; MSIE 7.0; Windows NT 5.1; 360SE)',NULL,0),(100,NULL,'194.5.83.103','2024-01-29 04:54:14',0,0,NULL,NULL,'User-Agent: Mozilla/4.0 (compatible; MSIE 7.0; Windows NT 5.1; 360SE)',NULL,0),(101,NULL,'194.5.83.93','2024-01-29 04:54:15',0,0,NULL,NULL,'User-Agent: Mozilla/4.0 (compatible; MSIE 7.0; Windows NT 5.1; 360SE)',NULL,0),(102,NULL,'194.5.83.103','2024-01-29 04:54:16',0,0,NULL,NULL,'User-Agent: Mozilla/4.0 (compatible; MSIE 7.0; Windows NT 5.1; 360SE)',NULL,0),(103,NULL,'194.5.83.106','2024-01-29 04:54:24',0,0,NULL,NULL,'User-Agent: Mozilla/4.0 (compatible; MSIE 7.0; Windows NT 5.1; 360SE)',NULL,0),(104,NULL,'194.5.83.93','2024-01-29 04:54:24',0,0,NULL,NULL,'User-Agent: Mozilla/4.0 (compatible; MSIE 7.0; Windows NT 5.1; 360SE)',NULL,0),(105,NULL,'194.5.83.93','2024-01-29 04:54:25',0,0,NULL,NULL,'User-Agent: Mozilla/4.0 (compatible; MSIE 7.0; Windows NT 5.1; 360SE)',NULL,0),(106,NULL,'194.5.83.106','2024-01-29 04:54:29',0,0,NULL,NULL,'User-Agent: Mozilla/4.0 (compatible; MSIE 7.0; Windows NT 5.1; 360SE)',NULL,0),(107,NULL,'194.5.83.93','2024-01-29 04:54:29',0,0,NULL,NULL,'User-Agent: Mozilla/4.0 (compatible; MSIE 7.0; Windows NT 5.1; 360SE)',NULL,0),(108,NULL,'194.5.83.93','2024-01-29 04:54:29',0,0,NULL,NULL,'User-Agent: Mozilla/4.0 (compatible; MSIE 7.0; Windows NT 5.1; 360SE)',NULL,0),(109,NULL,'194.5.83.74','2024-01-29 04:54:33',0,0,NULL,NULL,'User-Agent: Mozilla/4.0 (compatible; MSIE 7.0; Windows NT 5.1; 360SE)',NULL,0),(110,NULL,'194.5.83.106','2024-01-29 04:54:33',0,0,NULL,NULL,'User-Agent: Mozilla/4.0 (compatible; MSIE 7.0; Windows NT 5.1; 360SE)',NULL,0),(111,NULL,'194.5.83.93','2024-01-29 04:54:33',0,0,NULL,NULL,'User-Agent: Mozilla/4.0 (compatible; MSIE 7.0; Windows NT 5.1; 360SE)',NULL,0),(112,NULL,'194.5.83.92','2024-01-29 04:54:37',0,0,NULL,NULL,'User-Agent: Mozilla/4.0 (compatible; MSIE 7.0; Windows NT 5.1; 360SE)',NULL,0),(113,NULL,'194.5.83.93','2024-01-29 04:54:37',0,0,NULL,NULL,'User-Agent: Mozilla/4.0 (compatible; MSIE 7.0; Windows NT 5.1; 360SE)',NULL,0),(114,NULL,'194.5.83.106','2024-01-29 04:54:37',0,0,NULL,NULL,'User-Agent: Mozilla/4.0 (compatible; MSIE 7.0; Windows NT 5.1; 360SE)',NULL,0),(115,NULL,'194.5.83.72','2024-01-29 06:03:23',0,0,NULL,NULL,'User-Agent: Mozilla/4.0 (compatible; MSIE 7.0; Windows NT 5.1; 360SE)',NULL,0),(116,NULL,'194.5.83.77','2024-01-29 06:03:25',0,0,NULL,NULL,'User-Agent: Mozilla/4.0 (compatible; MSIE 7.0; Windows NT 5.1; 360SE)',NULL,0),(117,NULL,'194.5.83.55','2024-01-29 06:03:28',0,0,NULL,NULL,'User-Agent: Mozilla/4.0 (compatible; MSIE 7.0; Windows NT 5.1; 360SE)',NULL,0),(118,1,'177.235.116.67','2024-02-19 03:12:48',1,1,'HSNxVgkwVfkWMnBEjdaPwQ5ibQOwoNzlULl5NSnbMDV9dodwPB8I7ixVWlat','m2KWrLfTKpfO9jC8kQQi','Mozilla/5.0 (Windows NT 10.0; Win64; x64) AppleWebKit/537.36 (KHTML, like Gecko) Chrome/121.0.0.0 Safari/537.36','2024-05-29 09:51:43',0),(119,NULL,'85.208.96.209','2024-03-22 16:44:44',0,0,NULL,NULL,'Mozilla/5.0 (compatible; SemrushBot/7~bl; +http://www.semrush.com/bot.html)',NULL,0),(120,NULL,'207.46.13.14','2024-03-24 14:25:41',0,0,NULL,NULL,'Mozilla/5.0 AppleWebKit/537.36 (KHTML, like Gecko; compatible; bingbot/2.0; +http://www.bing.com/bingbot.htm) Chrome/116.0.1938.76 Safari/537.36',NULL,0),(121,1,'177.235.116.67','2024-04-26 04:37:48',1,1,'EVMMjlyOAORFr3SF2mXPssQfC5Zcjdd5b4VisnB44ZXqnYzKHg6GyLt6qkvx','p9c41y8VIzn2lXYXrl2u','Mozilla/5.0 (Windows NT 10.0; Win64; x64) AppleWebKit/537.36 (KHTML, like Gecko) Chrome/124.0.0.0 Safari/537.36','2024-05-29 09:51:43',0),(122,1,'177.235.116.67','2024-05-13 04:04:51',1,1,'0OyMnJOshkBpRj2v7JBQLFgof8wjL7ng0d6lbdOKdAikjdjK23EhhYRzBQUW','fDl0wcmu0zBcyptxa9Z9','Mozilla/5.0 (Windows NT 10.0; Win64; x64) AppleWebKit/537.36 (KHTML, like Gecko) Chrome/124.0.0.0 Safari/537.36','2024-05-29 09:51:43',0),(123,1,'177.235.116.67','2024-05-15 03:52:01',1,1,'P2uTPmhpWxzpK84qarmsyUSkv3Tbi2196lKxohFR01GH0Ybd0oGBNoBkrbhM','GXNtRH8v8klrieK2c0KG','Mozilla/5.0 (Windows NT 10.0; Win64; x64) AppleWebKit/537.36 (KHTML, like Gecko) Chrome/124.0.0.0 Safari/537.36','2024-05-29 09:51:43',0),(124,1,'177.235.116.67','2024-05-15 05:20:41',1,1,'wXSmUWAUPhWDo9yAykBjBwgrNsb4HNKLuzgxjjZoRaUSkFDJ4F6ZYGQu5gEm','Cy7lLzXFBnDwCUfVdT6U','Mozilla/5.0 (Windows NT 10.0; Win64; x64) AppleWebKit/537.36 (KHTML, like Gecko) Chrome/124.0.0.0 Safari/537.36','2024-05-29 09:51:43',0),(125,1,'177.235.116.67','2024-05-15 06:37:52',1,1,'aCpZKCtxy0YyLnTBvqlHiPQq9bSnHEfyuggSMmIsGY2uBCDzXRGeq52DXN2c','ct0Xdo7m6WwZgE4ggLFr','Mozilla/5.0 (Windows NT 10.0; Win64; x64) AppleWebKit/537.36 (KHTML, like Gecko) Chrome/124.0.0.0 Safari/537.36','2024-05-29 09:51:43',0),(126,1,'177.235.116.67','2024-05-15 06:54:40',1,1,'WB9zcP7MQvjXj3xwm1k6Vgqfq0kI7iL9196rksbgWsL8ucPY7rlwvJ5oTT8E','sQjSNqe8nKyy0QwFl8O3','Mozilla/5.0 (Windows NT 10.0; Win64; x64) AppleWebKit/537.36 (KHTML, like Gecko) Chrome/124.0.0.0 Safari/537.36','2024-05-29 09:51:43',0),(127,1,'177.235.116.67','2024-05-15 07:00:35',1,1,'NwAOAZMIsO78XWWtlaYfd6OQCD5BLakLrmEpet9ogqrVCn0oAT7UKju3EG0W','BXQ9eGWxWjc2qm2uh0mS','Mozilla/5.0 (Windows NT 10.0; Win64; x64) AppleWebKit/537.36 (KHTML, like Gecko) Chrome/124.0.0.0 Safari/537.36','2024-05-29 09:51:43',0),(128,1,'177.235.116.67','2024-05-15 07:01:49',1,1,'tk686rtbOp8oRBOWDF45BWFDUVzB9hXN0IDpHTIHEaDKNpZ9mO5MnXbqwEk7','5AySIjhOstVSacyvzylM','Mozilla/5.0 (Windows NT 10.0; Win64; x64) AppleWebKit/537.36 (KHTML, like Gecko) Chrome/124.0.0.0 Safari/537.36','2024-05-29 09:51:43',0),(129,1,'177.235.116.67','2024-05-15 07:04:13',1,1,'RKoW5EmLB3Hhedt8G0xMYckaLFu1RN09XyRAKgYhXNdrMK7lxisLZRWAJDby','CWqsWg3tJlP8ZwtLsgZr','Mozilla/5.0 (Windows NT 10.0; Win64; x64) AppleWebKit/537.36 (KHTML, like Gecko) Chrome/124.0.0.0 Safari/537.36','2024-05-29 09:51:43',0),(130,1,'177.235.116.67','2024-05-15 07:41:02',1,1,'FNOFFMXfAnSsLtDholhaYDIsXxz5ayGnqNKB8oKqTzWpBkHoL3QsouvA4RBc','4vJfNsxWNi6KL75MSNuW','Mozilla/5.0 (Windows NT 10.0; Win64; x64) AppleWebKit/537.36 (KHTML, like Gecko) Chrome/124.0.0.0 Safari/537.36','2024-05-29 09:51:43',0),(131,1,'177.235.116.67','2024-05-16 04:15:02',1,1,'aHm0c4RdQmC7hCH0la8KOdl83HmSdMxOZVx1HdljImFqOLMFNTrPer8WHise','wAryQkELM2ZrvKepGQ2h','Mozilla/5.0 (Windows NT 10.0; Win64; x64) AppleWebKit/537.36 (KHTML, like Gecko) Chrome/124.0.0.0 Safari/537.36','2024-05-29 09:51:43',0),(132,1,'177.235.116.67','2024-05-16 04:17:30',1,1,'Q6QD6DzoNPyd7WV26rGQCQj2FMUAjOnlZNEVJVrREiqT7XLNVBKzksdskQp5','vRkrknLQZx8eXQejRSCS','Mozilla/5.0 (Windows NT 10.0; Win64; x64) AppleWebKit/537.36 (KHTML, like Gecko) Chrome/124.0.0.0 Safari/537.36','2024-05-29 09:51:43',0),(133,1,'177.235.116.67','2024-05-16 07:10:45',1,1,'SPjbssI7jomUv5wmTNj4njeWz8kYjClrOQNgbMiIWKIMQNeJDF6DT9OGQf0z','YTLDvgd0WzaExcpUG8Ey','Mozilla/5.0 (Windows NT 10.0; Win64; x64) AppleWebKit/537.36 (KHTML, like Gecko) Chrome/124.0.0.0 Safari/537.36','2024-05-29 09:51:43',0),(134,1,'177.235.116.67','2024-05-16 07:14:47',1,1,'BCzYA7grwVZAEsCOnXTMzISHp7FJ7T5hOTo1tFXA1LoUyd7cJSo6Wl72unNJ','xHlJ3BVtxDTGupVHcUU9','Mozilla/5.0 (Windows NT 10.0; Win64; x64) AppleWebKit/537.36 (KHTML, like Gecko) Chrome/124.0.0.0 Safari/537.36','2024-05-29 09:51:43',0),(135,1,'177.235.116.67','2024-05-16 07:17:03',1,1,'Avs9LY9lm5ikp2zhpVfjQUe25q5kKTe6EEXnAHhqZoiV3fKJ2LxhYJRZnw5W','NFvhITuiAG145OwgEwUH','Mozilla/5.0 (Windows NT 10.0; Win64; x64) AppleWebKit/537.36 (KHTML, like Gecko) Chrome/124.0.0.0 Safari/537.36','2024-05-29 09:51:43',0),(136,1,'177.235.116.67','2024-05-17 04:00:55',1,1,'OW3tqEW0qNVEaKXzAVY1WzlFlE50GrmBLeVTlMYyfqmy5vtPu3EJ7PQFZkdL','uCb7SaE98u64ePn5jSJ1','Mozilla/5.0 (Windows NT 10.0; Win64; x64) AppleWebKit/537.36 (KHTML, like Gecko) Chrome/124.0.0.0 Safari/537.36','2024-05-29 09:51:43',0),(137,1,'177.235.116.67','2024-05-17 07:10:56',1,1,'e1fBTR0vjxShvQC5DXZ7waIvw3siRiucloeNw5fp3JCIjdPe85WoSLYN4AHs','lObuPEYjGHMyNbUE9bOr','Mozilla/5.0 (Windows NT 10.0; Win64; x64) AppleWebKit/537.36 (KHTML, like Gecko) Chrome/124.0.0.0 Safari/537.36','2024-05-29 09:51:43',0),(138,1,'177.235.116.67','2024-05-17 07:15:59',1,1,'VL9yBwKDa2D4mdaWtFnrfCBIhJu5SMdbZtqD7VP0t924cNptCLbKtGe5e6Sv','m7GdX9qHqd2AeBtMtptc','Mozilla/5.0 (Windows NT 10.0; Win64; x64) AppleWebKit/537.36 (KHTML, like Gecko) Chrome/124.0.0.0 Safari/537.36','2024-05-29 09:51:43',0),(139,1,'177.235.116.67','2024-05-18 04:59:11',1,1,'NylRgUrofHZTF6WL2jJtAEvsuQ9sJmkxc02RmxTdja4s9alOao8fSCX7z4Up','GfR4KtHpmirzNLVkAQt3','Mozilla/5.0 (Windows NT 10.0; Win64; x64) AppleWebKit/537.36 (KHTML, like Gecko) Chrome/124.0.0.0 Safari/537.36','2024-05-29 09:51:43',0),(140,1,'177.235.116.67','2024-05-18 23:30:16',1,1,'BsXuGTmKgVtSWGDEHRHM7CH0AMFri4prU2jdnRDvyTzuwqNXgA2mqUUSYD66','HnSXkWkEEX8qP2ouvH7X','Mozilla/5.0 (Windows NT 10.0; Win64; x64) AppleWebKit/537.36 (KHTML, like Gecko) Chrome/124.0.0.0 Safari/537.36','2024-05-29 09:51:43',0),(141,1,'177.235.116.67','2024-05-23 04:06:48',1,1,'aaO0H3tf1oChudQLHE3mt98xA3IrgxHTBI6BdDRJVhfpfi8dXZjhduK1nf41','rlf1KahmpRHyg2H6fc0p','Mozilla/5.0 (Windows NT 10.0; Win64; x64) AppleWebKit/537.36 (KHTML, like Gecko) Chrome/124.0.0.0 Safari/537.36','2024-05-29 09:51:43',0),(142,1,'177.235.116.67','2024-05-23 11:00:46',1,1,'RXYsgCAWYr9jMYWQZ15DUJrDiplWT3RTBb2KQP4wqVwFm9pz8IkoNWUY4WwB','Gq5kLNSJZlXITUFsT169','Mozilla/5.0 (Windows NT 10.0; Win64; x64) AppleWebKit/537.36 (KHTML, like Gecko) Chrome/124.0.0.0 Safari/537.36','2024-05-29 09:51:43',0),(143,NULL,'185.191.171.9','2024-05-24 07:27:47',0,0,NULL,NULL,'Mozilla/5.0 (compatible; SemrushBot/7~bl; +http://www.semrush.com/bot.html)',NULL,0),(144,NULL,'173.252.87.1','2024-05-25 06:56:47',0,0,NULL,NULL,'facebookexternalhit/1.1 (+http://www.facebook.com/externalhit_uatext.php)',NULL,0),(145,NULL,'69.171.230.5','2024-05-26 22:33:03',0,0,NULL,NULL,'facebookexternalhit/1.1 (+http://www.facebook.com/externalhit_uatext.php)',NULL,0),(146,NULL,'173.252.107.6','2024-05-27 01:08:06',0,0,NULL,NULL,'facebookexternalhit/1.1 (+http://www.facebook.com/externalhit_uatext.php)',NULL,0),(147,NULL,'69.171.230.119','2024-05-27 01:59:55',0,0,NULL,NULL,'facebookexternalhit/1.1 (+http://www.facebook.com/externalhit_uatext.php)',NULL,0),(148,NULL,'173.252.83.22','2024-05-27 02:54:13',0,0,NULL,NULL,'facebookexternalhit/1.1 (+http://www.facebook.com/externalhit_uatext.php)',NULL,0),(149,NULL,'173.252.83.5','2024-05-27 04:05:22',0,0,NULL,NULL,'facebookexternalhit/1.1 (+http://www.facebook.com/externalhit_uatext.php)',NULL,0),(150,NULL,'69.171.249.15','2024-05-27 14:37:53',0,0,NULL,NULL,'facebookexternalhit/1.1 (+http://www.facebook.com/externalhit_uatext.php)',NULL,0),(151,NULL,'173.252.83.5','2024-05-27 16:19:11',0,0,NULL,NULL,'facebookexternalhit/1.1 (+http://www.facebook.com/externalhit_uatext.php)',NULL,0),(152,1,'177.235.116.67','2024-05-27 17:55:36',3,0,NULL,NULL,'Mozilla/5.0 (Windows NT 10.0; Win64; x64) AppleWebKit/537.36 (KHTML, like Gecko) Chrome/124.0.0.0 Safari/537.36',NULL,0),(153,1,'177.235.116.67','2024-05-27 18:02:30',3,0,NULL,NULL,'Mozilla/5.0 (Windows NT 10.0; Win64; x64) AppleWebKit/537.36 (KHTML, like Gecko) Chrome/124.0.0.0 Safari/537.36',NULL,0),(154,NULL,'177.235.116.67','2024-05-27 20:21:38',0,0,NULL,NULL,'Mozilla/5.0 (Windows NT 10.0; Win64; x64) AppleWebKit/537.36 (KHTML, like Gecko) Chrome/124.0.0.0 Safari/537.36',NULL,0),(155,NULL,'177.235.116.67','2024-05-27 20:23:06',0,0,NULL,NULL,'Mozilla/5.0 (Windows NT 10.0; Win64; x64) AppleWebKit/537.36 (KHTML, like Gecko) Chrome/124.0.0.0 Safari/537.36',NULL,0),(156,NULL,'177.235.116.67','2024-05-27 20:23:17',0,0,NULL,NULL,'Mozilla/5.0 (Windows NT 10.0; Win64; x64) AppleWebKit/537.36 (KHTML, like Gecko) Chrome/124.0.0.0 Safari/537.36',NULL,0),(157,1,'177.235.116.67','2024-05-27 20:25:50',3,0,NULL,NULL,'Mozilla/5.0 (Windows NT 10.0; Win64; x64) AppleWebKit/537.36 (KHTML, like Gecko) Chrome/124.0.0.0 Safari/537.36',NULL,0),(158,1,'177.235.116.67','2024-05-27 20:31:27',3,0,NULL,NULL,'Mozilla/5.0 (Windows NT 10.0; Win64; x64) AppleWebKit/537.36 (KHTML, like Gecko) Chrome/124.0.0.0 Safari/537.36',NULL,0),(159,NULL,'173.252.83.16','2024-05-27 20:43:11',0,0,NULL,NULL,'facebookexternalhit/1.1 (+http://www.facebook.com/externalhit_uatext.php)',NULL,0),(160,1,'177.235.116.67','2024-05-27 20:51:27',1,1,'EqgQeBeC0AHp97NbLpygaINznyRcguNa5Q0SnJoMDieibTmkjA1762xb7JoL','aAKQiEH38lJNYFiIQ3Zo','Mozilla/5.0 (Windows NT 10.0; Win64; x64) AppleWebKit/537.36 (KHTML, like Gecko) Chrome/124.0.0.0 Safari/537.36','2024-05-29 09:51:43',0),(161,NULL,'177.235.116.67','2024-05-27 21:52:56',0,0,NULL,NULL,'Mozilla/5.0 (Windows NT 10.0; Win64; x64) AppleWebKit/537.36 (KHTML, like Gecko) Chrome/124.0.0.0 Safari/537.36',NULL,0),(162,1,'177.235.116.67','2024-05-27 21:53:24',1,1,'suIKXPcOyYMUB1WbvCrvmgKPpNf4PAuySL8C4oRwdcv5j3TTiU8W01KOEWOw','sryNBjP8dURQ8bodDj3H','Mozilla/5.0 (Windows NT 10.0; Win64; x64) AppleWebKit/537.36 (KHTML, like Gecko) Chrome/124.0.0.0 Safari/537.36','2024-05-29 09:51:43',0),(163,NULL,'173.252.83.14','2024-05-28 03:24:40',0,0,NULL,NULL,'facebookexternalhit/1.1 (+http://www.facebook.com/externalhit_uatext.php)',NULL,0),(164,NULL,'173.252.83.28','2024-05-28 05:49:01',0,0,NULL,NULL,'facebookexternalhit/1.1 (+http://www.facebook.com/externalhit_uatext.php)',NULL,0),(165,NULL,'173.252.87.119','2024-05-28 12:02:32',0,0,NULL,NULL,'facebookexternalhit/1.1 (+http://www.facebook.com/externalhit_uatext.php)',NULL,0),(166,1,'177.235.116.67','2024-05-28 14:50:11',1,1,'obUVZle6FC576hSNpVCqwfaIRALMMOWeJXWnAdpx6SRtmICYEBtcjCxIc8aL','MBxhpB5djjV5JTg3oTJN','Mozilla/5.0 (Windows NT 10.0; Win64; x64) AppleWebKit/537.36 (KHTML, like Gecko) Chrome/124.0.0.0 Safari/537.36','2024-05-29 09:51:43',0),(167,NULL,'173.252.83.18','2024-05-28 15:55:24',0,0,NULL,NULL,'facebookexternalhit/1.1 (+http://www.facebook.com/externalhit_uatext.php)',NULL,0),(168,1,'177.235.116.67','2024-05-28 16:16:20',1,2,'zUDeHqSKVzkalBZ15EcnXa46LMIEQefoN4nUoKq36g1BgAPRkFBHSc4SwsX5','vaE5X1PF1ZkGtLgi9nk5','Mozilla/5.0 (Windows NT 10.0; Win64; x64) AppleWebKit/537.36 (KHTML, like Gecko) Chrome/124.0.0.0 Safari/537.36','2024-05-29 09:51:43',0),(169,1,'177.235.116.67','2024-05-28 20:37:39',1,1,'rDGgJl6hZ48JeXKGZ2NzGvJpuR7rjBVHPzop4lxDeX0L9qjlBYh0ZHqJNF2F','3iTNNFcCt52Qqi1L2c8M','Mozilla/5.0 (Windows NT 10.0; Win64; x64) AppleWebKit/537.36 (KHTML, like Gecko) Chrome/124.0.0.0 Safari/537.36','2024-05-29 09:51:43',0),(170,1,'177.235.116.67','2024-05-28 20:39:00',1,1,'DiORWcfqLYqhumLaiRZpWhYoyZqjFcuQjXoyQX6SlKacO19NMOcH3RGYuOoM','GElYL9iteDacKe8gNa60','Mozilla/5.0 (Windows NT 10.0; Win64; x64) AppleWebKit/537.36 (KHTML, like Gecko) Chrome/124.0.0.0 Safari/537.36','2024-05-29 09:51:43',0),(171,1,'177.235.116.67','2024-05-28 20:39:51',1,2,'1jwnQC8C33Rld582pFWxJyPSUPrx5BCqICwA6AF0CmdL1z1OLfRWGcw85gEz','rvSPSTZbmxG8LNaXWCmw','Mozilla/5.0 (Windows NT 10.0; Win64; x64) AppleWebKit/537.36 (KHTML, like Gecko) Chrome/124.0.0.0 Safari/537.36','2024-05-29 09:51:43',0),(172,18,'177.235.116.67','2024-05-28 20:40:28',1,2,'6kVFQ2gHsjvj1gYcRYqZLxxxqaH0Y0sW6Z0P67vymjYhixgoYOWKD9JvpiYo','7FXPuNnp5PYss7IIxjTL','Mozilla/5.0 (Windows NT 10.0; Win64; x64) AppleWebKit/537.36 (KHTML, like Gecko) Chrome/124.0.0.0 Safari/537.36','2024-05-29 10:23:12',0),(173,1,'177.235.116.67','2024-05-28 20:40:53',1,2,'Uq6tSQtpDGjBOtr9W9qbdddKfcqNQnAkq2qmEaeCRwyyrAqR8llJzIPTAqwA','DoTxHS2gUVjBVGRwbfwv','Mozilla/5.0 (Windows NT 10.0; Win64; x64) AppleWebKit/537.36 (KHTML, like Gecko) Chrome/124.0.0.0 Safari/537.36','2024-05-29 09:51:43',0),(174,17,'177.235.116.67','2024-05-28 20:44:40',2,0,NULL,NULL,'Mozilla/5.0 (Windows NT 10.0; Win64; x64) AppleWebKit/537.36 (KHTML, like Gecko) Chrome/124.0.0.0 Safari/537.36',NULL,0),(175,18,'177.235.116.67','2024-05-28 20:45:04',1,2,'fYJbEk4fEe74JnDxB0wPdIzNvVEyY8Hs13AnVhbbUFmfNWOAbSQDWTGXCzfp','0xd5RmYVLyqKjRNXqVet','Mozilla/5.0 (Windows NT 10.0; Win64; x64) AppleWebKit/537.36 (KHTML, like Gecko) Chrome/124.0.0.0 Safari/537.36','2024-05-29 10:23:12',0),(176,1,'177.235.116.67','2024-05-28 20:46:38',1,2,'nFnrdy1m2GDxFcfBgnSDHERTA7SEF5mrWjRiFoCVILDOVRkzmgLvsEKdz5RX','vCPsFkZtzCjWMb4lR83E','Mozilla/5.0 (Windows NT 10.0; Win64; x64) AppleWebKit/537.36 (KHTML, like Gecko) Chrome/124.0.0.0 Safari/537.36','2024-05-29 09:51:43',0),(177,1,'177.235.116.67','2024-05-28 20:52:00',1,1,'UPywt0ckSLz2BnkxGVEuVqo7MHM2jrao4aR4VFTDkrkghOYz4F5MkvHH2Pj6','PkiJbVNYq4uvnEcIcBek','Mozilla/5.0 (Windows NT 10.0; Win64; x64) AppleWebKit/537.36 (KHTML, like Gecko) Chrome/124.0.0.0 Safari/537.36','2024-05-29 09:51:43',0),(178,NULL,'69.171.230.7','2024-05-29 02:54:43',0,0,NULL,NULL,'facebookexternalhit/1.1 (+http://www.facebook.com/externalhit_uatext.php)',NULL,0),(179,1,'177.235.116.67','2024-05-29 04:37:08',1,2,'lkqnSFgPJ9inGLCQStwpqdOw5T7DMaXaYmh6rz2jtruZT1ZscaBYiRCuexhd','ZSzjHBEFIxs0xZWMu6w5','Mozilla/5.0 (Windows NT 10.0; Win64; x64) AppleWebKit/537.36 (KHTML, like Gecko) Chrome/124.0.0.0 Safari/537.36','2024-05-29 09:51:43',0),(180,NULL,'69.171.230.10','2024-05-29 05:25:03',0,0,NULL,NULL,'facebookexternalhit/1.1 (+http://www.facebook.com/externalhit_uatext.php)',NULL,0),(181,1,'177.235.116.67','2024-05-29 12:47:38',1,1,'RU0TUp5NPfBP53pRhqmtnaZQBPEGH7YPf9M4TuQQEgGEntbWv9rBKPUTCWoY','zYYjHoRDl9ZtIe9zlY9f','Mozilla/5.0 (Windows NT 10.0; Win64; x64) AppleWebKit/537.36 (KHTML, like Gecko) Chrome/124.0.0.0 Safari/537.36','2024-05-29 09:51:43',0),(182,NULL,'177.235.116.67','2024-05-29 12:51:58',0,0,NULL,NULL,'Mozilla/5.0 (Windows NT 10.0; Win64; x64) AppleWebKit/537.36 (KHTML, like Gecko) Chrome/124.0.0.0 Safari/537.36',NULL,0),(183,NULL,'177.235.116.67','2024-05-29 12:52:19',0,0,NULL,NULL,'Mozilla/5.0 (Windows NT 10.0; Win64; x64) AppleWebKit/537.36 (KHTML, like Gecko) Chrome/124.0.0.0 Safari/537.36',NULL,0),(184,1,'177.235.116.67','2024-05-29 12:52:32',1,1,'6Scsb82amJ3Hg45rE51kntg7muc4lqWkPOnJJZ9kRJ24dKw2OhFKJiYaZJmS','j1LN3W68JpAjGNWwszNf','Mozilla/5.0 (Windows NT 10.0; Win64; x64) AppleWebKit/537.36 (KHTML, like Gecko) Chrome/124.0.0.0 Safari/537.36','2024-05-29 09:53:53',0),(185,1,'177.235.116.67','2024-05-29 12:54:00',1,2,'z0FkHIheQbDoUJII82x4LTB9Hk3FJUECa86FccESw8hw13BSdAVV9rD5D5hf','dwwFf78SU97A8x1fdLsz','Mozilla/5.0 (Windows NT 10.0; Win64; x64) AppleWebKit/537.36 (KHTML, like Gecko) Chrome/124.0.0.0 Safari/537.36','2024-05-29 10:23:38',0),(186,17,'177.235.116.67','2024-05-29 13:25:18',2,0,NULL,NULL,'Mozilla/5.0 (Windows NT 10.0; Win64; x64) AppleWebKit/537.36 (KHTML, like Gecko) Chrome/124.0.0.0 Safari/537.36',NULL,0),(187,17,'177.235.116.67','2024-05-29 13:25:48',2,0,NULL,NULL,'Mozilla/5.0 (Windows NT 10.0; Win64; x64) AppleWebKit/537.36 (KHTML, like Gecko) Chrome/124.0.0.0 Safari/537.36',NULL,0),(188,1,'177.235.116.67','2024-05-29 13:26:10',1,2,'rtFnITWcC27QCB6ZxZxzxWRgmVFJwSOMqBSrAXqFcoqts3ZrXU3DETHTzRE8','7fK6SdGNf1Ivgc7VvMdi','Mozilla/5.0 (Windows NT 10.0; Win64; x64) AppleWebKit/537.36 (KHTML, like Gecko) Chrome/124.0.0.0 Safari/537.36','2024-05-29 10:29:10',0),(189,18,'177.235.116.67','2024-05-29 13:29:26',1,2,'Lpl8ca982j7hBxwGvxgJfsOfgB9owhNXfLfrOI7wobs6or4SOuXqYnKhnNyT','inckZKM5LOY3t5aSDlNg','Mozilla/5.0 (Windows NT 10.0; Win64; x64) AppleWebKit/537.36 (KHTML, like Gecko) Chrome/124.0.0.0 Safari/537.36','2024-05-29 10:29:36',0),(190,18,'177.235.116.67','2024-05-29 13:30:02',1,2,'ehkrax0MhQqAHwCso2wGi9ReM6wgvIBISIsomlMKrPVyZVOteNkiPvKAjC3R','C9W4ew6vIpkn58f9EBzX','Mozilla/5.0 (Windows NT 10.0; Win64; x64) AppleWebKit/537.36 (KHTML, like Gecko) Chrome/124.0.0.0 Safari/537.36','2024-05-29 10:30:12',0),(191,17,'177.235.116.67','2024-05-29 13:30:56',1,1,'y3VMWUvCtcwdoStIDW5VsdwlDK3GLU21nWojlOy4WQCCEByEVISc0DGxnpC1','ZFsuFmAQKVhNEzZBzPob','Mozilla/5.0 (Windows NT 10.0; Win64; x64) AppleWebKit/537.36 (KHTML, like Gecko) Chrome/124.0.0.0 Safari/537.36',NULL,0),(192,1,'177.235.116.67','2024-05-29 14:08:43',1,2,'hO2Ptei1k5tLx0ppWbDHw2GOJCuRW4sKEIPZ71fZDaiqVzeJaT1zhLEkgmXb','03L7WMKNBNxvn5j8Ej5h','Mozilla/5.0 (Windows NT 10.0; Win64; x64) AppleWebKit/537.36 (KHTML, like Gecko) Chrome/124.0.0.0 Safari/537.36','2024-06-01 21:39:06',0),(193,NULL,'173.252.83.118','2024-05-29 14:13:34',0,0,NULL,NULL,'facebookexternalhit/1.1 (+http://www.facebook.com/externalhit_uatext.php)',NULL,0),(194,1,'177.235.116.67','2024-06-02 00:39:53',1,1,'H1N1drL5nQ1T4gO1XwJXNh3Z3WdhGYwhCm4yzqsIXnq7qNPaGK7MOwzuWsqI','N6qFR8YhUM0SnvIhCQxi','Mozilla/5.0 (Windows NT 10.0; Win64; x64) AppleWebKit/537.36 (KHTML, like Gecko) Chrome/124.0.0.0 Safari/537.36',NULL,0),(195,1,'177.235.116.67','2024-06-02 01:47:58',1,1,'Ox1zalRER1wrqwaehL54pz95n7Plevcsxx2xbxIJW9O2IEGFhLEYMBdoSJQk','A0d1OeuLQsJOqO0hRCTR','Mozilla/5.0 (Windows NT 10.0; Win64; x64) AppleWebKit/537.36 (KHTML, like Gecko) Chrome/124.0.0.0 Safari/537.36',NULL,0),(196,1,'177.235.116.67','2024-06-02 04:25:55',1,1,'NyFENYiJeVWgoe4OhvdDfYvFT8cNjzZ1CwPvdecoYbLYfSc6nD3cPmJ3QPhK','SVEV96baZ5J6GmpUw6ca','Mozilla/5.0 (Windows NT 10.0; Win64; x64) AppleWebKit/537.36 (KHTML, like Gecko) Chrome/124.0.0.0 Safari/537.36',NULL,0);

--
-- Table structure for table `audios`
--

CREATE TABLE `audios` (
  `id` int(11) NOT NULL AUTO_INCREMENT,
  `data` timestamp NOT NULL DEFAULT current_timestamp(),
  `titulo` text DEFAULT NULL,
  `descricao` text DEFAULT NULL,
  `secao` int(11) NOT NULL DEFAULT 0,
  `entidade` int(11) NOT NULL DEFAULT 0,
  PRIMARY KEY (`id`),
  KEY `entidade` (`entidade`),
  KEY `secao` (`secao`)
) ENGINE=MyISAM AUTO_INCREMENT=3 DEFAULT CHARSET=latin1 COLLATE=latin1_swedish_ci ROW_FORMAT=DYNAMIC;

--
-- Dumping data for table `audios`
--

INSERT INTO `audios` (`id`, `data`, `titulo`, `descricao`, `secao`, `entidade`) VALUES (1,'2024-05-16 03:00:00','Hino Nacional','',1,1),(2,'2024-05-16 03:00:00','Hino à Bandeira','',1,1);

--
-- Table structure for table `audios_arquivos`
--

CREATE TABLE `audios_arquivos` (
  `id` int(11) NOT NULL AUTO_INCREMENT,
  `audio` int(11) NOT NULL,
  `path` text NOT NULL,
  `arquivo` text NOT NULL,
  `legenda` text DEFAULT NULL,
  `tipo` varchar(50) DEFAULT NULL,
  `data` date DEFAULT NULL,
  PRIMARY KEY (`id`),
  KEY `audio` (`audio`)
) ENGINE=MyISAM AUTO_INCREMENT=3 DEFAULT CHARSET=latin1 COLLATE=latin1_swedish_ci ROW_FORMAT=DYNAMIC;

--
-- Dumping data for table `audios_arquivos`
--

INSERT INTO `audios_arquivos` (`id`, `audio`, `path`, `arquivo`, `legenda`, `tipo`, `data`) VALUES (1,1,'zHD/audios/1/1/','mp3-hino-nacional (0898442001715832405).mp3',NULL,NULL,'2024-05-16'),(2,2,'zHD/audios/1/2/','Hino a Bandeira com Coral (0401323001715832455).mp3',NULL,NULL,'2024-05-16');

--
-- Table structure for table `audios_secoes`
--

CREATE TABLE `audios_secoes` (
  `id` int(11) NOT NULL AUTO_INCREMENT,
  `entidade` int(11) NOT NULL DEFAULT 0,
  `nome` varchar(250) NOT NULL,
  PRIMARY KEY (`id`),
  KEY `entidade` (`entidade`)
) ENGINE=MyISAM AUTO_INCREMENT=2 DEFAULT CHARSET=latin1 COLLATE=latin1_swedish_ci ROW_FORMAT=DYNAMIC;

--
-- Dumping data for table `audios_secoes`
--

INSERT INTO `audios_secoes` (`id`, `entidade`, `nome`) VALUES (1,1,'Áudios');

--
-- Table structure for table `blocos`
--

CREATE TABLE `blocos` (
  `id` int(11) NOT NULL AUTO_INCREMENT,
  `usuario` int(11) NOT NULL DEFAULT 0,
  `secao` int(11) NOT NULL DEFAULT 0,
  `texto` text DEFAULT NULL,
  `entidade` int(11) NOT NULL,
  PRIMARY KEY (`id`),
  KEY `secao` (`secao`),
  KEY `entidade` (`entidade`)
) ENGINE=MyISAM AUTO_INCREMENT=3 DEFAULT CHARSET=latin1 COLLATE=latin1_swedish_ci ROW_FORMAT=DYNAMIC;

--
-- Dumping data for table `blocos`
--

INSERT INTO `blocos` (`id`, `usuario`, `secao`, `texto`, `entidade`) VALUES (1,1,1,'<h3><b>Unidade 1</b></h3><div>Endereço:</div><div>Telefones:</div><div>e-Mail:<br></div><div>Lorem ipsão dolor sít amçet, consectetur adipiscing elit. Sed vehicula id odio quis<br></div><div><br></div><div><h3><b>Unidade 2</b></h3><div>Endereço:</div><div>Telefones:</div><div>e-Mail:<br></div><div>Lorem ipsão dolor sít amçet, consectetur adipiscing elit. Sed vehicula id odio quis<br></div><div><br></div><div><h3><b>Unidade 3</b></h3><div>Endereço:</div><div>Telefones:</div><div>e-Mail:<br></div><div>Lorem ipsão dolor sít amçet, consectetur adipiscing elit. Sed vehicula id odio quis<br></div><div><br></div><div><h3><b>Unidade 4</b></h3><div>Endereço:</div><div>Telefones:</div><div>e-Mail:<br></div><div>Lorem ipsão dolor sít amçet, consectetur adipiscing elit. Sed vehicula id odio quis<br></div></div></div></div>',1),(2,1,2,'<h3><b>Endereço e Contatos</b></h3><p><br></p><p>Endereço:</p><p>Telefone:</p><p>WhatsApp:</p><p>e-Mail:</p><p>Observações:</p><p>Lorem ipsão dolor sít amçet, consectetur adipiscing elit. Sed vehicula id odio quis</p>',1);

--
-- Table structure for table `blocos_secoes`
--

CREATE TABLE `blocos_secoes` (
  `id` int(11) NOT NULL AUTO_INCREMENT,
  `nome` varchar(250) NOT NULL,
  `entidade` int(11) NOT NULL DEFAULT 0,
  PRIMARY KEY (`id`),
  KEY `entidade` (`entidade`)
) ENGINE=MyISAM AUTO_INCREMENT=3 DEFAULT CHARSET=latin1 COLLATE=latin1_swedish_ci ROW_FORMAT=DYNAMIC;

--
-- Dumping data for table `blocos_secoes`
--

INSERT INTO `blocos_secoes` (`id`, `nome`, `entidade`) VALUES (1,'Contatos Unidades',1),(2,'Contatos',1);

--
-- Table structure for table `carrossel`
--

CREATE TABLE `carrossel` (
  `id` int(11) NOT NULL AUTO_INCREMENT,
  `data` timestamp NOT NULL DEFAULT current_timestamp(),
  `titulo` text NOT NULL,
  `secao` int(11) NOT NULL DEFAULT 0,
  `status` int(11) NOT NULL DEFAULT 1,
  `entidade` int(11) NOT NULL DEFAULT 0,
  PRIMARY KEY (`id`),
  KEY `secao` (`secao`),
  KEY `entidade` (`entidade`),
  KEY `status` (`status`)
) ENGINE=MyISAM AUTO_INCREMENT=2 DEFAULT CHARSET=latin1 COLLATE=latin1_swedish_ci ROW_FORMAT=DYNAMIC;

--
-- Dumping data for table `carrossel`
--

INSERT INTO `carrossel` (`id`, `data`, `titulo`, `secao`, `status`, `entidade`) VALUES (1,'2024-05-15 06:44:53','Web',2,1,1);

--
-- Table structure for table `carrossel_arquivos`
--

CREATE TABLE `carrossel_arquivos` (
  `id` int(11) NOT NULL AUTO_INCREMENT,
  `carrossel` int(11) NOT NULL,
  `path` text NOT NULL,
  `arquivo` text NOT NULL,
  `imagem` text DEFAULT NULL,
  `imagem_status` int(11) NOT NULL DEFAULT 1,
  `titulo` text DEFAULT NULL,
  `subtitulo` text DEFAULT NULL,
  `texto` text DEFAULT NULL,
  `link` text DEFAULT NULL,
  `status` int(11) NOT NULL DEFAULT 1,
  `ordem` int(11) NOT NULL DEFAULT 0,
  PRIMARY KEY (`id`),
  KEY `carrossel` (`carrossel`),
  KEY `ordem` (`ordem`),
  KEY `status` (`status`)
) ENGINE=MyISAM AUTO_INCREMENT=2 DEFAULT CHARSET=latin1 COLLATE=latin1_swedish_ci ROW_FORMAT=DYNAMIC;

--
-- Dumping data for table `carrossel_arquivos`
--

INSERT INTO `carrossel_arquivos` (`id`, `carrossel`, `path`, `arquivo`, `imagem`, `imagem_status`, `titulo`, `subtitulo`, `texto`, `link`, `status`, `ordem`) VALUES (1,1,'zHD/carrossel/1/1/','Carrossel (0104389001715755549).jpg','0671837001715755723.png',1,'SITES E PORTAIS','Ilustrativo','Este site é ilustrativo, para demonstração e vendas. Navegue, veja \"Modelos\" e \"Outros Sites\" no menu. Rápido e econômico é instalado em até 1 hora. Para comprar ou vender nossos sites, chame no WhatsApp nou vá para nossa página de vendas, ícones abaixo',NULL,1,0);

--
-- Table structure for table `carrossel_secoes`
--

CREATE TABLE `carrossel_secoes` (
  `id` int(11) NOT NULL AUTO_INCREMENT,
  `entidade` int(11) NOT NULL DEFAULT 0,
  `nome` varchar(250) NOT NULL,
  PRIMARY KEY (`id`),
  KEY `entidade` (`entidade`)
) ENGINE=MyISAM AUTO_INCREMENT=3 DEFAULT CHARSET=latin1 COLLATE=latin1_swedish_ci ROW_FORMAT=DYNAMIC;

--
-- Dumping data for table `carrossel_secoes`
--

INSERT INTO `carrossel_secoes` (`id`, `entidade`, `nome`) VALUES (1,1,'Mobile'),(2,1,'Web');

--
-- Table structure for table `classificados`
--

CREATE TABLE `classificados` (
  `id` int(11) NOT NULL AUTO_INCREMENT,
  `usuario` int(11) NOT NULL DEFAULT 0,
  `titulo` text NOT NULL,
  `tag` text NOT NULL,
  `subtitulo` text DEFAULT NULL,
  `texto` longtext DEFAULT NULL,
  `codigo` varchar(25) NOT NULL,
  `secao` text NOT NULL,
  `valor` text DEFAULT NULL,
  `capa` int(11) DEFAULT 0,
  `data` date DEFAULT NULL,
  `destaque` int(11) DEFAULT 0,
  `entidade` int(11) NOT NULL,
  `status` int(11) DEFAULT 1,
  `contador` int(11) DEFAULT 0,
  PRIMARY KEY (`id`)
) ENGINE=MyISAM AUTO_INCREMENT=9 DEFAULT CHARSET=latin1 COLLATE=latin1_swedish_ci ROW_FORMAT=DYNAMIC;

--
-- Dumping data for table `classificados`
--

INSERT INTO `classificados` (`id`, `usuario`, `titulo`, `tag`, `subtitulo`, `texto`, `codigo`, `secao`, `valor`, `capa`, `data`, `destaque`, `entidade`, `status`, `contador`) VALUES (1,1,'Promoção de Adminssão','promocaodeadminssao','','<p>Duis non laoreet eros. Vestibulum porta neque eleifend erat tempus, vitae sagittis elit sodales. Sed convallis erat quis iaculis vestibulum. Curabitur sit amet purus et tellus consectetur vehicula. Suspendisse condimentum bibendum ante in adipiscing. Aliquam dignissim nisl eget arcu convallis, in viverra risus consequat. Pellentesque dictum gravida lacinia.</p><p><br></p><p>Lorem ipsão dolor sít amçet, consectetur adipiscing elit. Sed vehicula id odio quis rhoncus. Donec ullamcorper, lectus in dictum porta, urna nisl tincidunt metus, at iaculis nunc sem vitae diam. Etiam quam orci, volutpat a justo non, pretium condimentum felis. Duis id elementum arcu. Mauris pharetra dui molestie tortor imperdiet. Duis non laoreet eros. Vestibulum porta neque eleifend erat tempus, vitae sagittis elit sodales. Sed convallis erat quis iaculis vestibulum. </p>','VyAU1c98NFn4MWTkeSYPvj9hw','Promoções','R$ 98,00',1,'2024-05-16',1,1,1,56),(2,1,'Promoção volta as aulas','promocaovoltaasaulas','Duis non laoreet eros. Vestibulum porta neque eleifend erat tempus, vi','<p>Duis non laoreet eros. Vestibulum porta neque eleifend erat tempus, vitae sagittis elit sodales. Sed convallis erat quis iaculis vestibulum. Curabitur sit amet purus et tellus consectetur vehicula. Suspendisse condimentum bibendum ante in adipiscing. Aliquam dignissim nisl eget arcu convallis, in viverra risus consequat. Pellentesque dictum gravida lacinia.</p><p><br></p><p>Lorem ipsão dolor sít amçet, consectetur adipiscing elit. Sed vehicula id odio quis rhoncus. Donec ullamcorper, lectus in dictum porta, urna nisl tincidunt metus, at iaculis nunc sem vitae diam. Etiam quam orci, volutpat a justo non, pretium condimentum felis. Duis id elementum arcu. Mauris pharetra dui molestie tortor imperdiet. Duis non laoreet eros. Vestibulum porta neque eleifend erat tempus, vitae sagittis elit sodales. Sed convallis erat quis iaculis vestibulum. </p>','FoJMPMDgfBgQwTaffwiHukljN','Promoções','R$ 98,00',2,'2024-05-16',1,1,1,46),(3,1,'Promoção curso de letras','promocaocursodeletras','Duis non laoreet eros. Vestibulum porta neque eleifend erat tempus, vitae s','<p>Duis non laoreet eros. Vestibulum porta neque eleifend erat tempus, vitae sagittis elit sodales. Sed convallis erat quis iaculis vestibulum. Curabitur sit amet purus et tellus consectetur vehicula. Suspendisse condimentum bibendum ante in adipiscing. Aliquam dignissim nisl eget arcu convallis, in viverra risus consequat. Pellentesque dictum gravida lacinia.</p><p><br></p><p>Lorem ipsão dolor sít amçet, consectetur adipiscing elit. Sed vehicula id odio quis rhoncus. Donec ullamcorper, lectus in dictum porta, urna nisl tincidunt metus, at iaculis nunc sem vitae diam. Etiam quam orci, volutpat a justo non, pretium condimentum felis. Duis id elementum arcu. Mauris pharetra dui molestie tortor imperdiet. Duis non laoreet eros. Vestibulum porta neque eleifend erat tempus, vitae sagittis elit sodales. Sed convallis erat quis iaculis vestibulum. </p>','fEpYkgACd6tujGo9S4UiFbtt4','Promoções','R$ xx,xx',3,'2024-05-16',1,1,1,69),(4,1,'Promoção de boas vindas','promocaodeboasvindas','Duis non laoreet eros. Vestibulum porta neque eleifend erat temp','<p>Duis non laoreet eros. Vestibulum porta neque eleifend erat tempus, vitae sagittis elit sodales. Sed convallis erat quis iaculis vestibulum. Curabitur sit amet purus et tellus consectetur vehicula. Suspendisse condimentum bibendum ante in adipiscing. Aliquam dignissim nisl eget arcu convallis, in viverra risus consequat. Pellentesque dictum gravida lacinia.</p><p><br></p><p>Lorem ipsão dolor sít amçet, consectetur adipiscing elit. Sed vehicula id odio quis rhoncus. Donec ullamcorper, lectus in dictum porta, urna nisl tincidunt metus, at iaculis nunc sem vitae diam. Etiam quam orci, volutpat a justo non, pretium condimentum felis. Duis id elementum arcu. Mauris pharetra dui molestie tortor imperdiet. Duis non laoreet eros. Vestibulum porta neque eleifend erat tempus, vitae sagittis elit sodales. Sed convallis erat quis iaculis vestibulum.&nbsp;</p>','rXaRLwSwOJXgEQ7ruIWRf02Fn','Promoções','R$ xx,xx',4,'2024-05-16',1,1,1,43),(5,1,'Livros Didáticos','livrosdidaticos','Duis non laoreet eros. Vestibulum porta neque eleifend erat tempus, ','<p>Duis non laoreet eros. Vestibulum porta neque eleifend erat tempus, vitae sagittis elit sodales. Sed convallis erat quis iaculis vestibulum. Curabitur sit amet purus et tellus consectetur vehicula. Suspendisse condimentum bibendum ante in adipiscing. Aliquam dignissim nisl eget arcu convallis, in viverra risus consequat. Pellentesque dictum gravida lacinia.</p><p><br></p><p>Lorem ipsão dolor sít amçet, consectetur adipiscing elit. Sed vehicula id odio quis rhoncus. Donec ullamcorper, lectus in dictum porta, urna nisl tincidunt metus, at iaculis nunc sem vitae diam. Etiam quam orci, volutpat a justo non, pretium condimentum felis. Duis id elementum arcu. Mauris pharetra dui molestie tortor imperdiet. Duis non laoreet eros. Vestibulum porta neque eleifend erat tempus, vitae sagittis elit sodales. Sed convallis erat quis iaculis vestibulum.&nbsp;</p>','upLnapUw5oKYEZbEi0JqLyc9I','Produtos','R$ xx,xx',5,'2024-05-17',1,1,1,80),(6,1,'Cadernos','cadernos','Duis non laoreet eros. Vestibulum porta neque eleifend erat tempus, vitae sagittis elit ','<p>Duis non laoreet eros. Vestibulum porta neque eleifend erat tempus, vitae sagittis elit sodales. Sed convallis erat quis iaculis vestibulum. Curabitur sit amet purus et tellus consectetur vehicula. Suspendisse condimentum bibendum ante in adipiscing. Aliquam dignissim nisl eget arcu convallis, in viverra risus consequat. Pellentesque dictum gravida lacinia.</p><p><br></p><p>Lorem ipsão dolor sít amçet, consectetur adipiscing elit. Sed vehicula id odio quis rhoncus. Donec ullamcorper, lectus in dictum porta, urna nisl tincidunt metus, at iaculis nunc sem vitae diam. Etiam quam orci, volutpat a justo non, pretium condimentum felis. Duis id elementum arcu. Mauris pharetra dui molestie tortor imperdiet. Duis non laoreet eros. Vestibulum porta neque eleifend erat tempus, vitae sagittis elit sodales. Sed convallis erat quis iaculis vestibulum.&nbsp;</p>','954EhzMyHH9SLvv9niMMom2HE','Produtos','R$ xx,xx',6,'2024-05-17',1,1,1,95),(7,1,'Kit Material Escolar Completo','kitmaterialescolarcompleto','Duis non laoreet eros. Vestibulum porta neque eleifend erat tempus,','<p>Duis non laoreet eros. Vestibulum porta neque eleifend erat tempus, vitae sagittis elit sodales. Sed convallis erat quis iaculis vestibulum. Curabitur sit amet purus et tellus consectetur vehicula. Suspendisse condimentum bibendum ante in adipiscing. Aliquam dignissim nisl eget arcu convallis, in viverra risus consequat. Pellentesque dictum gravida lacinia.</p><p><br></p><p>Lorem ipsão dolor sít amçet, consectetur adipiscing elit. Sed vehicula id odio quis rhoncus. Donec ullamcorper, lectus in dictum porta, urna nisl tincidunt metus, at iaculis nunc sem vitae diam. Etiam quam orci, volutpat a justo non, pretium condimentum felis. Duis id elementum arcu. Mauris pharetra dui molestie tortor imperdiet. Duis non laoreet eros. Vestibulum porta neque eleifend erat tempus, vitae sagittis elit sodales. Sed convallis erat quis iaculis vestibulum.&nbsp;</p>','TEYuuN3r9ikGwQ1QGzH70T5TN','Produtos','R$ xx,00',7,'2024-05-17',1,1,1,89),(8,1,'Mochila','mochila','Duis non laoreet eros. Vestibulum porta neque eleifend erat tempus','<p>Duis non laoreet eros. Vestibulum porta neque eleifend erat tempus, vitae sagittis elit sodales. Sed convallis erat quis iaculis vestibulum. Curabitur sit amet purus et tellus consectetur vehicula. Suspendisse condimentum bibendum ante in adipiscing. Aliquam dignissim nisl eget arcu convallis, in viverra risus consequat. Pellentesque dictum gravida lacinia.</p><p><br></p><p>Lorem ipsão dolor sít amçet, consectetur adipiscing elit. Sed vehicula id odio quis rhoncus. Donec ullamcorper, lectus in dictum porta, urna nisl tincidunt metus, at iaculis nunc sem vitae diam. Etiam quam orci, volutpat a justo non, pretium condimentum felis. Duis id elementum arcu. Mauris pharetra dui molestie tortor imperdiet. Duis non laoreet eros. Vestibulum porta neque eleifend erat tempus, vitae sagittis elit sodales. Sed convallis erat quis iaculis vestibulum.&nbsp;</p>','y33dDDpGD6GhC1oCTxhGUl8Bi','Produtos','R$ xx,xx',8,'2024-05-17',1,1,1,79);

--
-- Table structure for table `classificados_arquivos`
--

CREATE TABLE `classificados_arquivos` (
  `id` int(11) NOT NULL AUTO_INCREMENT,
  `codigo` varchar(25) NOT NULL,
  `path` text NOT NULL,
  `arquivo` text NOT NULL,
  `legenda` text DEFAULT NULL,
  `tipo` varchar(50) DEFAULT NULL,
  PRIMARY KEY (`id`)
) ENGINE=MyISAM AUTO_INCREMENT=9 DEFAULT CHARSET=latin1 COLLATE=latin1_swedish_ci ROW_FORMAT=DYNAMIC;

--
-- Dumping data for table `classificados_arquivos`
--

INSERT INTO `classificados_arquivos` (`id`, `codigo`, `path`, `arquivo`, `legenda`, `tipo`) VALUES (1,'VyAU1c98NFn4MWTkeSYPvj9hw','zHD/classificados/1/VyAU1c98NFn4MWTkeSYPvj9hw/imagens/','0136229001715829939.jpg',NULL,'capa'),(2,'FoJMPMDgfBgQwTaffwiHukljN','zHD/classificados/1/FoJMPMDgfBgQwTaffwiHukljN/imagens/','0856352001715830054.jpg',NULL,'capa'),(3,'fEpYkgACd6tujGo9S4UiFbtt4','zHD/classificados/1/fEpYkgACd6tujGo9S4UiFbtt4/imagens/','0111160001715830221.jpg',NULL,'capa'),(4,'rXaRLwSwOJXgEQ7ruIWRf02Fn','zHD/classificados/1/rXaRLwSwOJXgEQ7ruIWRf02Fn/imagens/','0246818001715830353.jpg',NULL,'capa'),(5,'upLnapUw5oKYEZbEi0JqLyc9I','zHD/classificados/1/upLnapUw5oKYEZbEi0JqLyc9I/imagens/','0590341001715930019.jpg',NULL,'capa'),(6,'954EhzMyHH9SLvv9niMMom2HE','zHD/classificados/1/954EhzMyHH9SLvv9niMMom2HE/imagens/','0708671001715930241.jpg',NULL,'capa'),(7,'TEYuuN3r9ikGwQ1QGzH70T5TN','zHD/classificados/1/TEYuuN3r9ikGwQ1QGzH70T5TN/imagens/','0169940001715930351.jpg',NULL,'capa'),(8,'y33dDDpGD6GhC1oCTxhGUl8Bi','zHD/classificados/1/y33dDDpGD6GhC1oCTxhGUl8Bi/imagens/','0926673001715930428.jpg',NULL,'capa');

--
-- Table structure for table `classificados_links`
--

CREATE TABLE `classificados_links` (
  `id` int(11) NOT NULL AUTO_INCREMENT,
  `codigo` varchar(25) NOT NULL,
  `titulo` text DEFAULT NULL,
  `link` text NOT NULL,
  PRIMARY KEY (`id`)
) ENGINE=MyISAM DEFAULT CHARSET=latin1 COLLATE=latin1_swedish_ci ROW_FORMAT=DYNAMIC;

--
-- Dumping data for table `classificados_links`
--


--
-- Table structure for table `classificados_videos`
--

CREATE TABLE `classificados_videos` (
  `id` int(11) NOT NULL AUTO_INCREMENT,
  `codigo` varchar(25) NOT NULL,
  `titulo` text DEFAULT NULL,
  `link` text NOT NULL,
  PRIMARY KEY (`id`)
) ENGINE=MyISAM DEFAULT CHARSET=latin1 COLLATE=latin1_swedish_ci ROW_FORMAT=DYNAMIC;

--
-- Dumping data for table `classificados_videos`
--


--
-- Table structure for table `contatos`
--

CREATE TABLE `contatos` (
  `id` int(11) NOT NULL AUTO_INCREMENT,
  `usuario` int(11) NOT NULL DEFAULT 0,
  `secao` int(11) NOT NULL DEFAULT 0,
  `texto` text DEFAULT NULL,
  `entidade` int(11) NOT NULL,
  PRIMARY KEY (`id`),
  KEY `secao` (`secao`),
  KEY `entidade` (`entidade`)
) ENGINE=MyISAM AUTO_INCREMENT=2 DEFAULT CHARSET=latin1 COLLATE=latin1_swedish_ci ROW_FORMAT=DYNAMIC;

--
-- Dumping data for table `contatos`
--

INSERT INTO `contatos` (`id`, `usuario`, `secao`, `texto`, `entidade`) VALUES (1,1,1,'<p><h3><b>Unidade 1</b></h3>Nome:<br>Endereço:<br>Telefone:<br>WhatsApp:<br>e-Mail</p><p><br></p><p><h3><b>Unidade 2</b></h3>Nome:<br>Endereço:<br>Telefone:<br>WhatsApp:<br>e-Mail</p><p><br></p><p><h3><b>Unidade 3</b></h3>Nome:<br>Endereço:<br>Telefone:<br>WhatsApp:<br>e-Mail</p><p><br></p><p><h3><b>Unidade 4</b></h3>Nome:<br>Endereço:<br>Telefone:<br>WhatsApp:<br>e-Mail<br></p>',1);

--
-- Table structure for table `contatos_secoes`
--

CREATE TABLE `contatos_secoes` (
  `id` int(11) NOT NULL AUTO_INCREMENT,
  `nome` varchar(250) NOT NULL,
  `entidade` int(11) NOT NULL DEFAULT 0,
  PRIMARY KEY (`id`),
  KEY `nome` (`nome`)
) ENGINE=MyISAM AUTO_INCREMENT=2 DEFAULT CHARSET=latin1 COLLATE=latin1_swedish_ci ROW_FORMAT=DYNAMIC;

--
-- Dumping data for table `contatos_secoes`
--

INSERT INTO `contatos_secoes` (`id`, `nome`, `entidade`) VALUES (1,'Unidades',1);

--
-- Table structure for table `downloads`
--

CREATE TABLE `downloads` (
  `id` int(11) NOT NULL AUTO_INCREMENT,
  `usuario` int(11) NOT NULL DEFAULT 0,
  `secao` int(11) NOT NULL DEFAULT 0,
  `titulo` text NOT NULL,
  `texto` text DEFAULT NULL,
  `codigo` varchar(25) NOT NULL,
  `data` date DEFAULT NULL,
  `entidade` int(11) NOT NULL,
  PRIMARY KEY (`id`),
  KEY `secao` (`secao`),
  KEY `entidade` (`entidade`)
) ENGINE=MyISAM AUTO_INCREMENT=5 DEFAULT CHARSET=latin1 COLLATE=latin1_swedish_ci ROW_FORMAT=DYNAMIC;

--
-- Dumping data for table `downloads`
--

INSERT INTO `downloads` (`id`, `usuario`, `secao`, `titulo`, `texto`, `codigo`, `data`, `entidade`) VALUES (1,1,2,'Calendário de Protvas 1º Semestre','Duis non laoreet eros. Vestibulum porta neque eleifend erat tempus, vitae sagittis elit sodales. Sed convallis erat quis iaculis vestibulum. Curabitur sit amet purus et tellus consectetur vehicula. Suspendisse condimentum bibendum ante in adipiscing. Aliquam dignissim nisl eget arcu convallis, in viverra risus consequat. Pellentesque dictum gravida lacinia.','meIsUcDkNpieSR12H93momivK','2024-05-16',1),(2,1,2,'Calendário de Provas 2º Semestre','Duis non laoreet eros. Vestibulum porta neque eleifend erat tempus, vitae sagittis elit sodales. Sed convallis erat quis iaculis vestibulum. Curabitur sit amet purus et tellus consectetur vehicula. Suspendisse condimentum bibendum ante in adipiscing. Aliquam dignissim nisl eget arcu convallis, in viverra risus consequat. Pellentesque dictum gravida lacinia.','xm9H4sN963ZPoMj4m2bnvMN71','2024-05-16',1),(3,1,3,'Calendário Escolar 2024','Duis non laoreet eros. Vestibulum porta neque eleifend erat tempus, vitae sagittis elit sodales. Sed convallis erat quis iaculis vestibulum. Curabitur sit amet purus et tellus consectetur vehicula. Suspendisse condimentum bibendum ante in adipiscing. Aliquam dignissim nisl eget arcu convallis, in viverra risus consequat. Pellentesque dictum gravida lacinia.','o6hXeMhnQsqlwiU6FhThQwWRP','2024-05-16',1),(4,1,4,'Lista de Materiaís 2024','Duis non laoreet eros. Vestibulum porta neque eleifend erat tempus, vitae sagittis elit sodales. Sed convallis erat quis iaculis vestibulum. Curabitur sit amet purus et tellus consectetur vehicula. Suspendisse condimentum bibendum ante in adipiscing. Aliquam dignissim nisl eget arcu convallis, in viverra risus consequat. Pellentesque dictum gravida lacinia.','J528XHEkScZEk2MpWMZdrvhIX','2024-05-17',1);

--
-- Table structure for table `downloads_arquivos`
--

CREATE TABLE `downloads_arquivos` (
  `id` int(11) NOT NULL AUTO_INCREMENT,
  `codigo` varchar(25) NOT NULL,
  `path` text NOT NULL,
  `arquivo` text NOT NULL,
  `legenda` text DEFAULT NULL,
  `tipo` varchar(50) DEFAULT NULL,
  `data` date DEFAULT NULL,
  `views` int(11) NOT NULL DEFAULT 0,
  PRIMARY KEY (`id`),
  KEY `codigo` (`codigo`)
) ENGINE=MyISAM AUTO_INCREMENT=9 DEFAULT CHARSET=latin1 COLLATE=latin1_swedish_ci ROW_FORMAT=DYNAMIC;

--
-- Dumping data for table `downloads_arquivos`
--

INSERT INTO `downloads_arquivos` (`id`, `codigo`, `path`, `arquivo`, `legenda`, `tipo`, `data`, `views`) VALUES (3,'xm9H4sN963ZPoMj4m2bnvMN71','zHD/downloads/1/xm9H4sN963ZPoMj4m2bnvMN71/arquivos/','calendario-provas (0498514001715845187).jpg',NULL,'arquivo','2024-05-16',0),(2,'meIsUcDkNpieSR12H93momivK','zHD/downloads/1/meIsUcDkNpieSR12H93momivK/arquivos/','calendario-provas (0611462001715844973).jpg',NULL,'arquivo','2024-05-16',2),(4,'o6hXeMhnQsqlwiU6FhThQwWRP','zHD/downloads/1/o6hXeMhnQsqlwiU6FhThQwWRP/arquivos/','calendario-letivo1 (0305303001715845439).jpg',NULL,'arquivo','2024-05-16',3),(5,'J528XHEkScZEk2MpWMZdrvhIX','zHD/downloads/1/J528XHEkScZEk2MpWMZdrvhIX/arquivos/','Documento Ilustrativo 1 (0658374001715918708).pdf','Lista de Materiaís Ensino Médio','arquivo','2024-05-17',2),(6,'J528XHEkScZEk2MpWMZdrvhIX','zHD/downloads/1/J528XHEkScZEk2MpWMZdrvhIX/arquivos/','Documento Ilustrativo 3 (0658405001715918708).pdf','Lista de Materiaís Ensino Fundamental II','arquivo','2024-05-17',0),(7,'J528XHEkScZEk2MpWMZdrvhIX','zHD/downloads/1/J528XHEkScZEk2MpWMZdrvhIX/arquivos/','Documento Ilustrativo 2 (0658375001715918708).pdf','Lista de Materiaís Ensino Fundamental I','arquivo','2024-05-17',0),(8,'J528XHEkScZEk2MpWMZdrvhIX','zHD/downloads/1/J528XHEkScZEk2MpWMZdrvhIX/arquivos/','Deteccao-precoce-do-cancer (0511827001715918721).pdf','Lista de Materiaís Educação Infantil','arquivo','2024-05-17',0);

--
-- Table structure for table `downloads_secoes`
--

CREATE TABLE `downloads_secoes` (
  `id` int(11) NOT NULL AUTO_INCREMENT,
  `nome` varchar(250) NOT NULL,
  `entidade` int(11) NOT NULL DEFAULT 0,
  PRIMARY KEY (`id`),
  KEY `entidade` (`entidade`)
) ENGINE=MyISAM AUTO_INCREMENT=5 DEFAULT CHARSET=latin1 COLLATE=latin1_swedish_ci ROW_FORMAT=DYNAMIC;

--
-- Dumping data for table `downloads_secoes`
--

INSERT INTO `downloads_secoes` (`id`, `nome`, `entidade`) VALUES (2,'Calendário de Provas',1),(3,'Calendário Escolar',1),(4,'Lista de Materiaís',1);

--
-- Table structure for table `enquetes`
--

CREATE TABLE `enquetes` (
  `id` int(11) NOT NULL AUTO_INCREMENT,
  `usuario` int(11) NOT NULL DEFAULT 0,
  `titulo` text NOT NULL,
  `tag` text NOT NULL,
  `texto` text DEFAULT NULL,
  `secao` int(11) NOT NULL,
  `data` datetime DEFAULT current_timestamp(),
  `entidade` int(11) NOT NULL,
  `status` int(11) DEFAULT 1,
  PRIMARY KEY (`id`),
  KEY `entidade` (`entidade`)
) ENGINE=MyISAM AUTO_INCREMENT=404 DEFAULT CHARSET=latin1 COLLATE=latin1_swedish_ci ROW_FORMAT=DYNAMIC;

--
-- Dumping data for table `enquetes`
--

INSERT INTO `enquetes` (`id`, `usuario`, `titulo`, `tag`, `texto`, `secao`, `data`, `entidade`, `status`) VALUES (392,1,'Que língua você gostaria de aprender em nosso colégio?','quelinguavocegostariadeaprenderemnossocolegio','Texto opcional.',156,'2017-10-02 00:00:00',1,1),(393,1,'Que matéria te atrai mais no Ensino Médio?','quemateriateatraimaisnoensinomedio','Texto opcional.',156,'2017-10-03 00:00:00',1,1),(398,1,'Qual sua opinião sobre os esforços da Prefeitura Municipal em favor do meio ambiente?','qualsuaopiniaosobreosesforcosdaprefeituramunicipalemfavordomeioambiente','',157,'2018-09-22 00:00:00',5,1),(400,1,'Eleja as prioridades do nosso Município','elejaasprioridadesdonossomunicipio','Lorem ipsão dolor sít amçet, consectetur adipiscing elit. Sed vehicula id odio quis rhoncus. Donec ullamcorper, lectus in dictum porta, urna nisl tincidunt metus, at iaculis nunc sem vitae diam. Etiam quam orci, volutpat a justo non, pretium condimentum felis. Duis id elementum arcu. Mauris pharetra dui molestie tortor imperdiet. ',158,'2018-10-01 00:00:00',23,1),(401,1,'Qual sua opinião sobre os esforços da Prefeitura Municipal em favor do meio ambiente?','qualsuaopiniaosobreosesforcosdaprefeituramunicipalemfavordomeioambiente_1','Lorem ipsão dolor sít amçet, consectetur adipiscing elit. Sed vehicula id odio quis rhoncus. Donec ullamcorper, lectus in dictum porta, urna nisl tincidunt metus, at iaculis nunc sem vitae diam. Etiam quam orci, volutpat a justo non, pretium condimentum felis. Duis id elementum arcu. Mauris pharetra dui molestie tortor imperdiet. ',159,'2018-10-01 00:00:00',23,1),(402,1,'Como você classifica a equipe de professores das nossas escolas municipais','comovoceclassificaaequipedeprofessoresdasnossasescolasmunicipais','',160,'2018-10-13 00:00:00',4,1);

--
-- Table structure for table `enquetes_opcoes`
--

CREATE TABLE `enquetes_opcoes` (
  `id` int(11) NOT NULL AUTO_INCREMENT,
  `enquete` int(11) NOT NULL DEFAULT 0,
  `titulo` text DEFAULT NULL,
  `votos` int(11) NOT NULL DEFAULT 0,
  PRIMARY KEY (`id`),
  KEY `enquete` (`enquete`)
) ENGINE=MyISAM AUTO_INCREMENT=179 DEFAULT CHARSET=latin1 COLLATE=latin1_swedish_ci ROW_FORMAT=DYNAMIC;

--
-- Dumping data for table `enquetes_opcoes`
--

INSERT INTO `enquetes_opcoes` (`id`, `enquete`, `titulo`, `votos`) VALUES (172,393,'Matemática',2),(171,393,'Português',1),(170,392,'Inglês',1),(169,392,'Francês',2),(165,402,'Excelente',120),(166,402,'Boa',18),(167,402,'Poderia ser melhor',5),(168,402,'Insatisfatório',2),(174,393,'Geografia',1),(175,393,'Ciências',1),(176,392,'Espanhol',1),(177,392,'Japonês',1),(178,392,'Alemão',0);

--
-- Table structure for table `enquetes_secoes`
--

CREATE TABLE `enquetes_secoes` (
  `id` int(11) NOT NULL AUTO_INCREMENT,
  `nome` varchar(250) NOT NULL,
  `entidade` int(11) NOT NULL DEFAULT 0,
  PRIMARY KEY (`id`),
  KEY `entidade` (`entidade`)
) ENGINE=MyISAM AUTO_INCREMENT=166 DEFAULT CHARSET=latin1 COLLATE=latin1_swedish_ci ROW_FORMAT=DYNAMIC;

--
-- Dumping data for table `enquetes_secoes`
--

INSERT INTO `enquetes_secoes` (`id`, `nome`, `entidade`) VALUES (156,'Enquetes',1),(157,'Enquetes',5),(158,'Enquetes',23),(159,'Pesquisa',23),(160,'Enquetes',4);

--
-- Table structure for table `enquetes_votos`
--

CREATE TABLE `enquetes_votos` (
  `id` int(11) NOT NULL AUTO_INCREMENT,
  `enquete` int(11) NOT NULL DEFAULT 0,
  `ip` varchar(50) NOT NULL,
  `data` timestamp NOT NULL DEFAULT current_timestamp() ON UPDATE current_timestamp(),
  PRIMARY KEY (`id`),
  KEY `enquete` (`enquete`),
  KEY `ip` (`ip`),
  KEY `data` (`data`)
) ENGINE=MyISAM AUTO_INCREMENT=37 DEFAULT CHARSET=latin1 COLLATE=latin1_swedish_ci ROW_FORMAT=DYNAMIC;

--
-- Dumping data for table `enquetes_votos`
--

INSERT INTO `enquetes_votos` (`id`, `enquete`, `ip`, `data`) VALUES (7,389,'179.126.204.86','2017-09-05 07:28:51'),(6,389,'187.21.41.89','2017-09-04 23:33:58'),(8,389,'179.104.226.237','2017-09-06 15:43:28'),(9,389,'187.21.44.2','2017-09-12 04:37:44'),(10,389,'179.126.202.117','2017-09-14 15:45:39'),(11,392,'187.21.44.2','2017-10-02 03:28:33'),(12,392,'189.15.188.77','2017-10-03 03:48:57'),(13,393,'187.21.44.2','2017-10-03 04:33:28'),(14,394,'187.21.44.2','2017-10-10 13:28:48'),(15,395,'187.21.44.2','2017-10-10 13:30:56'),(16,396,'187.21.44.2','2017-10-10 17:11:24'),(17,396,'189.41.4.133','2017-10-10 17:12:00'),(18,393,'189.41.4.133','2017-10-10 17:12:29'),(19,397,'189.41.182.121','2018-09-22 04:40:50'),(20,398,'187.36.80.6','2018-09-22 07:32:18'),(21,398,'189.41.182.121','2018-09-23 02:32:23'),(22,398,'177.191.50.41','2018-09-24 02:36:03'),(23,393,'177.191.34.164','2018-10-02 06:25:55'),(24,402,'187.36.80.6','2018-10-13 17:41:09'),(25,393,'189.41.178.157','2018-10-13 20:32:09'),(26,392,'189.41.178.157','2018-10-13 20:32:12'),(27,402,'191.176.114.71','2019-10-11 12:00:37'),(28,393,'191.176.114.71','2019-10-14 17:09:04'),(29,392,'191.176.114.71','2019-10-18 09:28:26'),(30,393,'177.235.116.108','2020-07-04 18:23:02'),(31,392,'177.235.116.108','2020-07-04 18:23:15'),(32,403,'177.235.119.218','2023-02-27 08:22:18'),(33,393,'177.235.119.218','2023-04-12 17:44:22'),(34,392,'177.235.119.218','2023-04-12 17:44:50'),(35,393,'177.235.116.67','2024-05-11 06:59:17'),(36,392,'177.235.116.67','2024-05-11 06:59:39');

--
-- Table structure for table `faleconosco`
--

CREATE TABLE `faleconosco` (
  `id` int(11) NOT NULL AUTO_INCREMENT,
  `secao` int(11) NOT NULL DEFAULT 0,
  `nome` varchar(200) DEFAULT NULL,
  `email` varchar(300) DEFAULT NULL,
  `telefone` varchar(300) DEFAULT NULL,
  `mensagem` text DEFAULT NULL,
  `resposta` text DEFAULT NULL,
  `usuario` int(11) DEFAULT 0,
  `entidade` int(11) NOT NULL,
  `status` int(11) NOT NULL DEFAULT 0,
  `data_mensagem` timestamp NULL DEFAULT current_timestamp(),
  `data_resposta` datetime DEFAULT NULL,
  `envio` int(11) NOT NULL DEFAULT 0,
  PRIMARY KEY (`id`),
  KEY `secao` (`secao`),
  KEY `entidade` (`entidade`)
) ENGINE=MyISAM DEFAULT CHARSET=latin1 COLLATE=latin1_swedish_ci ROW_FORMAT=DYNAMIC;

--
-- Dumping data for table `faleconosco`
--


--
-- Table structure for table `faleconosco_secoes`
--

CREATE TABLE `faleconosco_secoes` (
  `id` int(11) NOT NULL AUTO_INCREMENT,
  `nome` varchar(250) NOT NULL,
  `entidade` int(11) NOT NULL DEFAULT 0,
  PRIMARY KEY (`id`),
  KEY `entidade` (`entidade`)
) ENGINE=MyISAM DEFAULT CHARSET=latin1 COLLATE=latin1_swedish_ci ROW_FORMAT=DYNAMIC;

--
-- Dumping data for table `faleconosco_secoes`
--


--
-- Table structure for table `faleconosco_setup`
--

CREATE TABLE `faleconosco_setup` (
  `id` int(11) NOT NULL AUTO_INCREMENT,
  `url_consulta` text DEFAULT NULL,
  `email_email` varchar(100) DEFAULT NULL,
  `email_nome` varchar(100) DEFAULT NULL,
  `email_host` varchar(100) DEFAULT NULL,
  `email_login` varchar(100) DEFAULT NULL,
  `email_senha` varchar(100) DEFAULT NULL,
  `email_porta` varchar(100) DEFAULT NULL,
  `entidade` int(11) NOT NULL DEFAULT 0,
  PRIMARY KEY (`id`)
) ENGINE=MyISAM DEFAULT CHARSET=latin1 COLLATE=latin1_swedish_ci ROW_FORMAT=DYNAMIC;

--
-- Dumping data for table `faleconosco_setup`
--


--
-- Table structure for table `faq`
--

CREATE TABLE `faq` (
  `id` int(11) NOT NULL AUTO_INCREMENT,
  `secao` int(11) NOT NULL DEFAULT 0,
  `pergunta` text DEFAULT NULL,
  `resposta` text DEFAULT NULL,
  `entidade` int(11) NOT NULL,
  `status` int(11) NOT NULL DEFAULT 0,
  PRIMARY KEY (`id`),
  KEY `secao` (`secao`),
  KEY `entidade` (`entidade`)
) ENGINE=MyISAM AUTO_INCREMENT=497 DEFAULT CHARSET=latin1 COLLATE=latin1_swedish_ci ROW_FORMAT=DYNAMIC;

--
-- Dumping data for table `faq`
--

INSERT INTO `faq` (`id`, `secao`, `pergunta`, `resposta`, `entidade`, `status`) VALUES (482,158,'Na Educação Infantil há quantas professoras por turma?E quantos alunos?','Lorem ipsão dolor sít amçet, consectetur adipiscing elit. Sed vehicula id odio quis rhoncus. Donec ullamcorper, lectus in dictum porta, urna nisl tincidunt metus, at iaculis nunc sem vitae diam. Etiam quam orci, volutpat a justo non, pretium condimentum felis. Duis id elementum arcu. Mauris pharetra dui molestie tortor imperdiet. \r\n\r\nDuis non laoreet eros. Vestibulum porta neque eleifend erat tempus, vitae sagittis elit sodales. Sed convallis erat quis iaculis vestibulum. Curabitur sit amet purus et tellus consectetur vehicula. Suspendisse condimentum bibendum ante in adipiscing. Aliquam dignissim nisl eget arcu convallis, in viverra risus consequat. Pellentesque dictum gravida lacinia.',1,1),(483,158,'Quais são os programas acadêmicos oferecidos pelo colégio?','Duis non laoreet eros. Vestibulum porta neque eleifend erat tempus, vitae sagittis elit sodales. Sed convallis erat quis iaculis vestibulum. Curabitur sit amet purus et tellus consectetur vehicula. Suspendisse condimentum bibendum ante in adipiscing. Aliquam dignissim nisl eget arcu convallis, in viverra risus consequat. Pellentesque dictum gravida lacinia.',1,1),(484,158,'Quais são os níveis de ensino disponíveis?','Duis non laoreet eros. Vestibulum porta neque eleifend erat tempus, vitae sagittis elit sodales. Sed convallis erat quis iaculis vestibulum. Curabitur sit amet purus et tellus consectetur vehicula. Suspendisse condimentum bibendum ante in adipiscing. Aliquam dignissim nisl eget arcu convallis, in viverra risus consequat. Pellentesque dictum gravida lacinia.',1,1),(485,158,'Como é o processo de admissão no colégio?','Duis non laoreet eros. Vestibulum porta neque eleifend erat tempus, vitae sagittis elit sodales. Sed convallis erat quis iaculis vestibulum. Curabitur sit amet purus et tellus consectetur vehicula. Suspendisse condimentum bibendum ante in adipiscing. Aliquam dignissim nisl eget arcu convallis, in viverra risus consequat. Pellentesque dictum gravida lacinia.',1,1),(486,158,'Qual é o tamanho médio das turmas?','Duis non laoreet eros. Vestibulum porta neque eleifend erat tempus, vitae sagittis elit sodales. Sed convallis erat quis iaculis vestibulum. Curabitur sit amet purus et tellus consectetur vehicula. Suspendisse condimentum bibendum ante in adipiscing. Aliquam dignissim nisl eget arcu convallis, in viverra risus consequat. Pellentesque dictum gravida lacinia.',1,1),(487,158,'Quais são as qualificações e experiências dos professores?','Duis non laoreet eros. Vestibulum porta neque eleifend erat tempus, vitae sagittis elit sodales. Sed convallis erat quis iaculis vestibulum. Curabitur sit amet purus et tellus consectetur vehicula. Suspendisse condimentum bibendum ante in adipiscing. Aliquam dignissim nisl eget arcu convallis, in viverra risus consequat. Pellentesque dictum gravida lacinia.',1,1),(488,158,'O colégio oferece algum programa extracurricular?','Duis non laoreet eros. Vestibulum porta neque eleifend erat tempus, vitae sagittis elit sodales. Sed convallis erat quis iaculis vestibulum. Curabitur sit amet purus et tellus consectetur vehicula. Suspendisse condimentum bibendum ante in adipiscing. Aliquam dignissim nisl eget arcu convallis, in viverra risus consequat. Pellentesque dictum gravida lacinia.',1,1),(489,158,'Quais são as opções de transporte escolar?','Duis non laoreet eros. Vestibulum porta neque eleifend erat tempus, vitae sagittis elit sodales. Sed convallis erat quis iaculis vestibulum. Curabitur sit amet purus et tellus consectetur vehicula. Suspendisse condimentum bibendum ante in adipiscing. Aliquam dignissim nisl eget arcu convallis, in viverra risus consequat. Pellentesque dictum gravida lacinia.',1,1),(490,158,'O colégio oferece refeições para os alunos?','Duis non laoreet eros. Vestibulum porta neque eleifend erat tempus, vitae sagittis elit sodales. Sed convallis erat quis iaculis vestibulum. Curabitur sit amet purus et tellus consectetur vehicula. Suspendisse condimentum bibendum ante in adipiscing. Aliquam dignissim nisl eget arcu convallis, in viverra risus consequat. Pellentesque dictum gravida lacinia.',1,1),(491,158,'Quais são as instalações disponíveis no colégio?','Duis non laoreet eros. Vestibulum porta neque eleifend erat tempus, vitae sagittis elit sodales. Sed convallis erat quis iaculis vestibulum. Curabitur sit amet purus et tellus consectetur vehicula. Suspendisse condimentum bibendum ante in adipiscing. Aliquam dignissim nisl eget arcu convallis, in viverra risus consequat. Pellentesque dictum gravida lacinia.',1,1),(492,158,'O colégio tem uma política de inclusão para alunos com necessidades especiais?','Duis non laoreet eros. Vestibulum porta neque eleifend erat tempus, vitae sagittis elit sodales. Sed convallis erat quis iaculis vestibulum. Curabitur sit amet purus et tellus consectetur vehicula. Suspendisse condimentum bibendum ante in adipiscing. Aliquam dignissim nisl eget arcu convallis, in viverra risus consequat. Pellentesque dictum gravida lacinia.',1,1),(493,158,'Qual é a política de disciplina do colégio?','Duis non laoreet eros. Vestibulum porta neque eleifend erat tempus, vitae sagittis elit sodales. Sed convallis erat quis iaculis vestibulum. Curabitur sit amet purus et tellus consectetur vehicula. Suspendisse condimentum bibendum ante in adipiscing. Aliquam dignissim nisl eget arcu convallis, in viverra risus consequat. Pellentesque dictum gravida lacinia.',1,1),(494,158,'Como é feita a comunicação entre os pais e a equipe do colégio?','Duis non laoreet eros. Vestibulum porta neque eleifend erat tempus, vitae sagittis elit sodales. Sed convallis erat quis iaculis vestibulum. Curabitur sit amet purus et tellus consectetur vehicula. Suspendisse condimentum bibendum ante in adipiscing. Aliquam dignissim nisl eget arcu convallis, in viverra risus consequat. Pellentesque dictum gravida lacinia.',1,1),(495,158,'O colégio realiza eventos ou atividades especiais ao longo do ano? Quais?','Duis non laoreet eros. Vestibulum porta neque eleifend erat tempus, vitae sagittis elit sodales. Sed convallis erat quis iaculis vestibulum. Curabitur sit amet purus et tellus consectetur vehicula. Suspendisse condimentum bibendum ante in adipiscing. Aliquam dignissim nisl eget arcu convallis, in viverra risus consequat. Pellentesque dictum gravida lacinia.',1,1),(496,158,'Como posso entrar em contato com o colégio para obter mais informações ou agendar uma visita?','Duis non laoreet eros. Vestibulum porta neque eleifend erat tempus, vitae sagittis elit sodales. Sed convallis erat quis iaculis vestibulum. Curabitur sit amet purus et tellus consectetur vehicula. Suspendisse condimentum bibendum ante in adipiscing. Aliquam dignissim nisl eget arcu convallis, in viverra risus consequat. Pellentesque dictum gravida lacinia.',1,1);

--
-- Table structure for table `faq_secoes`
--

CREATE TABLE `faq_secoes` (
  `id` int(11) NOT NULL AUTO_INCREMENT,
  `nome` varchar(250) NOT NULL,
  `entidade` int(11) NOT NULL DEFAULT 0,
  PRIMARY KEY (`id`),
  KEY `entidade` (`entidade`)
) ENGINE=MyISAM AUTO_INCREMENT=159 DEFAULT CHARSET=latin1 COLLATE=latin1_swedish_ci ROW_FORMAT=DYNAMIC;

--
-- Dumping data for table `faq_secoes`
--

INSERT INTO `faq_secoes` (`id`, `nome`, `entidade`) VALUES (158,'FAQ',1);

--
-- Table structure for table `galerias`
--

CREATE TABLE `galerias` (
  `id` int(11) NOT NULL AUTO_INCREMENT,
  `data` timestamp NOT NULL DEFAULT current_timestamp(),
  `titulo` text DEFAULT NULL,
  `descricao` text DEFAULT NULL,
  `capa` int(11) NOT NULL DEFAULT 0,
  `img_capa` int(11) NOT NULL DEFAULT 0,
  `secao` int(11) NOT NULL DEFAULT 0,
  `entidade` int(11) NOT NULL DEFAULT 0,
  PRIMARY KEY (`id`),
  KEY `entidade` (`entidade`)
) ENGINE=MyISAM AUTO_INCREMENT=6 DEFAULT CHARSET=latin1 COLLATE=latin1_swedish_ci ROW_FORMAT=DYNAMIC;

--
-- Dumping data for table `galerias`
--

INSERT INTO `galerias` (`id`, `data`, `titulo`, `descricao`, `capa`, `img_capa`, `secao`, `entidade`) VALUES (1,'2024-05-16 03:00:00','Tomógrafo','',1,9,1,1),(2,'2024-05-16 03:00:00','Grandes geleiras','',1,16,1,1),(3,'2024-05-16 03:00:00','Laboratório','',1,22,1,1),(4,'2024-05-16 03:00:00','Golfinhos','',0,30,1,1),(5,'2024-05-16 03:00:00','GPS','',1,35,1,1);

--
-- Table structure for table `galerias_arquivos`
--

CREATE TABLE `galerias_arquivos` (
  `id` int(11) NOT NULL AUTO_INCREMENT,
  `galeria` int(11) NOT NULL,
  `capa` int(11) NOT NULL DEFAULT 0,
  `path` text NOT NULL,
  `arquivo` text NOT NULL,
  `legenda` text DEFAULT NULL,
  PRIMARY KEY (`id`),
  KEY `galeria` (`galeria`)
) ENGINE=MyISAM AUTO_INCREMENT=36 DEFAULT CHARSET=latin1 COLLATE=latin1_swedish_ci ROW_FORMAT=DYNAMIC;

--
-- Dumping data for table `galerias_arquivos`
--

INSERT INTO `galerias_arquivos` (`id`, `galeria`, `capa`, `path`, `arquivo`, `legenda`) VALUES (1,1,0,'zHD/galerias/1/1/','02 (0099476001715831440).jpg',NULL),(2,1,0,'zHD/galerias/1/1/','03 (0117992001715831440).jpg',NULL),(3,1,0,'zHD/galerias/1/1/','04 (0172508001715831440).jpg',NULL),(4,1,0,'zHD/galerias/1/1/','01 (0123595001715831440).jpg',NULL),(5,1,0,'zHD/galerias/1/1/','05 (0345443001715831440).jpg',NULL),(6,1,0,'zHD/galerias/1/1/','07 (0705482001715831440).jpg',NULL),(7,1,0,'zHD/galerias/1/1/','06 (0831333001715831440).jpg',NULL),(8,1,0,'zHD/galerias/1/1/','08 (0953758001715831440).jpg',NULL),(9,1,1,'zHD/galerias/1/1/','0977989001715831493.jpg',NULL),(10,2,0,'zHD/galerias/1/2/','img-geleira4 (0754899001715831705).jpg',NULL),(11,2,0,'zHD/galerias/1/2/','img-geleira1 (0918547001715831705).jpg',NULL),(12,2,0,'zHD/galerias/1/2/','img-geleira3 (0028648001715831706).jpg',NULL),(13,2,0,'zHD/galerias/1/2/','img-geleira2 (0356634001715831706).jpg',NULL),(14,2,0,'zHD/galerias/1/2/','img-golfinhos01 (0553161001715831706).jpg',NULL),(15,2,0,'zHD/galerias/1/2/','img-geleira-capa (0446621001715831706).jpg',NULL),(16,2,1,'zHD/galerias/1/2/','0923257001715831731.jpg',NULL),(17,3,0,'zHD/galerias/1/3/','img-lab4 (0647430001715831779).jpg',NULL),(18,3,0,'zHD/galerias/1/3/','img-lab2 (0670236001715831779).jpg',NULL),(19,3,0,'zHD/galerias/1/3/','img-lab3 (0752554001715831779).jpg',NULL),(20,3,0,'zHD/galerias/1/3/','img-lab1 (0804702001715831779).jpg',NULL),(21,3,0,'zHD/galerias/1/3/','img-lab-capa (0040828001715831780).jpg',NULL),(22,3,1,'zHD/galerias/1/3/','0836119001715831807.jpg',NULL),(23,4,0,'zHD/galerias/1/4/','img-golfinhos02 (0744437001715831844).jpg',NULL),(24,4,0,'zHD/galerias/1/4/','img-golfinhos04 (0790847001715831844).jpg',NULL),(25,4,0,'zHD/galerias/1/4/','img-golfinhos05 (0815885001715831844).jpg',NULL),(26,4,0,'zHD/galerias/1/4/','img-golfinhos01 (0727493001715831844).jpg',NULL),(27,4,0,'zHD/galerias/1/4/','img-golfinhos06 (0007850001715831845).jpg',NULL),(28,4,0,'zHD/galerias/1/4/','img-golfinhos07 (0397425001715831845).jpg',NULL),(29,4,0,'zHD/galerias/1/4/','img-golfinhos08 (0438859001715831845).jpg',NULL),(30,4,1,'zHD/galerias/1/4/','0231916001715831865.jpg',NULL),(31,5,0,'zHD/galerias/1/5/','img-gps2 (0026017001715831933).jpg',NULL),(32,5,0,'zHD/galerias/1/5/','img-gps4 (0133602001715831933).jpg',NULL),(33,5,0,'zHD/galerias/1/5/','img-gps1 (0239804001715831933).jpg',NULL),(34,5,0,'zHD/galerias/1/5/','img-gps3 (0370005001715831933).jpg',NULL),(35,5,1,'zHD/galerias/1/5/','0435149001715831950.jpg',NULL);

--
-- Table structure for table `galerias_secoes`
--

CREATE TABLE `galerias_secoes` (
  `id` int(11) NOT NULL AUTO_INCREMENT,
  `entidade` int(11) NOT NULL DEFAULT 0,
  `nome` varchar(250) NOT NULL,
  PRIMARY KEY (`id`),
  KEY `entidade` (`entidade`)
) ENGINE=MyISAM AUTO_INCREMENT=2 DEFAULT CHARSET=latin1 COLLATE=latin1_swedish_ci ROW_FORMAT=DYNAMIC;

--
-- Dumping data for table `galerias_secoes`
--

INSERT INTO `galerias_secoes` (`id`, `entidade`, `nome`) VALUES (1,1,'Galerias');

--
-- Table structure for table `governo`
--

CREATE TABLE `governo` (
  `id` int(11) NOT NULL AUTO_INCREMENT,
  `usuario` int(11) NOT NULL DEFAULT 0,
  `titulo` text NOT NULL,
  `tag` varchar(500) NOT NULL DEFAULT '',
  `subtitulo` text DEFAULT NULL,
  `texto` longtext DEFAULT NULL,
  `codigo` varchar(25) NOT NULL,
  `secao` text NOT NULL,
  `contatos` text NOT NULL,
  `capa` int(11) DEFAULT 0,
  `data` datetime DEFAULT current_timestamp(),
  `destaque` int(11) DEFAULT 0,
  `entidade` int(11) NOT NULL,
  `status` int(11) DEFAULT 1,
  `contador` int(11) DEFAULT 0,
  PRIMARY KEY (`id`),
  KEY `tag` (`tag`),
  KEY `capa` (`capa`),
  KEY `entidade` (`entidade`),
  KEY `destaque` (`destaque`),
  KEY `status` (`status`)
) ENGINE=MyISAM AUTO_INCREMENT=474 DEFAULT CHARSET=latin1 COLLATE=latin1_swedish_ci ROW_FORMAT=DYNAMIC;

--
-- Dumping data for table `governo`
--

INSERT INTO `governo` (`id`, `usuario`, `titulo`, `tag`, `subtitulo`, `texto`, `codigo`, `secao`, `contatos`, `capa`, `data`, `destaque`, `entidade`, `status`, `contador`) VALUES (449,1,'Ensino Fundamental','ensinofundamental','Nome do Gestor(a)','<p>Lorem ipsão dolor sít amçet, consectetur adipiscing elit. Sed vehicula id odio quis rhoncus. Donec ullamcorper, lectus in dictum porta, urna nisl tincidunt metus, at iaculis nunc sem vitae diam. Etiam quam orci, volutpat a justo non, pretium condimentum felis. Duis id elementum arcu. Mauris pharetra dui molestie tortor imperdiet. </p><p><br></p><p>Duis non laoreet eros. Vestibulum porta neque eleifend erat tempus, vitae sagittis elit sodales. Sed convallis erat quis iaculis vestibulum. Curabitur sit amet purus et tellus consectetur vehicula. Suspendisse condimentum bibendum ante in adipiscing. Aliquam dignissim nisl eget arcu convallis, in viverra risus consequat. Pellentesque dictum gravida lacinia.</p>','GHgZuNllSO3eNmfAX2Bn6HD7b','181','Nome:\r\nCargo:\r\nTelefone:\r\ne-Mail:\r\nHorário de Expediente:',436,'2020-09-10 00:00:00',0,1,1,570),(454,1,'Ouvidoria Geral','ouvidoriageral','Nome do Gestor(a)','<p>Lorem ipsão dolor sít amçet, consectetur adipiscing elit. Sed vehicula id odio quis rhoncus. Donec ullamcorper, lectus in dictum porta, urna nisl tincidunt metus, at iaculis nunc sem vitae diam. Etiam quam orci, volutpat a justo non, pretium condimentum felis. Duis id elementum arcu. Mauris pharetra dui molestie tortor imperdiet. </p><p><br></p><p>Duis non laoreet eros. Vestibulum porta neque eleifend erat tempus, vitae sagittis elit sodales. Sed convallis erat quis iaculis vestibulum. Curabitur sit amet purus et tellus consectetur vehicula. Suspendisse condimentum bibendum ante in adipiscing. Aliquam dignissim nisl eget arcu convallis, in viverra risus consequat. Pellentesque dictum gravida lacinia.</p>','DFE9abJzLxKcPuCaj7UqBgKfU','183','Nome:\r\nCargo:\r\nTelefone:\r\ne-Mail:\r\nHorário de Expediente:',440,'2020-09-10 00:00:00',0,1,1,591),(447,1,'Vice-Presidente','vice-presidente','Nome do Gestor','<p>Lorem ipsão dolor sít amçet, consectetur adipiscing elit. Sed vehicula id odio quis rhoncus. Donec ullamcorper, lectus in dictum porta, urna nisl tincidunt metus, at iaculis nunc sem vitae diam. Etiam quam orci, volutpat a justo non, pretium condimentum felis. Duis id elementum arcu. Mauris pharetra dui molestie tortor imperdiet. </p><p><br></p><p>Duis non laoreet eros. Vestibulum porta neque eleifend erat tempus, vitae sagittis elit sodales. Sed convallis erat quis iaculis vestibulum. Curabitur sit amet purus et tellus consectetur vehicula. Suspendisse condimentum bibendum ante in adipiscing. Aliquam dignissim nisl eget arcu convallis, in viverra risus consequat. Pellentesque dictum gravida lacinia.</p>','KkqqZamCHJp10NKrmpBzBkjAI','180','Nome:\r\nCargo:\r\nTelefone:\r\ne-Mail:\r\nHorário de Expediente:',434,'2022-09-10 00:00:00',0,1,1,814),(445,1,'Presidente','presidente','Nome do Gestor','<p>Lorem ipsão dolor sít amçet, consectetur adipiscing elit. Sed vehicula id odio quis rhoncus. Donec ullamcorper, lectus in dictum porta, urna nisl tincidunt metus, at iaculis nunc sem vitae diam. Etiam quam orci, volutpat a justo non, pretium condimentum felis. Duis id elementum arcu. Mauris pharetra dui molestie tortor imperdiet. </p><p><br></p><p>Duis non laoreet eros. Vestibulum porta neque eleifend erat tempus, vitae sagittis elit sodales. Sed convallis erat quis iaculis vestibulum. Curabitur sit amet purus et tellus consectetur vehicula. Suspendisse condimentum bibendum ante in adipiscing. Aliquam dignissim nisl eget arcu convallis, in viverra risus consequat. Pellentesque dictum gravida lacinia.</p>','4rMelZQVGj3Z9p33Dj1yvsdGG','180','Nome:\r\nCargo:\r\nTelefone:\r\ne-Mail:\r\nHorário de Expediente:',432,'2022-09-10 00:00:00',0,1,1,1021),(463,1,'Professores do EF','professoresdoef','','<p><h3><b>Nome do Professor(a) e Unidade:</b></h3>Nome do Professor(a) / Unidade<br>Nome do Professor(a)&nbsp;/ Unidade<br>Nome do Professor(a)&nbsp;/ Unidade<br>Nome do Professor(a)&nbsp;/ Unidade<br>Nome do Professor(a)&nbsp;/ Unidade<br>Nome do Professor(a)&nbsp;/ Unidade<br>Nome do Professor(a)&nbsp;/ Unidade<br>Nome do Professor(a)&nbsp;/ Unidade<br>Nome do Professor(a)&nbsp;/ Unidade<br>Nome do Professor(a)&nbsp;/ Unidade<br>Nome do Professor(a) / Unidade<br></p>','9wEhFxXjHB4904TdaccBVrlDq','182','Ensino Fundamental\r\nNº de Professores',457,'2021-04-04 00:00:00',0,1,1,502),(464,1,'Financeiro','financeiro','Nome do Gestor(a)<br />\r\n','<p>Lorem ipsão dolor sít amçet, consectetur adipiscing elit. Sed vehicula id odio quis rhoncus. Donec ullamcorper, lectus in dictum porta, urna nisl tincidunt metus, at iaculis nunc sem vitae diam. Etiam quam orci, volutpat a justo non, pretium condimentum felis. Duis id elementum arcu. Mauris pharetra dui molestie tortor imperdiet. </p><p><br></p><p>Duis non laoreet eros. Vestibulum porta neque eleifend erat tempus, vitae sagittis elit sodales. Sed convallis erat quis iaculis vestibulum. Curabitur sit amet purus et tellus consectetur vehicula. Suspendisse condimentum bibendum ante in adipiscing. Aliquam dignissim nisl eget arcu convallis, in viverra risus consequat. Pellentesque dictum gravida lacinia.</p>','71nA4JoITe18EDszhS47RA0kc','181','Nome:\r\nCargo:\r\nTelefone:\r\ne-Mail:\r\nHorário de Expediente:',449,'2021-04-04 00:00:00',0,1,1,495),(465,1,'Ensino Médio','ensinomedio','Nome do Gestor(a)','<p>Lorem ipsão dolor sít amçet, consectetur adipiscing elit. Sed vehicula id odio quis rhoncus. Donec ullamcorper, lectus in dictum porta, urna nisl tincidunt metus, at iaculis nunc sem vitae diam. Etiam quam orci, volutpat a justo non, pretium condimentum felis. Duis id elementum arcu. Mauris pharetra dui molestie tortor imperdiet. </p><p><br></p><p>Duis non laoreet eros. Vestibulum porta neque eleifend erat tempus, vitae sagittis elit sodales. Sed convallis erat quis iaculis vestibulum. Curabitur sit amet purus et tellus consectetur vehicula. Suspendisse condimentum bibendum ante in adipiscing. Aliquam dignissim nisl eget arcu convallis, in viverra risus consequat. Pellentesque dictum gravida lacinia.</p>','NJzHWBf7Mp9nHKI7sVZwyx9Lg','181','Nome:\r\nCargo:\r\nTelefone:\r\ne-Mail:\r\nHorário de Expediente:',448,'2021-04-04 00:00:00',0,1,1,481),(473,1,'Professores do Ensino Médio','professoresdoensinomedio','','<p><h3><b>Nomde do Professor(a) e Unidade:</b></h3>Nome do Professor(a) / Unidade<br>Nome do Professor(a) / Unidade<br>Nome do Professor(a) / Unidade<br>Nome do Professor(a) / Unidade<br>Nome do Professor(a) / Unidade<br>Nome do Professor(a) / Unidade<br>Nome do Professor(a) / Unidade<br>Nome do Professor(a) / Unidade<br>Nome do Professor(a) / Unidade<br>Nome do Professor(a) / Unidade<br>Nome do Professor(a) / Unidade<br></p>','c9UYx3ddZEaVeSiQ1eOP3hBNz','182','Ensino Médio\r\nNº de Professores:',458,'2021-04-23 00:00:00',0,1,1,514);

--
-- Table structure for table `governo_arquivos`
--

CREATE TABLE `governo_arquivos` (
  `id` int(11) NOT NULL AUTO_INCREMENT,
  `codigo` varchar(25) NOT NULL,
  `path` text NOT NULL,
  `arquivo` text NOT NULL,
  `legenda` text DEFAULT NULL,
  `tipo` varchar(50) DEFAULT NULL,
  PRIMARY KEY (`id`),
  KEY `codigo` (`codigo`)
) ENGINE=MyISAM AUTO_INCREMENT=464 DEFAULT CHARSET=latin1 COLLATE=latin1_swedish_ci ROW_FORMAT=DYNAMIC;

--
-- Dumping data for table `governo_arquivos`
--

INSERT INTO `governo_arquivos` (`id`, `codigo`, `path`, `arquivo`, `legenda`, `tipo`) VALUES (440,'DFE9abJzLxKcPuCaj7UqBgKfU','zHD/governo/1/DFE9abJzLxKcPuCaj7UqBgKfU/imagens/','0583684001716854640.jpg',NULL,'capa'),(457,'9wEhFxXjHB4904TdaccBVrlDq','zHD/governo/1/9wEhFxXjHB4904TdaccBVrlDq/imagens/','0700113001716854565.jpg',NULL,'capa'),(436,'GHgZuNllSO3eNmfAX2Bn6HD7b','zHD/governo/1/GHgZuNllSO3eNmfAX2Bn6HD7b/imagens/','0381405001716854621.jpg',NULL,'capa'),(434,'KkqqZamCHJp10NKrmpBzBkjAI','zHD/governo/1/KkqqZamCHJp10NKrmpBzBkjAI/imagens/','0801521001716853858.jpg',NULL,'capa'),(432,'4rMelZQVGj3Z9p33Dj1yvsdGG','zHD/governo/1/4rMelZQVGj3Z9p33Dj1yvsdGG/imagens/','0439561001716853795.jpg','Foto Ilustrativa','capa'),(393,'2o3Gfbt5OZoh8NnPUZ0Pu2oG1','zHD/governo/16/2o3Gfbt5OZoh8NnPUZ0Pu2oG1/imagens/','escola4 (0402880001541251169).jpg','Escola de Educação Infantil','imagem'),(394,'2o3Gfbt5OZoh8NnPUZ0Pu2oG1','zHD/governo/16/2o3Gfbt5OZoh8NnPUZ0Pu2oG1/imagens/','escola1 (0391770001541251169).jpg','Escola de Educação Infantil','imagem'),(395,'2o3Gfbt5OZoh8NnPUZ0Pu2oG1','zHD/governo/16/2o3Gfbt5OZoh8NnPUZ0Pu2oG1/imagens/','escola3 (0406962001541251169).jpg','Escola de Educação Infantil','imagem'),(396,'2o3Gfbt5OZoh8NnPUZ0Pu2oG1','zHD/governo/16/2o3Gfbt5OZoh8NnPUZ0Pu2oG1/imagens/','escola2 (0586185001541251169).jpg','Escola de Educação Infantil','imagem'),(397,'2o3Gfbt5OZoh8NnPUZ0Pu2oG1','zHD/governo/16/2o3Gfbt5OZoh8NnPUZ0Pu2oG1/arquivos/','ilustrativo2 (0233276001541251338).pdf','Ficha de Matricula (ilustrativo)','arquivo'),(398,'2o3Gfbt5OZoh8NnPUZ0Pu2oG1','zHD/governo/16/2o3Gfbt5OZoh8NnPUZ0Pu2oG1/arquivos/','ilustrativo3 - Copia (0234388001541251338).pdf','Ficha Médica (ilustrativo)','arquivo'),(399,'2o3Gfbt5OZoh8NnPUZ0Pu2oG1','zHD/governo/16/2o3Gfbt5OZoh8NnPUZ0Pu2oG1/arquivos/','ilustrativo4 (0234098001541251338).pdf','Escolas com vagas (ilustrativo)','arquivo'),(400,'2o3Gfbt5OZoh8NnPUZ0Pu2oG1','zHD/governo/16/2o3Gfbt5OZoh8NnPUZ0Pu2oG1/arquivos/','ilustrativo3 (0268170001541251338).pdf','Professores (ilustrativo)','arquivo'),(401,'sgs2tjZkI11wTuMIiPuhLc0MY','zHD/governo/16/sgs2tjZkI11wTuMIiPuhLc0MY/imagens/','0700883001541252417.jpg','Ensino Fundamental','capa'),(402,'sgs2tjZkI11wTuMIiPuhLc0MY','zHD/governo/16/sgs2tjZkI11wTuMIiPuhLc0MY/imagens/','escola3 (0423930001541252445).jpg','Escola Municipal','imagem'),(403,'sgs2tjZkI11wTuMIiPuhLc0MY','zHD/governo/16/sgs2tjZkI11wTuMIiPuhLc0MY/imagens/','escola2 (0467667001541252445).jpg','Escola Municipal','imagem'),(404,'sgs2tjZkI11wTuMIiPuhLc0MY','zHD/governo/16/sgs2tjZkI11wTuMIiPuhLc0MY/imagens/','escola4 (0422915001541252445).jpg','Escola Municipal','imagem'),(405,'sgs2tjZkI11wTuMIiPuhLc0MY','zHD/governo/16/sgs2tjZkI11wTuMIiPuhLc0MY/imagens/','escola1 (0430100001541252445).jpg','Escola Municipal','imagem'),(406,'sgs2tjZkI11wTuMIiPuhLc0MY','zHD/governo/16/sgs2tjZkI11wTuMIiPuhLc0MY/arquivos/','ilustrativo3 - Copia (0292004001541252537).pdf','Ficha de Matricula (ilustrativo)','arquivo'),(407,'sgs2tjZkI11wTuMIiPuhLc0MY','zHD/governo/16/sgs2tjZkI11wTuMIiPuhLc0MY/arquivos/','ilustrativo2 (0497444001541252537).pdf','Ficha Médica (ilustrativo)','arquivo'),(408,'sgs2tjZkI11wTuMIiPuhLc0MY','zHD/governo/16/sgs2tjZkI11wTuMIiPuhLc0MY/arquivos/','ilustrativo3 (0606006001541252537).pdf','Escolas com vagas (ilustrativo)','arquivo'),(409,'vKkPk6aqjR9bmtlsYXDfY3I2C','zHD/governo/16/vKkPk6aqjR9bmtlsYXDfY3I2C/imagens/','0005426001541345364.jpg','A água no mundo','capa'),(426,'vKkPk6aqjR9bmtlsYXDfY3I2C','zHD/governo/16/vKkPk6aqjR9bmtlsYXDfY3I2C/arquivos/','a escasse dagua (0285864001541346256).pdf','A escassez da água na terra','arquivo'),(425,'vKkPk6aqjR9bmtlsYXDfY3I2C','zHD/governo/16/vKkPk6aqjR9bmtlsYXDfY3I2C/imagens/','agua7 (0013744001541346002).jpg','A água na terra','imagem'),(424,'vKkPk6aqjR9bmtlsYXDfY3I2C','zHD/governo/16/vKkPk6aqjR9bmtlsYXDfY3I2C/imagens/','agua6 (0494443001541346000).jpg','A água na terra','imagem'),(423,'vKkPk6aqjR9bmtlsYXDfY3I2C','zHD/governo/16/vKkPk6aqjR9bmtlsYXDfY3I2C/imagens/','agua5 (0481343001541345997).jpg','A água na terra','imagem'),(422,'vKkPk6aqjR9bmtlsYXDfY3I2C','zHD/governo/16/vKkPk6aqjR9bmtlsYXDfY3I2C/imagens/','agua3 (0486082001541345997).jpg','A água na terra','imagem'),(421,'vKkPk6aqjR9bmtlsYXDfY3I2C','zHD/governo/16/vKkPk6aqjR9bmtlsYXDfY3I2C/imagens/','agua1 (0203790001541345997).jpg','A água na terra','imagem'),(420,'vKkPk6aqjR9bmtlsYXDfY3I2C','zHD/governo/16/vKkPk6aqjR9bmtlsYXDfY3I2C/imagens/','agua4 (0887984001541345996).jpg','A água na terra','imagem'),(419,'vKkPk6aqjR9bmtlsYXDfY3I2C','zHD/governo/16/vKkPk6aqjR9bmtlsYXDfY3I2C/imagens/','agua2 (0978565001541345994).jpg','A água na terra','imagem'),(418,'vKkPk6aqjR9bmtlsYXDfY3I2C','zHD/governo/16/vKkPk6aqjR9bmtlsYXDfY3I2C/imagens/','agua8 (0591628001541345983).jpg','A água na terra','imagem'),(430,'l5TnnlilQ893X2r5ERFM0DHAx','zHD/governo/17/l5TnnlilQ893X2r5ERFM0DHAx/imagens/','0242208001592101221.jpg',NULL,'capa'),(431,'lQZ2q3HWKf7ntjdHBLeazNCtL','zHD/governo/17/lQZ2q3HWKf7ntjdHBLeazNCtL/imagens/','0183281001592101364.jpg',NULL,'capa'),(448,'NJzHWBf7Mp9nHKI7sVZwyx9Lg','zHD/governo/1/NJzHWBf7Mp9nHKI7sVZwyx9Lg/imagens/','0017010001716854603.jpg',NULL,'capa'),(449,'71nA4JoITe18EDszhS47RA0kc','zHD/governo/1/71nA4JoITe18EDszhS47RA0kc/imagens/','0745817001716853998.jpg',NULL,'capa'),(458,'c9UYx3ddZEaVeSiQ1eOP3hBNz','zHD/governo/1/c9UYx3ddZEaVeSiQ1eOP3hBNz/imagens/','0452676001716854528.jpg',NULL,'capa'),(459,'4rMelZQVGj3Z9p33Dj1yvsdGG','zHD/governo/1/4rMelZQVGj3Z9p33Dj1yvsdGG/imagens/','NOT-MATRICULAS (0543153001715115335).jpg',NULL,'imagem'),(460,'4rMelZQVGj3Z9p33Dj1yvsdGG','zHD/governo/1/4rMelZQVGj3Z9p33Dj1yvsdGG/imagens/','NOT-NATACAO1 (0616944001715115335).jpg',NULL,'imagem'),(461,'4rMelZQVGj3Z9p33Dj1yvsdGG','zHD/governo/1/4rMelZQVGj3Z9p33Dj1yvsdGG/imagens/','NOT-NATACAO (0641623001715115335).jpg',NULL,'imagem'),(462,'4rMelZQVGj3Z9p33Dj1yvsdGG','zHD/governo/1/4rMelZQVGj3Z9p33Dj1yvsdGG/imagens/','NOT-PERIODO-INTEGRAL (0947762001715115335).jpg',NULL,'imagem'),(463,'4rMelZQVGj3Z9p33Dj1yvsdGG','zHD/governo/1/4rMelZQVGj3Z9p33Dj1yvsdGG/arquivos/','PUBLICIDADE-MATRICULA (0354904001715115417).jpg',NULL,'arquivo');

--
-- Table structure for table `governo_links`
--

CREATE TABLE `governo_links` (
  `id` int(11) NOT NULL AUTO_INCREMENT,
  `codigo` varchar(25) NOT NULL,
  `titulo` text DEFAULT NULL,
  `link` text NOT NULL,
  PRIMARY KEY (`id`),
  KEY `codigo` (`codigo`)
) ENGINE=MyISAM AUTO_INCREMENT=120 DEFAULT CHARSET=latin1 COLLATE=latin1_swedish_ci ROW_FORMAT=DYNAMIC;

--
-- Dumping data for table `governo_links`
--


--
-- Table structure for table `governo_secoes`
--

CREATE TABLE `governo_secoes` (
  `id` int(11) NOT NULL AUTO_INCREMENT,
  `nome` varchar(250) NOT NULL,
  `entidade` int(11) NOT NULL DEFAULT 0,
  PRIMARY KEY (`id`),
  KEY `entidade` (`entidade`)
) ENGINE=MyISAM AUTO_INCREMENT=186 DEFAULT CHARSET=latin1 COLLATE=latin1_swedish_ci ROW_FORMAT=DYNAMIC;

--
-- Dumping data for table `governo_secoes`
--

INSERT INTO `governo_secoes` (`id`, `nome`, `entidade`) VALUES (182,'Professores',1),(181,'Diretorias',1),(180,'Administração',1),(179,'Secretarias Municipais',2),(178,'Gabinete de Governo',2),(177,'Departamentos',2),(176,'Administração',2),(183,'Departamentos',1),(185,'Administração',6);

--
-- Table structure for table `governo_videos`
--

CREATE TABLE `governo_videos` (
  `id` int(11) NOT NULL AUTO_INCREMENT,
  `codigo` varchar(25) NOT NULL,
  `titulo` text DEFAULT NULL,
  `link` text NOT NULL,
  PRIMARY KEY (`id`),
  KEY `codigo` (`codigo`)
) ENGINE=MyISAM AUTO_INCREMENT=134 DEFAULT CHARSET=latin1 COLLATE=latin1_swedish_ci ROW_FORMAT=DYNAMIC;

--
-- Dumping data for table `governo_videos`
--

INSERT INTO `governo_videos` (`id`, `codigo`, `titulo`, `link`) VALUES (133,'4rMelZQVGj3Z9p33Dj1yvsdGG','Vídeo Ilustrativo','I4Q1a1UzVBY');

--
-- Table structure for table `imagem`
--

CREATE TABLE `imagem` (
  `id` int(11) NOT NULL AUTO_INCREMENT,
  `usuario` int(11) NOT NULL DEFAULT 0,
  `secao` int(11) NOT NULL DEFAULT 0,
  `path` text DEFAULT NULL,
  `arquivo` text DEFAULT NULL,
  `legenda` text DEFAULT NULL,
  `ordem` int(11) NOT NULL DEFAULT 0,
  `link` text DEFAULT NULL,
  `target` varchar(50) DEFAULT NULL,
  `entidade` int(11) NOT NULL,
  `status` int(11) NOT NULL DEFAULT 1,
  PRIMARY KEY (`id`),
  KEY `entidade` (`entidade`),
  KEY `secao` (`secao`),
  KEY `status` (`status`)
) ENGINE=MyISAM AUTO_INCREMENT=9 DEFAULT CHARSET=latin1 COLLATE=latin1_swedish_ci ROW_FORMAT=DYNAMIC;

--
-- Dumping data for table `imagem`
--

INSERT INTO `imagem` (`id`, `usuario`, `secao`, `path`, `arquivo`, `legenda`, `ordem`, `link`, `target`, `entidade`, `status`) VALUES (1,1,1,'zHD/imagem/1/1/','0727864001715756018.jpg','Capa',1,'https://jpw.net.br/padrao/web1/pag.php?pg=public/listview&tag=jogos-olimpicos-estudantis-2023','default',1,1),(2,1,4,'zHD/imagem/1/2/','0484468001717277969.jpg','Água',1,'','default',1,1),(3,1,4,'zHD/imagem/1/3/','0613505001717278002.jpg','Matricula',1,'https://jpw.net.br/padrao/web1/pag.php?pg=public/tag-sec-list&tag=matriculas_1','default',1,1),(4,1,2,'zHD/imagem/1/4/','0870169001715830695.jpg','Banner 1',1,'https://jpw.net.br/padrao/web1/pag.php?pg=public/listview&tag=jogos-olimpicos-estudantis-2023','default',1,1),(5,1,5,'zHD/imagem/1/5/','0167932001715831056.jpg','Curso de Línguas',1,'https://jpw.net.br/padrao/web1/pag.php?pg=public/tag-sec-list&secao=Cursos%20Extracurriculares','default',1,1),(6,1,5,'zHD/imagem/1/6/','0419138001715831138.jpg','30% Off',1,'https://jpw.net.br/padrao/web1/pag.php?pg=classificados/tag-list&secao=Promo%C3%A7%C3%B5es','default',1,1),(7,1,5,'zHD/imagem/1/7/','0162992001715831199.jpg','Aulas de Ballet',1,'https://jpw.net.br/padrao/web1/pag.php?pg=public/tag-sec-list&secao=Cursos%20Extracurriculares','default',1,1),(8,1,5,'zHD/imagem/1/8/','0345583001715831247.jpg','Matrículas abertas',1,'https://jpw.net.br/padrao/web1/pag.php?pg=public/tag-sec-list&tag=matriculas_1','default',1,1);

--
-- Table structure for table `imagem_secoes`
--

CREATE TABLE `imagem_secoes` (
  `id` int(11) NOT NULL AUTO_INCREMENT,
  `nome` varchar(250) NOT NULL,
  `entidade` int(11) NOT NULL DEFAULT 0,
  PRIMARY KEY (`id`),
  KEY `entidade` (`entidade`)
) ENGINE=MyISAM AUTO_INCREMENT=6 DEFAULT CHARSET=latin1 COLLATE=latin1_swedish_ci ROW_FORMAT=DYNAMIC;

--
-- Dumping data for table `imagem_secoes`
--

INSERT INTO `imagem_secoes` (`id`, `nome`, `entidade`) VALUES (1,'Capa',1),(2,'Banner1',1),(3,'Banner2',1),(4,'Menu',1),(5,'Multi',1);

--
-- Table structure for table `links`
--

CREATE TABLE `links` (
  `id` int(11) NOT NULL AUTO_INCREMENT,
  `titulo` text NOT NULL,
  `secao` int(11) NOT NULL DEFAULT 0,
  `url` text NOT NULL,
  `entidade` int(11) NOT NULL DEFAULT 0,
  PRIMARY KEY (`id`),
  KEY `entidade` (`entidade`)
) ENGINE=MyISAM AUTO_INCREMENT=3 DEFAULT CHARSET=latin1 COLLATE=latin1_swedish_ci ROW_FORMAT=DYNAMIC;

--
-- Dumping data for table `links`
--

INSERT INTO `links` (`id`, `titulo`, `secao`, `url`, `entidade`) VALUES (1,'Google',1,'https://google.com',1),(2,'Instagram',1,'https://instagram.com',1);

--
-- Table structure for table `links_secoes`
--

CREATE TABLE `links_secoes` (
  `id` int(11) NOT NULL AUTO_INCREMENT,
  `entidade` int(11) NOT NULL DEFAULT 0,
  `nome` varchar(250) NOT NULL,
  PRIMARY KEY (`id`),
  KEY `entidade` (`entidade`)
) ENGINE=MyISAM AUTO_INCREMENT=2 DEFAULT CHARSET=latin1 COLLATE=latin1_swedish_ci ROW_FORMAT=DYNAMIC;

--
-- Dumping data for table `links_secoes`
--

INSERT INTO `links_secoes` (`id`, `entidade`, `nome`) VALUES (1,1,'Links Úteis');

--
-- Table structure for table `livros`
--

CREATE TABLE `livros` (
  `id` int(11) NOT NULL AUTO_INCREMENT,
  `usuario` int(11) NOT NULL DEFAULT 0,
  `categoria` int(11) NOT NULL DEFAULT 0,
  `capa` int(11) DEFAULT NULL,
  `titulo` text NOT NULL,
  `autor` text DEFAULT NULL,
  `texto` text DEFAULT NULL,
  `codigo` varchar(25) NOT NULL,
  `ano` year(4) DEFAULT NULL,
  `data` datetime DEFAULT current_timestamp(),
  `entidade` int(11) NOT NULL,
  `local` int(11) NOT NULL DEFAULT 1,
  PRIMARY KEY (`id`) USING BTREE,
  KEY `entidade` (`entidade`) USING BTREE,
  KEY `secao` (`categoria`) USING BTREE,
  KEY `status` (`local`) USING BTREE
) ENGINE=MyISAM DEFAULT CHARSET=latin1 COLLATE=latin1_swedish_ci ROW_FORMAT=DYNAMIC;

--
-- Dumping data for table `livros`
--


--
-- Table structure for table `livros_arquivos`
--

CREATE TABLE `livros_arquivos` (
  `id` int(11) NOT NULL AUTO_INCREMENT,
  `codigo` varchar(25) NOT NULL,
  `path` text NOT NULL,
  `arquivo` text NOT NULL,
  `legenda` text DEFAULT NULL,
  `tipo` varchar(50) DEFAULT NULL,
  `data` date DEFAULT NULL,
  `views` int(11) NOT NULL DEFAULT 0,
  `local` int(11) NOT NULL DEFAULT 1,
  PRIMARY KEY (`id`) USING BTREE,
  KEY `codigo` (`codigo`) USING BTREE,
  KEY `status` (`local`) USING BTREE
) ENGINE=MyISAM DEFAULT CHARSET=latin1 COLLATE=latin1_swedish_ci ROW_FORMAT=DYNAMIC;

--
-- Dumping data for table `livros_arquivos`
--


--
-- Table structure for table `livros_categorias`
--

CREATE TABLE `livros_categorias` (
  `id` int(11) NOT NULL AUTO_INCREMENT,
  `nome` varchar(250) NOT NULL,
  `entidade` int(11) NOT NULL DEFAULT 0,
  `local` int(11) NOT NULL DEFAULT 1,
  PRIMARY KEY (`id`) USING BTREE,
  KEY `entidade` (`entidade`) USING BTREE,
  KEY `status` (`local`) USING BTREE
) ENGINE=MyISAM DEFAULT CHARSET=latin1 COLLATE=latin1_swedish_ci ROW_FORMAT=DYNAMIC;

--
-- Dumping data for table `livros_categorias`
--


--
-- Table structure for table `livros_sites`
--

CREATE TABLE `livros_sites` (
  `id` int(11) NOT NULL AUTO_INCREMENT,
  `site_dominio` varchar(600) NOT NULL,
  `site_entidade` int(11) NOT NULL DEFAULT 0,
  `entidade` int(11) NOT NULL DEFAULT 0,
  `ultima_atualizacao` datetime DEFAULT NULL,
  PRIMARY KEY (`id`) USING BTREE,
  KEY `entidade` (`entidade`) USING BTREE
) ENGINE=MyISAM DEFAULT CHARSET=latin1 COLLATE=latin1_swedish_ci ROW_FORMAT=DYNAMIC;

--
-- Dumping data for table `livros_sites`
--


--
-- Table structure for table `localizacao`
--

CREATE TABLE `localizacao` (
  `id` int(11) NOT NULL AUTO_INCREMENT,
  `usuario` int(11) NOT NULL DEFAULT 0,
  `secao` int(11) NOT NULL DEFAULT 0,
  `codigo` text DEFAULT NULL,
  `entidade` int(11) NOT NULL,
  PRIMARY KEY (`id`),
  KEY `secao` (`secao`),
  KEY `entidade` (`entidade`)
) ENGINE=MyISAM AUTO_INCREMENT=2 DEFAULT CHARSET=latin1 COLLATE=latin1_swedish_ci ROW_FORMAT=DYNAMIC;

--
-- Dumping data for table `localizacao`
--

INSERT INTO `localizacao` (`id`, `usuario`, `secao`, `codigo`, `entidade`) VALUES (1,1,1,'<iframe src=\"https://www.google.com/maps/embed?pb=!1m18!1m12!1m3!1d31673.656505088355!2d-49.95868588255465!3d-7.101984435250001!2m3!1f0!2f0!3f0!3m2!1i1024!2i768!4f13.1!3m3!1m2!1s0x92de012ede132a5b%3A0x116cd1b4b5b458d2!2sXinguara%2C%20PA!5e0!3m2!1spt-BR!2sbr!4v1618547427835!5m2!1spt-BR!2sbr\" width=\"100%\" height=\"450\" style=\"border:0;\" allowfullscreen=\"\" loading=\"lazy\"></iframe>',1);

--
-- Table structure for table `localizacao_secoes`
--

CREATE TABLE `localizacao_secoes` (
  `id` int(11) NOT NULL AUTO_INCREMENT,
  `nome` varchar(250) NOT NULL,
  `entidade` int(11) NOT NULL DEFAULT 0,
  PRIMARY KEY (`id`),
  KEY `nome` (`nome`)
) ENGINE=MyISAM AUTO_INCREMENT=2 DEFAULT CHARSET=latin1 COLLATE=latin1_swedish_ci ROW_FORMAT=DYNAMIC;

--
-- Dumping data for table `localizacao_secoes`
--

INSERT INTO `localizacao_secoes` (`id`, `nome`, `entidade`) VALUES (1,'Localização',1);

--
-- Table structure for table `mural`
--

CREATE TABLE `mural` (
  `id` int(11) NOT NULL AUTO_INCREMENT,
  `secao` int(11) NOT NULL DEFAULT 0,
  `pergunta` text DEFAULT NULL,
  `data_pergunta` timestamp NULL DEFAULT current_timestamp(),
  `data_resposta` datetime DEFAULT NULL,
  `nome` varchar(200) DEFAULT NULL,
  `email` varchar(300) DEFAULT NULL,
  `resposta` text DEFAULT NULL,
  `usuario` int(11) DEFAULT 0,
  `entidade` int(11) NOT NULL,
  `status` int(11) NOT NULL DEFAULT 0,
  PRIMARY KEY (`id`),
  KEY `secao` (`secao`),
  KEY `status` (`status`),
  KEY `entidade` (`entidade`),
  KEY `data_pergunta` (`data_pergunta`)
) ENGINE=MyISAM DEFAULT CHARSET=latin1 COLLATE=latin1_swedish_ci ROW_FORMAT=DYNAMIC;

--
-- Dumping data for table `mural`
--


--
-- Table structure for table `mural_secoes`
--

CREATE TABLE `mural_secoes` (
  `id` int(11) NOT NULL AUTO_INCREMENT,
  `nome` varchar(250) NOT NULL,
  `entidade` int(11) NOT NULL DEFAULT 0,
  PRIMARY KEY (`id`),
  KEY `nome` (`nome`)
) ENGINE=MyISAM DEFAULT CHARSET=latin1 COLLATE=latin1_swedish_ci ROW_FORMAT=DYNAMIC;

--
-- Dumping data for table `mural_secoes`
--


--
-- Table structure for table `noticias`
--

CREATE TABLE `noticias` (
  `id` int(11) NOT NULL AUTO_INCREMENT,
  `usuario` int(11) NOT NULL DEFAULT 0,
  `titulo` text NOT NULL,
  `tag` varchar(500) NOT NULL DEFAULT '',
  `subtitulo` text DEFAULT NULL,
  `texto` longtext DEFAULT NULL,
  `codigo` varchar(25) NOT NULL,
  `secao` int(11) NOT NULL DEFAULT 0,
  `capa` int(11) DEFAULT 0,
  `data` datetime DEFAULT current_timestamp(),
  `destaque` int(11) DEFAULT 0,
  `entidade` int(11) NOT NULL,
  `status` int(11) DEFAULT 1,
  `vereador` int(11) DEFAULT 0,
  `contador` int(11) DEFAULT 0,
  PRIMARY KEY (`id`),
  KEY `tag` (`tag`),
  KEY `entidade` (`entidade`),
  KEY `capa` (`capa`),
  KEY `secao` (`secao`),
  KEY `status` (`status`),
  KEY `vereador` (`vereador`)
) ENGINE=MyISAM AUTO_INCREMENT=52 DEFAULT CHARSET=latin1 COLLATE=latin1_swedish_ci;

--
-- Dumping data for table `noticias`
--

INSERT INTO `noticias` (`id`, `usuario`, `titulo`, `tag`, `subtitulo`, `texto`, `codigo`, `secao`, `capa`, `data`, `destaque`, `entidade`, `status`, `vereador`, `contador`) VALUES (3,1,'GPS é um sofisticado instrumento de posicionamento','gps-e-um-sofisticado-instrumento-de-posicionamento','O GPS (Global Positioning System) é um sofisticado instrumento de posicionamento que utiliza a emissão de sinais de rádio codificados por satélites colocados em órbita ao redor da Terra.','<p><br></p><p>Tal sistema, que custou 10 bilhões de dólares, foi desenvolvido e é controlado até hoje pelo Departamento de Defesa dos Estados Unidos. O sistema do GPS é dotado de 27 satélites (24 em operação e 3 extras, caso haja falha nos outros) dispostos a uma distância de 20.000km de altitude que emitem ondas sonoras duas vezes por dia.</p><p><br></p><p><br></p><p><br></p><p>Cada satélite é dotado de relógios atômicos, difundindo de forma precisa, além da localização de algo na superfície terrestre, a hora exata daquele momento. Isso é muito útil para a comunidade científica, pois em algumas experiências, é extremamente necessário um relógio altamente preciso, visto que até mesmo um micro-segundo (0,000001 segundo) pode ser significativo em um contexto específico.</p><p><br></p><p><br></p><p><br></p><p>Para determinar o exato posicionamento de algo, o GPS localiza 4 ou mais satélites e determina a distância entre cada um deles com o ponto a ser localizado, para assim, deduzir a posição correta, informando a latitude, longitude e altitude daquele ponto.</p><p><br></p><p><br></p><p><br></p><p>O GPS é amplamente utilizado na aviação geral e navegação marítima. Também é muito usado por guardas florestais, geólogos, arqueólogos, bombeiros, ou qualquer pessoa que queira saber sua exata localização. Atualmente, com US$ 100 é possível comprar um GPS, além do mais, o serviço em si é gratuito. O sistema também está cada vez mais presente em automóveis.</p><p><br></p><p><br></p><p><br></p><p>fonte: Tiago Dantas</p>','cjpBupTPEJJmyfIyGFH4KQnAr',1,2,'2024-05-24 04:02:00',0,1,1,0,130),(4,1,'Dicas úteis para uso racional e economia no trato com a água','dicas-uteis-para-uso-racional-e-economia-no-trato-com-a-agua','Dicas úteNão gaste alémLorem ipsão dolor sít amçet, consectetur adipiscing elit. Sed vehicula id odio quis rhoncus. Donec ullamcorper, lectus in dictum porta, urna nisl tincidunt metus, at iaculis nunc sem vitae diam do necessário, tenha cuidados com vazamentos, sabendo poupar não vai faltar.is para uso racional e economia no trato com a água','<h3><b>1) A água de qualquer torneira de minha casa é segura para se beber e fazer comida?</b></h3><p><br></p><p>O SAAE garante a qualidade da água distribuída à população até a entrada do imóvel na estrutura do cavalete, onde existe o medidor de consumo (hidrômetro).A manutenção da qualidade da água nos cômodos internos da residência é dever e responsabilidade de cada morador. Por isso, mantenha suas instalações hidráulicas sempre em bom estado de conservação e limpe a caixa-d`água pelo menos 2 vezes ao ano. Toda caixa-d\'água deverá ficar permanentemente tampada e bem vedada. Quando as águas das torneiras internas de sua casa apresentarem aspectos diferentes do normal (cor, cheiro, gosto, etc), faça inicialmente uma comparação com aquela que está chegando no cavalete, antes de acionar o SAAE.</p><p><br></p><p><b style=\"color: inherit; font-size: 24px;\">2) Minha filha tomou água da torneira e ficou com dor de barriga e diarréia. É mesmo por causa da água?</b><br></p><p><br></p><p>Não. A água que o SAAE entrega pela rede de distribuição tem um contínuo controle de qualidade. É mais provável que outras coisas que ela tenha comido possam tê-la deixado doente, ou pode ter adquirido alguma doença transmitida pelo ar. Além do mais, os copos e os vasilhames para depositar água precisam estar sempre limpos. Hábitos de higiene, como lavagem das mãos com sabonete antes de desocupar os banheiros, corte e limpeza das unhas, evitar levar as mãos sujas à boca, acondicionamento do lixo doméstico em recipientes bem vedados são indispensáveis para se evitar doenças.</p><p><br></p><h3><b>3) As águas de poço e as águas de mina podem ser consideradas potáveis?</b></h3><p><br></p><p>Depende de suas localizações. Em áreas urbanas, as águas de poço e de mina podem estar contaminadas por poluentes presentes no solo. Embora possam ter aparência límpida e cristalina, geralmente contêm microorganismos não visíveis a olho nu, que podem causar doenças. </p><p><br></p><h3><b>4) Como se pode potabilizar uma água de poço ou de mina?</b></h3><p><br></p><p>Caso as análises laboratoriais indiquem, nas águas de poço e de mina, presença de microorganismos, é necessário fervê-las ou desenfeitá-las através da cloração caseira. A cloração caseira é feita através da aplicação do hipoclorito de sódio ou de água sanitária (produto comercialmente conhecido como Cândida, Qboa, Água de lavadeira). Esta medida só é eficiente para pequenas contaminações. No uso do produto comercial, vendido na concentração 2%, deve-se pingar 3 gotas em cada litro de água e esperar 30 minutos para usá-la. Entretanto, quando os resultados dos exames laboratoriais da água do poço ou da mina indicarem uma reprovação quanto aos aspectos físicos e químicos (cor, concentração excessiva de substâncias dissolvidas etc.) não há como potabilizá-la no âmbito doméstico. Essa água não deve ser utilizada para beber e fazer alimentos.</p><p><br></p><h3><b>5) Por que, às vezes, a água da minha casa sai esbranquiçada da torneira?</b></h3><p><br></p><p>Muita gente relaciona a coloração esbranquiçada da água com a dosagem adicional de cloro. A água esbranquiçada é motivada pela presença de microbolhas resultantes da pressão da água na tubulação, no instante da abertura da torneira. Se você deixar essa água num copo por um ou dois minutos, ela volta a ficar incolor e transparente.</p><p><br></p><h3><b>6) Por que, às vezes, na minha casa a água chega barrenta ou com coloração amarelada ou marrom? </b></h3><p><br></p><p>Durante os reparos das redes, a tubulação seca, após a conclusão do reparo, incrustações na parede da tubulação, desprende-se deixando a água amarelada ou marrom. Em tais situações o SAAE sempre mantém as descargas de rua abertas acelerando a lavagem das redes, até se constatar a clarificação da água. De qualquer forma, o cloro presente na água garante a desinfecção, sem riscos à saúde da população. Alertamos que esta ocorrência é puramente de coloração momentânea da agua, não afetando sua qualidade fisico-quimica e bacteriologica.Perdurando a situação, entre em contato com o SAAE pelos telefones 3262 6333 ou 0800 7702195 (Plantão de Emergência).</p><p><br></p><h3><b>7) O filtro caseiro é necessário? </b></h3><p><br></p><p>O SAAE sugere que sejam utilizados. Entretanto, primeiramente, deve-se esclarecer que os filtros caseiros não são suficientes para adequar a água aos Padrões de Potabilidade estabelecidos pela legislação. Isto quer dizer que somente devem ser utilizados para águas já potabilizadas (já tratadas) pelo SAAE. Também não são totalmente confiáveis na \"limpeza\" da água quando proveniente de caixas d`água domiciliares mal conservadas. Quando utilizados, os filtros devem ser mantidos e operados de acordo com as orientações dos fabricantes. Nos casos das velas, não utilizar materiais abrasivos (ásperos) e nem mesmo açúcar, que é usualmente aplicado, nas limpezas periódicas. A utilização destes materiais danifica as velas. Recomenda-se a limpeza periódica com água tratada corrente e a substituição das mesmas com freqüência.</p><p><br></p><h3><b>8) Pode acontecer de faltar água em minha residência?</b></h3><p><br></p><p>Eventualmente. Constatado falta de água em sua residência. Verifique se o registro de entrada de sua residência não está fechado. Se não estiver, entre em contato com o SAAE pelo telefone 0800 77 02195 (Plantão de Emergência).  Pode eventualmente ocorrer problemas de manutenção na região de sua residencia, necessitando de interrupção do fornecimento.</p><p><br></p><h3><b>9) Como eu posso verificar sozinho se há algum vazamento de água em minha residência?</b></h3><p><br></p><p>- À noite, quando todos forem dormir, o último que usar a água deve aguardar uns 15 minutos para encher a caixa d\'água. <br>- Em seguida, vá até o hidrômetro e faça uma leitura anotando os números pretos e vermelhos, deixando o registro do cavalete aberto. <br>- A partir daí, não abra mais nenhuma torneira e nem puxe a descarga do banheiro. <br>- De manhã, antes de usar a água, volte novamente ao hidrômetro e faça uma nova leitura. <br>- As leituras têm de ser exatamente iguais. Caso contrário, são fortes os indícios de que haja vazamento.<br>- Detectado o vazamento, entre em contato com um encanador de confiança para saná-lo. <br>- Entre em contato com o SAAE para informar a ocorrência.<br>- Caso não haja vazamento, procure fazer uma leitura diária para acompanhar o seu consumo. Dessa forma é possível comparar diariamente o quanto foi gasto, analisando os dias de limpeza geral (faxina) ou lavagem de roupas com os outros dias, fazendo uma estimativa do consumo. <br>- Se o consumo continuar entre em contato com o SAAE até a data do vencimento da conta.</p>','GeSHzC3lo1rwihi7kz73Wn0FV',1,3,'2024-05-10 04:04:00',1,1,1,0,101),(40,1,'Missão, Visão, Valores','missao--visao--valores','','<h3><b>Missão</b></h3><p><br></p><p>Lorem ipsão dolor sít amçet, consectetur adipiscing elit. Sed vehicula id odio quis rhoncus. Donec ullamcorper, lectus in dictum porta, urna nisl tincidunt metus, at iaculis nunc sem vitae diam. Etiam quam orci, volutpat a justo non, pretium condimentum felis. Duis id elementum arcu. Mauris pharetra dui molestie tortor imperdiet. Duis non laoreet eros. Vestibulum porta neque eleifend erat tempus, vitae sagittis elit sodales. Sed convallis erat quis iaculis vestibulum.&nbsp;</p><p><br></p><h3><b>Visão</b></h3><p>Lorem ipsão dolor sít amçet, consectetur adipiscing elit. Sed vehicula id odio quis rhoncus. Donec ullamcorper, lectus in dictum porta, urna nisl tincidunt metus, at iaculis nunc sem vitae diam. Etiam quam orci, volutpat a justo non, pretium condimentum felis. Duis id elementum arcu. Mauris pharetra dui molestie tortor imperdiet. Duis non laoreet eros. Vestibulum porta neque eleifend erat tempus, vitae sagittis elit sodales. Sed convallis erat quis iaculis vestibulum.&nbsp;</p><p><br></p><h3><b>Valores</b></h3><p>Lorem ipsão dolor sít amçet, consectetur adipiscing elit. Sed vehicula id odio quis rhoncus. Donec ullamcorper, lectus in dictum porta, urna nisl tincidunt metus, at iaculis nunc sem vitae diam. Etiam quam orci, volutpat a justo non, pretium condimentum felis. Duis id elementum arcu. Mauris pharetra dui molestie tortor imperdiet. Duis non laoreet eros. Vestibulum porta neque eleifend erat tempus, vitae sagittis elit sodales. Sed convallis erat quis iaculis vestibulum.&nbsp;<br></p>','GvYIqQgxvBoamGOgUQsCT0lkG',3,54,'2024-05-23 09:33:00',0,1,1,0,89),(7,1,'Direção','direcao','','<p>Duis non laoreet eros. Vestibulum porta neque eleifend erat tempus, vitae sagittis elit sodales. Sed convallis erat quis iaculis vestibulum. Curabitur sit amet purus et tellus consectetur vehicula. Suspendisse condimentum bibendum ante in adipiscing. Aliquam dignissim nisl eget arcu convallis, in viverra risus consequat. Pellentesque dictum gravida lacinia.</p><p><br></p><p>Lorem ipsão dolor sít amçet, consectetur adipiscing elit. Sed vehicula id odio quis rhoncus. Donec ullamcorper, lectus in dictum porta, urna nisl tincidunt metus, at iaculis nunc sem vitae diam. Etiam quam orci, volutpat a justo non, pretium condimentum felis. Duis id elementum arcu. Mauris pharetra dui molestie tortor imperdiet. Duis non laoreet eros. Vestibulum porta neque eleifend erat tempus, vitae sagittis elit sodales. Sed convallis erat quis iaculis vestibulum.&nbsp;</p>','9lSj9GsPOIL4nSV7XKZ4sGU7b',2,5,'2024-05-16 01:17:00',0,1,1,0,40),(8,1,'Vice-Direção','vice-direcao','Duis non laoreet eros. Vestibulum porta neque eleifend erat tempu','<p>Duis non laoreet eros. Vestibulum porta neque eleifend erat tempus, vitae sagittis elit sodales. Sed convallis erat quis iaculis vestibulum. Curabitur sit amet purus et tellus consectetur vehicula. Suspendisse condimentum bibendum ante in adipiscing. Aliquam dignissim nisl eget arcu convallis, in viverra risus consequat. Pellentesque dictum gravida lacinia.</p><p><br></p><p>Lorem ipsão dolor sít amçet, consectetur adipiscing elit. Sed vehicula id odio quis rhoncus. Donec ullamcorper, lectus in dictum porta, urna nisl tincidunt metus, at iaculis nunc sem vitae diam. Etiam quam orci, volutpat a justo non, pretium condimentum felis. Duis id elementum arcu. Mauris pharetra dui molestie tortor imperdiet. Duis non laoreet eros. Vestibulum porta neque eleifend erat tempus, vitae sagittis elit sodales. Sed convallis erat quis iaculis vestibulum.&nbsp;</p>','8bwJEnDWlkR8j6B245ogqzXJr',2,6,'2024-05-16 01:19:00',0,1,1,0,32),(48,1,'Política de Privacidade','politica-de-privacidade','','<p>Duis non laoreet eros. Vestibulum porta neque eleifend erat tempus, vitae sagittis elit sodales. Sed convallis erat quis iaculis vestibulum. Curabitur sit amet purus et tellus consectetur vehicula. Suspendisse condimentum bibendum ante in adipiscing. Aliquam dignissim nisl eget arcu convallis, in viverra risus consequat. Pellentesque dictum gravida lacinia.</p><p><br></p><p>Lorem ipsão dolor sít amçet, consectetur adipiscing elit. Sed vehicula id odio quis rhoncus. Donec ullamcorper, lectus in dictum porta, urna nisl tincidunt metus, at iaculis nunc sem vitae diam. Etiam quam orci, volutpat a justo non, pretium condimentum felis. Duis id elementum arcu. Mauris pharetra dui molestie tortor imperdiet. Duis non laoreet eros. Vestibulum porta neque eleifend erat tempus, vitae sagittis elit sodales. Sed convallis erat quis iaculis vestibulum.&nbsp;</p><p><br></p><p>Lorem ipsão dolor sít amçet, consectetur adipiscing elit. Sed vehicula id odio quis rhoncus. Donec ullamcorper, lectus in dictum porta, urna nisl tincidunt metus, at iaculis nunc sem vitae diam. Etiam quam orci, volutpat a justo non, pretium condimentum felis. Duis id elementum arcu. Mauris pharetra dui molestie tortor imperdiet.&nbsp; Lorem ipsão dolor sít amçet, consectetur adipiscing elit. Sed vehicula id odio quis rhoncus. Donec ullamcorper, lectus in dictum porta, urna nisl tincidunt metus, at iaculis nunc sem vitae diam.</p>','Dzr8v1qzmze5PbUjZGvI1wZ9d',3,0,'2024-05-31 07:26:00',0,1,1,0,7),(9,1,'Diretor Financeiro','diretor-financeiro','Duis non laoreet eros. Vestibulum porta neque eleifend erat tempus, ','<p>Duis non laoreet eros. Vestibulum porta neque eleifend erat tempus, vitae sagittis elit sodales. Sed convallis erat quis iaculis vestibulum. Curabitur sit amet purus et tellus consectetur vehicula. Suspendisse condimentum bibendum ante in adipiscing. Aliquam dignissim nisl eget arcu convallis, in viverra risus consequat. Pellentesque dictum gravida lacinia.</p><p><br></p><p>Lorem ipsão dolor sít amçet, consectetur adipiscing elit. Sed vehicula id odio quis rhoncus. Donec ullamcorper, lectus in dictum porta, urna nisl tincidunt metus, at iaculis nunc sem vitae diam. Etiam quam orci, volutpat a justo non, pretium condimentum felis. Duis id elementum arcu. Mauris pharetra dui molestie tortor imperdiet. Duis non laoreet eros. Vestibulum porta neque eleifend erat tempus, vitae sagittis elit sodales. Sed convallis erat quis iaculis vestibulum.&nbsp;</p>','EILD7oaSEuso1uY98g2JzrjyV',2,7,'2024-05-16 01:21:00',0,1,1,0,72),(10,1,'Nossa História','nossa-historia','','<p>Duis non laoreet eros. Vestibulum porta neque eleifend erat tempus, vitae sagittis elit sodales. Sed convallis erat quis iaculis vestibulum. Curabitur sit amet purus et tellus consectetur vehicula. Suspendisse condimentum bibendum ante in adipiscing. Aliquam dignissim nisl eget arcu convallis, in viverra risus consequat. Pellentesque dictum gravida lacinia.</p><p><br></p><p>Lorem ipsão dolor sít amçet, consectetur adipiscing elit. Sed vehicula id odio quis rhoncus. Donec ullamcorper, lectus in dictum porta, urna nisl tincidunt metus, at iaculis nunc sem vitae diam. Etiam quam orci, volutpat a justo non, pretium condimentum felis. Duis id elementum arcu. Mauris pharetra dui molestie tortor imperdiet. Duis non laoreet eros. Vestibulum porta neque eleifend erat tempus, vitae sagittis elit sodales. Sed convallis erat quis iaculis vestibulum.&nbsp;</p><p><br></p><p>Lorem ipsão dolor sít amçet, consectetur adipiscing elit. Sed vehicula id odio quis rhoncus. Donec ullamcorper, lectus in dictum porta, urna nisl tincidunt metus, at iaculis nunc sem vitae diam. Etiam quam orci, volutpat a justo non, pretium condimentum felis. Duis id elementum arcu. Mauris pharetra dui molestie tortor imperdiet.&nbsp; Lorem ipsão dolor sít amçet, consectetur adipiscing elit. Sed vehicula id odio quis rhoncus. Donec ullamcorper, lectus in dictum porta, urna nisl tincidunt metus, at iaculis nunc sem vitae diam.</p>','LQZ6u9SrmzM43gVEHnrl37HAb',3,8,'2024-05-16 01:30:00',0,1,1,0,102),(11,1,'Proposta Pedagógica','proposta-pedagogica','','<p>Duis non laoreet eros. Vestibulum porta neque eleifend erat tempus, vitae sagittis elit sodales. Sed convallis erat quis iaculis vestibulum. Curabitur sit amet purus et tellus consectetur vehicula. Suspendisse condimentum bibendum ante in adipiscing. Aliquam dignissim nisl eget arcu convallis, in viverra risus consequat. Pellentesque dictum gravida lacinia.</p><p><br></p><p>Lorem ipsão dolor sít amçet, consectetur adipiscing elit. Sed vehicula id odio quis rhoncus. Donec ullamcorper, lectus in dictum porta, urna nisl tincidunt metus, at iaculis nunc sem vitae diam. Etiam quam orci, volutpat a justo non, pretium condimentum felis. Duis id elementum arcu. Mauris pharetra dui molestie tortor imperdiet. Duis non laoreet eros. Vestibulum porta neque eleifend erat tempus, vitae sagittis elit sodales. Sed convallis erat quis iaculis vestibulum.&nbsp;</p><p><br></p><p>Lorem ipsão dolor sít amçet, consectetur adipiscing elit. Sed vehicula id odio quis rhoncus. Donec ullamcorper, lectus in dictum porta, urna nisl tincidunt metus, at iaculis nunc sem vitae diam. Etiam quam orci, volutpat a justo non, pretium condimentum felis. Duis id elementum arcu. Mauris pharetra dui molestie tortor imperdiet.&nbsp; Lorem ipsão dolor sít amçet, consectetur adipiscing elit. Sed vehicula id odio quis rhoncus. Donec ullamcorper, lectus in dictum porta, urna nisl tincidunt metus, at iaculis nunc sem vitae diam.</p><p><br></p><p>Duis non laoreet eros. Vestibulum porta neque eleifend erat tempus, vitae sagittis elit sodales. Sed convallis erat quis iaculis vestibulum. Curabitur sit amet purus et tellus consectetur vehicula. Suspendisse condimentum bibendum ante in adipiscing. Aliquam dignissim nisl eget arcu convallis, in viverra risus consequat. Pellentesque dictum gravida lacinia.</p><p><br></p><p>Lorem ipsão dolor sít amçet, consectetur adipiscing elit. Sed vehicula id odio quis rhoncus. Donec ullamcorper, lectus in dictum porta, urna nisl tincidunt metus, at iaculis nunc sem vitae diam. Etiam quam orci, volutpat a justo non, pretium condimentum felis. Duis id elementum arcu. Mauris pharetra dui molestie tortor imperdiet. Duis non laoreet eros. Vestibulum porta neque eleifend erat tempus, vitae sagittis elit sodales. Sed convallis erat quis iaculis vestibulum.&nbsp;</p><p><br></p><p>Lorem ipsão dolor sít amçet, consectetur adipiscing elit. Sed vehicula id odio quis rhoncus. Donec ullamcorper, lectus in dictum porta, urna nisl tincidunt metus, at iaculis nunc sem vitae diam. Etiam quam orci, volutpat a justo non, pretium condimentum felis. Duis id elementum arcu. Mauris pharetra dui molestie tortor imperdiet.&nbsp; Lorem ipsão dolor sít amçet, consectetur adipiscing elit. Sed vehicula id odio quis rhoncus. Donec ullamcorper, lectus in dictum porta, urna nisl tincidunt metus, at iaculis nunc sem vitae diam.</p>','NVkyZAbZsJC8dFjH751wbZtKH',3,13,'2024-05-16 01:32:00',0,1,1,0,75),(12,1,'Regimento Escolar','regimento-escolar','','<p>Duis non laoreet eros. Vestibulum porta neque eleifend erat tempus, vitae sagittis elit sodales. Sed convallis erat quis iaculis vestibulum. Curabitur sit amet purus et tellus consectetur vehicula. Suspendisse condimentum bibendum ante in adipiscing. Aliquam dignissim nisl eget arcu convallis, in viverra risus consequat. Pellentesque dictum gravida lacinia.</p><p><br></p><p>Lorem ipsão dolor sít amçet, consectetur adipiscing elit. Sed vehicula id odio quis rhoncus. Donec ullamcorper, lectus in dictum porta, urna nisl tincidunt metus, at iaculis nunc sem vitae diam. Etiam quam orci, volutpat a justo non, pretium condimentum felis. Duis id elementum arcu. Mauris pharetra dui molestie tortor imperdiet. Duis non laoreet eros. Vestibulum porta neque eleifend erat tempus, vitae sagittis elit sodales. Sed convallis erat quis iaculis vestibulum.&nbsp;</p><p><br></p><p>Lorem ipsão dolor sít amçet, consectetur adipiscing elit. Sed vehicula id odio quis rhoncus. Donec ullamcorper, lectus in dictum porta, urna nisl tincidunt metus, at iaculis nunc sem vitae diam. Etiam quam orci, volutpat a justo non, pretium condimentum felis. Duis id elementum arcu. Mauris pharetra dui molestie tortor imperdiet.&nbsp; Lorem ipsão dolor sít amçet, consectetur adipiscing elit. Sed vehicula id odio quis rhoncus. Donec ullamcorper, lectus in dictum porta, urna nisl tincidunt metus, at iaculis nunc sem vitae diam.</p><p><br></p><p>Duis non laoreet eros. Vestibulum porta neque eleifend erat tempus, vitae sagittis elit sodales. Sed convallis erat quis iaculis vestibulum. Curabitur sit amet purus et tellus consectetur vehicula. Suspendisse condimentum bibendum ante in adipiscing. Aliquam dignissim nisl eget arcu convallis, in viverra risus consequat. Pellentesque dictum gravida lacinia.</p><p><br></p><p>Lorem ipsão dolor sít amçet, consectetur adipiscing elit. Sed vehicula id odio quis rhoncus. Donec ullamcorper, lectus in dictum porta, urna nisl tincidunt metus, at iaculis nunc sem vitae diam. Etiam quam orci, volutpat a justo non, pretium condimentum felis. Duis id elementum arcu. Mauris pharetra dui molestie tortor imperdiet. Duis non laoreet eros. Vestibulum porta neque eleifend erat tempus, vitae sagittis elit sodales. Sed convallis erat quis iaculis vestibulum.&nbsp;</p><p><br></p><p>Lorem ipsão dolor sít amçet, consectetur adipiscing elit. Sed vehicula id odio quis rhoncus. Donec ullamcorper, lectus in dictum porta, urna nisl tincidunt metus, at iaculis nunc sem vitae diam. Etiam quam orci, volutpat a justo non, pretium condimentum felis. Duis id elementum arcu. Mauris pharetra dui molestie tortor imperdiet.&nbsp; Lorem ipsão dolor sít amçet, consectetur adipiscing elit. Sed vehicula id odio quis rhoncus. Donec ullamcorper, lectus in dictum porta, urna nisl tincidunt metus, at iaculis nunc sem vitae diam.</p>','jeAPaRLNgH5GpJAl1iX6lH2jx',3,0,'2024-05-16 01:36:00',0,1,1,0,75),(13,1,'Segurança','seguranca','','<p>Duis non laoreet eros. Vestibulum porta neque eleifend erat tempus, vitae sagittis elit sodales. Sed convallis erat quis iaculis vestibulum. Curabitur sit amet purus et tellus consectetur vehicula. Suspendisse condimentum bibendum ante in adipiscing. Aliquam dignissim nisl eget arcu convallis, in viverra risus consequat. Pellentesque dictum gravida lacinia.</p><p><br></p><p>Lorem ipsão dolor sít amçet, consectetur adipiscing elit. Sed vehicula id odio quis rhoncus. Donec ullamcorper, lectus in dictum porta, urna nisl tincidunt metus, at iaculis nunc sem vitae diam. Etiam quam orci, volutpat a justo non, pretium condimentum felis. Duis id elementum arcu. Mauris pharetra dui molestie tortor imperdiet. Duis non laoreet eros. Vestibulum porta neque eleifend erat tempus, vitae sagittis elit sodales. Sed convallis erat quis iaculis vestibulum.&nbsp;</p><p><br></p><p>Lorem ipsão dolor sít amçet, consectetur adipiscing elit. Sed vehicula id odio quis rhoncus. Donec ullamcorper, lectus in dictum porta, urna nisl tincidunt metus, at iaculis nunc sem vitae diam. Etiam quam orci, volutpat a justo non, pretium condimentum felis. Duis id elementum arcu. Mauris pharetra dui molestie tortor imperdiet.&nbsp; Lorem ipsão dolor sít amçet, consectetur adipiscing elit. Sed vehicula id odio quis rhoncus. Donec ullamcorper, lectus in dictum porta, urna nisl tincidunt metus, at iaculis nunc sem vitae diam.</p><p><br></p><p>Duis non laoreet eros. Vestibulum porta neque eleifend erat tempus, vitae sagittis elit sodales. Sed convallis erat quis iaculis vestibulum. Curabitur sit amet purus et tellus consectetur vehicula. Suspendisse condimentum bibendum ante in adipiscing. Aliquam dignissim nisl eget arcu convallis, in viverra risus consequat. Pellentesque dictum gravida lacinia.</p><p><br></p><p>Lorem ipsão dolor sít amçet, consectetur adipiscing elit. Sed vehicula id odio quis rhoncus. Donec ullamcorper, lectus in dictum porta, urna nisl tincidunt metus, at iaculis nunc sem vitae diam. Etiam quam orci, volutpat a justo non, pretium condimentum felis. Duis id elementum arcu. Mauris pharetra dui molestie tortor imperdiet. Duis non laoreet eros. Vestibulum porta neque eleifend erat tempus, vitae sagittis elit sodales. Sed convallis erat quis iaculis vestibulum.&nbsp;</p><p><br></p><p>Lorem ipsão dolor sít amçet, consectetur adipiscing elit. Sed vehicula id odio quis rhoncus. Donec ullamcorper, lectus in dictum porta, urna nisl tincidunt metus, at iaculis nunc sem vitae diam. Etiam quam orci, volutpat a justo non, pretium condimentum felis. Duis id elementum arcu. Mauris pharetra dui molestie tortor imperdiet.&nbsp; Lorem ipsão dolor sít amçet, consectetur adipiscing elit. Sed vehicula id odio quis rhoncus. Donec ullamcorper, lectus in dictum porta, urna nisl tincidunt metus, at iaculis nunc sem vitae diam.</p>','YazkTIqWyLjpJgnpJZSNKLLCx',3,0,'2024-05-16 01:37:00',0,1,1,0,97),(14,1,'Unidade 1','unidade-1','','<p>Duis non laoreet eros. Vestibulum porta neque eleifend erat tempus, vitae sagittis elit sodales. Sed convallis erat quis iaculis vestibulum. Curabitur sit amet purus et tellus consectetur vehicula. Suspendisse condimentum bibendum ante in adipiscing. Aliquam dignissim nisl eget arcu convallis, in viverra risus consequat. Pellentesque dictum gravida lacinia.</p><p><b><br></b></p><p>Duis non laoreet eros. Vestibulum porta neque eleifend erat tempus, vitae sagittis elit sodales. Sed convallis erat quis iaculis vestibulum. Curabitur sit amet purus et tellus consectetur vehicula. Suspendisse condimentum bibendum ante in adipiscing. Aliquam dignissim nisl eget arcu convallis, in viverra risus consequat. Pellentesque dictum gravida lacinia.</p><p><b><br></b></p><h3><b>Endereço e Contatos</b></h3><p><br></p><p>Duis non laoreet eros. Vestibulum porta neque eleifend erat tempus, vitae sagittis elit sodales. Sed convallis erat quis iaculis vestibulum. Curabitur sit amet purus et tellus consectetur vehicula. Suspendisse condimentum bibendum ante in adipiscing. Aliquam dignissim nisl eget arcu convallis, in viverra risus consequat. Pellentesque dictum gravida lacinia.</p><p><br></p><h3><b>Cursos</b></h3><p><br></p><p>Lorem ipsão dolor sít amçet, consectetur adipiscing elit. Sed vehicula id odio quis rhoncus. Donec ullamcorper, lectus in dictum porta, urna nisl tincidunt metus, at iaculis nunc sem vitae diam. Etiam quam orci, volutpat a justo non, pretium condimentum felis. Duis id elementum arcu. Mauris pharetra dui molestie tortor imperdiet. Duis non laoreet eros. Vestibulum porta neque eleifend erat tempus, vitae sagittis elit sodales. Sed convallis erat quis iaculis vestibulum. </p><p><br></p><h3><b>Matrícula</b></h3><p><br></p><p>Lorem ipsão dolor sít amçet, consectetur adipiscing elit. Sed vehicula id odio quis rhoncus. Donec ullamcorper, lectus in dictum porta, urna nisl tincidunt metus, at iaculis nunc sem vitae diam. Etiam quam orci, volutpat a justo non, pretium condimentum felis. Duis id elementum arcu. Mauris pharetra dui molestie tortor imperdiet.  Lorem ipsão dolor sít amçet, consectetur adipiscing elit. Sed vehicula id odio quis rhoncus. Donec ullamcorper, lectus in dictum porta, urna nisl tincidunt metus, at iaculis nunc sem vitae diam.</p><p><br></p><h3><b>Eventos</b></h3><p><br></p><p>Duis non laoreet eros. Vestibulum porta neque eleifend erat tempus, vitae sagittis elit sodales. Sed convallis erat quis iaculis vestibulum. Curabitur sit amet purus et tellus consectetur vehicula. Suspendisse condimentum bibendum ante in adipiscing. Aliquam dignissim nisl eget arcu convallis, in viverra risus consequat. Pellentesque dictum gravida lacinia.</p><div><br></div>','i6ASQTHQ7FjBeO2xjADZJenNd',4,14,'2024-05-13 04:17:00',0,1,1,0,116),(15,1,'Unidade 2','unidade-2','','<p>Duis non laoreet eros. Vestibulum porta neque eleifend erat tempus, vitae sagittis elit sodales. Sed convallis erat quis iaculis vestibulum. Curabitur sit amet purus et tellus consectetur vehicula. Suspendisse condimentum bibendum ante in adipiscing. Aliquam dignissim nisl eget arcu convallis, in viverra risus consequat. Pellentesque dictum gravida lacinia.</p><p>Duis non laoreet eros. Vestibulum porta neque eleifend erat tempus, vitae sagittis elit sodales. Sed convallis erat quis iaculis vestibulum. Curabitur sit amet purus et tellus consectetur vehicula. Suspendisse condimentum bibendum ante in adipiscing. Aliquam dignissim nisl eget arcu convallis, in viverra risus consequat. Pellentesque dictum gravida lacinia.</p><p><b><br></b></p><h3><b>Endereço e Contatos</b></h3><p><br></p><p>Duis non laoreet eros. Vestibulum porta neque eleifend erat tempus, vitae sagittis elit sodales. Sed convallis erat quis iaculis vestibulum. Curabitur sit amet purus et tellus consectetur vehicula. Suspendisse condimentum bibendum ante in adipiscing. Aliquam dignissim nisl eget arcu convallis, in viverra risus consequat. Pellentesque dictum gravida lacinia.</p><p><br></p><h3><b>Cursos</b></h3><p><br></p><p>Lorem ipsão dolor sít amçet, consectetur adipiscing elit. Sed vehicula id odio quis rhoncus. Donec ullamcorper, lectus in dictum porta, urna nisl tincidunt metus, at iaculis nunc sem vitae diam. Etiam quam orci, volutpat a justo non, pretium condimentum felis. Duis id elementum arcu. Mauris pharetra dui molestie tortor imperdiet. Duis non laoreet eros. Vestibulum porta neque eleifend erat tempus, vitae sagittis elit sodales. Sed convallis erat quis iaculis vestibulum.&nbsp;</p><p><br></p><h3>Matrícula</h3><p><br></p><p>Lorem ipsão dolor sít amçet, consectetur adipiscing elit. Sed vehicula id odio quis rhoncus. Donec ullamcorper, lectus in dictum porta, urna nisl tincidunt metus, at iaculis nunc sem vitae diam. Etiam quam orci, volutpat a justo non, pretium condimentum felis. Duis id elementum arcu. Mauris pharetra dui molestie tortor imperdiet.&nbsp; Lorem ipsão dolor sít amçet, consectetur adipiscing elit. Sed vehicula id odio quis rhoncus. Donec ullamcorper, lectus in dictum porta, urna nisl tincidunt metus, at iaculis nunc sem vitae diam.</p><p><br></p><p>Eventos</p><p><br></p><p>Duis non laoreet eros. Vestibulum porta neque eleifend erat tempus, vitae sagittis elit sodales. Sed convallis erat quis iaculis vestibulum. Curabitur sit amet purus et tellus consectetur vehicula. Suspendisse condimentum bibendum ante in adipiscing. Aliquam dignissim nisl eget arcu convallis, in viverra risus consequat. Pellentesque dictum gravida lacinia.</p><div><br></div>','Tt2JOrmnDpaAFExkQm7Uyqty6',4,19,'2024-05-12 04:20:00',0,1,1,0,72),(16,1,'Unidade 3','unidade-3','','<p>Duis non laoreet eros. Vestibulum porta neque eleifend erat tempus, vitae sagittis elit sodales. Sed convallis erat quis iaculis vestibulum. Curabitur sit amet purus et tellus consectetur vehicula. Suspendisse condimentum bibendum ante in adipiscing. Aliquam dignissim nisl eget arcu convallis, in viverra risus consequat. Pellentesque dictum gravida lacinia.</p><p>Duis non laoreet eros. Vestibulum porta neque eleifend erat tempus, vitae sagittis elit sodales. Sed convallis erat quis iaculis vestibulum. Curabitur sit amet purus et tellus consectetur vehicula. Suspendisse condimentum bibendum ante in adipiscing. Aliquam dignissim nisl eget arcu convallis, in viverra risus consequat. Pellentesque dictum gravida lacinia.</p><p><b><br></b></p><h3><b>Endereço e Contatos</b></h3><p><br></p><p>Duis non laoreet eros. Vestibulum porta neque eleifend erat tempus, vitae sagittis elit sodales. Sed convallis erat quis iaculis vestibulum. Curabitur sit amet purus et tellus consectetur vehicula. Suspendisse condimentum bibendum ante in adipiscing. Aliquam dignissim nisl eget arcu convallis, in viverra risus consequat. Pellentesque dictum gravida lacinia.</p><p><br></p><h3>Cursos</h3><p><br></p><p>Lorem ipsão dolor sít amçet, consectetur adipiscing elit. Sed vehicula id odio quis rhoncus. Donec ullamcorper, lectus in dictum porta, urna nisl tincidunt metus, at iaculis nunc sem vitae diam. Etiam quam orci, volutpat a justo non, pretium condimentum felis. Duis id elementum arcu. Mauris pharetra dui molestie tortor imperdiet. Duis non laoreet eros. Vestibulum porta neque eleifend erat tempus, vitae sagittis elit sodales. Sed convallis erat quis iaculis vestibulum.&nbsp;</p><p><br></p><h3><b>Matrícula</b></h3><p><br></p><p>Lorem ipsão dolor sít amçet, consectetur adipiscing elit. Sed vehicula id odio quis rhoncus. Donec ullamcorper, lectus in dictum porta, urna nisl tincidunt metus, at iaculis nunc sem vitae diam. Etiam quam orci, volutpat a justo non, pretium condimentum felis. Duis id elementum arcu. Mauris pharetra dui molestie tortor imperdiet.&nbsp; Lorem ipsão dolor sít amçet, consectetur adipiscing elit. Sed vehicula id odio quis rhoncus. Donec ullamcorper, lectus in dictum porta, urna nisl tincidunt metus, at iaculis nunc sem vitae diam.</p><p><br></p><h3><b>Eventos</b></h3><p><br></p><p>Duis non laoreet eros. Vestibulum porta neque eleifend erat tempus, vitae sagittis elit sodales. Sed convallis erat quis iaculis vestibulum. Curabitur sit amet purus et tellus consectetur vehicula. Suspendisse condimentum bibendum ante in adipiscing. Aliquam dignissim nisl eget arcu convallis, in viverra risus consequat. Pellentesque dictum gravida lacinia.</p><div><br></div>','uhyMJKCX61CexqywZO9vmPirb',4,24,'2024-05-11 04:21:00',0,1,1,0,89),(17,1,'Unidade 4','unidade-4','','<p>Duis non laoreet eros. Vestibulum porta neque eleifend erat tempus, vitae sagittis elit sodales. Sed convallis erat quis iaculis vestibulum. Curabitur sit amet purus et tellus consectetur vehicula. Suspendisse condimentum bibendum ante in adipiscing. Aliquam dignissim nisl eget arcu convallis, in viverra risus consequat. Pellentesque dictum gravida lacinia.</p><p>Duis non laoreet eros. Vestibulum porta neque eleifend erat tempus, vitae sagittis elit sodales. Sed convallis erat quis iaculis vestibulum. Curabitur sit amet purus et tellus consectetur vehicula. Suspendisse condimentum bibendum ante in adipiscing. Aliquam dignissim nisl eget arcu convallis, in viverra risus consequat. Pellentesque dictum gravida lacinia.</p><p><b><br></b></p><h3><b>Endereço e Contatos</b></h3><p><br></p><p>Duis non laoreet eros. Vestibulum porta neque eleifend erat tempus, vitae sagittis elit sodales. Sed convallis erat quis iaculis vestibulum. Curabitur sit amet purus et tellus consectetur vehicula. Suspendisse condimentum bibendum ante in adipiscing. Aliquam dignissim nisl eget arcu convallis, in viverra risus consequat. Pellentesque dictum gravida lacinia.</p><p><br></p><h3><b>Cursos</b></h3><p><br></p><p>Lorem ipsão dolor sít amçet, consectetur adipiscing elit. Sed vehicula id odio quis rhoncus. Donec ullamcorper, lectus in dictum porta, urna nisl tincidunt metus, at iaculis nunc sem vitae diam. Etiam quam orci, volutpat a justo non, pretium condimentum felis. Duis id elementum arcu. Mauris pharetra dui molestie tortor imperdiet. Duis non laoreet eros. Vestibulum porta neque eleifend erat tempus, vitae sagittis elit sodales. Sed convallis erat quis iaculis vestibulum.&nbsp;</p><p><br></p><h3><b>Matrícula</b></h3><p><br></p><p>Lorem ipsão dolor sít amçet, consectetur adipiscing elit. Sed vehicula id odio quis rhoncus. Donec ullamcorper, lectus in dictum porta, urna nisl tincidunt metus, at iaculis nunc sem vitae diam. Etiam quam orci, volutpat a justo non, pretium condimentum felis. Duis id elementum arcu. Mauris pharetra dui molestie tortor imperdiet.&nbsp; Lorem ipsão dolor sít amçet, consectetur adipiscing elit. Sed vehicula id odio quis rhoncus. Donec ullamcorper, lectus in dictum porta, urna nisl tincidunt metus, at iaculis nunc sem vitae diam.</p><p><br></p><h3><b>Eventos</b></h3><p><br></p><p>Lorem ipsão dolor sít amçet, consectetur adipiscing elit. Sed vehicula id odio quis rhoncus. Donec ullamcorper, lectus in dictum porta, urna nisl tincidunt metus, at iaculis nunc sem vitae diam. Etiam quam orci, volutpat a justo non, pretium condimentum felis. Duis id elementum arcu. Mauris pharetra dui molestie tortor imperdiet.&nbsp; Lorem ipsão dolor sít amçet, consectetur adipiscing elit. Sed vehicula id odio quis rhoncus. Donec ullamcorper, lectus in dictum porta, urna nisl tincidunt metus, at iaculis nunc sem vitae diam.<br></p>','8rnaJUggsjF5mX76htzoA2Gz3',4,29,'2024-05-10 04:22:00',0,1,1,0,85),(18,1,'Matrículas 2023','matriculas-2023','','<p>Duis non laoreet eros. Vestibulum porta neque eleifend erat tempus, vitae sagittis elit sodales. Sed convallis erat quis iaculis vestibulum. Curabitur sit amet purus et tellus consectetur vehicula. Suspendisse condimentum bibendum ante in adipiscing. Aliquam dignissim nisl eget arcu convallis, in viverra risus consequat. Pellentesque dictum gravida lacinia.</p><p><br></p><p>Duis non laoreet eros. Vestibulum porta neque eleifend erat tempus, vitae sagittis elit sodales. Sed convallis erat quis iaculis vestibulum. Curabitur sit amet purus et tellus consectetur vehicula. Suspendisse condimentum bibendum ante in adipiscing. Aliquam dignissim nisl eget arcu convallis, in viverra risus consequat. Pellentesque dictum gravida lacinia.<br></p>','l5rgtuGRpbg4N3TCLCGyPeGad',5,34,'2024-05-17 01:19:00',0,1,1,0,10),(19,1,'Período Integral','periodo-integral','','<p>Lorem ipsão dolor sít amçet, consectetur adipiscing elit. Sed vehicula id odio quis rhoncus. Donec ullamcorper, lectus in dictum porta, urna nisl tincidunt metus, at iaculis nunc sem vitae diam. Etiam quam orci, volutpat a justo non, pretium condimentum felis. Duis id elementum arcu. Mauris pharetra dui molestie tortor imperdiet. Duis non laoreet eros. Vestibulum porta neque eleifend erat tempus, vitae sagittis elit sodales. Sed convallis erat quis iaculis vestibulum. <br></p><p><br></p><p>Lorem ipsão dolor sít amçet, consectetur adipiscing elit. Sed vehicula id odio quis rhoncus. Donec ullamcorper, lectus in dictum porta, urna nisl tincidunt metus, at iaculis nunc sem vitae diam. Etiam quam orci, volutpat a justo non, pretium condimentum felis. Duis id elementum arcu. Mauris pharetra dui molestie tortor imperdiet.  Lorem ipsão dolor sít amçet, consectetur adipiscing elit. Sed vehicula id odio quis rhoncus. Donec ullamcorper, lectus in dictum porta, urna nisl tincidunt metus, at iaculis nunc sem vitae diam.</p><p><br></p><p><br></p><p>Lorem ipsão dolor sít amçet, consectetur adipiscing elit. Sed vehicula id odio quis rhoncus. Donec ullamcorper, lectus in dictum porta, urna nisl tincidunt metus, at iaculis nunc sem vitae diam. Etiam quam orci, volutpat a justo non, pretium condimentum felis. Duis id elementum arcu. Mauris pharetra dui molestie tortor imperdiet. Duis non laoreet eros. Vestibulum porta neque eleifend erat tempus, vitae sagittis elit sodales. Sed convallis erat quis iaculis vestibulum. </p><p><br></p><p>Lorem ipsão dolor sít amçet, consectetur adipiscing elit. Sed vehicula id odio quis rhoncus. Donec ullamcorper, lectus in dictum porta, urna nisl tincidunt metus, at iaculis nunc sem vitae diam. Etiam quam orci, volutpat a justo non, pretium condimentum felis. Duis id elementum arcu. Mauris pharetra dui molestie tortor imperdiet.  Lorem ipsão dolor sít amçet, consectetur adipiscing elit. Sed vehicula id odio quis rhoncus. Donec ullamcorper, lectus in dictum porta, urna nisl tincidunt metus, at iaculis nunc sem vitae diam.</p>','wHLphPIwnQb1p4OzYdV0MRran',6,35,'2024-05-17 01:21:00',0,1,1,0,56),(20,1,'Educação Infantil','educacao-infantil','','<p><br></p><p>Lorem ipsão dolor sít amçet, consectetur adipiscing elit. Sed vehicula id odio quis rhoncus. Donec ullamcorper, lectus in dictum porta, urna nisl tincidunt metus, at iaculis nunc sem vitae diam. Etiam quam orci, volutpat a justo non, pretium condimentum felis. Duis id elementum arcu. Mauris pharetra dui molestie tortor imperdiet. Duis non laoreet eros. Vestibulum porta neque eleifend erat tempus, vitae sagittis elit sodales. Sed convallis erat quis iaculis vestibulum. </p><p><br></p><p>Lorem ipsão dolor sít amçet, consectetur adipiscing elit. Sed vehicula id odio quis rhoncus. Donec ullamcorper, lectus in dictum porta, urna nisl tincidunt metus, at iaculis nunc sem vitae diam. Etiam quam orci, volutpat a justo non, pretium condimentum felis. Duis id elementum arcu. Mauris pharetra dui molestie tortor imperdiet.  Lorem ipsão dolor sít amçet, consectetur adipiscing elit. Sed vehicula id odio quis rhoncus. Donec ullamcorper, lectus in dictum porta, urna nisl tincidunt metus, at iaculis nunc sem vitae diam.</p><p><br></p><p><br></p><p>Lorem ipsão dolor sít amçet, consectetur adipiscing elit. Sed vehicula id odio quis rhoncus. Donec ullamcorper, lectus in dictum porta, urna nisl tincidunt metus, at iaculis nunc sem vitae diam. Etiam quam orci, volutpat a justo non, pretium condimentum felis. Duis id elementum arcu. Mauris pharetra dui molestie tortor imperdiet. Duis non laoreet eros. Vestibulum porta neque eleifend erat tempus, vitae sagittis elit sodales. Sed convallis erat quis iaculis vestibulum. </p><p><br></p><p>Lorem ipsão dolor sít amçet, consectetur adipiscing elit. Sed vehicula id odio quis rhoncus. Donec ullamcorper, lectus in dictum porta, urna nisl tincidunt metus, at iaculis nunc sem vitae diam. Etiam quam orci, volutpat a justo non, pretium condimentum felis. Duis id elementum arcu. Mauris pharetra dui molestie tortor imperdiet.  Lorem ipsão dolor sít amçet, consectetur adipiscing elit. Sed vehicula id odio quis rhoncus. Donec ullamcorper, lectus in dictum porta, urna nisl tincidunt metus, at iaculis nunc sem vitae diam.</p>','00f4HOoHMXqb6QbcMxJaY2XdZ',6,36,'2024-05-17 01:24:00',0,1,1,0,54),(23,1,'Ensino Fundamental II','ensino-fundamental-ii','','<p><br></p><p>Lorem ipsão dolor sít amçet, consectetur adipiscing elit. Sed vehicula id odio quis rhoncus. Donec ullamcorper, lectus in dictum porta, urna nisl tincidunt metus, at iaculis nunc sem vitae diam. Etiam quam orci, volutpat a justo non, pretium condimentum felis. Duis id elementum arcu. Mauris pharetra dui molestie tortor imperdiet. Duis non laoreet eros. Vestibulum porta neque eleifend erat tempus, vitae sagittis elit sodales. Sed convallis erat quis iaculis vestibulum. </p><p><br></p><p>Lorem ipsão dolor sít amçet, consectetur adipiscing elit. Sed vehicula id odio quis rhoncus. Donec ullamcorper, lectus in dictum porta, urna nisl tincidunt metus, at iaculis nunc sem vitae diam. Etiam quam orci, volutpat a justo non, pretium condimentum felis. Duis id elementum arcu. Mauris pharetra dui molestie tortor imperdiet.  Lorem ipsão dolor sít amçet, consectetur adipiscing elit. Sed vehicula id odio quis rhoncus. Donec ullamcorper, lectus in dictum porta, urna nisl tincidunt metus, at iaculis nunc sem vitae diam.</p><p><br></p><p><br></p><p>Lorem ipsão dolor sít amçet, consectetur adipiscing elit. Sed vehicula id odio quis rhoncus. Donec ullamcorper, lectus in dictum porta, urna nisl tincidunt metus, at iaculis nunc sem vitae diam. Etiam quam orci, volutpat a justo non, pretium condimentum felis. Duis id elementum arcu. Mauris pharetra dui molestie tortor imperdiet. Duis non laoreet eros. Vestibulum porta neque eleifend erat tempus, vitae sagittis elit sodales. Sed convallis erat quis iaculis vestibulum. </p><p><br></p><p>Lorem ipsão dolor sít amçet, consectetur adipiscing elit. Sed vehicula id odio quis rhoncus. Donec ullamcorper, lectus in dictum porta, urna nisl tincidunt metus, at iaculis nunc sem vitae diam. Etiam quam orci, volutpat a justo non, pretium condimentum felis. Duis id elementum arcu. Mauris pharetra dui molestie tortor imperdiet.  Lorem ipsão dolor sít amçet, consectetur adipiscing elit. Sed vehicula id odio quis rhoncus. Donec ullamcorper, lectus in dictum porta, urna nisl tincidunt metus, at iaculis nunc sem vitae diam.</p>','yJ7iGUA5rv8LBNyCFn4GjZghx',6,39,'2024-05-17 01:36:00',0,1,1,0,41),(21,1,'Ensino Fundamental I','ensino-fundamental-i_1','','<p><br></p><p>Lorem ipsão dolor sít amçet, consectetur adipiscing elit. Sed vehicula id odio quis rhoncus. Donec ullamcorper, lectus in dictum porta, urna nisl tincidunt metus, at iaculis nunc sem vitae diam. Etiam quam orci, volutpat a justo non, pretium condimentum felis. Duis id elementum arcu. Mauris pharetra dui molestie tortor imperdiet. Duis non laoreet eros. Vestibulum porta neque eleifend erat tempus, vitae sagittis elit sodales. Sed convallis erat quis iaculis vestibulum. </p><p><br></p><p>Lorem ipsão dolor sít amçet, consectetur adipiscing elit. Sed vehicula id odio quis rhoncus. Donec ullamcorper, lectus in dictum porta, urna nisl tincidunt metus, at iaculis nunc sem vitae diam. Etiam quam orci, volutpat a justo non, pretium condimentum felis. Duis id elementum arcu. Mauris pharetra dui molestie tortor imperdiet.  Lorem ipsão dolor sít amçet, consectetur adipiscing elit. Sed vehicula id odio quis rhoncus. Donec ullamcorper, lectus in dictum porta, urna nisl tincidunt metus, at iaculis nunc sem vitae diam.</p><p><br></p><p><br></p><p>Lorem ipsão dolor sít amçet, consectetur adipiscing elit. Sed vehicula id odio quis rhoncus. Donec ullamcorper, lectus in dictum porta, urna nisl tincidunt metus, at iaculis nunc sem vitae diam. Etiam quam orci, volutpat a justo non, pretium condimentum felis. Duis id elementum arcu. Mauris pharetra dui molestie tortor imperdiet. Duis non laoreet eros. Vestibulum porta neque eleifend erat tempus, vitae sagittis elit sodales. Sed convallis erat quis iaculis vestibulum. </p><p><br></p><p>Lorem ipsão dolor sít amçet, consectetur adipiscing elit. Sed vehicula id odio quis rhoncus. Donec ullamcorper, lectus in dictum porta, urna nisl tincidunt metus, at iaculis nunc sem vitae diam. Etiam quam orci, volutpat a justo non, pretium condimentum felis. Duis id elementum arcu. Mauris pharetra dui molestie tortor imperdiet.  Lorem ipsão dolor sít amçet, consectetur adipiscing elit. Sed vehicula id odio quis rhoncus. Donec ullamcorper, lectus in dictum porta, urna nisl tincidunt metus, at iaculis nunc sem vitae diam.</p>','Yx3KcshBHqwAQwGTp0D3tQhhO',6,37,'2024-05-17 01:27:00',0,1,1,0,44),(22,1,'Ensino Médio','ensino-medio','','<p><br></p><p>Lorem ipsão dolor sít amçet, consectetur adipiscing elit. Sed vehicula id odio quis rhoncus. Donec ullamcorper, lectus in dictum porta, urna nisl tincidunt metus, at iaculis nunc sem vitae diam. Etiam quam orci, volutpat a justo non, pretium condimentum felis. Duis id elementum arcu. Mauris pharetra dui molestie tortor imperdiet. Duis non laoreet eros. Vestibulum porta neque eleifend erat tempus, vitae sagittis elit sodales. Sed convallis erat quis iaculis vestibulum. </p><p><br></p><p>Lorem ipsão dolor sít amçet, consectetur adipiscing elit. Sed vehicula id odio quis rhoncus. Donec ullamcorper, lectus in dictum porta, urna nisl tincidunt metus, at iaculis nunc sem vitae diam. Etiam quam orci, volutpat a justo non, pretium condimentum felis. Duis id elementum arcu. Mauris pharetra dui molestie tortor imperdiet.  Lorem ipsão dolor sít amçet, consectetur adipiscing elit. Sed vehicula id odio quis rhoncus. Donec ullamcorper, lectus in dictum porta, urna nisl tincidunt metus, at iaculis nunc sem vitae diam.</p><p><br></p><p><br></p><p>Lorem ipsão dolor sít amçet, consectetur adipiscing elit. Sed vehicula id odio quis rhoncus. Donec ullamcorper, lectus in dictum porta, urna nisl tincidunt metus, at iaculis nunc sem vitae diam. Etiam quam orci, volutpat a justo non, pretium condimentum felis. Duis id elementum arcu. Mauris pharetra dui molestie tortor imperdiet. Duis non laoreet eros. Vestibulum porta neque eleifend erat tempus, vitae sagittis elit sodales. Sed convallis erat quis iaculis vestibulum. </p><p><br></p><p>Lorem ipsão dolor sít amçet, consectetur adipiscing elit. Sed vehicula id odio quis rhoncus. Donec ullamcorper, lectus in dictum porta, urna nisl tincidunt metus, at iaculis nunc sem vitae diam. Etiam quam orci, volutpat a justo non, pretium condimentum felis. Duis id elementum arcu. Mauris pharetra dui molestie tortor imperdiet.  Lorem ipsão dolor sít amçet, consectetur adipiscing elit. Sed vehicula id odio quis rhoncus. Donec ullamcorper, lectus in dictum porta, urna nisl tincidunt metus, at iaculis nunc sem vitae diam.</p>','gTRy6K69TRUmCuhRuKJYUQIdK',6,38,'2024-05-18 01:29:00',0,1,1,0,57),(24,1,'Curso de Inglês','curso-de-ingles','','<p>Duis non laoreet eros. Vestibulum porta neque eleifend erat tempus, vitae sagittis elit sodales. Sed convallis erat quis iaculis vestibulum. Curabitur sit amet purus et tellus consectetur vehicula. Suspendisse condimentum bibendum ante in adipiscing. Aliquam dignissim nisl eget arcu convallis, in viverra risus consequat. Pellentesque dictum gravida lacinia.</p><p><br></p><p>Lorem ipsão dolor sít amçet, consectetur adipiscing elit. Sed vehicula id odio quis rhoncus. Donec ullamcorper, lectus in dictum porta, urna nisl tincidunt metus, at iaculis nunc sem vitae diam. Etiam quam orci, volutpat a justo non, pretium condimentum felis. Duis id elementum arcu. Mauris pharetra dui molestie tortor imperdiet. Duis non laoreet eros. Vestibulum porta neque eleifend erat tempus, vitae sagittis elit sodales. Sed convallis erat quis iaculis vestibulum.&nbsp;</p><p><br></p><p>Lorem ipsão dolor sít amçet, consectetur adipiscing elit. Sed vehicula id odio quis rhoncus. Donec ullamcorper, lectus in dictum porta, urna nisl tincidunt metus, at iaculis nunc sem vitae diam. Etiam quam orci, volutpat a justo non, pretium condimentum felis. Duis id elementum arcu. Mauris pharetra dui molestie tortor imperdiet.&nbsp; Lorem ipsão dolor sít amçet, consectetur adipiscing elit. Sed vehicula id odio quis rhoncus. Donec ullamcorper, lectus in dictum porta, urna nisl tincidunt metus, at iaculis nunc sem vitae diam.</p><div><br></div>','bMGV5f46pqWrxQ2iWL91q5qF6',7,40,'2024-05-17 01:38:00',0,1,1,0,9),(25,1,'Aulas de Judô Infantil','aulas-de-judo-infantil','','<p>Duis non laoreet eros. Vestibulum porta neque eleifend erat tempus, vitae sagittis elit sodales. Sed convallis erat quis iaculis vestibulum. Curabitur sit amet purus et tellus consectetur vehicula. Suspendisse condimentum bibendum ante in adipiscing. Aliquam dignissim nisl eget arcu convallis, in viverra risus consequat. Pellentesque dictum gravida lacinia.</p><p><br></p><p>Lorem ipsão dolor sít amçet, consectetur adipiscing elit. Sed vehicula id odio quis rhoncus. Donec ullamcorper, lectus in dictum porta, urna nisl tincidunt metus, at iaculis nunc sem vitae diam. Etiam quam orci, volutpat a justo non, pretium condimentum felis. Duis id elementum arcu. Mauris pharetra dui molestie tortor imperdiet. Duis non laoreet eros. Vestibulum porta neque eleifend erat tempus, vitae sagittis elit sodales. Sed convallis erat quis iaculis vestibulum.&nbsp;</p><p><br></p><p>Lorem ipsão dolor sít amçet, consectetur adipiscing elit. Sed vehicula id odio quis rhoncus. Donec ullamcorper, lectus in dictum porta, urna nisl tincidunt metus, at iaculis nunc sem vitae diam. Etiam quam orci, volutpat a justo non, pretium condimentum felis. Duis id elementum arcu. Mauris pharetra dui molestie tortor imperdiet.&nbsp; Lorem ipsão dolor sít amçet, consectetur adipiscing elit. Sed vehicula id odio quis rhoncus. Donec ullamcorper, lectus in dictum porta, urna nisl tincidunt metus, at iaculis nunc sem vitae diam.</p><div><br></div>','7NcLQk8P6uofUjAJzdE823Hfr',7,41,'2024-05-17 01:40:00',0,1,1,0,7),(26,1,'Aulas de Natação','aulas-de-natacao','','<p>Duis non laoreet eros. Vestibulum porta neque eleifend erat tempus, vitae sagittis elit sodales. Sed convallis erat quis iaculis vestibulum. Curabitur sit amet purus et tellus consectetur vehicula. Suspendisse condimentum bibendum ante in adipiscing. Aliquam dignissim nisl eget arcu convallis, in viverra risus consequat. Pellentesque dictum gravida lacinia.</p><p><br></p><p>Lorem ipsão dolor sít amçet, consectetur adipiscing elit. Sed vehicula id odio quis rhoncus. Donec ullamcorper, lectus in dictum porta, urna nisl tincidunt metus, at iaculis nunc sem vitae diam. Etiam quam orci, volutpat a justo non, pretium condimentum felis. Duis id elementum arcu. Mauris pharetra dui molestie tortor imperdiet. Duis non laoreet eros. Vestibulum porta neque eleifend erat tempus, vitae sagittis elit sodales. Sed convallis erat quis iaculis vestibulum.&nbsp;</p><p><br></p><p>Lorem ipsão dolor sít amçet, consectetur adipiscing elit. Sed vehicula id odio quis rhoncus. Donec ullamcorper, lectus in dictum porta, urna nisl tincidunt metus, at iaculis nunc sem vitae diam. Etiam quam orci, volutpat a justo non, pretium condimentum felis. Duis id elementum arcu. Mauris pharetra dui molestie tortor imperdiet.&nbsp; Lorem ipsão dolor sít amçet, consectetur adipiscing elit. Sed vehicula id odio quis rhoncus. Donec ullamcorper, lectus in dictum porta, urna nisl tincidunt metus, at iaculis nunc sem vitae diam.</p><div><br></div>','2J5Ct7EPFfH8MMeBjorUM7hDW',7,42,'2024-05-17 01:41:00',0,1,1,0,12),(27,1,'Aulas de Piano','aulas-de-piano','','<p>Duis non laoreet eros. Vestibulum porta neque eleifend erat tempus, vitae sagittis elit sodales. Sed convallis erat quis iaculis vestibulum. Curabitur sit amet purus et tellus consectetur vehicula. Suspendisse condimentum bibendum ante in adipiscing. Aliquam dignissim nisl eget arcu convallis, in viverra risus consequat. Pellentesque dictum gravida lacinia.</p><p><br></p><p>Lorem ipsão dolor sít amçet, consectetur adipiscing elit. Sed vehicula id odio quis rhoncus. Donec ullamcorper, lectus in dictum porta, urna nisl tincidunt metus, at iaculis nunc sem vitae diam. Etiam quam orci, volutpat a justo non, pretium condimentum felis. Duis id elementum arcu. Mauris pharetra dui molestie tortor imperdiet. Duis non laoreet eros. Vestibulum porta neque eleifend erat tempus, vitae sagittis elit sodales. Sed convallis erat quis iaculis vestibulum.&nbsp;</p><p><br></p><p>Lorem ipsão dolor sít amçet, consectetur adipiscing elit. Sed vehicula id odio quis rhoncus. Donec ullamcorper, lectus in dictum porta, urna nisl tincidunt metus, at iaculis nunc sem vitae diam. Etiam quam orci, volutpat a justo non, pretium condimentum felis. Duis id elementum arcu. Mauris pharetra dui molestie tortor imperdiet.&nbsp; Lorem ipsão dolor sít amçet, consectetur adipiscing elit. Sed vehicula id odio quis rhoncus. Donec ullamcorper, lectus in dictum porta, urna nisl tincidunt metus, at iaculis nunc sem vitae diam.</p><div><br></div>','UFGGLRAfYC9Ed4DBBZHU89wXq',7,43,'2024-05-17 01:41:00',0,1,1,0,8),(28,1,'Festa Junina','festa-junina','','<p>Duis non laoreet eros. Vestibulum porta neque eleifend erat tempus, vitae sagittis elit sodales. Sed convallis erat quis iaculis vestibulum. Curabitur sit amet purus et tellus consectetur vehicula. Suspendisse condimentum bibendum ante in adipiscing. Aliquam dignissim nisl eget arcu convallis, in viverra risus consequat. Pellentesque dictum gravida lacinia.</p><p><br></p><p>Lorem ipsão dolor sít amçet, consectetur adipiscing elit. Sed vehicula id odio quis rhoncus. Donec ullamcorper, lectus in dictum porta, urna nisl tincidunt metus, at iaculis nunc sem vitae diam. Etiam quam orci, volutpat a justo non, pretium condimentum felis. Duis id elementum arcu. Mauris pharetra dui molestie tortor imperdiet. Duis non laoreet eros. Vestibulum porta neque eleifend erat tempus, vitae sagittis elit sodales. Sed convallis erat quis iaculis vestibulum.&nbsp;</p><p><br></p><p>Lorem ipsão dolor sít amçet, consectetur adipiscing elit. Sed vehicula id odio quis rhoncus. Donec ullamcorper, lectus in dictum porta, urna nisl tincidunt metus, at iaculis nunc sem vitae diam. Etiam quam orci, volutpat a justo non, pretium condimentum felis. Duis id elementum arcu. Mauris pharetra dui molestie tortor imperdiet.&nbsp; Lorem ipsão dolor sít amçet, consectetur adipiscing elit. Sed vehicula id odio quis rhoncus. Donec ullamcorper, lectus in dictum porta, urna nisl tincidunt metus, at iaculis nunc sem vitae diam.</p><div><br></div>','uyiG02LPw4ruBdgSVmXqqCl98',8,44,'2024-05-17 01:43:00',0,1,1,0,9),(29,1,'Campeonato Estudantil de Natação','campeonato-estudantil-de-natacao','','<p>Duis non laoreet eros. Vestibulum porta neque eleifend erat tempus, vitae sagittis elit sodales. Sed convallis erat quis iaculis vestibulum. Curabitur sit amet purus et tellus consectetur vehicula. Suspendisse condimentum bibendum ante in adipiscing. Aliquam dignissim nisl eget arcu convallis, in viverra risus consequat. Pellentesque dictum gravida lacinia.</p><p><br></p><p>Lorem ipsão dolor sít amçet, consectetur adipiscing elit. Sed vehicula id odio quis rhoncus. Donec ullamcorper, lectus in dictum porta, urna nisl tincidunt metus, at iaculis nunc sem vitae diam. Etiam quam orci, volutpat a justo non, pretium condimentum felis. Duis id elementum arcu. Mauris pharetra dui molestie tortor imperdiet. Duis non laoreet eros. Vestibulum porta neque eleifend erat tempus, vitae sagittis elit sodales. Sed convallis erat quis iaculis vestibulum.&nbsp;</p><p><br></p><p>Lorem ipsão dolor sít amçet, consectetur adipiscing elit. Sed vehicula id odio quis rhoncus. Donec ullamcorper, lectus in dictum porta, urna nisl tincidunt metus, at iaculis nunc sem vitae diam. Etiam quam orci, volutpat a justo non, pretium condimentum felis. Duis id elementum arcu. Mauris pharetra dui molestie tortor imperdiet.&nbsp; Lorem ipsão dolor sít amçet, consectetur adipiscing elit. Sed vehicula id odio quis rhoncus. Donec ullamcorper, lectus in dictum porta, urna nisl tincidunt metus, at iaculis nunc sem vitae diam.</p><div><br></div>','7BZEAZjQ2EViknCBOKi8l5rBp',8,45,'2024-05-17 01:45:00',0,1,1,0,12),(30,1,'Campeonato Estudantil de Futebol','campeonato-estudantil-de-futebol','','<p>Duis non laoreet eros. Vestibulum porta neque eleifend erat tempus, vitae sagittis elit sodales. Sed convallis erat quis iaculis vestibulum. Curabitur sit amet purus et tellus consectetur vehicula. Suspendisse condimentum bibendum ante in adipiscing. Aliquam dignissim nisl eget arcu convallis, in viverra risus consequat. Pellentesque dictum gravida lacinia.</p><p><br></p><p>Lorem ipsão dolor sít amçet, consectetur adipiscing elit. Sed vehicula id odio quis rhoncus. Donec ullamcorper, lectus in dictum porta, urna nisl tincidunt metus, at iaculis nunc sem vitae diam. Etiam quam orci, volutpat a justo non, pretium condimentum felis. Duis id elementum arcu. Mauris pharetra dui molestie tortor imperdiet. Duis non laoreet eros. Vestibulum porta neque eleifend erat tempus, vitae sagittis elit sodales. Sed convallis erat quis iaculis vestibulum.&nbsp;</p><p><br></p><p>Lorem ipsão dolor sít amçet, consectetur adipiscing elit. Sed vehicula id odio quis rhoncus. Donec ullamcorper, lectus in dictum porta, urna nisl tincidunt metus, at iaculis nunc sem vitae diam. Etiam quam orci, volutpat a justo non, pretium condimentum felis. Duis id elementum arcu. Mauris pharetra dui molestie tortor imperdiet.&nbsp; Lorem ipsão dolor sít amçet, consectetur adipiscing elit. Sed vehicula id odio quis rhoncus. Donec ullamcorper, lectus in dictum porta, urna nisl tincidunt metus, at iaculis nunc sem vitae diam.</p><div><br></div>','PPyThH8gZt8oeCbezPWRhY1Dv',8,46,'2024-05-17 01:45:00',0,1,1,0,10),(31,1,'Feira de Ciências','feira-de-ciencias','','<p>Duis non laoreet eros. Vestibulum porta neque eleifend erat tempus, vitae sagittis elit sodales. Sed convallis erat quis iaculis vestibulum. Curabitur sit amet purus et tellus consectetur vehicula. Suspendisse condimentum bibendum ante in adipiscing. Aliquam dignissim nisl eget arcu convallis, in viverra risus consequat. Pellentesque dictum gravida lacinia.</p><p><br></p><p>Lorem ipsão dolor sít amçet, consectetur adipiscing elit. Sed vehicula id odio quis rhoncus. Donec ullamcorper, lectus in dictum porta, urna nisl tincidunt metus, at iaculis nunc sem vitae diam. Etiam quam orci, volutpat a justo non, pretium condimentum felis. Duis id elementum arcu. Mauris pharetra dui molestie tortor imperdiet. Duis non laoreet eros. Vestibulum porta neque eleifend erat tempus, vitae sagittis elit sodales. Sed convallis erat quis iaculis vestibulum.&nbsp;</p><p><br></p><p>Lorem ipsão dolor sít amçet, consectetur adipiscing elit. Sed vehicula id odio quis rhoncus. Donec ullamcorper, lectus in dictum porta, urna nisl tincidunt metus, at iaculis nunc sem vitae diam. Etiam quam orci, volutpat a justo non, pretium condimentum felis. Duis id elementum arcu. Mauris pharetra dui molestie tortor imperdiet.&nbsp; Lorem ipsão dolor sít amçet, consectetur adipiscing elit. Sed vehicula id odio quis rhoncus. Donec ullamcorper, lectus in dictum porta, urna nisl tincidunt metus, at iaculis nunc sem vitae diam.</p><div><br></div>','EGy9hYmd7A1UMPCTY4dBENL5T',9,47,'2024-05-17 01:47:00',0,1,1,0,26),(32,1,'Campanha de doação de livros','campanha-de-doacao-de-livros','Cada doação de sangue é um gesto de generosidade que pode oferecer esperança e conforto para aqueles que mais precisam','<p>Duis non laoreet eros. Vestibulum porta neque eleifend erat tempus, vitae sagittis elit sodales. Sed convallis erat quis iaculis vestibulum. Curabitur sit amet purus et tellus consectetur vehicula. Suspendisse condimentum bibendum ante in adipiscing. Aliquam dignissim nisl eget arcu convallis, in viverra risus consequat. Pellentesque dictum gravida lacinia.</p><p><br></p><p>Lorem ipsão dolor sít amçet, consectetur adipiscing elit. Sed vehicula id odio quis rhoncus. Donec ullamcorper, lectus in dictum porta, urna nisl tincidunt metus, at iaculis nunc sem vitae diam. Etiam quam orci, volutpat a justo non, pretium condimentum felis. Duis id elementum arcu. Mauris pharetra dui molestie tortor imperdiet. Duis non laoreet eros. Vestibulum porta neque eleifend erat tempus, vitae sagittis elit sodales. Sed convallis erat quis iaculis vestibulum. </p><p><br></p><p>Lorem ipsão dolor sít amçet, consectetur adipiscing elit. Sed vehicula id odio quis rhoncus. Donec ullamcorper, lectus in dictum porta, urna nisl tincidunt metus, at iaculis nunc sem vitae diam. Etiam quam orci, volutpat a justo non, pretium condimentum felis. Duis id elementum arcu. Mauris pharetra dui molestie tortor imperdiet.  Lorem ipsão dolor sít amçet, consectetur adipiscing elit. Sed vehicula id odio quis rhoncus. Donec ullamcorper, lectus in dictum porta, urna nisl tincidunt metus, at iaculis nunc sem vitae diam.</p><div><br></div>','Fk3TcyopNMwVduq3aPikPtOVs',9,48,'2024-05-17 01:50:00',0,1,1,0,28),(33,1,'Quem leu mais livros este mês?','quem-leu-mais-livros-este-mes-','','<p>Duis non laoreet eros. Vestibulum porta neque eleifend erat tempus, vitae sagittis elit sodales. Sed convallis erat quis iaculis vestibulum. Curabitur sit amet purus et tellus consectetur vehicula. Suspendisse condimentum bibendum ante in adipiscing. Aliquam dignissim nisl eget arcu convallis, in viverra risus consequat. Pellentesque dictum gravida lacinia.</p><p><br></p><p>Lorem ipsão dolor sít amçet, consectetur adipiscing elit. Sed vehicula id odio quis rhoncus. Donec ullamcorper, lectus in dictum porta, urna nisl tincidunt metus, at iaculis nunc sem vitae diam. Etiam quam orci, volutpat a justo non, pretium condimentum felis. Duis id elementum arcu. Mauris pharetra dui molestie tortor imperdiet. Duis non laoreet eros. Vestibulum porta neque eleifend erat tempus, vitae sagittis elit sodales. Sed convallis erat quis iaculis vestibulum.&nbsp;</p><p><br></p><p>Lorem ipsão dolor sít amçet, consectetur adipiscing elit. Sed vehicula id odio quis rhoncus. Donec ullamcorper, lectus in dictum porta, urna nisl tincidunt metus, at iaculis nunc sem vitae diam. Etiam quam orci, volutpat a justo non, pretium condimentum felis. Duis id elementum arcu. Mauris pharetra dui molestie tortor imperdiet.&nbsp; Lorem ipsão dolor sít amçet, consectetur adipiscing elit. Sed vehicula id odio quis rhoncus. Donec ullamcorper, lectus in dictum porta, urna nisl tincidunt metus, at iaculis nunc sem vitae diam.</p><div><br></div>','K1wNZrVmTR4G4QzhZJvWjUneC',9,49,'2024-05-17 01:51:00',0,1,1,0,31),(34,1,'Escola limpa','escola-limpa','','<p>Duis non laoreet eros. Vestibulum porta neque eleifend erat tempus, vitae sagittis elit sodales. Sed convallis erat quis iaculis vestibulum. Curabitur sit amet purus et tellus consectetur vehicula. Suspendisse condimentum bibendum ante in adipiscing. Aliquam dignissim nisl eget arcu convallis, in viverra risus consequat. Pellentesque dictum gravida lacinia.</p><p><br></p><p>Lorem ipsão dolor sít amçet, consectetur adipiscing elit. Sed vehicula id odio quis rhoncus. Donec ullamcorper, lectus in dictum porta, urna nisl tincidunt metus, at iaculis nunc sem vitae diam. Etiam quam orci, volutpat a justo non, pretium condimentum felis. Duis id elementum arcu. Mauris pharetra dui molestie tortor imperdiet. Duis non laoreet eros. Vestibulum porta neque eleifend erat tempus, vitae sagittis elit sodales. Sed convallis erat quis iaculis vestibulum.&nbsp;</p><p><br></p><p>Lorem ipsão dolor sít amçet, consectetur adipiscing elit. Sed vehicula id odio quis rhoncus. Donec ullamcorper, lectus in dictum porta, urna nisl tincidunt metus, at iaculis nunc sem vitae diam. Etiam quam orci, volutpat a justo non, pretium condimentum felis. Duis id elementum arcu. Mauris pharetra dui molestie tortor imperdiet.&nbsp; Lorem ipsão dolor sít amçet, consectetur adipiscing elit. Sed vehicula id odio quis rhoncus. Donec ullamcorper, lectus in dictum porta, urna nisl tincidunt metus, at iaculis nunc sem vitae diam.</p><div><br></div>','c1FTi7boqUfZdgskwhoU2ti1C',9,50,'2024-05-17 01:54:00',0,1,1,0,30),(37,1,'A adolescência acontece no indivíduo  no terreno da escola.','a-adolescencia-acontece-no-individuo-no-terreno-da-escola','A escola para o jovem é um território que acolhe tudo e onde eles se sentem à vontade para exercitar suas vivências e convivências. É nesse território em que se dão encontros e relações, que o jovem questiona valores e começa a construir seu projeto de vida.\r\n\r\n','<p>Quem sou eu? O que eu posso ser? O que fazer para ser o que eu quero? O que eu quero para o meu futuro? Como posso me preparar para realizar meu projeto de vida? No ensino médio, é a escola, quando geradora de questionamentos, pensamentos, sentimentos e ações, que ajuda o adolescente a chegar a essas questões e a buscar suas próprias respostas.<br></p><p><br></p><p>Como uma obra em construção, a adolescência acontece no indivíduo principalmente no terreno da escola, onde o jovem passa boa parte de seu dia fora de casa. Há quem compare o processo individual àquele que se dá na coletividade contemporânea.</p><p><br></p><p><br></p><p>O adolescente passa por uma redefinição da imagem corporal assim como são redefinidas as configurações urbanas e as fronteiras territoriais. Ele está se individualizando, rompendo vínculos e buscando autonomia, em um processo similar ao da descolonização, quando uma comunidade rompe com a metrópole para obter sua independência política e econômica.</p><p><br></p><p>O adolescente também está na fase de comparar valores para estabelecer seu próprio código de ética, enquanto a humanidade coloca o foco nos códigos internacionais para nortear a vida no planeta e os direitos individuais e coletivos.</p><p><br></p><p>Na adolescência, o jovem busca identificação e segurança em grupos de iguais, assim como fazem os países ao criar blocos regionais no cenário internacional. E os garotos e garotas criticam as crenças dos pais, enquanto as comunidades modernas questionam ideologias e dogmas da velha ordem mundial.</p><p><br></p><p>Partilhando projetos&nbsp;</p><p><br></p><p>Todos esses movimentos e transformações são vividos pelo filho ou filha adolescente ao lado dos professores, veículos de novos valores para comparar com os trazidos de casa, e dos colegas, que se tornam a referência campeã nessa fase da vida.</p><p><br></p><p>Desse universo, o jovem obtém o conjunto de conhecimentos que interessa: os pedagógicos e os aprendizados que não estão no currículo - é isso precisamente que a escola representa para ele, como aponta uma outra pesquisa realizada em 2006, na Universidade Federal do Pará, com 725 estudantes de seis escolas de ensino médio da rede pública. Para os adolescentes, a escola é o principal espaço de construção e partilha de conhecimentos sobre a vida futura.</p><p><br></p><p>Monitoria dos pais&nbsp;</p><p><br></p><p>A família, claro, continua eterna referência, mas é o tempo de acompanhar tudo com um novo desafio: de perto, mas dos bastidores. Significa auxiliar o filho na compreensão do significado desse novo estágio de vida, dos desafios propostos, das alternativas possíveis frente às novas exigências.</p><p><br></p><p>Não cabe e não é responsabilidade dos pais fazer pelo filho, mas instigá-lo a enfrentar as situações, a descobrir suas potencialidades.</p><p><br></p><p>No início do ensino médio, esse acompanhamento tende a ser mais próximo, mas no segundo e principalmente no terceiro ano ele deve funcionar muito mais como uma monitoria, para o jovem perceber a preocupação da família, a possibilidade de ter a quem recorrer caso seja necessário, mas também adquirir confiança e autonomia para enfrentar a vida adulta.</p><p><br></p><p>Manter essa referência é importante, pois no estágio posterior, a universidade, não existe ou pouco existe a possibilidade de os pais acompanharem o que acontece. Se o diálogo, a troca de idéias e projetos, foi construído durante o ensino médio, a distância na relação familiar será menor, diminuindo a chance de conflitos.</p><p><br></p><p>E a Internet, palco global de encontro, conhecimentos e relações, não esvazia o papel da escola na formação e educação do adolescente? Não, muito pelo contrário. Com o advento da comunicação via MSN, orkut e outras formas virtuais, o papel dessa referência se aprofunda. Porque na escola as relações são \"concretas\", face a face!</p><p><br></p><p>É nesse ambiente que seu filho aprende a se virar de verdade para resolver problemas com independência, checando e ampliando o conhecimento, ouvindo, negociando, cedendo, participando, cooperando, perseverando, respeitando. Aprende a ser solidário e consciente de seus direitos, deveres e responsabilidades. Em outras palavras: ganha a chance de tornar-se um cidadão do futuro.</p><p><br></p><p>Fonte: Patrícia Mortara, psicóloga e professora</p>','Drrigd2arcyaEajzB1fiSalBi',1,52,'2024-05-17 04:51:00',0,1,1,0,54),(36,1,'Doe sangue, você também pode precisar.','doe-sangue--voce-tambem-pode-precisar.','Cada doação de sangue é um gesto de generosidade que pode oferecer esperança e conforto para aqueles que mais precisam','<p>Doar sangue é um gesto simples que salva vidas. Todos os dias, milhares de pessoas em hospitais e clínicas necessitam de transfusões de sangue para sobreviver a cirurgias, acidentes, complicações no parto e tratamentos de doenças graves como câncer e anemia. Infelizmente, a demanda por sangue é constante e os estoques nem sempre são suficientes. Por isso, é crucial que mais pessoas se conscientizem sobre a importância de doar sangue regularmente. Cada doação pode salvar até quatro vidas, tornando-se um dos atos mais altruístas e essenciais que alguém pode realizar.</p><p><br></p><p>A doação de sangue é um processo seguro, rápido e praticamente indolor. Ao chegar ao centro de doação, você passará por uma breve avaliação médica para garantir que está apto a doar. Todo o procedimento, desde o cadastro até a coleta do sangue, dura cerca de uma hora, mas a coleta em si leva apenas de 8 a 10 minutos. Durante a doação, seu corpo perde aproximadamente 450 ml de sangue, quantidade que é rapidamente reposta pelo organismo. Além de ajudar outras pessoas, a doação regular também traz benefícios ao doador, como a redução do risco de doenças cardíacas e a renovação das células sanguíneas.</p><p><br></p><p>É fundamental lembrar que o sangue não pode ser fabricado artificialmente; ele só pode vir de doadores voluntários. Assim, cada pessoa saudável, entre 16 e 69 anos e com mais de 50 kg, pode contribuir para essa causa vital. Estar bem alimentado, hidratado e descansado são pré-requisitos importantes para a doação. Ao doar sangue, você está não apenas salvando vidas, mas também promovendo um senso de comunidade e solidariedade. Se cada um fizer a sua parte, poderemos garantir que todos tenham acesso ao tratamento necessário e, assim, salvar muitas vidas.</p>','Fo9V7WrYFBbDRfIrynRb5qveo',1,51,'2024-05-17 04:44:00',0,1,1,0,72),(39,1,'A internet veio ajudar no processo de globalização.','a-internet-veio-ajudar-no-processo-de-globalizacao._1','A seguir algumas das utilizações da internet em diferentes seguimentos das sociedades.','<p>- Possibilita acesso a uma grande quantidade de informações, em diferentes níveis de ensino e conteúdo, através desse mecanismo é possível realizar pesquisas e coletar informações, imagens, dados e muitos outros.<br></p><p><br></p><p>- Os turistas podem acessar e coletar informações e observar imagens de lugares que poderão ser visitados em qualquer localidade do planeta, sem contar a possibilidade de realizar reservas em hotéis, programação de roteiros etc.</p><p><br></p><p>- Milhões de pessoas se relacionam em salas de bate-papo, esse tipo de relação ocorre em nível regional, nacional e internacional.</p><p><br></p><p>- As empresas colocam na rede uma série de produtos à venda que oferecem facilidades para serem adquiridas, dessa forma, o usuário tem a comodidade de realizar compras sem sair de casa. Através da internet é possível comprar tudo, como por exemplo, CDs, livros, roupas, suprimentos de informática, eletroeletrônicos e muitos outros objetos.</p><p><br></p><p>- Na internet encontra-se também muita diversão e lazer como jogos, músicas, vídeos, jornais e diversas outras opções.</p><p><br></p><p>- O correio eletrônico é outro serviço disponível na internet de grande aceitação, pois possibilita a troca de informações, correspondências por meio de mensagens, essas são usadas por pessoas e empresas.</p><p><br></p><p>- Uma das últimas novidades são as conferências que proporcionam interação entre indivíduos separados a milhares de quilômetros, através de câmeras as imagens simultâneas do evento são difundidas. Já ocorre até cirurgia via internet.</p><p><br></p><p>Essas são algumas das utilizações desse importante instrumento de telecomunicação que revolucionou o seguimento e constantemente tem se expandido.</p><p><br></p><p>fonte: Eduardo de Freitas</p>','TWyutLjmN2hbhb3C9aGRKAS5H',1,53,'2024-05-17 08:53:00',0,1,1,0,68),(41,1,'Matrículas','matriculas_1','','<h3><b>Cursos disponíveis</b></h3><p><br></p><p>Duis non laoreet eros. Vestibulum porta neque eleifend erat tempus, vitae sagittis elit sodales. Sed convallis erat quis iaculis vestibulum. Curabitur sit amet purus et tellus consectetur vehicula. Suspendisse condimentum bibendum ante in adipiscing. Aliquam dignissim nisl eget arcu convallis, in viverra risus consequat. Pellentesque dictum gravida lacinia.</p><p><br></p><h3><b>Prazos</b></h3><p><br></p><p>Lorem ipsão dolor sít amçet, consectetur adipiscing elit. Sed vehicula id odio quis rhoncus. Donec ullamcorper, lectus in dictum porta, urna nisl tincidunt metus, at iaculis nunc sem vitae diam. Etiam quam orci, volutpat a justo non, pretium condimentum felis. Duis id elementum arcu. Mauris pharetra dui molestie tortor imperdiet. Duis non laoreet eros. Vestibulum porta neque eleifend erat tempus, vitae sagittis elit sodales. Sed convallis erat quis iaculis vestibulum.&nbsp;</p><p><br></p><h3><b>Valores</b></h3><p><br></p><p>Lorem ipsão dolor sít amçet, consectetur adipiscing elit. Sed vehicula id odio quis rhoncus. Donec ullamcorper, lectus in dictum porta, urna nisl tincidunt metus, at iaculis nunc sem vitae diam. Etiam quam orci, volutpat a justo non, pretium condimentum felis. Duis id elementum arcu. Mauris pharetra dui molestie tortor imperdiet.&nbsp; Lorem ipsão dolor sít amçet, consectetur adipiscing elit. Sed vehicula id odio quis rhoncus. Donec ullamcorper, lectus in dictum porta, urna nisl tincidunt metus, at iaculis nunc sem vitae diam.</p><p><br></p><h3><b>Outras informações</b></h3><p><br></p><p>Duis non laoreet eros. Vestibulum porta neque eleifend erat tempus, vitae sagittis elit sodales. Sed convallis erat quis iaculis vestibulum. Curabitur sit amet purus et tellus consectetur vehicula. Suspendisse condimentum bibendum ante in adipiscing. Aliquam dignissim nisl eget arcu convallis, in viverra risus consequat. Pellentesque dictum gravida lacinia.</p><div><br></div>','d5hyxUJ7BGmJ9VmsDPJjVqRhG',3,0,'2024-05-25 02:24:00',0,1,1,0,57),(42,1,'Quem Somos','quem-somos','Desde 1990 defendendo direitos com expertise e excelencia, a voz que você precisa na busca por justiça.','<p>Sou xxxxxxxxxxxxxxxx, xx anos com xx de experiência profissional. Graduada, pós-graduada, mestre e doutora na área do Direito. Atuo em diversas áreas, abaixo descritas. Atuo em xxxxxxx atendendo clientes da Região, do País e do Exterior.</p><p><br></p><p>studiosa dos fundamentos e princípios jurídicos, a natureza da justiça e o papel do Estado na garantia dos direitos e desempenhando o papel fundamental de defensor dos direitos e interesses de meus clientes e papel importante na administração da justiça, ajudando a garantir os procedimentos legais. Atuo com integridade e ética com respeito aos princípios do sigilo profissional e a lealdade ao cliente.<br></p>','D4O2IkaerrBzcFKAFLIk7SKBh',10,61,'2024-05-25 04:00:00',0,1,1,0,59),(49,1,'As gramdes geleiras do mundo','as-gramdes-geleiras-do-mundo','As grandes geleiras do mundo são testemunhos de séculos de formação e evolução, representando reservatórios gigantes de água doce que desempenham um papel vital na regulação do clima e no abastecimento de água para comunidades ao redor do mundo.','<p>As grandes geleiras do mundo são testemunhos de séculos de formação e evolução, representando reservatórios gigantes de água doce que desempenham um papel vital na regulação do clima e no abastecimento de água para comunidades ao redor do mundo.<br></p><p><br></p><p>As grandes geleiras do mundo representam maravilhas naturais formadas ao longo de milhares de anos.</p><p><br></p><p>Ao longo do tempo, as geleiras têm sido fontes de água doce essenciais para comunidades humanas, além de serem pontos turísticos notáveis e habitat para uma variedade única de vida selvagem.</p><p><br></p><p>Apesar das preocupações levantadas sobre o derretimento das geleiras, elas continuam a desempenhar um papel vital na regulação do clima e na manutenção do equilíbrio ecológico.</p><p><br></p><p>Reconhecer a importância das geleiras é fundamental para a preservação desses ambientes únicos e para garantir que futuras gerações possam desfrutar de sua beleza e benefícios.</p>','RsmQTOVilWZSf2jEXCBPNPPKK',1,64,'2024-06-01 09:53:00',0,1,1,0,4),(50,1,'A beleza e graça dos Golfinhos','a-beleza-e-graca-dos-golfinhos','Introdução aos Golfinhos: Os golfinhos são mamíferos marinhos conhecidos por sua inteligência, sociabilidade e agilidade. Eles pertencem à ordem dos cetáceos e são encontrados em todos os oceanos do mundo, além de alguns rios e estuários.','<p>Características Físicas e Comportamentais: Os golfinhos têm corpos aerodinâmicos, nadadeiras peitorais e uma barbatana dorsal distintiva. Eles são conhecidos por sua habilidade em nadar rapidamente e realizar acrobacias impressionantes fora d\'água. Além disso, os golfinhos são altamente sociais, vivendo em grupos chamados de \"pods\", onde exibem comportamentos complexos de comunicação e cooperação.<br></p><p><br></p><p>Alimentação e Dieta: A dieta dos golfinhos varia de acordo com a espécie e o ambiente em que vivem. Muitos golfinhos se alimentam de uma variedade de peixes, lulas e crustáceos, usando técnicas de caça cooperativa para capturar presas. Além disso, algumas espécies de golfinhos são conhecidas por interagir de forma única com humanos, como o golfinho-rotador, que trabalha em conjunto com pescadores em algumas partes do mundo.</p><p><br></p><p>Importância Ecológica: Os golfinhos desempenham um papel vital nos ecossistemas marinhos como predadores topos de cadeia alimentar, ajudando a regular as populações de peixes e manter o equilíbrio dos ecossistemas. Além disso, sua presença é frequentemente usada como indicador de saúde dos oceanos, pois são sensíveis à poluição, mudanças climáticas e outras ameaças ambientais.</p><p><br></p><p>Conservação e Proteção: Infelizmente, os golfinhos enfrentam uma série de ameaças, incluindo a pesca acidental, poluição, perda de habitat e interações humanas negativas, como a captura para uso em parques aquáticos. Portanto, esforços de conservação são essenciais para proteger esses animais incríveis e garantir que eles continuem a prosperar em seus ambientes naturais.</p>','SmjIFrbMhb6wuCbpGBPtBjiTL',1,65,'2024-06-01 10:03:00',0,1,1,0,6),(51,1,'Jogos Olímpicos Estudantis 2023','jogos-olimpicos-estudantis-2023','Duis non laoreet eros. Vestibulum porta neque eleifend erat tempus,','<p>Duis non laoreet eros. Vestibulum porta neque eleifend erat tempus, vitae sagittis elit sodales. Sed convallis erat quis iaculis vestibulum. Curabitur sit amet purus et tellus consectetur vehicula. Suspendisse condimentum bibendum ante in adipiscing. Aliquam dignissim nisl eget arcu convallis, in viverra risus consequat. Pellentesque dictum gravida lacinia.</p><p><br></p><p>Lorem ipsão dolor sít amçet, consectetur adipiscing elit. Sed vehicula id odio quis rhoncus. Donec ullamcorper, lectus in dictum porta, urna nisl tincidunt metus, at iaculis nunc sem vitae diam. Etiam quam orci, volutpat a justo non, pretium condimentum felis. Duis id elementum arcu. Mauris pharetra dui molestie tortor imperdiet. Duis non laoreet eros. Vestibulum porta neque eleifend erat tempus, vitae sagittis elit sodales. Sed convallis erat quis iaculis vestibulum.&nbsp;</p><p><br></p><p>Lorem ipsão dolor sít amçet, consectetur adipiscing elit. Sed vehicula id odio quis rhoncus. Donec ullamcorper, lectus in dictum porta, urna nisl tincidunt metus, at iaculis nunc sem vitae diam. Etiam quam orci, volutpat a justo non, pretium condimentum felis. Duis id elementum arcu. Mauris pharetra dui molestie tortor imperdiet.&nbsp; Lorem ipsão dolor sít amçet, consectetur adipiscing elit. Sed vehicula id odio quis rhoncus. Donec ullamcorper, lectus in dictum porta, urna nisl tincidunt metus, at iaculis nunc sem vitae diam.</p>','0ZTuhLgjj6QuxzxoFXkAw1yVt',1,66,'2024-06-01 13:04:00',0,1,1,0,9);

--
-- Table structure for table `noticias_arquivos`
--

CREATE TABLE `noticias_arquivos` (
  `id` int(11) NOT NULL AUTO_INCREMENT,
  `codigo` varchar(25) NOT NULL,
  `path` text NOT NULL,
  `arquivo` text NOT NULL,
  `legenda` text DEFAULT NULL,
  `tipo` varchar(50) DEFAULT NULL,
  PRIMARY KEY (`id`),
  KEY `codigo` (`codigo`)
) ENGINE=MyISAM AUTO_INCREMENT=67 DEFAULT CHARSET=latin1 COLLATE=latin1_swedish_ci;

--
-- Dumping data for table `noticias_arquivos`
--

INSERT INTO `noticias_arquivos` (`id`, `codigo`, `path`, `arquivo`, `legenda`, `tipo`) VALUES (52,'Drrigd2arcyaEajzB1fiSalBi','zHD/noticias/1/Drrigd2arcyaEajzB1fiSalBi/imagens/','0897333001716437605.jpg',NULL,'capa'),(2,'cjpBupTPEJJmyfIyGFH4KQnAr','zHD/noticias/1/cjpBupTPEJJmyfIyGFH4KQnAr/imagens/','0870304001715756622.jpg',NULL,'capa'),(3,'GeSHzC3lo1rwihi7kz73Wn0FV','zHD/noticias/1/GeSHzC3lo1rwihi7kz73Wn0FV/imagens/','0485509001715756799.jpg',NULL,'capa'),(66,'0ZTuhLgjj6QuxzxoFXkAw1yVt','zHD/noticias/1/0ZTuhLgjj6QuxzxoFXkAw1yVt/imagens/','0720298001717257919.jpg',NULL,'capa'),(5,'9lSj9GsPOIL4nSV7XKZ4sGU7b','zHD/noticias/1/9lSj9GsPOIL4nSV7XKZ4sGU7b/imagens/','0948772001715833148.jpg',NULL,'capa'),(6,'8bwJEnDWlkR8j6B245ogqzXJr','zHD/noticias/1/8bwJEnDWlkR8j6B245ogqzXJr/imagens/','0508931001715833291.jpg',NULL,'capa'),(7,'EILD7oaSEuso1uY98g2JzrjyV','zHD/noticias/1/EILD7oaSEuso1uY98g2JzrjyV/imagens/','0735527001715833361.jpg',NULL,'capa'),(8,'LQZ6u9SrmzM43gVEHnrl37HAb','zHD/noticias/1/LQZ6u9SrmzM43gVEHnrl37HAb/imagens/','0490311001715833886.jpg',NULL,'capa'),(9,'LQZ6u9SrmzM43gVEHnrl37HAb','zHD/noticias/1/LQZ6u9SrmzM43gVEHnrl37HAb/imagens/','UNIDADE-IMG1 (0114187001715833899).jpg',NULL,'imagem'),(10,'LQZ6u9SrmzM43gVEHnrl37HAb','zHD/noticias/1/LQZ6u9SrmzM43gVEHnrl37HAb/imagens/','UNIDADE-IMG4 (0418882001715833899).jpg',NULL,'imagem'),(11,'LQZ6u9SrmzM43gVEHnrl37HAb','zHD/noticias/1/LQZ6u9SrmzM43gVEHnrl37HAb/imagens/','UNIDADE-IMG2 (0463209001715833899).jpg',NULL,'imagem'),(12,'LQZ6u9SrmzM43gVEHnrl37HAb','zHD/noticias/1/LQZ6u9SrmzM43gVEHnrl37HAb/imagens/','UNIDADE-IMG3 (0487832001715833899).jpg',NULL,'imagem'),(13,'NVkyZAbZsJC8dFjH751wbZtKH','zHD/noticias/1/NVkyZAbZsJC8dFjH751wbZtKH/imagens/','0934030001715834080.jpg',NULL,'capa'),(14,'i6ASQTHQ7FjBeO2xjADZJenNd','zHD/noticias/1/i6ASQTHQ7FjBeO2xjADZJenNd/imagens/','0880386001715843909.jpg',NULL,'capa'),(15,'i6ASQTHQ7FjBeO2xjADZJenNd','zHD/noticias/1/i6ASQTHQ7FjBeO2xjADZJenNd/imagens/','UNIDADE-IMG4 (0685499001715843925).jpg',NULL,'imagem'),(16,'i6ASQTHQ7FjBeO2xjADZJenNd','zHD/noticias/1/i6ASQTHQ7FjBeO2xjADZJenNd/imagens/','UNIDADE-IMG3 (0722744001715843925).jpg',NULL,'imagem'),(17,'i6ASQTHQ7FjBeO2xjADZJenNd','zHD/noticias/1/i6ASQTHQ7FjBeO2xjADZJenNd/imagens/','UNIDADE-IMG2 (0744585001715843925).jpg',NULL,'imagem'),(18,'i6ASQTHQ7FjBeO2xjADZJenNd','zHD/noticias/1/i6ASQTHQ7FjBeO2xjADZJenNd/imagens/','UNIDADE-IMG1 (0679685001715843926).jpg',NULL,'imagem'),(19,'Tt2JOrmnDpaAFExkQm7Uyqty6','zHD/noticias/1/Tt2JOrmnDpaAFExkQm7Uyqty6/imagens/','0684210001715844042.jpg',NULL,'capa'),(20,'Tt2JOrmnDpaAFExkQm7Uyqty6','zHD/noticias/1/Tt2JOrmnDpaAFExkQm7Uyqty6/imagens/','UNIDADE-IMG3 (0314198001715844055).jpg',NULL,'imagem'),(21,'Tt2JOrmnDpaAFExkQm7Uyqty6','zHD/noticias/1/Tt2JOrmnDpaAFExkQm7Uyqty6/imagens/','UNIDADE-IMG1 (0435776001715844055).jpg',NULL,'imagem'),(22,'Tt2JOrmnDpaAFExkQm7Uyqty6','zHD/noticias/1/Tt2JOrmnDpaAFExkQm7Uyqty6/imagens/','UNIDADE-IMG2 (0468567001715844055).jpg',NULL,'imagem'),(23,'Tt2JOrmnDpaAFExkQm7Uyqty6','zHD/noticias/1/Tt2JOrmnDpaAFExkQm7Uyqty6/imagens/','UNIDADE-IMG4 (0500383001715844055).jpg',NULL,'imagem'),(24,'uhyMJKCX61CexqywZO9vmPirb','zHD/noticias/1/uhyMJKCX61CexqywZO9vmPirb/imagens/','0792374001715844101.jpg',NULL,'capa'),(25,'uhyMJKCX61CexqywZO9vmPirb','zHD/noticias/1/uhyMJKCX61CexqywZO9vmPirb/imagens/','UNIDADE-IMG3 (0604814001715844115).jpg',NULL,'imagem'),(26,'uhyMJKCX61CexqywZO9vmPirb','zHD/noticias/1/uhyMJKCX61CexqywZO9vmPirb/imagens/','UNIDADE-IMG1 (0722574001715844115).jpg',NULL,'imagem'),(27,'uhyMJKCX61CexqywZO9vmPirb','zHD/noticias/1/uhyMJKCX61CexqywZO9vmPirb/imagens/','UNIDADE-IMG4 (0760746001715844115).jpg',NULL,'imagem'),(28,'uhyMJKCX61CexqywZO9vmPirb','zHD/noticias/1/uhyMJKCX61CexqywZO9vmPirb/imagens/','UNIDADE-IMG2 (0791940001715844115).jpg',NULL,'imagem'),(29,'8rnaJUggsjF5mX76htzoA2Gz3','zHD/noticias/1/8rnaJUggsjF5mX76htzoA2Gz3/imagens/','0891416001715844163.jpg',NULL,'capa'),(30,'8rnaJUggsjF5mX76htzoA2Gz3','zHD/noticias/1/8rnaJUggsjF5mX76htzoA2Gz3/imagens/','UNIDADE-IMG1 (0349009001715844175).jpg',NULL,'imagem'),(31,'8rnaJUggsjF5mX76htzoA2Gz3','zHD/noticias/1/8rnaJUggsjF5mX76htzoA2Gz3/imagens/','UNIDADE-IMG2 (0389003001715844175).jpg',NULL,'imagem'),(32,'8rnaJUggsjF5mX76htzoA2Gz3','zHD/noticias/1/8rnaJUggsjF5mX76htzoA2Gz3/imagens/','UNIDADE-IMG3 (0431675001715844175).jpg',NULL,'imagem'),(33,'8rnaJUggsjF5mX76htzoA2Gz3','zHD/noticias/1/8rnaJUggsjF5mX76htzoA2Gz3/imagens/','UNIDADE-IMG4 (0475777001715844175).jpg',NULL,'imagem'),(34,'l5rgtuGRpbg4N3TCLCGyPeGad','zHD/noticias/1/l5rgtuGRpbg4N3TCLCGyPeGad/imagens/','0028045001715919612.jpg',NULL,'capa'),(35,'wHLphPIwnQb1p4OzYdV0MRran','zHD/noticias/1/wHLphPIwnQb1p4OzYdV0MRran/imagens/','0459287001715919852.jpg',NULL,'capa'),(36,'00f4HOoHMXqb6QbcMxJaY2XdZ','zHD/noticias/1/00f4HOoHMXqb6QbcMxJaY2XdZ/imagens/','0016368001715920063.jpg',NULL,'capa'),(37,'Yx3KcshBHqwAQwGTp0D3tQhhO','zHD/noticias/1/Yx3KcshBHqwAQwGTp0D3tQhhO/imagens/','0332411001715920160.jpg',NULL,'capa'),(38,'gTRy6K69TRUmCuhRuKJYUQIdK','zHD/noticias/1/gTRy6K69TRUmCuhRuKJYUQIdK/imagens/','0834351001715920302.jpg',NULL,'capa'),(39,'yJ7iGUA5rv8LBNyCFn4GjZghx','zHD/noticias/1/yJ7iGUA5rv8LBNyCFn4GjZghx/imagens/','0221998001715920610.jpg',NULL,'capa'),(40,'bMGV5f46pqWrxQ2iWL91q5qF6','zHD/noticias/1/bMGV5f46pqWrxQ2iWL91q5qF6/imagens/','0682890001715920771.jpg',NULL,'capa'),(41,'7NcLQk8P6uofUjAJzdE823Hfr','zHD/noticias/1/7NcLQk8P6uofUjAJzdE823Hfr/imagens/','0407030001715920861.jpg',NULL,'capa'),(42,'2J5Ct7EPFfH8MMeBjorUM7hDW','zHD/noticias/1/2J5Ct7EPFfH8MMeBjorUM7hDW/imagens/','0079802001715920911.jpg',NULL,'capa'),(43,'UFGGLRAfYC9Ed4DBBZHU89wXq','zHD/noticias/1/UFGGLRAfYC9Ed4DBBZHU89wXq/imagens/','0627970001715920951.jpg',NULL,'capa'),(44,'uyiG02LPw4ruBdgSVmXqqCl98','zHD/noticias/1/uyiG02LPw4ruBdgSVmXqqCl98/imagens/','0854760001715921096.jpg',NULL,'capa'),(45,'7BZEAZjQ2EViknCBOKi8l5rBp','zHD/noticias/1/7BZEAZjQ2EViknCBOKi8l5rBp/imagens/','0196931001715921148.jpg',NULL,'capa'),(46,'PPyThH8gZt8oeCbezPWRhY1Dv','zHD/noticias/1/PPyThH8gZt8oeCbezPWRhY1Dv/imagens/','0857504001715921211.jpg',NULL,'capa'),(47,'EGy9hYmd7A1UMPCTY4dBENL5T','zHD/noticias/1/EGy9hYmd7A1UMPCTY4dBENL5T/imagens/','0803685001715921386.jpg',NULL,'capa'),(48,'Fk3TcyopNMwVduq3aPikPtOVs','zHD/noticias/1/Fk3TcyopNMwVduq3aPikPtOVs/imagens/','0079436001715921891.jpg',NULL,'capa'),(49,'K1wNZrVmTR4G4QzhZJvWjUneC','zHD/noticias/1/K1wNZrVmTR4G4QzhZJvWjUneC/imagens/','0391229001715921544.jpg',NULL,'capa'),(50,'c1FTi7boqUfZdgskwhoU2ti1C','zHD/noticias/1/c1FTi7boqUfZdgskwhoU2ti1C/imagens/','0035727001715921736.jpg',NULL,'capa'),(51,'Fo9V7WrYFBbDRfIrynRb5qveo','zHD/noticias/1/Fo9V7WrYFBbDRfIrynRb5qveo/imagens/','0357759001715932016.jpg',NULL,'capa'),(53,'TWyutLjmN2hbhb3C9aGRKAS5H','zHD/noticias/1/TWyutLjmN2hbhb3C9aGRKAS5H/imagens/','0614583001716437747.jpg',NULL,'capa'),(54,'GvYIqQgxvBoamGOgUQsCT0lkG','zHD/noticias/1/GvYIqQgxvBoamGOgUQsCT0lkG/imagens/','0980206001716467842.jpg',NULL,'capa'),(55,'cjpBupTPEJJmyfIyGFH4KQnAr','zHD/noticias/1/cjpBupTPEJJmyfIyGFH4KQnAr/imagens/','img-gps2 (0854420001716529407).jpg',NULL,'imagem'),(56,'cjpBupTPEJJmyfIyGFH4KQnAr','zHD/noticias/1/cjpBupTPEJJmyfIyGFH4KQnAr/imagens/','img-gps3 (0008896001716529408).jpg',NULL,'imagem'),(57,'cjpBupTPEJJmyfIyGFH4KQnAr','zHD/noticias/1/cjpBupTPEJJmyfIyGFH4KQnAr/imagens/','img-gps4 (0117989001716529408).jpg',NULL,'imagem'),(58,'cjpBupTPEJJmyfIyGFH4KQnAr','zHD/noticias/1/cjpBupTPEJJmyfIyGFH4KQnAr/imagens/','img-gps-capa (0243297001716529408).jpg',NULL,'imagem'),(59,'cjpBupTPEJJmyfIyGFH4KQnAr','zHD/noticias/1/cjpBupTPEJJmyfIyGFH4KQnAr/audios/','Hino Nacional com Coral (0299530001716529542).mp3','Hino a Bandeira com Coral','audio'),(60,'cjpBupTPEJJmyfIyGFH4KQnAr','zHD/noticias/1/cjpBupTPEJJmyfIyGFH4KQnAr/arquivos/','Documento Ilustrativo 1 (0428166001716529680).pdf','Arquivo em PDF (ilustrativo)','arquivo'),(61,'D4O2IkaerrBzcFKAFLIk7SKBh','zHD/noticias/1/D4O2IkaerrBzcFKAFLIk7SKBh/imagens/','0427687001716620593.jpg',NULL,'capa'),(65,'SmjIFrbMhb6wuCbpGBPtBjiTL','zHD/noticias/1/SmjIFrbMhb6wuCbpGBPtBjiTL/imagens/','0652176001717247085.jpg',NULL,'capa'),(64,'RsmQTOVilWZSf2jEXCBPNPPKK','zHD/noticias/1/RsmQTOVilWZSf2jEXCBPNPPKK/imagens/','0752084001717246836.jpg',NULL,'capa');

--
-- Table structure for table `noticias_entidades`
--

CREATE TABLE `noticias_entidades` (
  `id` int(11) NOT NULL AUTO_INCREMENT,
  `usuario` int(11) NOT NULL,
  `noticia` int(11) NOT NULL,
  `entidade` int(11) NOT NULL,
  `data` datetime NOT NULL DEFAULT current_timestamp(),
  PRIMARY KEY (`id`),
  KEY `noticia` (`noticia`),
  KEY `entidade` (`entidade`),
  KEY `usuario` (`usuario`)
) ENGINE=MyISAM DEFAULT CHARSET=latin1 COLLATE=latin1_swedish_ci;

--
-- Dumping data for table `noticias_entidades`
--


--
-- Table structure for table `noticias_links`
--

CREATE TABLE `noticias_links` (
  `id` int(11) NOT NULL AUTO_INCREMENT,
  `codigo` varchar(25) NOT NULL,
  `titulo` text DEFAULT NULL,
  `link` text NOT NULL,
  PRIMARY KEY (`id`),
  KEY `codigo` (`codigo`)
) ENGINE=MyISAM AUTO_INCREMENT=2 DEFAULT CHARSET=latin1 COLLATE=latin1_swedish_ci ROW_FORMAT=DYNAMIC;

--
-- Dumping data for table `noticias_links`
--

INSERT INTO `noticias_links` (`id`, `codigo`, `titulo`, `link`) VALUES (1,'cjpBupTPEJJmyfIyGFH4KQnAr','Google (ilustrativo)','https://google.com');

--
-- Table structure for table `noticias_secoes`
--

CREATE TABLE `noticias_secoes` (
  `id` int(11) NOT NULL AUTO_INCREMENT,
  `entidade` int(11) NOT NULL DEFAULT 0,
  `nome` varchar(250) NOT NULL,
  PRIMARY KEY (`id`),
  KEY `entidade` (`entidade`)
) ENGINE=MyISAM AUTO_INCREMENT=11 DEFAULT CHARSET=latin1 COLLATE=latin1_swedish_ci ROW_FORMAT=DYNAMIC;

--
-- Dumping data for table `noticias_secoes`
--

INSERT INTO `noticias_secoes` (`id`, `entidade`, `nome`) VALUES (1,1,'Publicações'),(2,1,'Equipe'),(3,1,'Tag'),(4,1,'Unidades'),(5,1,'Matrículas'),(6,1,'Educação Básica'),(7,1,'Cursos Extracurriculares'),(8,1,'Atividades Complementares'),(9,1,'Projetos'),(10,1,'Quem Somos');

--
-- Table structure for table `noticias_videos`
--

CREATE TABLE `noticias_videos` (
  `id` int(11) NOT NULL AUTO_INCREMENT,
  `codigo` varchar(25) NOT NULL,
  `titulo` text DEFAULT NULL,
  `link` text NOT NULL,
  PRIMARY KEY (`id`),
  KEY `codigo` (`codigo`)
) ENGINE=MyISAM AUTO_INCREMENT=2 DEFAULT CHARSET=latin1 COLLATE=latin1_swedish_ci ROW_FORMAT=DYNAMIC;

--
-- Dumping data for table `noticias_videos`
--

INSERT INTO `noticias_videos` (`id`, `codigo`, `titulo`, `link`) VALUES (1,'cjpBupTPEJJmyfIyGFH4KQnAr','Como funciona um GPS','nHaglY53Lak');

--
-- Table structure for table `ouvidoria`
--

CREATE TABLE `ouvidoria` (
  `id` int(11) NOT NULL AUTO_INCREMENT,
  `anonimo` int(11) NOT NULL DEFAULT 0,
  `finalidade` int(11) DEFAULT NULL,
  `status` int(11) NOT NULL DEFAULT 0,
  `pessoa` varchar(20) DEFAULT NULL,
  `nome` varchar(200) DEFAULT NULL,
  `documento` varchar(200) DEFAULT NULL,
  `email` varchar(300) DEFAULT NULL,
  `telefone` varchar(300) DEFAULT NULL,
  `cep` varchar(300) DEFAULT NULL,
  `endereco` varchar(300) DEFAULT NULL,
  `bairro` varchar(300) DEFAULT NULL,
  `complemento` varchar(300) DEFAULT NULL,
  `cidade` varchar(300) DEFAULT NULL,
  `uf` varchar(300) DEFAULT NULL,
  `codigo` varchar(25) DEFAULT NULL,
  `titulo` text DEFAULT NULL,
  `texto` text DEFAULT NULL,
  `protocolo` varchar(8) NOT NULL,
  `data` timestamp NOT NULL DEFAULT current_timestamp(),
  `entidade` int(11) NOT NULL,
  `envio` int(11) NOT NULL DEFAULT 0,
  PRIMARY KEY (`id`),
  KEY `entidade` (`entidade`),
  KEY `protocolo` (`protocolo`),
  KEY `documento` (`documento`)
) ENGINE=MyISAM DEFAULT CHARSET=latin1 COLLATE=latin1_swedish_ci ROW_FORMAT=DYNAMIC;

--
-- Dumping data for table `ouvidoria`
--


--
-- Table structure for table `ouvidoria_arquivos`
--

CREATE TABLE `ouvidoria_arquivos` (
  `id` int(11) NOT NULL AUTO_INCREMENT,
  `codigo` varchar(25) NOT NULL,
  `path` text NOT NULL,
  `arquivo` text NOT NULL,
  `legenda` text DEFAULT NULL,
  `tipo` varchar(50) DEFAULT NULL,
  `data` date DEFAULT NULL,
  PRIMARY KEY (`id`),
  KEY `codigo` (`codigo`)
) ENGINE=MyISAM DEFAULT CHARSET=latin1 COLLATE=latin1_swedish_ci ROW_FORMAT=DYNAMIC;

--
-- Dumping data for table `ouvidoria_arquivos`
--


--
-- Table structure for table `ouvidoria_finalidades`
--

CREATE TABLE `ouvidoria_finalidades` (
  `id` int(11) NOT NULL AUTO_INCREMENT,
  `nome` varchar(250) NOT NULL,
  `entidade` int(11) NOT NULL DEFAULT 0,
  PRIMARY KEY (`id`),
  KEY `entidade` (`entidade`)
) ENGINE=MyISAM AUTO_INCREMENT=2 DEFAULT CHARSET=latin1 COLLATE=latin1_swedish_ci ROW_FORMAT=DYNAMIC;

--
-- Dumping data for table `ouvidoria_finalidades`
--

INSERT INTO `ouvidoria_finalidades` (`id`, `nome`, `entidade`) VALUES (1,'Sugestões',1);

--
-- Table structure for table `ouvidoria_respostas`
--

CREATE TABLE `ouvidoria_respostas` (
  `id` int(11) NOT NULL AUTO_INCREMENT,
  `ouvidoria` int(11) NOT NULL DEFAULT 0,
  `usuario` int(11) NOT NULL DEFAULT 0,
  `resposta` text NOT NULL,
  `codigo` varchar(25) NOT NULL,
  `data` timestamp NOT NULL DEFAULT current_timestamp() ON UPDATE current_timestamp(),
  PRIMARY KEY (`id`),
  KEY `data` (`data`),
  KEY `ouvidoria` (`ouvidoria`)
) ENGINE=MyISAM DEFAULT CHARSET=latin1 COLLATE=latin1_swedish_ci ROW_FORMAT=DYNAMIC;

--
-- Dumping data for table `ouvidoria_respostas`
--


--
-- Table structure for table `ouvidoria_setup`
--

CREATE TABLE `ouvidoria_setup` (
  `id` int(11) NOT NULL AUTO_INCREMENT,
  `url_consulta` text DEFAULT NULL,
  `email_email` varchar(100) DEFAULT NULL,
  `email_nome` varchar(100) DEFAULT NULL,
  `email_host` varchar(100) DEFAULT NULL,
  `email_login` varchar(100) DEFAULT NULL,
  `email_senha` varchar(100) DEFAULT NULL,
  `email_porta` varchar(100) DEFAULT NULL,
  `entidade` int(11) NOT NULL DEFAULT 0,
  PRIMARY KEY (`id`)
) ENGINE=MyISAM DEFAULT CHARSET=latin1 COLLATE=latin1_swedish_ci ROW_FORMAT=DYNAMIC;

--
-- Dumping data for table `ouvidoria_setup`
--


--
-- Table structure for table `ouvidoria_status`
--

CREATE TABLE `ouvidoria_status` (
  `id` int(11) NOT NULL AUTO_INCREMENT,
  `nome` varchar(250) NOT NULL,
  `entidade` int(11) NOT NULL DEFAULT 0,
  `padrao` int(11) NOT NULL DEFAULT 0,
  PRIMARY KEY (`id`),
  KEY `entidade` (`entidade`)
) ENGINE=MyISAM DEFAULT CHARSET=latin1 COLLATE=latin1_swedish_ci ROW_FORMAT=DYNAMIC;

--
-- Dumping data for table `ouvidoria_status`
--


--
-- Table structure for table `pesquisas`
--

CREATE TABLE `pesquisas` (
  `id` int(11) NOT NULL AUTO_INCREMENT,
  `usuario` int(11) NOT NULL DEFAULT 0,
  `publico` int(11) NOT NULL DEFAULT 0,
  `titulo` text NOT NULL,
  `imagem` text DEFAULT NULL,
  `tag` text NOT NULL,
  `texto` text DEFAULT NULL,
  `secao` int(11) NOT NULL,
  `data` datetime DEFAULT current_timestamp(),
  `ignorar_ip` int(11) DEFAULT 0,
  `entidade` int(11) NOT NULL,
  `status` int(11) DEFAULT 1,
  PRIMARY KEY (`id`),
  KEY `entidade` (`entidade`)
) ENGINE=MyISAM DEFAULT CHARSET=latin1 COLLATE=latin1_swedish_ci ROW_FORMAT=DYNAMIC;

--
-- Dumping data for table `pesquisas`
--


--
-- Table structure for table `pesquisas_opcoes`
--

CREATE TABLE `pesquisas_opcoes` (
  `id` int(11) NOT NULL AUTO_INCREMENT,
  `ordem` int(11) NOT NULL DEFAULT 0,
  `pesquisa` int(11) NOT NULL DEFAULT 0,
  `titulo` text NOT NULL,
  `tipo` varchar(50) NOT NULL,
  `json` text DEFAULT NULL,
  PRIMARY KEY (`id`),
  KEY `enquete` (`pesquisa`)
) ENGINE=MyISAM DEFAULT CHARSET=latin1 COLLATE=latin1_swedish_ci ROW_FORMAT=DYNAMIC;

--
-- Dumping data for table `pesquisas_opcoes`
--


--
-- Table structure for table `pesquisas_respostas`
--

CREATE TABLE `pesquisas_respostas` (
  `id` int(11) NOT NULL AUTO_INCREMENT,
  `pesquisa` int(11) NOT NULL DEFAULT 0,
  `formulario` varchar(25) NOT NULL,
  `json` text DEFAULT NULL,
  `ip` varchar(50) NOT NULL,
  `data` timestamp NOT NULL DEFAULT current_timestamp() ON UPDATE current_timestamp(),
  PRIMARY KEY (`id`),
  KEY `enquete` (`pesquisa`),
  KEY `ip` (`ip`),
  KEY `data` (`data`),
  KEY `formulario` (`formulario`)
) ENGINE=MyISAM DEFAULT CHARSET=latin1 COLLATE=latin1_swedish_ci ROW_FORMAT=DYNAMIC;

--
-- Dumping data for table `pesquisas_respostas`
--


--
-- Table structure for table `pesquisas_secoes`
--

CREATE TABLE `pesquisas_secoes` (
  `id` int(11) NOT NULL AUTO_INCREMENT,
  `nome` varchar(250) NOT NULL,
  `entidade` int(11) NOT NULL DEFAULT 0,
  PRIMARY KEY (`id`),
  KEY `entidade` (`entidade`)
) ENGINE=MyISAM DEFAULT CHARSET=latin1 COLLATE=latin1_swedish_ci ROW_FORMAT=DYNAMIC;

--
-- Dumping data for table `pesquisas_secoes`
--


--
-- Table structure for table `popup`
--

CREATE TABLE `popup` (
  `id` int(11) NOT NULL AUTO_INCREMENT,
  `usuario` int(11) NOT NULL DEFAULT 0,
  `titulo` text NOT NULL,
  `link` text DEFAULT NULL,
  `tag` text NOT NULL,
  `texto` text DEFAULT NULL,
  `codigo` varchar(25) NOT NULL,
  `secao` int(11) NOT NULL,
  `data` datetime DEFAULT current_timestamp(),
  `entidade` int(11) NOT NULL,
  `imagem` int(11) DEFAULT 0,
  `status` int(11) DEFAULT 1,
  `contador` int(11) DEFAULT 0,
  `app_id` int(11) DEFAULT 0,
  `app_alvo` int(11) DEFAULT 0,
  PRIMARY KEY (`id`),
  KEY `app_alvo` (`app_alvo`),
  KEY `app_id` (`app_id`),
  KEY `contador` (`contador`),
  KEY `entidade` (`entidade`)
) ENGINE=MyISAM DEFAULT CHARSET=latin1 COLLATE=latin1_swedish_ci ROW_FORMAT=DYNAMIC;

--
-- Dumping data for table `popup`
--


--
-- Table structure for table `popup_arquivos`
--

CREATE TABLE `popup_arquivos` (
  `id` int(11) NOT NULL AUTO_INCREMENT,
  `codigo` varchar(25) NOT NULL,
  `path` text NOT NULL,
  `arquivo` text NOT NULL,
  `legenda` text DEFAULT NULL,
  `tipo` varchar(50) DEFAULT NULL,
  PRIMARY KEY (`id`),
  KEY `codigo` (`codigo`)
) ENGINE=MyISAM DEFAULT CHARSET=latin1 COLLATE=latin1_swedish_ci ROW_FORMAT=DYNAMIC;

--
-- Dumping data for table `popup_arquivos`
--


--
-- Table structure for table `popup_secoes`
--

CREATE TABLE `popup_secoes` (
  `id` int(11) NOT NULL AUTO_INCREMENT,
  `nome` varchar(250) NOT NULL,
  `entidade` int(11) NOT NULL DEFAULT 0,
  PRIMARY KEY (`id`),
  KEY `entidade` (`entidade`)
) ENGINE=MyISAM DEFAULT CHARSET=latin1 COLLATE=latin1_swedish_ci ROW_FORMAT=DYNAMIC;

--
-- Dumping data for table `popup_secoes`
--


--
-- Table structure for table `popup_setup`
--

CREATE TABLE `popup_setup` (
  `id` int(11) NOT NULL AUTO_INCREMENT,
  `abertura` int(11) NOT NULL,
  `intervalo` int(11) NOT NULL DEFAULT 0,
  `cache` int(11) NOT NULL DEFAULT 0,
  `entidade` int(11) NOT NULL DEFAULT 0,
  PRIMARY KEY (`id`)
) ENGINE=MyISAM AUTO_INCREMENT=2 DEFAULT CHARSET=latin1 COLLATE=latin1_swedish_ci ROW_FORMAT=DYNAMIC;

--
-- Dumping data for table `popup_setup`
--

INSERT INTO `popup_setup` (`id`, `abertura`, `intervalo`, `cache`, `entidade`) VALUES (1,15,600,0,1);

--
-- Table structure for table `videos`
--

CREATE TABLE `videos` (
  `id` int(11) NOT NULL AUTO_INCREMENT,
  `data` timestamp NOT NULL DEFAULT current_timestamp(),
  `secao` int(11) NOT NULL DEFAULT 0,
  `titulo` text NOT NULL,
  `descricao` text DEFAULT NULL,
  `codigo` varchar(100) NOT NULL,
  `entidade` int(11) NOT NULL DEFAULT 0,
  PRIMARY KEY (`id`),
  KEY `entidade` (`entidade`)
) ENGINE=MyISAM AUTO_INCREMENT=5 DEFAULT CHARSET=latin1 COLLATE=latin1_swedish_ci ROW_FORMAT=DYNAMIC;

--
-- Dumping data for table `videos`
--

INSERT INTO `videos` (`id`, `data`, `secao`, `titulo`, `descricao`, `codigo`, `entidade`) VALUES (1,'2024-05-16 03:00:00',1,'Golfinhos','','MgGJvnYTaaY',1),(2,'2024-05-16 03:00:00',1,'Golfinho pede ajuda','','avPGV3FqUwE',1),(3,'2024-05-16 03:00:00',1,'Show de Golfinhos','','MgGJvnYTaaY',1),(4,'2024-05-16 03:00:00',1,'Como economizar água','','ClcluFPSi0Y',1);

--
-- Table structure for table `videos_secoes`
--

CREATE TABLE `videos_secoes` (
  `id` int(11) NOT NULL AUTO_INCREMENT,
  `entidade` int(11) NOT NULL DEFAULT 0,
  `nome` varchar(250) NOT NULL,
  PRIMARY KEY (`id`),
  KEY `entidade` (`entidade`)
) ENGINE=MyISAM AUTO_INCREMENT=2 DEFAULT CHARSET=latin1 COLLATE=latin1_swedish_ci ROW_FORMAT=DYNAMIC;

--
-- Dumping data for table `videos_secoes`
--

INSERT INTO `videos_secoes` (`id`, `entidade`, `nome`) VALUES (1,1,'Vídeos');

--
-- Dumping events for database 'jpwnet_p4'
--

--
-- Dumping routines for database 'jpwnet_p4'
--


